159.223.92.58 - - [31/Jan/2025:13:14:21 -0800] "POST /wp-login.php HTTP/1.1" 502 157 "-" "GRequests/0.10" [loc=US/Irving] [rt=0.000] [proto=HTTP/1.1:] [args=-] [ucs=-] [xpc=-] [uct=-] [gz=-] [br=-] [tls=TLSv1.3] [cipher=TLS_AES_256_GCM_SHA384] [scheme=https] [eorigin=-] definingsuccesspodcast.com definingsuccesspodcast.com vps38426.inmotionhosting.com 2852
159.223.92.58 - - [31/Jan/2025:13:14:22 -0800] "GET /wp-admin/ HTTP/1.1" 502 157 "-" "GRequests/0.10" [loc=US/Irving] [rt=0.000] [proto=HTTP/1.1:] [args=-] [ucs=BYPASS] [xpc=-] [uct=-] [gz=-] [br=-] [tls=TLSv1.3] [cipher=TLS_AES_256_GCM_SHA384] [scheme=https] [eorigin=-] definingsuccesspodcast.com definingsuccesspodcast.com vps38426.inmotionhosting.com 2852
92.118.41.66 - - [31/Jan/2025:13:14:24 -0800] "GET /contact-us/ HTTP/1.1" 502 559 "-" "Mozilla/5.0 (X11; Linux i686) AppleWebKit/537.36 (KHTML, like Gecko) Chrome/114.0.0.0 Safari/537.36 Vivaldi/5.3.2679.68" [loc=GR/-] [rt=0.000] [proto=HTTP/1.1:] [args=-] [ucs=MISS] [xpc=-] [uct=-] [gz=-] [br=-] [tls=TLSv1.3] [cipher=TLS_AES_256_GCM_SHA384] [scheme=https] [eorigin=-] mvfarms.com mvfarms.com vps38426.inmotionhosting.com 2847
159.223.92.58 - - [31/Jan/2025:13:14:28 -0800] "GET /wp-login.php HTTP/1.1" 502 157 "-" "GRequests/0.10" [loc=US/Irving] [rt=0.000] [proto=HTTP/1.1:] [args=-] [ucs=BYPASS] [xpc=-] [uct=-] [gz=-] [br=-] [tls=TLSv1.3] [cipher=TLS_AES_256_GCM_SHA384] [scheme=https] [eorigin=-] runningbrothers.com www.runningbrothers.com vps38426.inmotionhosting.com 2857
78.153.140.151 - - [31/Jan/2025:13:14:29 -0800] "GET /.env HTTP/1.1" 400 255 "-" "Mozilla/5.0 (Windows NT 6.2; rv:12.0) Gecko/20100101 Firefox/23.0" [loc=RU/Bratsk] [rt=0.000] [proto=HTTP/1.1:] [args=-] [ucs=-] [xpc=-] [uct=-] [gz=-] [br=-] [tls=-] [cipher=-] [scheme=http] [eorigin=-] _ 144.208.65.39:443 vps38426.inmotionhosting.com 2859
78.153.140.151 - - [31/Jan/2025:13:14:30 -0800] "GET /whturk/.env HTTP/1.1" 400 255 "-" "Mozilla/5.0 (X11; FreeBSD amd64; rv:48.0) Gecko/20100101 Firefox/48.0" [loc=RU/Bratsk] [rt=0.000] [proto=HTTP/1.1:] [args=-] [ucs=-] [xpc=-] [uct=-] [gz=-] [br=-] [tls=-] [cipher=-] [scheme=http] [eorigin=-] _ 144.208.65.39:443 vps38426.inmotionhosting.com 2861
78.153.140.151 - - [31/Jan/2025:13:14:30 -0800] "GET /staging.env HTTP/1.1" 400 657 "-" "Mozilla/4.0 (compatible; MSIE 7.0; Windows NT 6.2; WOW64; Trident/6.0; .NET4.0E; .NET4.0C; .NET CLR 3.5.30729; .NET CLR 2.0.50727; .NET CLR 3.0.30729; HPNTDFJS)" [loc=RU/Bratsk] [rt=0.000] [proto=HTTP/1.1:] [args=-] [ucs=-] [xpc=-] [uct=-] [gz=-] [br=-] [tls=-] [cipher=-] [scheme=http] [eorigin=-] _ 144.208.65.39:443 vps38426.inmotionhosting.com 2862
88.80.21.191 - - [31/Jan/2025:13:14:30 -0800] "GET /contact-us/ HTTP/1.1" 502 559 "-" "Mozilla/5.0 (X11; Linux i686) AppleWebKit/537.36 (KHTML, like Gecko) Chrome/114.0.0.0 Safari/537.36 Vivaldi/5.3.2679.68" [loc=SE/-] [rt=0.000] [proto=HTTP/1.1:] [args=-] [ucs=MISS] [xpc=-] [uct=-] [gz=-] [br=-] [tls=TLSv1.3] [cipher=TLS_AES_256_GCM_SHA384] [scheme=https] [eorigin=-] mvfarms.com mvfarms.com vps38426.inmotionhosting.com 2856
78.153.140.151 - - [31/Jan/2025:13:14:30 -0800] "GET /ubuntu/.env HTTP/1.1" 400 657 "-" "Mozilla/5.0 (Windows NT 6.1) AppleWebKit/537.36 (KHTML, like Gecko) Chrome/61.0.3163.100 Safari/537.36 OPR/48.0.2685.50" [loc=RU/Bratsk] [rt=0.000] [proto=HTTP/1.1:] [args=-] [ucs=-] [xpc=-] [uct=-] [gz=-] [br=-] [tls=-] [cipher=-] [scheme=http] [eorigin=-] _ 144.208.65.39:443 vps38426.inmotionhosting.com 2864
78.153.140.151 - - [31/Jan/2025:13:14:30 -0800] "GET /.env HTTP/1.1" 444 0 "-" "Mozilla/4.0 (compatible; MSIE 7.0; Windows NT 6.2; WOW64; Trident/6.0; .NET4.0E; .NET4.0C; .NET CLR 3.5.30729; .NET CLR 2.0.50727; .NET CLR 3.0.30729; CPNTDFJS)" [loc=RU/Bratsk] [rt=0.000] [proto=HTTP/1.1:] [args=-] [ucs=-] [xpc=-] [uct=-] [gz=-] [br=-] [tls=TLSv1.2] [cipher=ECDHE-RSA-AES256-GCM-SHA384] [scheme=https] [eorigin=-] _ 144.208.65.39 vps38426.inmotionhosting.com 2860
78.153.140.151 - - [31/Jan/2025:13:14:35 -0800] "GET /prisma/.env HTTP/1.1" 400 657 "-" "Mozilla/5.0 (X11; Linux x86_64) AppleWebKit/537.36 (KHTML, like Gecko) Chrome/45.0.2454.93 Safari/537.36 OPR/32.0.1948.69" [loc=RU/Bratsk] [rt=0.000] [proto=HTTP/1.1:] [args=-] [ucs=-] [xpc=-] [uct=-] [gz=-] [br=-] [tls=-] [cipher=-] [scheme=http] [eorigin=-] _ 144.208.65.39:443 vps38426.inmotionhosting.com 2866
78.153.140.151 - - [31/Jan/2025:13:14:36 -0800] "GET /travis/.env HTTP/1.1" 400 255 "-" "Mozilla/5.0 (Windows; U; Windows NT 5.2; en-US; rv:1.8.0.8) Gecko/20061025 Firefox/1.5.0.8" [loc=RU/Bratsk] [rt=0.000] [proto=HTTP/1.1:] [args=-] [ucs=-] [xpc=-] [uct=-] [gz=-] [br=-] [tls=-] [cipher=-] [scheme=http] [eorigin=-] _ 144.208.65.39:443 vps38426.inmotionhosting.com 2867
66.249.79.5 - - [31/Jan/2025:13:14:36 -0800] "GET /category/episode-96-outside-your-comfort-zone-niveen-salem-multi-level-marketing-and-former-chevron-executive/feed/ HTTP/1.1" 502 157 "-" "Mozilla/5.0 (compatible; Googlebot/2.1; +http://www.google.com/bot.html)" [loc=US/Mountain View] [rt=0.000] [proto=HTTP/1.1:] [args=-] [ucs=MISS] [xpc=-] [uct=-] [gz=-] [br=-] [tls=TLSv1.3] [cipher=TLS_AES_256_GCM_SHA384] [scheme=https] [eorigin=-] definingsuccesspodcast.com definingsuccesspodcast.com vps38426.inmotionhosting.com 2868
179.43.130.227 - - [31/Jan/2025:13:14:37 -0800] "GET /contact-us/ HTTP/1.1" 502 559 "-" "Mozilla/5.0 (X11; Linux i686) AppleWebKit/537.36 (KHTML, like Gecko) Chrome/114.0.0.0 Safari/537.36 Vivaldi/5.3.2679.68" [loc=CH/Zurich] [rt=0.000] [proto=HTTP/1.1:] [args=-] [ucs=MISS] [xpc=-] [uct=-] [gz=-] [br=-] [tls=TLSv1.3] [cipher=TLS_AES_256_GCM_SHA384] [scheme=https] [eorigin=-] mvfarms.com mvfarms.com vps38426.inmotionhosting.com 2865
66.249.79.170 - - [31/Jan/2025:13:14:39 -0800] "GET /category/episode-078-start-a-small-scale-business-to-test-your-idea-ben-alexander-founder-of-balloon-distractions/feed/ HTTP/1.1" 502 157 "-" "Mozilla/5.0 (compatible; Googlebot/2.1; +http://www.google.com/bot.html)" [loc=US/Mountain View] [rt=0.000] [proto=HTTP/1.1:] [args=-] [ucs=MISS] [xpc=-] [uct=-] [gz=-] [br=-] [tls=TLSv1.3] [cipher=TLS_AES_256_GCM_SHA384] [scheme=https] [eorigin=-] definingsuccesspodcast.com definingsuccesspodcast.com vps38426.inmotionhosting.com 2839
66.249.79.99 - - [31/Jan/2025:13:14:40 -0800] "GET /category/episode-88-being-present-with-people-dr-mollie-marti-director-of-the-community-resiliency-project-and-author-of-walking-with-justice/feed/ HTTP/1.1" 502 157 "-" "Mozilla/5.0 (compatible; Googlebot/2.1; +http://www.google.com/bot.html)" [loc=US/Mountain View] [rt=0.000] [proto=HTTP/1.1:] [args=-] [ucs=MISS] [xpc=-] [uct=-] [gz=-] [br=-] [tls=-] [cipher=-] [scheme=http] [eorigin=-] definingsuccesspodcast.com definingsuccesspodcast.com vps38426.inmotionhosting.com 2873
78.153.140.151 - - [31/Jan/2025:13:14:41 -0800] "GET /secret/.env HTTP/1.1" 400 657 "-" "Mozilla/5.0 (Macintosh; Intel Mac OS X 10_13_2) AppleWebKit/537.36 (KHTML, like Gecko) Chrome/63.0.3239.132 Safari/537.36 OPR/50.0.2762.67" [loc=RU/Bratsk] [rt=0.000] [proto=HTTP/1.1:] [args=-] [ucs=-] [xpc=-] [uct=-] [gz=-] [br=-] [tls=-] [cipher=-] [scheme=http] [eorigin=-] _ 144.208.65.39:443 vps38426.inmotionhosting.com 2875
66.249.79.193 - - [31/Jan/2025:13:14:44 -0800] "GET /tag/music-executive/feed/ HTTP/1.1" 502 157 "-" "Mozilla/5.0 (compatible; Googlebot/2.1; +http://www.google.com/bot.html)" [loc=US/Mountain View] [rt=0.000] [proto=HTTP/1.1:] [args=-] [ucs=MISS] [xpc=-] [uct=-] [gz=-] [br=-] [tls=-] [cipher=-] [scheme=http] [eorigin=-] definingsuccesspodcast.com definingsuccesspodcast.com vps38426.inmotionhosting.com 2876
78.153.140.151 - - [31/Jan/2025:13:14:44 -0800] "GET /parity/.env HTTP/1.1" 400 657 "-" "Mozilla/5.0 (X11; Linux x86_64) AppleWebKit/537.36 (KHTML, like Gecko) Chrome/54.0.2840.100 Safari/537.36" [loc=RU/Bratsk] [rt=0.000] [proto=HTTP/1.1:] [args=-] [ucs=-] [xpc=-] [uct=-] [gz=-] [br=-] [tls=-] [cipher=-] [scheme=http] [eorigin=-] _ 144.208.65.39:443 vps38426.inmotionhosting.com 2878
34.196.51.17 - - [31/Jan/2025:13:14:46 -0800] "HEAD / HTTP/1.1" 200 0 "http://ruschianana.com/" "WPMUDEV Uptime Monitor 5.0 (https://wpmudev.com)" [loc=US/Ashburn] [rt=0.000] [proto=HTTP/1.1:] [args=-] [ucs=STALE] [xpc=STALE] [uct=-] [gz=-] [br=-] [tls=-] [cipher=-] [scheme=http] [eorigin=-] ruschianana.com ruschianana.com vps38426.inmotionhosting.com 2879
114.119.156.172 - - [31/Jan/2025:13:14:46 -0800] "GET /golfchat-6-22-2021/ HTTP/1.1" 502 157 "http://www.golfchat.org/3338-2/" "Mozilla/5.0 (Linux; Android 7.0;) AppleWebKit/537.36 (KHTML, like Gecko) Mobile Safari/537.36 (compatible; PetalBot;+https://webmaster.petalsearch.com/site/petalbot)" [loc=CN/-] [rt=0.000] [proto=HTTP/1.1:] [args=-] [ucs=MISS] [xpc=-] [uct=-] [gz=-] [br=-] [tls=-] [cipher=-] [scheme=http] [eorigin=-] golfchat.org www.golfchat.org vps38426.inmotionhosting.com 2882
34.196.51.17 - - [31/Jan/2025:13:14:46 -0800] "HEAD / HTTP/1.1" 200 0 "https://19thholemedia.com/" "WPMUDEV Uptime Monitor 5.0 (https://wpmudev.com)" [loc=US/Ashburn] [rt=0.000] [proto=HTTP/1.1:] [args=-] [ucs=STALE] [xpc=STALE] [uct=-] [gz=-] [br=-] [tls=TLSv1.3] [cipher=TLS_AES_256_GCM_SHA384] [scheme=https] [eorigin=-] 19thholemedia.com 19thholemedia.com vps38426.inmotionhosting.com 2881
78.153.140.151 - - [31/Jan/2025:13:14:47 -0800] "GET /addons/.env HTTP/1.1" 400 255 "-" "Mozilla/5.0 (Macintosh; Intel Mac OS X 10_12_5) AppleWebKit/603.2.4 (KHTML, like Gecko) Version/10.1.1 Safari/603.2.4" [loc=RU/Bratsk] [rt=0.000] [proto=HTTP/1.1:] [args=-] [ucs=-] [xpc=-] [uct=-] [gz=-] [br=-] [tls=-] [cipher=-] [scheme=http] [eorigin=-] _ 144.208.65.39:443 vps38426.inmotionhosting.com 2885
45.66.237.8 - - [31/Jan/2025:13:14:47 -0800] "GET /contact-us/ HTTP/1.1" 502 559 "-" "Mozilla/5.0 (X11; Linux i686) AppleWebKit/537.36 (KHTML, like Gecko) Chrome/114.0.0.0 Safari/537.36 Vivaldi/5.3.2679.68" [loc=-/-] [rt=0.001] [proto=HTTP/1.1:] [args=-] [ucs=MISS] [xpc=-] [uct=-] [gz=-] [br=-] [tls=TLSv1.3] [cipher=TLS_AES_256_GCM_SHA384] [scheme=https] [eorigin=-] mvfarms.com mvfarms.com vps38426.inmotionhosting.com 2871
34.196.51.17 - - [31/Jan/2025:13:14:48 -0800] "HEAD / HTTP/1.1" 502 0 "https://welbornmedia.com/" "WPMUDEV Uptime Monitor 5.0 (https://wpmudev.com)" [loc=US/Ashburn] [rt=0.001] [proto=HTTP/1.1:] [args=-] [ucs=MISS] [xpc=-] [uct=-] [gz=-] [br=-] [tls=TLSv1.3] [cipher=TLS_AES_256_GCM_SHA384] [scheme=https] [eorigin=-] welbornmedia.com welbornmedia.com vps38426.inmotionhosting.com 2887
78.153.140.151 - - [31/Jan/2025:13:14:50 -0800] "GET /secure/.env HTTP/1.1" 400 657 "-" "Mozilla/5.0 (Windows NT 10.0; WOW64) AppleWebKit/537.36 (KHTML, like Gecko) Chrome/49.0.2623.87 Safari/537.36" [loc=RU/Bratsk] [rt=0.000] [proto=HTTP/1.1:] [args=-] [ucs=-] [xpc=-] [uct=-] [gz=-] [br=-] [tls=-] [cipher=-] [scheme=http] [eorigin=-] _ 144.208.65.39:443 vps38426.inmotionhosting.com 2890
34.196.51.17 - - [31/Jan/2025:13:14:50 -0800] "HEAD / HTTP/1.1" 502 0 "http://somersetchino.com/" "WPMUDEV Uptime Monitor 5.0 (https://wpmudev.com)" [loc=US/Ashburn] [rt=0.001] [proto=HTTP/1.1:] [args=-] [ucs=MISS] [xpc=-] [uct=-] [gz=-] [br=-] [tls=-] [cipher=-] [scheme=http] [eorigin=-] somersetchino.com somersetchino.com vps38426.inmotionhosting.com 2891
78.153.140.151 - - [31/Jan/2025:13:14:51 -0800] "GET /module/.env HTTP/1.1" 400 255 "-" "Mozilla/4.0 (compatible; MSIE 8.0; X11; Linux x86_64; de) Opera 10.62" [loc=RU/Bratsk] [rt=0.000] [proto=HTTP/1.1:] [args=-] [ucs=-] [xpc=-] [uct=-] [gz=-] [br=-] [tls=-] [cipher=-] [scheme=http] [eorigin=-] _ 144.208.65.39:443 vps38426.inmotionhosting.com 2893
35.157.144.199 - - [31/Jan/2025:13:14:52 -0800] "HEAD / HTTP/1.1" 502 0 "https://welbornmedia.com/" "WPMUDEV Uptime Monitor 5.0 (https://wpmudev.com)" [loc=DE/Frankfurt am Main] [rt=0.000] [proto=HTTP/1.1:] [args=-] [ucs=MISS] [xpc=-] [uct=-] [gz=-] [br=-] [tls=TLSv1.3] [cipher=TLS_AES_256_GCM_SHA384] [scheme=https] [eorigin=-] welbornmedia.com welbornmedia.com vps38426.inmotionhosting.com 2894
78.153.140.151 - - [31/Jan/2025:13:14:52 -0800] "GET /widget/.env HTTP/1.1" 400 255 "-" "Mozilla/5.0 (Linux; U; Android 4.0.4; en-gb; GT-P3100 Build/IMM76D) AppleWebKit/534.30 (KHTML, like Gecko) Version/4.0 Safari/534.30" [loc=RU/Bratsk] [rt=0.000] [proto=HTTP/1.1:] [args=-] [ucs=-] [xpc=-] [uct=-] [gz=-] [br=-] [tls=-] [cipher=-] [scheme=http] [eorigin=-] _ 144.208.65.39:443 vps38426.inmotionhosting.com 2896
78.153.140.151 - - [31/Jan/2025:13:14:52 -0800] "GET /drupal/.env HTTP/1.1" 400 657 "-" "Mozilla/5.0 (Windows NT 6.3; WOW64) AppleWebKit/537.36 (KHTML, like Gecko) Chrome/55.0.2883.75 Safari/537.36 OPR/42.0.2393.85" [loc=RU/Bratsk] [rt=0.000] [proto=HTTP/1.1:] [args=-] [ucs=-] [xpc=-] [uct=-] [gz=-] [br=-] [tls=-] [cipher=-] [scheme=http] [eorigin=-] _ 144.208.65.39:443 vps38426.inmotionhosting.com 2897
78.153.140.151 - - [31/Jan/2025:13:14:53 -0800] "GET /kibana/.env HTTP/1.1" 400 255 "-" "Opera/6.05 (Windows 2000; U) [fr]" [loc=RU/Bratsk] [rt=0.000] [proto=HTTP/1.1:] [args=-] [ucs=-] [xpc=-] [uct=-] [gz=-] [br=-] [tls=-] [cipher=-] [scheme=http] [eorigin=-] _ 144.208.65.39:443 vps38426.inmotionhosting.com 2898
103.200.23.120 - - [31/Jan/2025:13:14:54 -0800] "GET //wp-login.php HTTP/1.1" 502 157 "-" "GRequests/0.10" [loc=VN/Ho Chi Minh City] [rt=0.000] [proto=HTTP/1.1:] [args=-] [ucs=BYPASS] [xpc=-] [uct=-] [gz=-] [br=-] [tls=TLSv1.3] [cipher=TLS_AES_256_GCM_SHA384] [scheme=https] [eorigin=-] welbornwebsites.com www.welbornwebsites.com vps38426.inmotionhosting.com 2899
78.153.140.151 - - [31/Jan/2025:13:14:54 -0800] "GET /jsrelay/.env HTTP/1.1" 400 255 "-" "Mozilla/5.0 (X11; Ubuntu; Linux i686; rv:44.0) Gecko/20100101 Firefox/44.0" [loc=RU/Bratsk] [rt=0.000] [proto=HTTP/1.1:] [args=-] [ucs=-] [xpc=-] [uct=-] [gz=-] [br=-] [tls=-] [cipher=-] [scheme=http] [eorigin=-] _ 144.208.65.39:443 vps38426.inmotionhosting.com 2901
78.153.140.151 - - [31/Jan/2025:13:14:54 -0800] "GET /layouts/.env HTTP/1.1" 400 255 "-" "Mozilla/5.0 (X11; U; Linux i686; en-US; rv:1.9.0.12) Gecko/2009070812 Linux Mint/5 (Elyssa) Firefox/3.0.12" [loc=RU/Bratsk] [rt=0.000] [proto=HTTP/1.1:] [args=-] [ucs=-] [xpc=-] [uct=-] [gz=-] [br=-] [tls=-] [cipher=-] [scheme=http] [eorigin=-] _ 144.208.65.39:443 vps38426.inmotionhosting.com 2902
103.200.23.120 - - [31/Jan/2025:13:14:55 -0800] "POST //wp-login.php HTTP/1.1" 502 157 "-" "GRequests/0.10" [loc=VN/Ho Chi Minh City] [rt=0.000] [proto=HTTP/1.1:] [args=-] [ucs=-] [xpc=-] [uct=-] [gz=-] [br=-] [tls=TLSv1.3] [cipher=TLS_AES_256_GCM_SHA384] [scheme=https] [eorigin=-] welbornwebsites.com www.welbornwebsites.com vps38426.inmotionhosting.com 2903
103.200.23.120 - - [31/Jan/2025:13:14:55 -0800] "GET //wp-admin/ HTTP/1.1" 502 157 "-" "GRequests/0.10" [loc=VN/Ho Chi Minh City] [rt=0.001] [proto=HTTP/1.1:] [args=-] [ucs=BYPASS] [xpc=-] [uct=-] [gz=-] [br=-] [tls=TLSv1.3] [cipher=TLS_AES_256_GCM_SHA384] [scheme=https] [eorigin=-] welbornwebsites.com www.welbornwebsites.com vps38426.inmotionhosting.com 2903
45.66.237.8 - - [31/Jan/2025:13:14:56 -0800] "GET / HTTP/1.1" 502 559 "-" "Mozilla/5.0 (X11; Linux i686) AppleWebKit/537.36 (KHTML, like Gecko) Chrome/114.0.0.0 Safari/537.36 Vivaldi/5.3.2679.68" [loc=-/-] [rt=0.000] [proto=HTTP/1.1:] [args=-] [ucs=MISS] [xpc=-] [uct=-] [gz=-] [br=-] [tls=TLSv1.3] [cipher=TLS_AES_256_GCM_SHA384] [scheme=https] [eorigin=-] mvfarms.com mvfarms.com vps38426.inmotionhosting.com 2889
78.153.140.151 - - [31/Jan/2025:13:14:56 -0800] "GET /website/.env HTTP/1.1" 400 657 "-" "Mozilla/4.0 (compatible; MSIE 6.0; BREW 3.1.5; en )/800x480 Samsung SCH-U960" [loc=RU/Bratsk] [rt=0.000] [proto=HTTP/1.1:] [args=-] [ucs=-] [xpc=-] [uct=-] [gz=-] [br=-] [tls=-] [cipher=-] [scheme=http] [eorigin=-] _ 144.208.65.39:443 vps38426.inmotionhosting.com 2907
66.249.79.5 - - [31/Jan/2025:13:14:57 -0800] "GET /category/episode-067-the-learning-experience-fred-shoemaker-from-extraordinary-golf/feed/ HTTP/1.1" 502 157 "-" "Mozilla/5.0 (compatible; Googlebot/2.1; +http://www.google.com/bot.html)" [loc=US/Mountain View] [rt=0.000] [proto=HTTP/1.1:] [args=-] [ucs=MISS] [xpc=-] [uct=-] [gz=-] [br=-] [tls=TLSv1.3] [cipher=TLS_AES_256_GCM_SHA384] [scheme=https] [eorigin=-] definingsuccesspodcast.com definingsuccesspodcast.com vps38426.inmotionhosting.com 2868
78.153.140.151 - - [31/Jan/2025:13:14:57 -0800] "GET /plugins/.env HTTP/1.1" 400 255 "-" "Mozilla/5.0 (Macintosh; U; PPC Mac OS X; sv-se) AppleWebKit/312.5.1 (KHTML, like Gecko) Safari/312.3.1" [loc=RU/Bratsk] [rt=0.000] [proto=HTTP/1.1:] [args=-] [ucs=-] [xpc=-] [uct=-] [gz=-] [br=-] [tls=-] [cipher=-] [scheme=http] [eorigin=-] _ 144.208.65.39:443 vps38426.inmotionhosting.com 2909
92.118.43.227 - - [31/Jan/2025:13:14:58 -0800] "GET / HTTP/1.1" 502 559 "-" "Mozilla/5.0 (X11; Linux i686) AppleWebKit/537.36 (KHTML, like Gecko) Chrome/114.0.0.0 Safari/537.36 Vivaldi/5.3.2679.68" [loc=GR/-] [rt=0.000] [proto=HTTP/1.1:] [args=-] [ucs=MISS] [xpc=-] [uct=-] [gz=-] [br=-] [tls=TLSv1.3] [cipher=TLS_AES_256_GCM_SHA384] [scheme=https] [eorigin=-] mvfarms.com mvfarms.com vps38426.inmotionhosting.com 2910
78.153.140.151 - - [31/Jan/2025:13:15:00 -0800] "GET /profile/.env HTTP/1.1" 400 255 "-" "Mozilla/5.0 (X11; U; SunOS i86pc; en-ZW; rv:1.8.1.6) Gecko/20071125 Firefox/2.0.0.6" [loc=RU/Bratsk] [rt=0.000] [proto=HTTP/1.1:] [args=-] [ucs=-] [xpc=-] [uct=-] [gz=-] [br=-] [tls=-] [cipher=-] [scheme=http] [eorigin=-] _ 144.208.65.39:443 vps38426.inmotionhosting.com 2913
66.249.79.6 - - [31/Jan/2025:13:15:01 -0800] "GET /category/episode-033-be-of-service-to-others-chris-brogan-from-human-business-works/feed/ HTTP/1.1" 502 157 "-" "Mozilla/5.0 (compatible; Googlebot/2.1; +http://www.google.com/bot.html)" [loc=US/Mountain View] [rt=0.000] [proto=HTTP/1.1:] [args=-] [ucs=MISS] [xpc=-] [uct=-] [gz=-] [br=-] [tls=TLSv1.3] [cipher=TLS_AES_256_GCM_SHA384] [scheme=https] [eorigin=-] definingsuccesspodcast.com definingsuccesspodcast.com vps38426.inmotionhosting.com 2914
78.153.140.151 - - [31/Jan/2025:13:15:02 -0800] "GET /oldsite/.env HTTP/1.1" 400 657 "-" "Mozilla/5.0 (Windows NT 6.3; WOW64) AppleWebKit/537.36 (KHTML, like Gecko) Chrome/31.0.1650.63 Safari/537.36" [loc=RU/Bratsk] [rt=0.000] [proto=HTTP/1.1:] [args=-] [ucs=-] [xpc=-] [uct=-] [gz=-] [br=-] [tls=-] [cipher=-] [scheme=http] [eorigin=-] _ 144.208.65.39:443 vps38426.inmotionhosting.com 2918
92.118.41.66 - - [31/Jan/2025:13:15:03 -0800] "GET / HTTP/1.1" 502 559 "-" "Mozilla/5.0 (X11; Linux i686) AppleWebKit/537.36 (KHTML, like Gecko) Chrome/114.0.0.0 Safari/537.36 Vivaldi/5.3.2679.68" [loc=GR/-] [rt=0.000] [proto=HTTP/1.1:] [args=-] [ucs=MISS] [xpc=-] [uct=-] [gz=-] [br=-] [tls=TLSv1.3] [cipher=TLS_AES_256_GCM_SHA384] [scheme=https] [eorigin=-] mvfarms.com mvfarms.com vps38426.inmotionhosting.com 2912
35.157.144.199 - - [31/Jan/2025:13:15:03 -0800] "HEAD / HTTP/1.1" 502 0 "http://somersetchino.com/" "WPMUDEV Uptime Monitor 5.0 (https://wpmudev.com)" [loc=DE/Frankfurt am Main] [rt=0.000] [proto=HTTP/1.1:] [args=-] [ucs=MISS] [xpc=-] [uct=-] [gz=-] [br=-] [tls=-] [cipher=-] [scheme=http] [eorigin=-] somersetchino.com somersetchino.com vps38426.inmotionhosting.com 2920
127.0.0.1 - - [31/Jan/2025:13:15:04 -0800] "GET / HTTP/1.0" 200 615 "-" "-" [loc=-/-] [rt=0.000] [proto=HTTP/1.0:] [args=-] [ucs=-] [xpc=-] [uct=-] [gz=-] [br=-] [tls=-] [cipher=-] [scheme=http] [eorigin=-] 127.0.0.1 - vps38426.inmotionhosting.com 2923
127.0.0.1 - - [31/Jan/2025:13:15:04 -0800] "GET / HTTP/1.0" 200 615 "-" "-" [loc=-/-] [rt=0.001] [proto=HTTP/1.0:] [args=-] [ucs=-] [xpc=-] [uct=-] [gz=-] [br=-] [tls=-] [cipher=-] [scheme=http] [eorigin=-] 127.0.0.1 localhost vps38426.inmotionhosting.com 2924
78.153.140.151 - - [31/Jan/2025:13:15:05 -0800] "GET /webroot/.env HTTP/1.1" 400 255 "-" "Mozilla/5.0 (Macintosh; Intel Mac OS X 10_11_4) AppleWebKit/601.5.17 (KHTML, like Gecko) Safari/531.9" [loc=RU/Bratsk] [rt=0.000] [proto=HTTP/1.1:] [args=-] [ucs=-] [xpc=-] [uct=-] [gz=-] [br=-] [tls=-] [cipher=-] [scheme=http] [eorigin=-] _ 144.208.65.39:443 vps38426.inmotionhosting.com 2925
78.153.140.151 - - [31/Jan/2025:13:15:05 -0800] "GET /sistema/.env HTTP/1.1" 400 255 "-" "Mozilla/5.0 (Windows NT 6.1; WOW64; Trident/7.0; MAARJS; rv:11.0) like Gecko" [loc=RU/Bratsk] [rt=0.000] [proto=HTTP/1.1:] [args=-] [ucs=-] [xpc=-] [uct=-] [gz=-] [br=-] [tls=-] [cipher=-] [scheme=http] [eorigin=-] _ 144.208.65.39:443 vps38426.inmotionhosting.com 2926
66.249.68.5 - - [31/Jan/2025:13:15:07 -0800] "GET /category/episode-064-pinterest-and-seo-host-of-oh-so-pinteresting-podcast-cynthia-sanchez/feed/ HTTP/1.1" 502 157 "-" "Mozilla/5.0 (compatible; Googlebot/2.1; +http://www.google.com/bot.html)" [loc=US/Mountain View] [rt=0.000] [proto=HTTP/1.1:] [args=-] [ucs=MISS] [xpc=-] [uct=-] [gz=-] [br=-] [tls=TLSv1.3] [cipher=TLS_AES_256_GCM_SHA384] [scheme=https] [eorigin=-] definingsuccesspodcast.com definingsuccesspodcast.com vps38426.inmotionhosting.com 2927
78.153.140.151 - - [31/Jan/2025:13:15:07 -0800] "GET /ikiwiki/.env HTTP/1.1" 400 255 "-" "Mozilla/5.0 (Linux; U; Android 4.1.2; en-us; Z932L Build/JZO54K) AppleWebKit/534.30 (KHTML, like Gecko) Version/4.1 Mobile Safari/534.30" [loc=RU/Bratsk] [rt=0.000] [proto=HTTP/1.1:] [args=-] [ucs=-] [xpc=-] [uct=-] [gz=-] [br=-] [tls=-] [cipher=-] [scheme=http] [eorigin=-] _ 144.208.65.39:443 vps38426.inmotionhosting.com 2929
66.249.79.97 - - [31/Jan/2025:13:15:09 -0800] "GET /category/episode-81-twitter-and-relationship-building-john-sparks-owner-of-online-imageworks/feed/ HTTP/1.1" 502 157 "-" "Mozilla/5.0 (compatible; Googlebot/2.1; +http://www.google.com/bot.html)" [loc=US/Mountain View] [rt=0.000] [proto=HTTP/1.1:] [args=-] [ucs=MISS] [xpc=-] [uct=-] [gz=-] [br=-] [tls=TLSv1.3] [cipher=TLS_AES_256_GCM_SHA384] [scheme=https] [eorigin=-] definingsuccesspodcast.com definingsuccesspodcast.com vps38426.inmotionhosting.com 2930
66.249.79.3 - - [31/Jan/2025:13:15:11 -0800] "GET /category/guest-blogs/ HTTP/1.1" 502 559 "-" "Mozilla/5.0 (Linux; Android 6.0.1; Nexus 5X Build/MMB29P) AppleWebKit/537.36 (KHTML, like Gecko) Chrome/132.0.6834.159 Mobile Safari/537.36 (compatible; Googlebot/2.1; +http://www.google.com/bot.html)" [loc=US/Mountain View] [rt=0.000] [proto=HTTP/1.1:] [args=-] [ucs=MISS] [xpc=-] [uct=-] [gz=-] [br=-] [tls=TLSv1.3] [cipher=TLS_AES_256_GCM_SHA384] [scheme=https] [eorigin=-] runningbrothers.com runningbrothers.com vps38426.inmotionhosting.com 2932
179.43.130.52 - - [31/Jan/2025:13:15:11 -0800] "GET / HTTP/1.1" 502 559 "-" "Mozilla/5.0 (X11; Linux i686) AppleWebKit/537.36 (KHTML, like Gecko) Chrome/114.0.0.0 Safari/537.36 Vivaldi/5.3.2679.68" [loc=CH/Zurich] [rt=0.001] [proto=HTTP/1.1:] [args=-] [ucs=MISS] [xpc=-] [uct=-] [gz=-] [br=-] [tls=TLSv1.3] [cipher=TLS_AES_256_GCM_SHA384] [scheme=https] [eorigin=-] mvfarms.com mvfarms.com vps38426.inmotionhosting.com 2922
193.186.4.229 - - [31/Jan/2025:13:15:15 -0800] "GET / HTTP/2.0" 502 559 "https://www.google.com/" "Mozilla/5.0 (Windows NT 10.0; Win64; x64) AppleWebKit/537.36 (KHTML, like Gecko) Chrome/132.0.0.0 Safari/537.36" [loc=IE/-] [rt=0.000] [proto=HTTP/2.0:h2] [args=-] [ucs=MISS] [xpc=-] [uct=-] [gz=-] [br=-] [tls=TLSv1.3] [cipher=TLS_AES_256_GCM_SHA384] [scheme=https] [eorigin=-] guardianjetcenter.com.welbornwebsites.com guardianjetcenter.com vps38426.inmotionhosting.com 2935
35.238.157.216 - - [31/Jan/2025:13:15:17 -0800] "GET /wp-login.php HTTP/1.1" 502 157 "-" "GRequests/0.10" [loc=US/Mountain View] [rt=0.000] [proto=HTTP/1.1:] [args=-] [ucs=BYPASS] [xpc=-] [uct=-] [gz=-] [br=-] [tls=TLSv1.3] [cipher=TLS_AES_256_GCM_SHA384] [scheme=https] [eorigin=-] chinorotary.welbornweb.com chinorotary.org vps38426.inmotionhosting.com 2937
35.238.157.216 - - [31/Jan/2025:13:15:17 -0800] "POST /wp-login.php HTTP/1.1" 502 157 "-" "GRequests/0.10" [loc=US/Mountain View] [rt=0.000] [proto=HTTP/1.1:] [args=-] [ucs=-] [xpc=-] [uct=-] [gz=-] [br=-] [tls=TLSv1.3] [cipher=TLS_AES_256_GCM_SHA384] [scheme=https] [eorigin=-] chinorotary.welbornweb.com chinorotary.org vps38426.inmotionhosting.com 2939
35.238.157.216 - - [31/Jan/2025:13:15:18 -0800] "GET /wp-admin/ HTTP/1.1" 502 157 "-" "GRequests/0.10" [loc=US/Mountain View] [rt=0.000] [proto=HTTP/1.1:] [args=-] [ucs=BYPASS] [xpc=-] [uct=-] [gz=-] [br=-] [tls=TLSv1.3] [cipher=TLS_AES_256_GCM_SHA384] [scheme=https] [eorigin=-] chinorotary.welbornweb.com chinorotary.org vps38426.inmotionhosting.com 2939
78.153.140.151 - - [31/Jan/2025:13:15:19 -0800] "GET /twitter/.env HTTP/1.1" 400 657 "-" "Mozilla/5.0 (Macintosh; Intel Mac OS X 10_11_6) AppleWebKit/537.36 (KHTML, like Gecko) Chrome/60.0.3112.113 Safari/537.36" [loc=RU/Bratsk] [rt=0.000] [proto=HTTP/1.1:] [args=-] [ucs=-] [xpc=-] [uct=-] [gz=-] [br=-] [tls=-] [cipher=-] [scheme=http] [eorigin=-] _ 144.208.65.39:443 vps38426.inmotionhosting.com 2942
78.153.140.151 - - [31/Jan/2025:13:15:21 -0800] "GET /widgets/.env HTTP/1.1" 400 255 "-" "Mozilla/5.0 (Linux; U; Android 2.3.4; en-us; A1_07 Build/GRJ22) AppleWebKit/533.1 (KHTML, like Gecko) Version/4.0 Mobile Safari/533.1" [loc=RU/Bratsk] [rt=0.000] [proto=HTTP/1.1:] [args=-] [ucs=-] [xpc=-] [uct=-] [gz=-] [br=-] [tls=-] [cipher=-] [scheme=http] [eorigin=-] _ 144.208.65.39:443 vps38426.inmotionhosting.com 2943
78.153.140.151 - - [31/Jan/2025:13:15:22 -0800] "GET /monerod/.env HTTP/1.1" 400 657 "-" "Mozilla/4.0 (compatible; MSIE 7.0; Windows NT 6.2; WOW64; Trident/8.0; .NET4.0C; .NET4.0E)" [loc=RU/Bratsk] [rt=0.000] [proto=HTTP/1.1:] [args=-] [ucs=-] [xpc=-] [uct=-] [gz=-] [br=-] [tls=-] [cipher=-] [scheme=http] [eorigin=-] _ 144.208.65.39:443 vps38426.inmotionhosting.com 2944
66.249.79.96 - - [31/Jan/2025:13:15:22 -0800] "GET /category/episode-070-dont-let-your-ego-get-in-the-way-virgil-herring-author-of-the-golf-journal/feed/ HTTP/1.1" 502 157 "-" "Mozilla/5.0 (compatible; Googlebot/2.1; +http://www.google.com/bot.html)" [loc=US/Mountain View] [rt=0.000] [proto=HTTP/1.1:] [args=-] [ucs=MISS] [xpc=-] [uct=-] [gz=-] [br=-] [tls=TLSv1.3] [cipher=TLS_AES_256_GCM_SHA384] [scheme=https] [eorigin=-] definingsuccesspodcast.com definingsuccesspodcast.com vps38426.inmotionhosting.com 2945
78.153.140.151 - - [31/Jan/2025:13:15:23 -0800] "GET /outputs/.env HTTP/1.1" 400 255 "-" "Mozilla/5.0 (X11; U; Linux i686; fr; rv:1.8.1.1) Gecko/20060601 Firefox/2.0.0.1 (Ubuntu-edgy)" [loc=RU/Bratsk] [rt=0.000] [proto=HTTP/1.1:] [args=-] [ucs=-] [xpc=-] [uct=-] [gz=-] [br=-] [tls=-] [cipher=-] [scheme=http] [eorigin=-] _ 144.208.65.39:443 vps38426.inmotionhosting.com 2947
66.249.68.36 - - [31/Jan/2025:13:15:24 -0800] "GET /category/episode-031-everyone-has-a-success-story-rey-ybarra-author-of-conversations-with-shark-tank-winners/feed/ HTTP/1.1" 502 157 "-" "Mozilla/5.0 (compatible; Googlebot/2.1; +http://www.google.com/bot.html)" [loc=US/Mountain View] [rt=0.001] [proto=HTTP/1.1:] [args=-] [ucs=MISS] [xpc=-] [uct=-] [gz=-] [br=-] [tls=TLSv1.3] [cipher=TLS_AES_256_GCM_SHA384] [scheme=https] [eorigin=-] definingsuccesspodcast.com definingsuccesspodcast.com vps38426.inmotionhosting.com 2948
78.153.140.151 - - [31/Jan/2025:13:15:24 -0800] "GET /classes/.env HTTP/1.1" 400 255 "-" "Mozilla/4.0 (compatible; MSIE 6.0; Windows NT 5.1) Opera 7.54 [de]" [loc=RU/Bratsk] [rt=0.000] [proto=HTTP/1.1:] [args=-] [ucs=-] [xpc=-] [uct=-] [gz=-] [br=-] [tls=-] [cipher=-] [scheme=http] [eorigin=-] _ 144.208.65.39:443 vps38426.inmotionhosting.com 2950
78.153.140.151 - - [31/Jan/2025:13:15:25 -0800] "GET /fileweb/.env HTTP/1.1" 400 255 "-" "Mozilla/5.0 (Windows NT 6.2; WOW64; rv:39.0) Gecko/20100101 Firefox/39.0" [loc=RU/Bratsk] [rt=0.000] [proto=HTTP/1.1:] [args=-] [ucs=-] [xpc=-] [uct=-] [gz=-] [br=-] [tls=-] [cipher=-] [scheme=http] [eorigin=-] _ 144.208.65.39:443 vps38426.inmotionhosting.com 2951
78.153.140.151 - - [31/Jan/2025:13:15:26 -0800] "GET /Backend/.env HTTP/1.1" 400 657 "-" "Mozilla/5.0 (Linux; Android 5.1.1; SAMSUNG SM-N920V 4G Build/LMY47X) AppleWebKit/537.36 (KHTML, like Gecko) SamsungBrowser/3.4 Chrome/38.0.2125.102 Mobile Safari/537.36" [loc=RU/Bratsk] [rt=0.000] [proto=HTTP/1.1:] [args=-] [ucs=-] [xpc=-] [uct=-] [gz=-] [br=-] [tls=-] [cipher=-] [scheme=http] [eorigin=-] _ 144.208.65.39:443 vps38426.inmotionhosting.com 2952
78.153.140.151 - - [31/Jan/2025:13:15:27 -0800] "GET /sendgrid/.env HTTP/1.1" 400 255 "-" "Mozilla/5.0 (Macintosh; Intel Mac OS X 10_9_5) AppleWebKit/537.78.2 (KHTML, like Gecko) WebClip/9537.85.14.10 Safari/9537.85.14.17" [loc=RU/Bratsk] [rt=0.000] [proto=HTTP/1.1:] [args=-] [ucs=-] [xpc=-] [uct=-] [gz=-] [br=-] [tls=-] [cipher=-] [scheme=http] [eorigin=-] _ 144.208.65.39:443 vps38426.inmotionhosting.com 2953
78.153.140.151 - - [31/Jan/2025:13:15:27 -0800] "GET /dotfiles/.env HTTP/1.1" 400 657 "-" "Mozilla/5.0 (Linux; Android 4.4.2; en-ca; SGH-I337M Build/KOT49H) AppleWebKit/537.36 (KHTML, like Gecko) Version/1.5 Chrome/28.0.1500.94 Mobile Safari/537.36" [loc=RU/Bratsk] [rt=0.000] [proto=HTTP/1.1:] [args=-] [ucs=-] [xpc=-] [uct=-] [gz=-] [br=-] [tls=-] [cipher=-] [scheme=http] [eorigin=-] _ 144.208.65.39:443 vps38426.inmotionhosting.com 2954
78.153.140.151 - - [31/Jan/2025:13:15:28 -0800] "GET /profiles/.env HTTP/1.1" 400 255 "-" "Mozilla/5.0 (iPhone; U; CPU like Mac OS X; en) AppleWebKit/420 (KHTML, like Gecko) Version/3.0 Mobile/1A543a Safari/419.3" [loc=RU/Bratsk] [rt=0.000] [proto=HTTP/1.1:] [args=-] [ucs=-] [xpc=-] [uct=-] [gz=-] [br=-] [tls=-] [cipher=-] [scheme=http] [eorigin=-] _ 144.208.65.39:443 vps38426.inmotionhosting.com 2955
78.153.140.151 - - [31/Jan/2025:13:15:28 -0800] "GET /examples/.env HTTP/1.1" 400 255 "-" "Mozilla/5.0 (iPad; CPU OS 10_2_1 like Mac OS X) AppleWebKit/602.4.3 (KHTML, like Gecko) Version/10.0 Mobile/14D15 Safari/602.1" [loc=RU/Bratsk] [rt=0.000] [proto=HTTP/1.1:] [args=-] [ucs=-] [xpc=-] [uct=-] [gz=-] [br=-] [tls=-] [cipher=-] [scheme=http] [eorigin=-] _ 144.208.65.39:443 vps38426.inmotionhosting.com 2956
78.153.140.151 - - [31/Jan/2025:13:15:29 -0800] "GET /var/backup/.env HTTP/1.1" 400 657 "-" "Mozilla/5.0 (Windows NT 6.1; Win64; x64) AppleWebKit/537.36 (KHTML, like Gecko) Chrome/58.0.3029.81 Safari/537.36" [loc=RU/Bratsk] [rt=0.000] [proto=HTTP/1.1:] [args=-] [ucs=-] [xpc=-] [uct=-] [gz=-] [br=-] [tls=-] [cipher=-] [scheme=http] [eorigin=-] _ 144.208.65.39:443 vps38426.inmotionhosting.com 2957
78.153.140.151 - - [31/Jan/2025:13:15:30 -0800] "GET /lib64/.env HTTP/1.1" 400 657 "-" "Mozilla/5.0 (Macintosh; Intel Mac OS X 10_11_4) AppleWebKit/537.36 (KHTML, like Gecko) Chrome/50.0.2661.94 Safari/537.36 OPR/37.0.2178.43" [loc=RU/Bratsk] [rt=0.000] [proto=HTTP/1.1:] [args=-] [ucs=-] [xpc=-] [uct=-] [gz=-] [br=-] [tls=-] [cipher=-] [scheme=http] [eorigin=-] _ 144.208.65.39:443 vps38426.inmotionhosting.com 2958
78.153.140.151 - - [31/Jan/2025:13:15:30 -0800] "GET /2024/.env HTTP/1.1" 400 657 "-" "Mozilla/5.0 (Linux; Android 5.0; SAMSUNG SM-G900I Build/LRX21T) AppleWebKit/537.36 (KHTML, like Gecko) SamsungBrowser/2.1 Chrome/34.0.1847.76 Mobile Safari/537.36" [loc=RU/Bratsk] [rt=0.000] [proto=HTTP/1.1:] [args=-] [ucs=-] [xpc=-] [uct=-] [gz=-] [br=-] [tls=-] [cipher=-] [scheme=http] [eorigin=-] _ 144.208.65.39:443 vps38426.inmotionhosting.com 2959
66.249.79.32 - - [31/Jan/2025:13:15:36 -0800] "GET /category/episode-96-outside-your-comfort-zone-niveen-salem-multi-level-marketing-and-former-chevron-executive/feed/ HTTP/1.1" 502 157 "-" "Mozilla/5.0 (compatible; Googlebot/2.1; +http://www.google.com/bot.html)" [loc=US/Mountain View] [rt=0.001] [proto=HTTP/1.1:] [args=-] [ucs=MISS] [xpc=-] [uct=-] [gz=-] [br=-] [tls=TLSv1.3] [cipher=TLS_AES_256_GCM_SHA384] [scheme=https] [eorigin=-] definingsuccesspodcast.com definingsuccesspodcast.com vps38426.inmotionhosting.com 2960
66.249.79.32 - - [31/Jan/2025:13:15:39 -0800] "GET /category/episode-078-start-a-small-scale-business-to-test-your-idea-ben-alexander-founder-of-balloon-distractions/feed/ HTTP/1.1" 502 157 "-" "Mozilla/5.0 (compatible; Googlebot/2.1; +http://www.google.com/bot.html)" [loc=US/Mountain View] [rt=0.001] [proto=HTTP/1.1:] [args=-] [ucs=MISS] [xpc=-] [uct=-] [gz=-] [br=-] [tls=TLSv1.3] [cipher=TLS_AES_256_GCM_SHA384] [scheme=https] [eorigin=-] definingsuccesspodcast.com definingsuccesspodcast.com vps38426.inmotionhosting.com 2960
34.196.51.17 - - [31/Jan/2025:13:15:41 -0800] "HEAD / HTTP/1.1" 502 0 "http://dunbarconstructioninc.com/" "WPMUDEV Uptime Monitor 5.0 (https://wpmudev.com)" [loc=US/Ashburn] [rt=0.000] [proto=HTTP/1.1:] [args=-] [ucs=MISS] [xpc=-] [uct=-] [gz=-] [br=-] [tls=-] [cipher=-] [scheme=http] [eorigin=-] dunbarconstructioninc.welbornwebsites.com dunbarconstructioninc.com vps38426.inmotionhosting.com 2963
35.157.144.199 - - [31/Jan/2025:13:15:44 -0800] "HEAD / HTTP/1.1" 502 0 "http://dunbarconstructioninc.com/" "WPMUDEV Uptime Monitor 5.0 (https://wpmudev.com)" [loc=DE/Frankfurt am Main] [rt=0.000] [proto=HTTP/1.1:] [args=-] [ucs=MISS] [xpc=-] [uct=-] [gz=-] [br=-] [tls=-] [cipher=-] [scheme=http] [eorigin=-] dunbarconstructioninc.welbornwebsites.com dunbarconstructioninc.com vps38426.inmotionhosting.com 2965
66.249.79.5 - - [31/Jan/2025:13:15:45 -0800] "GET /category/episode-037-balancing-your-work-and-personal-life-alex-navas-from-alexnavas-com/feed/ HTTP/1.1" 502 157 "-" "Mozilla/5.0 (compatible; Googlebot/2.1; +http://www.google.com/bot.html)" [loc=US/Mountain View] [rt=0.000] [proto=HTTP/1.1:] [args=-] [ucs=MISS] [xpc=-] [uct=-] [gz=-] [br=-] [tls=TLSv1.3] [cipher=TLS_AES_256_GCM_SHA384] [scheme=https] [eorigin=-] definingsuccesspodcast.com definingsuccesspodcast.com vps38426.inmotionhosting.com 2967