34.196.51.17 - - [31/Jan/2025:12:46:49 -0800] "HEAD / HTTP/1.1" 502 0 "http://dunbarconstructioninc.com/" "WPMUDEV Uptime Monitor 5.0 (https://wpmudev.com)" [loc=US/Ashburn] [rt=0.001] [proto=HTTP/1.1:] [args=-] [ucs=MISS] [xpc=-] [uct=-] [gz=-] [br=-] [tls=-] [cipher=-] [scheme=http] [eorigin=-] dunbarconstructioninc.welbornwebsites.com dunbarconstructioninc.com vps38426.inmotionhosting.com 1515
35.157.144.199 - - [31/Jan/2025:12:46:52 -0800] "HEAD / HTTP/1.1" 502 0 "http://dunbarconstructioninc.com/" "WPMUDEV Uptime Monitor 5.0 (https://wpmudev.com)" [loc=DE/Frankfurt am Main] [rt=0.000] [proto=HTTP/1.1:] [args=-] [ucs=MISS] [xpc=-] [uct=-] [gz=-] [br=-] [tls=-] [cipher=-] [scheme=http] [eorigin=-] dunbarconstructioninc.welbornwebsites.com dunbarconstructioninc.com vps38426.inmotionhosting.com 1517
20.121.66.49 - - [31/Jan/2025:12:46:56 -0800] "GET /wp-login.php HTTP/1.1" 502 157 "-" "GRequests/0.10" [loc=US/-] [rt=0.000] [proto=HTTP/1.1:] [args=-] [ucs=BYPASS] [xpc=-] [uct=-] [gz=-] [br=-] [tls=-] [cipher=-] [scheme=http] [eorigin=-] chinorotary.welbornweb.com chinorotary.org vps38426.inmotionhosting.com 1519
66.249.68.5 - - [31/Jan/2025:12:46:58 -0800] "GET /tag/succeed/feed/ HTTP/1.1" 502 157 "-" "Mozilla/5.0 (compatible; Googlebot/2.1; +http://www.google.com/bot.html)" [loc=US/Mountain View] [rt=0.001] [proto=HTTP/1.1:] [args=-] [ucs=MISS] [xpc=-] [uct=-] [gz=-] [br=-] [tls=TLSv1.3] [cipher=TLS_AES_256_GCM_SHA384] [scheme=https] [eorigin=-] definingsuccesspodcast.com definingsuccesspodcast.com vps38426.inmotionhosting.com 1521
66.249.68.36 - - [31/Jan/2025:12:47:01 -0800] "GET /category/episode-067-the-learning-experience-fred-shoemaker-from-extraordinary-golf/feed/ HTTP/1.1" 502 157 "-" "Mozilla/5.0 (compatible; Googlebot/2.1; +http://www.google.com/bot.html)" [loc=US/Mountain View] [rt=0.000] [proto=HTTP/1.1:] [args=-] [ucs=MISS] [xpc=-] [uct=-] [gz=-] [br=-] [tls=TLSv1.3] [cipher=TLS_AES_256_GCM_SHA384] [scheme=https] [eorigin=-] definingsuccesspodcast.com definingsuccesspodcast.com vps38426.inmotionhosting.com 1525
34.196.51.17 - - [31/Jan/2025:12:47:01 -0800] "HEAD / HTTP/1.1" 502 0 "https://larrywelborn.com/" "WPMUDEV Uptime Monitor 5.0 (https://wpmudev.com)" [loc=US/Ashburn] [rt=0.000] [proto=HTTP/1.1:] [args=-] [ucs=MISS] [xpc=-] [uct=-] [gz=-] [br=-] [tls=TLSv1.3] [cipher=TLS_AES_256_GCM_SHA384] [scheme=https] [eorigin=-] larrywelborn.com larrywelborn.com vps38426.inmotionhosting.com 1523
66.249.68.5 - - [31/Jan/2025:12:47:02 -0800] "GET /category/episode-108-from-scarcity-to-abundance-ellory-wells/feed/ HTTP/1.1" 502 157 "-" "Mozilla/5.0 (compatible; Googlebot/2.1; +http://www.google.com/bot.html)" [loc=US/Mountain View] [rt=0.000] [proto=HTTP/1.1:] [args=-] [ucs=MISS] [xpc=-] [uct=-] [gz=-] [br=-] [tls=TLSv1.3] [cipher=TLS_AES_256_GCM_SHA384] [scheme=https] [eorigin=-] definingsuccesspodcast.com definingsuccesspodcast.com vps38426.inmotionhosting.com 1521
20.121.66.49 - - [31/Jan/2025:12:47:03 -0800] "POST /wp-login.php HTTP/1.1" 502 157 "-" "GRequests/0.10" [loc=US/-] [rt=0.000] [proto=HTTP/1.1:] [args=-] [ucs=-] [xpc=-] [uct=-] [gz=-] [br=-] [tls=-] [cipher=-] [scheme=http] [eorigin=-] chinorotary.welbornweb.com chinorotary.org vps38426.inmotionhosting.com 1524
35.157.144.199 - - [31/Jan/2025:12:47:03 -0800] "HEAD / HTTP/1.1" 502 0 "https://larrywelborn.com/" "WPMUDEV Uptime Monitor 5.0 (https://wpmudev.com)" [loc=DE/Frankfurt am Main] [rt=0.000] [proto=HTTP/1.1:] [args=-] [ucs=MISS] [xpc=-] [uct=-] [gz=-] [br=-] [tls=TLSv1.3] [cipher=TLS_AES_256_GCM_SHA384] [scheme=https] [eorigin=-] larrywelborn.com larrywelborn.com vps38426.inmotionhosting.com 1530
20.121.66.49 - - [31/Jan/2025:12:47:03 -0800] "GET /wp-admin/ HTTP/1.1" 502 157 "-" "GRequests/0.10" [loc=US/-] [rt=0.000] [proto=HTTP/1.1:] [args=-] [ucs=BYPASS] [xpc=-] [uct=-] [gz=-] [br=-] [tls=-] [cipher=-] [scheme=http] [eorigin=-] chinorotary.welbornweb.com chinorotary.org vps38426.inmotionhosting.com 1524
66.249.79.202 - - [31/Jan/2025:12:47:05 -0800] "GET /category/episode-078-start-a-small-scale-business-to-test-your-idea-ben-alexander-founder-of-balloon-distractions/feed/ HTTP/1.1" 502 157 "-" "Mozilla/5.0 (compatible; Googlebot/2.1; +http://www.google.com/bot.html)" [loc=US/Mountain View] [rt=0.001] [proto=HTTP/1.1:] [args=-] [ucs=MISS] [xpc=-] [uct=-] [gz=-] [br=-] [tls=TLSv1.3] [cipher=TLS_AES_256_GCM_SHA384] [scheme=https] [eorigin=-] definingsuccesspodcast.com definingsuccesspodcast.com vps38426.inmotionhosting.com 1533
66.249.79.96 - - [31/Jan/2025:12:47:16 -0800] "GET /category/episode-81-twitter-and-relationship-building-john-sparks-owner-of-online-imageworks/feed/ HTTP/1.1" 502 157 "-" "Mozilla/5.0 (compatible; Googlebot/2.1; +http://www.google.com/bot.html)" [loc=US/Mountain View] [rt=0.000] [proto=HTTP/1.1:] [args=-] [ucs=MISS] [xpc=-] [uct=-] [gz=-] [br=-] [tls=TLSv1.3] [cipher=TLS_AES_256_GCM_SHA384] [scheme=https] [eorigin=-] definingsuccesspodcast.com definingsuccesspodcast.com vps38426.inmotionhosting.com 1535
178.20.46.206 - - [31/Jan/2025:12:47:17 -0800] "GET /19th-hole-media/ HTTP/1.0" 502 559 "http://socialgolfcourse.com/19th-hole-media/#comment-17431/" "Mozilla/5.0 (Windows NT 10.0; Win64; x64) AppleWebKit/537.36 (KHTML, like Gecko) Chrome/130.0.0.0 Safari/537.36 CCleaner/130.0.0.0" [loc=RU/-] [rt=0.000] [proto=HTTP/1.0:] [args=-] [ucs=MISS] [xpc=-] [uct=-] [gz=-] [br=-] [tls=-] [cipher=-] [scheme=http] [eorigin=-] socialgolfcourse.com socialgolfcourse.com vps38426.inmotionhosting.com 1537
178.20.46.206 - - [31/Jan/2025:12:47:17 -0800] "GET / HTTP/1.0" 502 559 "http://socialgolfcourse.com/" "Mozilla/5.0 (Windows NT 10.0; Win64; x64) AppleWebKit/537.36 (KHTML, like Gecko) Chrome/130.0.0.0 Safari/537.36 CCleaner/130.0.0.0" [loc=RU/-] [rt=0.000] [proto=HTTP/1.0:] [args=-] [ucs=MISS] [xpc=-] [uct=-] [gz=-] [br=-] [tls=-] [cipher=-] [scheme=http] [eorigin=-] socialgolfcourse.com socialgolfcourse.com vps38426.inmotionhosting.com 1539
66.249.68.5 - - [31/Jan/2025:12:47:23 -0800] "GET /category/episode-96-outside-your-comfort-zone-niveen-salem-multi-level-marketing-and-former-chevron-executive/feed/ HTTP/1.1" 502 157 "-" "Mozilla/5.0 (compatible; Googlebot/2.1; +http://www.google.com/bot.html)" [loc=US/Mountain View] [rt=0.000] [proto=HTTP/1.1:] [args=-] [ucs=MISS] [xpc=-] [uct=-] [gz=-] [br=-] [tls=TLSv1.3] [cipher=TLS_AES_256_GCM_SHA384] [scheme=https] [eorigin=-] definingsuccesspodcast.com definingsuccesspodcast.com vps38426.inmotionhosting.com 1521
66.249.79.170 - - [31/Jan/2025:12:47:34 -0800] "GET /category/episode-031-everyone-has-a-success-story-rey-ybarra-author-of-conversations-with-shark-tank-winners/feed/ HTTP/1.1" 502 157 "-" "Mozilla/5.0 (compatible; Googlebot/2.1; +http://www.google.com/bot.html)" [loc=US/Mountain View] [rt=0.000] [proto=HTTP/1.1:] [args=-] [ucs=MISS] [xpc=-] [uct=-] [gz=-] [br=-] [tls=TLSv1.3] [cipher=TLS_AES_256_GCM_SHA384] [scheme=https] [eorigin=-] definingsuccesspodcast.com definingsuccesspodcast.com vps38426.inmotionhosting.com 1543
66.249.68.8 - - [31/Jan/2025:12:47:36 -0800] "GET /tag/eric-sheninger/feed/ HTTP/1.1" 502 157 "-" "Mozilla/5.0 (compatible; Googlebot/2.1; +http://www.google.com/bot.html)" [loc=US/Mountain View] [rt=0.000] [proto=HTTP/1.1:] [args=-] [ucs=MISS] [xpc=-] [uct=-] [gz=-] [br=-] [tls=-] [cipher=-] [scheme=http] [eorigin=-] definingsuccesspodcast.com definingsuccesspodcast.com vps38426.inmotionhosting.com 1545
66.249.68.36 - - [31/Jan/2025:12:47:39 -0800] "GET /category/episode-070-dont-let-your-ego-get-in-the-way-virgil-herring-author-of-the-golf-journal/feed/ HTTP/1.1" 502 157 "-" "Mozilla/5.0 (compatible; Googlebot/2.1; +http://www.google.com/bot.html)" [loc=US/Mountain View] [rt=0.000] [proto=HTTP/1.1:] [args=-] [ucs=MISS] [xpc=-] [uct=-] [gz=-] [br=-] [tls=TLSv1.3] [cipher=TLS_AES_256_GCM_SHA384] [scheme=https] [eorigin=-] definingsuccesspodcast.com definingsuccesspodcast.com vps38426.inmotionhosting.com 1547
216.244.66.240 - - [31/Jan/2025:12:47:42 -0800] "GET /robots.txt HTTP/1.1" 502 157 "-" "Mozilla/5.0 (compatible; DotBot/1.2; +https://opensiteexplorer.org/dotbot; help@moz.com)" [loc=US/Seattle] [rt=0.000] [proto=HTTP/1.1:] [args=-] [ucs=MISS] [xpc=-] [uct=-] [gz=-] [br=-] [tls=-] [cipher=-] [scheme=http] [eorigin=-] runningbrothers.com runningbrothers.com vps38426.inmotionhosting.com 1549
66.220.149.4 - - [31/Jan/2025:12:47:47 -0800] "GET /tag/speaker/ HTTP/2.0" 502 157 "-" "meta-externalagent/1.1 (+https://developers.facebook.com/docs/sharing/webmasters/crawler)" [loc=US/Menlo Park] [rt=0.000] [proto=HTTP/2.0:h2] [args=-] [ucs=MISS] [xpc=-] [uct=-] [gz=-] [br=-] [tls=TLSv1.3] [cipher=TLS_AES_256_GCM_SHA384] [scheme=https] [eorigin=-] welbornmedia.com welbornmedia.com vps38426.inmotionhosting.com 1551
66.249.79.5 - - [31/Jan/2025:12:47:47 -0800] "GET /category/episode-042-engagement-vs-automation-rick-mulready-from-the-inside-social-media-podcast/feed/ HTTP/1.1" 502 157 "-" "Mozilla/5.0 (compatible; Googlebot/2.1; +http://www.google.com/bot.html)" [loc=US/Mountain View] [rt=0.000] [proto=HTTP/1.1:] [args=-] [ucs=MISS] [xpc=-] [uct=-] [gz=-] [br=-] [tls=TLSv1.3] [cipher=TLS_AES_256_GCM_SHA384] [scheme=https] [eorigin=-] definingsuccesspodcast.com definingsuccesspodcast.com vps38426.inmotionhosting.com 1553
66.249.79.96 - - [31/Jan/2025:12:47:58 -0800] "GET /tag/succeed/feed/ HTTP/1.1" 502 157 "-" "Mozilla/5.0 (compatible; Googlebot/2.1; +http://www.google.com/bot.html)" [loc=US/Mountain View] [rt=0.001] [proto=HTTP/1.1:] [args=-] [ucs=MISS] [xpc=-] [uct=-] [gz=-] [br=-] [tls=TLSv1.3] [cipher=TLS_AES_256_GCM_SHA384] [scheme=https] [eorigin=-] definingsuccesspodcast.com definingsuccesspodcast.com vps38426.inmotionhosting.com 1555
66.249.79.5 - - [31/Jan/2025:12:48:01 -0800] "GET /category/episode-067-the-learning-experience-fred-shoemaker-from-extraordinary-golf/feed/ HTTP/1.1" 502 157 "-" "Mozilla/5.0 (compatible; Googlebot/2.1; +http://www.google.com/bot.html)" [loc=US/Mountain View] [rt=0.000] [proto=HTTP/1.1:] [args=-] [ucs=MISS] [xpc=-] [uct=-] [gz=-] [br=-] [tls=TLSv1.3] [cipher=TLS_AES_256_GCM_SHA384] [scheme=https] [eorigin=-] definingsuccesspodcast.com definingsuccesspodcast.com vps38426.inmotionhosting.com 1553
66.249.79.96 - - [31/Jan/2025:12:48:05 -0800] "GET /category/episode-078-start-a-small-scale-business-to-test-your-idea-ben-alexander-founder-of-balloon-distractions/feed/ HTTP/1.1" 502 157 "-" "Mozilla/5.0 (compatible; Googlebot/2.1; +http://www.google.com/bot.html)" [loc=US/Mountain View] [rt=0.000] [proto=HTTP/1.1:] [args=-] [ucs=MISS] [xpc=-] [uct=-] [gz=-] [br=-] [tls=TLSv1.3] [cipher=TLS_AES_256_GCM_SHA384] [scheme=https] [eorigin=-] definingsuccesspodcast.com definingsuccesspodcast.com vps38426.inmotionhosting.com 1555
66.249.68.36 - - [31/Jan/2025:12:48:09 -0800] "GET /category/episode-033-be-of-service-to-others-chris-brogan-from-human-business-works/feed/ HTTP/1.1" 502 157 "-" "Mozilla/5.0 (compatible; Googlebot/2.1; +http://www.google.com/bot.html)" [loc=US/Mountain View] [rt=0.000] [proto=HTTP/1.1:] [args=-] [ucs=MISS] [xpc=-] [uct=-] [gz=-] [br=-] [tls=TLSv1.3] [cipher=TLS_AES_256_GCM_SHA384] [scheme=https] [eorigin=-] definingsuccesspodcast.com definingsuccesspodcast.com vps38426.inmotionhosting.com 1547
185.191.171.11 - - [31/Jan/2025:12:48:09 -0800] "GET /tag/griffen-halko/ HTTP/1.1" 502 157 "-" "Mozilla/5.0 (compatible; SemrushBot/7~bl; +http://www.semrush.com/bot.html)" [loc=MD/-] [rt=0.000] [proto=HTTP/1.1:] [args=-] [ucs=MISS] [xpc=-] [uct=-] [gz=-] [br=-] [tls=-] [cipher=-] [scheme=http] [eorigin=-] definingsuccesspodcast.com definingsuccesspodcast.com vps38426.inmotionhosting.com 1560
34.196.51.17 - - [31/Jan/2025:12:48:15 -0800] "HEAD / HTTP/1.1" 502 0 "https://welbornmedia.com/" "WPMUDEV Uptime Monitor 5.0 (https://wpmudev.com)" [loc=US/Ashburn] [rt=0.000] [proto=HTTP/1.1:] [args=-] [ucs=MISS] [xpc=-] [uct=-] [gz=-] [br=-] [tls=TLSv1.3] [cipher=TLS_AES_256_GCM_SHA384] [scheme=https] [eorigin=-] welbornmedia.com welbornmedia.com vps38426.inmotionhosting.com 1562
34.196.51.17 - - [31/Jan/2025:12:48:16 -0800] "HEAD / HTTP/1.1" 502 0 "http://somersetchino.com/" "WPMUDEV Uptime Monitor 5.0 (https://wpmudev.com)" [loc=US/Ashburn] [rt=0.000] [proto=HTTP/1.1:] [args=-] [ucs=MISS] [xpc=-] [uct=-] [gz=-] [br=-] [tls=-] [cipher=-] [scheme=http] [eorigin=-] somersetchino.com somersetchino.com vps38426.inmotionhosting.com 1565
34.196.51.17 - - [31/Jan/2025:12:48:16 -0800] "HEAD / HTTP/1.1" 200 0 "http://ruschianana.com/" "WPMUDEV Uptime Monitor 5.0 (https://wpmudev.com)" [loc=US/Ashburn] [rt=0.000] [proto=HTTP/1.1:] [args=-] [ucs=STALE] [xpc=STALE] [uct=-] [gz=-] [br=-] [tls=-] [cipher=-] [scheme=http] [eorigin=-] ruschianana.com ruschianana.com vps38426.inmotionhosting.com 1564
66.249.79.202 - - [31/Jan/2025:12:48:17 -0800] "GET /category/episode-81-twitter-and-relationship-building-john-sparks-owner-of-online-imageworks/feed/ HTTP/1.1" 502 157 "-" "Mozilla/5.0 (compatible; Googlebot/2.1; +http://www.google.com/bot.html)" [loc=US/Mountain View] [rt=0.001] [proto=HTTP/1.1:] [args=-] [ucs=MISS] [xpc=-] [uct=-] [gz=-] [br=-] [tls=TLSv1.3] [cipher=TLS_AES_256_GCM_SHA384] [scheme=https] [eorigin=-] definingsuccesspodcast.com definingsuccesspodcast.com vps38426.inmotionhosting.com 1568
34.196.51.17 - - [31/Jan/2025:12:48:18 -0800] "HEAD / HTTP/1.1" 200 0 "https://19thholemedia.com/" "WPMUDEV Uptime Monitor 5.0 (https://wpmudev.com)" [loc=US/Ashburn] [rt=0.001] [proto=HTTP/1.1:] [args=-] [ucs=STALE] [xpc=STALE] [uct=-] [gz=-] [br=-] [tls=TLSv1.3] [cipher=TLS_AES_256_GCM_SHA384] [scheme=https] [eorigin=-] 19thholemedia.com 19thholemedia.com vps38426.inmotionhosting.com 1570
35.157.144.199 - - [31/Jan/2025:12:48:18 -0800] "HEAD / HTTP/1.1" 502 0 "https://welbornmedia.com/" "WPMUDEV Uptime Monitor 5.0 (https://wpmudev.com)" [loc=DE/Frankfurt am Main] [rt=0.000] [proto=HTTP/1.1:] [args=-] [ucs=MISS] [xpc=-] [uct=-] [gz=-] [br=-] [tls=TLSv1.3] [cipher=TLS_AES_256_GCM_SHA384] [scheme=https] [eorigin=-] welbornmedia.com welbornmedia.com vps38426.inmotionhosting.com 1571
35.157.144.199 - - [31/Jan/2025:12:48:19 -0800] "HEAD / HTTP/1.1" 502 0 "http://somersetchino.com/" "WPMUDEV Uptime Monitor 5.0 (https://wpmudev.com)" [loc=DE/Frankfurt am Main] [rt=0.001] [proto=HTTP/1.1:] [args=-] [ucs=MISS] [xpc=-] [uct=-] [gz=-] [br=-] [tls=-] [cipher=-] [scheme=http] [eorigin=-] somersetchino.com somersetchino.com vps38426.inmotionhosting.com 1574
66.249.79.5 - - [31/Jan/2025:12:48:23 -0800] "GET /category/episode-064-pinterest-and-seo-host-of-oh-so-pinteresting-podcast-cynthia-sanchez/feed/ HTTP/1.1" 502 157 "-" "Mozilla/5.0 (compatible; Googlebot/2.1; +http://www.google.com/bot.html)" [loc=US/Mountain View] [rt=0.001] [proto=HTTP/1.1:] [args=-] [ucs=MISS] [xpc=-] [uct=-] [gz=-] [br=-] [tls=TLSv1.3] [cipher=TLS_AES_256_GCM_SHA384] [scheme=https] [eorigin=-] definingsuccesspodcast.com definingsuccesspodcast.com vps38426.inmotionhosting.com 1553
114.119.142.124 - - [31/Jan/2025:12:48:27 -0800] "GET /calendar/2020-01-08?ical=1/ HTTP/1.1" 502 157 "https://chinorotary.org/calendar/2020-01-08" "Mozilla/5.0 (Linux; Android 7.0;) AppleWebKit/537.36 (KHTML, like Gecko) Mobile Safari/537.36 (compatible; PetalBot;+https://webmaster.petalsearch.com/site/petalbot)" [loc=CN/-] [rt=0.001] [proto=HTTP/1.1:] [args=ical=1/] [ucs=MISS] [xpc=-] [uct=-] [gz=-] [br=-] [tls=TLSv1.3] [cipher=TLS_AES_256_GCM_SHA384] [scheme=https] [eorigin=-] chinorotary.welbornweb.com chinorotary.org vps38426.inmotionhosting.com 1577
51.222.253.12 - - [31/Jan/2025:12:48:30 -0800] "GET /tag/music-industry/feed/ HTTP/2.0" 502 157 "-" "Mozilla/5.0 (compatible; AhrefsBot/7.0; +http://ahrefs.com/robot/)" [loc=FR/-] [rt=0.000] [proto=HTTP/2.0:h2] [args=-] [ucs=MISS] [xpc=-] [uct=-] [gz=-] [br=-] [tls=TLSv1.3] [cipher=TLS_AES_256_GCM_SHA384] [scheme=https] [eorigin=-] definingsuccesspodcast.com definingsuccesspodcast.com vps38426.inmotionhosting.com 1579
66.249.79.35 - - [31/Jan/2025:12:48:36 -0800] "GET /tag/eric-sheninger/feed/ HTTP/1.1" 502 157 "-" "Mozilla/5.0 (compatible; Googlebot/2.1; +http://www.google.com/bot.html)" [loc=US/Mountain View] [rt=0.000] [proto=HTTP/1.1:] [args=-] [ucs=MISS] [xpc=-] [uct=-] [gz=-] [br=-] [tls=-] [cipher=-] [scheme=http] [eorigin=-] definingsuccesspodcast.com definingsuccesspodcast.com vps38426.inmotionhosting.com 1581
66.249.79.202 - - [31/Jan/2025:12:48:47 -0800] "GET /category/episode-042-engagement-vs-automation-rick-mulready-from-the-inside-social-media-podcast/feed/ HTTP/1.1" 502 157 "-" "Mozilla/5.0 (compatible; Googlebot/2.1; +http://www.google.com/bot.html)" [loc=US/Mountain View] [rt=0.000] [proto=HTTP/1.1:] [args=-] [ucs=MISS] [xpc=-] [uct=-] [gz=-] [br=-] [tls=TLSv1.3] [cipher=TLS_AES_256_GCM_SHA384] [scheme=https] [eorigin=-] definingsuccesspodcast.com definingsuccesspodcast.com vps38426.inmotionhosting.com 1583
121.40.243.124 - - [31/Jan/2025:12:48:48 -0800] "GET /wp-login.php HTTP/1.1" 502 157 "-" "GRequests/0.10" [loc=CN/Hangzhou] [rt=0.000] [proto=HTTP/1.1:] [args=-] [ucs=BYPASS] [xpc=-] [uct=-] [gz=-] [br=-] [tls=TLSv1.3] [cipher=TLS_AES_256_GCM_SHA384] [scheme=https] [eorigin=-] mvfarms.com www.mvfarms.com vps38426.inmotionhosting.com 1585
197.243.16.120 - - [31/Jan/2025:12:48:49 -0800] "GET /wp-login.php HTTP/1.1" 502 157 "-" "GRequests/0.10" [loc=RW/-] [rt=0.000] [proto=HTTP/1.1:] [args=-] [ucs=BYPASS] [xpc=-] [uct=-] [gz=-] [br=-] [tls=-] [cipher=-] [scheme=http] [eorigin=-] runningbrothers.com runningbrothers.com vps38426.inmotionhosting.com 1587
121.40.243.124 - - [31/Jan/2025:12:48:50 -0800] "POST /wp-login.php HTTP/1.1" 502 157 "-" "GRequests/0.10" [loc=CN/Hangzhou] [rt=0.001] [proto=HTTP/1.1:] [args=-] [ucs=-] [xpc=-] [uct=-] [gz=-] [br=-] [tls=TLSv1.3] [cipher=TLS_AES_256_GCM_SHA384] [scheme=https] [eorigin=-] mvfarms.com www.mvfarms.com vps38426.inmotionhosting.com 1589
197.243.16.120 - - [31/Jan/2025:12:48:50 -0800] "POST /wp-login.php HTTP/1.1" 502 157 "-" "GRequests/0.10" [loc=RW/-] [rt=0.000] [proto=HTTP/1.1:] [args=-] [ucs=-] [xpc=-] [uct=-] [gz=-] [br=-] [tls=-] [cipher=-] [scheme=http] [eorigin=-] runningbrothers.com runningbrothers.com vps38426.inmotionhosting.com 1591
121.40.243.124 - - [31/Jan/2025:12:48:50 -0800] "GET /wp-admin/ HTTP/1.1" 502 157 "-" "GRequests/0.10" [loc=CN/Hangzhou] [rt=0.000] [proto=HTTP/1.1:] [args=-] [ucs=BYPASS] [xpc=-] [uct=-] [gz=-] [br=-] [tls=TLSv1.3] [cipher=TLS_AES_256_GCM_SHA384] [scheme=https] [eorigin=-] mvfarms.com www.mvfarms.com vps38426.inmotionhosting.com 1589
197.243.16.120 - - [31/Jan/2025:12:48:50 -0800] "GET /wp-admin/ HTTP/1.1" 502 157 "-" "GRequests/0.10" [loc=RW/-] [rt=0.000] [proto=HTTP/1.1:] [args=-] [ucs=BYPASS] [xpc=-] [uct=-] [gz=-] [br=-] [tls=-] [cipher=-] [scheme=http] [eorigin=-] runningbrothers.com runningbrothers.com vps38426.inmotionhosting.com 1591
185.191.171.4 - - [31/Jan/2025:12:49:00 -0800] "GET /robots.txt HTTP/1.1" 502 157 "-" "Mozilla/5.0 (compatible; SemrushBot/7~bl; +http://www.semrush.com/bot.html)" [loc=MD/-] [rt=0.000] [proto=HTTP/1.1:] [args=-] [ucs=MISS] [xpc=-] [uct=-] [gz=-] [br=-] [tls=TLSv1.3] [cipher=TLS_AES_256_GCM_SHA384] [scheme=https] [eorigin=-] welbornmedia.com welbornmedia.com vps38426.inmotionhosting.com 1595
185.191.171.10 - - [31/Jan/2025:12:49:00 -0800] "GET /tag/ipads/ HTTP/1.1" 502 157 "-" "Mozilla/5.0 (compatible; SemrushBot/7~bl; +http://www.semrush.com/bot.html)" [loc=MD/-] [rt=0.000] [proto=HTTP/1.1:] [args=-] [ucs=MISS] [xpc=-] [uct=-] [gz=-] [br=-] [tls=TLSv1.3] [cipher=TLS_AES_256_GCM_SHA384] [scheme=https] [eorigin=-] welbornmedia.com welbornmedia.com vps38426.inmotionhosting.com 1597
144.208.65.39 - - [31/Jan/2025:12:49:02 -0800] "GET /.well-known/acme-challenge/2WTTWWBMS-XUBWPEXFL8MDQNSWXYBPF3 HTTP/1.1" 502 157 "-" "Cpanel-HTTP-Client/1.0" [loc=US/Los Angeles] [rt=0.000] [proto=HTTP/1.1:] [args=-] [ucs=MISS] [xpc=-] [uct=-] [gz=-] [br=-] [tls=-] [cipher=-] [scheme=http] [eorigin=-] mvfarms.com mvfarms.com vps38426.inmotionhosting.com 1599
144.208.65.39 - - [31/Jan/2025:12:49:02 -0800] "GET /.well-known/acme-challenge/A8AS0SZSCDUB-MM8BP4IAWV386WND4VA HTTP/1.1" 502 157 "-" "Cpanel-HTTP-Client/1.0" [loc=US/Los Angeles] [rt=0.001] [proto=HTTP/1.1:] [args=-] [ucs=MISS] [xpc=-] [uct=-] [gz=-] [br=-] [tls=-] [cipher=-] [scheme=http] [eorigin=-] mvfarms.com www.mvfarms.com vps38426.inmotionhosting.com 1601
66.249.68.70 - - [31/Jan/2025:12:49:05 -0800] "GET /category/episode-078-start-a-small-scale-business-to-test-your-idea-ben-alexander-founder-of-balloon-distractions/feed/ HTTP/1.1" 502 157 "-" "Mozilla/5.0 (compatible; Googlebot/2.1; +http://www.google.com/bot.html)" [loc=US/Mountain View] [rt=0.000] [proto=HTTP/1.1:] [args=-] [ucs=MISS] [xpc=-] [uct=-] [gz=-] [br=-] [tls=TLSv1.3] [cipher=TLS_AES_256_GCM_SHA384] [scheme=https] [eorigin=-] definingsuccesspodcast.com definingsuccesspodcast.com vps38426.inmotionhosting.com 1603
144.208.65.39 - - [31/Jan/2025:12:49:06 -0800] "GET /.well-known/acme-challenge/QJ73OI2KQSD-7XC649LHZKEZASKCF72V HTTP/1.1" 502 157 "-" "Cpanel-HTTP-Client/1.0" [loc=US/Los Angeles] [rt=0.001] [proto=HTTP/1.1:] [args=-] [ucs=MISS] [xpc=-] [uct=-] [gz=-] [br=-] [tls=-] [cipher=-] [scheme=http] [eorigin=-] welbornweb.com rcrotary.org vps38426.inmotionhosting.com 1605
144.208.65.39 - - [31/Jan/2025:12:49:06 -0800] "GET /.well-known/acme-challenge/2RZA0U862_ZRHIK7K-N22-FH65F69-QE HTTP/1.1" 502 157 "-" "Cpanel-HTTP-Client/1.0" [loc=US/Los Angeles] [rt=0.000] [proto=HTTP/1.1:] [args=-] [ucs=MISS] [xpc=-] [uct=-] [gz=-] [br=-] [tls=-] [cipher=-] [scheme=http] [eorigin=-] welbornweb.com welbornweb.com vps38426.inmotionhosting.com 1607
144.208.65.39 - - [31/Jan/2025:12:49:06 -0800] "GET /.well-known/acme-challenge/MOD0Z05_CMGG4W1-YX-VFO65UUFQMZZ0 HTTP/1.1" 502 157 "-" "Cpanel-HTTP-Client/1.0" [loc=US/Los Angeles] [rt=0.000] [proto=HTTP/1.1:] [args=-] [ucs=MISS] [xpc=-] [uct=-] [gz=-] [br=-] [tls=-] [cipher=-] [scheme=http] [eorigin=-] welbornweb.com www.rcrotary.org vps38426.inmotionhosting.com 1609
144.208.65.39 - - [31/Jan/2025:12:49:06 -0800] "GET /.well-known/acme-challenge/NKILM14SXMS2AI7YHABXCL7V1A9DNGKA HTTP/1.1" 200 64 "-" "Cpanel-HTTP-Client/1.0" [loc=US/Los Angeles] [rt=0.000] [proto=HTTP/1.1:] [args=-] [ucs=-] [xpc=-] [uct=-] [gz=-] [br=-] [tls=-] [cipher=-] [scheme=http] [eorigin=-] whm.welbornweb.com whm.welbornweb.com vps38426.inmotionhosting.com 1611
144.208.65.39 - - [31/Jan/2025:12:49:06 -0800] "GET /.well-known/acme-challenge/B_TYPO1_1AMN5UTN2LABKER134HR1Q35 HTTP/1.1" 502 157 "-" "Cpanel-HTTP-Client/1.0" [loc=US/Los Angeles] [rt=0.000] [proto=HTTP/1.1:] [args=-] [ucs=MISS] [xpc=-] [uct=-] [gz=-] [br=-] [tls=-] [cipher=-] [scheme=http] [eorigin=-] welbornweb.com www.welbornweb.com vps38426.inmotionhosting.com 1612
144.208.65.39 - - [31/Jan/2025:12:49:06 -0800] "GET /.well-known/acme-challenge/D5N2OGNIW9YOBZCUW-RCSDAE9IN36NHE HTTP/1.1" 502 157 "-" "Cpanel-HTTP-Client/1.0" [loc=US/Los Angeles] [rt=0.000] [proto=HTTP/1.1:] [args=-] [ucs=MISS] [xpc=-] [uct=-] [gz=-] [br=-] [tls=-] [cipher=-] [scheme=http] [eorigin=-] welbornweb.com mail.welbornweb.com vps38426.inmotionhosting.com 1614
144.208.65.39 - - [31/Jan/2025:12:49:06 -0800] "GET /.well-known/acme-challenge/-UQZN6MAQ__N-0D2W42V1GHR637ITYCK HTTP/1.1" 200 64 "-" "Cpanel-HTTP-Client/1.0" [loc=US/Los Angeles] [rt=0.000] [proto=HTTP/1.1:] [args=-] [ucs=-] [xpc=-] [uct=-] [gz=-] [br=-] [tls=-] [cipher=-] [scheme=http] [eorigin=-] cpanel.welbornweb.com cpanel.welbornweb.com vps38426.inmotionhosting.com 1616
144.208.65.39 - - [31/Jan/2025:12:49:06 -0800] "GET /.well-known/acme-challenge/LODSN2VHBE1LVZU9R9S4X4FBFX2M_6SC HTTP/1.1" 200 64 "-" "Cpanel-HTTP-Client/1.0" [loc=US/Los Angeles] [rt=0.000] [proto=HTTP/1.1:] [args=-] [ucs=-] [xpc=-] [uct=-] [gz=-] [br=-] [tls=-] [cipher=-] [scheme=http] [eorigin=-] webdisk.welbornweb.com webdisk.welbornweb.com vps38426.inmotionhosting.com 1617
144.208.65.39 - - [31/Jan/2025:12:49:06 -0800] "GET /.well-known/acme-challenge/ZKR2UTG-40LGNQRRRPSV7OOKLAMQL5W4 HTTP/1.1" 200 64 "-" "Cpanel-HTTP-Client/1.0" [loc=US/Los Angeles] [rt=0.000] [proto=HTTP/1.1:] [args=-] [ucs=-] [xpc=-] [uct=-] [gz=-] [br=-] [tls=-] [cipher=-] [scheme=http] [eorigin=-] webmail.welbornweb.com webmail.welbornweb.com vps38426.inmotionhosting.com 1618
144.208.65.39 - - [31/Jan/2025:12:49:06 -0800] "GET /.well-known/acme-challenge/_M0GYKXC-H4J5_Q148Z3PM82GOZW6BW1 HTTP/1.1" 200 64 "-" "Cpanel-HTTP-Client/1.0" [loc=US/Los Angeles] [rt=0.000] [proto=HTTP/1.1:] [args=-] [ucs=-] [xpc=-] [uct=-] [gz=-] [br=-] [tls=-] [cipher=-] [scheme=http] [eorigin=-] cpanel.welbornweb.com cpcontacts.welbornweb.com vps38426.inmotionhosting.com 1619
144.208.65.39 - - [31/Jan/2025:12:49:06 -0800] "GET /.well-known/acme-challenge/QGO4Q2AOMXZBRNBLT0RO1K3FTBGT5XSD HTTP/1.1" 200 64 "-" "Cpanel-HTTP-Client/1.0" [loc=US/Los Angeles] [rt=0.000] [proto=HTTP/1.1:] [args=-] [ucs=-] [xpc=-] [uct=-] [gz=-] [br=-] [tls=-] [cipher=-] [scheme=http] [eorigin=-] cpanel.welbornweb.com cpcalendars.welbornweb.com vps38426.inmotionhosting.com 1620
144.208.65.39 - - [31/Jan/2025:12:49:07 -0800] "GET /.well-known/acme-challenge/D569B_ADSOA4PTC0R--CT7H7FAIXSV56 HTTP/1.1" 502 157 "-" "Cpanel-HTTP-Client/1.0" [loc=US/Los Angeles] [rt=0.000] [proto=HTTP/1.1:] [args=-] [ucs=MISS] [xpc=-] [uct=-] [gz=-] [br=-] [tls=-] [cipher=-] [scheme=http] [eorigin=-] asa.solar.welbornwebsites.com asa.solar vps38426.inmotionhosting.com 1621
144.208.65.39 - - [31/Jan/2025:12:49:07 -0800] "GET /.well-known/acme-challenge/3VT0ZHQEYTXOY28S0RDN_LS4MIT510U6 HTTP/1.1" 502 157 "-" "Cpanel-HTTP-Client/1.0" [loc=US/Los Angeles] [rt=0.000] [proto=HTTP/1.1:] [args=-] [ucs=MISS] [xpc=-] [uct=-] [gz=-] [br=-] [tls=-] [cipher=-] [scheme=http] [eorigin=-] asa.solar.welbornwebsites.com www.asa.solar vps38426.inmotionhosting.com 1623
144.208.65.39 - - [31/Jan/2025:12:49:07 -0800] "GET /.well-known/acme-challenge/5E7JG57EAZ0ZZT03SHJGQIV-5CGM59HO HTTP/1.1" 502 157 "-" "Cpanel-HTTP-Client/1.0" [loc=US/Los Angeles] [rt=0.000] [proto=HTTP/1.1:] [args=-] [ucs=MISS] [xpc=-] [uct=-] [gz=-] [br=-] [tls=-] [cipher=-] [scheme=http] [eorigin=-] learn.asa.solar learn.asa.solar vps38426.inmotionhosting.com 1625
66.220.149.22 - - [31/Jan/2025:12:49:07 -0800] "GET /videos/ HTTP/2.0" 502 157 "-" "meta-externalagent/1.1 (+https://developers.facebook.com/docs/sharing/webmasters/crawler)" [loc=US/Menlo Park] [rt=0.001] [proto=HTTP/2.0:h2] [args=-] [ucs=MISS] [xpc=-] [uct=-] [gz=-] [br=-] [tls=TLSv1.3] [cipher=TLS_AES_256_GCM_SHA384] [scheme=https] [eorigin=-] runningbrothers.com runningbrothers.com vps38426.inmotionhosting.com 1627
144.208.65.39 - - [31/Jan/2025:12:49:09 -0800] "GET /.well-known/acme-challenge/JGWKXO7FG6M48YLR6QZ2RYFW-S2M66TM HTTP/1.1" 502 157 "-" "Cpanel-HTTP-Client/1.0" [loc=US/Los Angeles] [rt=0.000] [proto=HTTP/1.1:] [args=-] [ucs=MISS] [xpc=-] [uct=-] [gz=-] [br=-] [tls=-] [cipher=-] [scheme=http] [eorigin=-] dunbarconstructioninc.welbornwebsites.com dunbarconstructioninc.com vps38426.inmotionhosting.com 1630
144.208.65.39 - - [31/Jan/2025:12:49:09 -0800] "GET /.well-known/acme-challenge/LU7MEPP_7_VS1OGF_BN7F-7Y2W2XJ6RQ HTTP/1.1" 502 157 "-" "Cpanel-HTTP-Client/1.0" [loc=US/Los Angeles] [rt=0.000] [proto=HTTP/1.1:] [args=-] [ucs=MISS] [xpc=-] [uct=-] [gz=-] [br=-] [tls=-] [cipher=-] [scheme=http] [eorigin=-] asa.solar.welbornwebsites.com asa.solar.welbornwebsites.com vps38426.inmotionhosting.com 1632
144.208.65.39 - - [31/Jan/2025:12:49:09 -0800] "GET /.well-known/acme-challenge/JKC9HWVCAGNY8NIY4K25OO4N18Y9FLVV HTTP/1.1" 502 157 "-" "Cpanel-HTTP-Client/1.0" [loc=US/Los Angeles] [rt=0.000] [proto=HTTP/1.1:] [args=-] [ucs=MISS] [xpc=-] [uct=-] [gz=-] [br=-] [tls=-] [cipher=-] [scheme=http] [eorigin=-] dunbarconstructioninc.welbornwebsites.com www.dunbarconstructioninc.com vps38426.inmotionhosting.com 1634
144.208.65.39 - - [31/Jan/2025:12:49:09 -0800] "GET /.well-known/acme-challenge/SEKGUTL0STN-NL7BQ00UP05H3GM2WKZK HTTP/1.1" 502 157 "-" "Cpanel-HTTP-Client/1.0" [loc=US/Los Angeles] [rt=0.000] [proto=HTTP/1.1:] [args=-] [ucs=MISS] [xpc=-] [uct=-] [gz=-] [br=-] [tls=-] [cipher=-] [scheme=http] [eorigin=-] dkssolutions.welbornwebsites.com dkssolutions.welbornwebsites.com vps38426.inmotionhosting.com 1636
144.208.65.39 - - [31/Jan/2025:12:49:09 -0800] "GET /.well-known/acme-challenge/XKDVVTHBT5_FQICMI40GHKJ5M9UX2_TH HTTP/1.1" 502 157 "-" "Cpanel-HTTP-Client/1.0" [loc=US/Los Angeles] [rt=0.001] [proto=HTTP/1.1:] [args=-] [ucs=MISS] [xpc=-] [uct=-] [gz=-] [br=-] [tls=-] [cipher=-] [scheme=http] [eorigin=-] asa.solar.welbornwebsites.com www.asa.solar.welbornwebsites.com vps38426.inmotionhosting.com 1638
66.249.68.36 - - [31/Jan/2025:12:49:09 -0800] "GET /category/episode-033-be-of-service-to-others-chris-brogan-from-human-business-works/feed/ HTTP/1.1" 502 157 "-" "Mozilla/5.0 (compatible; Googlebot/2.1; +http://www.google.com/bot.html)" [loc=US/Mountain View] [rt=0.000] [proto=HTTP/1.1:] [args=-] [ucs=MISS] [xpc=-] [uct=-] [gz=-] [br=-] [tls=TLSv1.3] [cipher=TLS_AES_256_GCM_SHA384] [scheme=https] [eorigin=-] definingsuccesspodcast.com definingsuccesspodcast.com vps38426.inmotionhosting.com 1629
144.208.65.39 - - [31/Jan/2025:12:49:09 -0800] "GET /.well-known/acme-challenge/FXGXB03TXESV9TE5DGN_FYXRJHBHB6UN HTTP/1.1" 502 157 "-" "Cpanel-HTTP-Client/1.0" [loc=US/Los Angeles] [rt=0.000] [proto=HTTP/1.1:] [args=-] [ucs=MISS] [xpc=-] [uct=-] [gz=-] [br=-] [tls=-] [cipher=-] [scheme=http] [eorigin=-] dkssolutions.welbornwebsites.com www.dkssolutions.welbornwebsites.com vps38426.inmotionhosting.com 1641
144.208.65.39 - - [31/Jan/2025:12:49:09 -0800] "GET /.well-known/acme-challenge/43PYHWKWI-CE2MVZQ2_-29UEF5ZHUOVH HTTP/1.1" 502 157 "-" "Cpanel-HTTP-Client/1.0" [loc=US/Los Angeles] [rt=0.000] [proto=HTTP/1.1:] [args=-] [ucs=MISS] [xpc=-] [uct=-] [gz=-] [br=-] [tls=-] [cipher=-] [scheme=http] [eorigin=-] cristinasgarden.com.welbornwebsites.com cristinasgarden.com.welbornwebsites.com vps38426.inmotionhosting.com 1643
144.208.65.39 - - [31/Jan/2025:12:49:09 -0800] "GET /.well-known/acme-challenge/4_U8FHNWMJF43NSCUTYM4JRBD13I7S2L HTTP/1.1" 502 157 "-" "Cpanel-HTTP-Client/1.0" [loc=US/Los Angeles] [rt=0.000] [proto=HTTP/1.1:] [args=-] [ucs=MISS] [xpc=-] [uct=-] [gz=-] [br=-] [tls=-] [cipher=-] [scheme=http] [eorigin=-] dunbarconstructioninc.welbornwebsites.com dunbarconstructioninc.welbornwebsites.com vps38426.inmotionhosting.com 1645
144.208.65.39 - - [31/Jan/2025:12:49:09 -0800] "GET /.well-known/acme-challenge/XNZSPT-G_7Q7RMAMM8MBJ7V4E12G829E HTTP/1.1" 502 157 "-" "Cpanel-HTTP-Client/1.0" [loc=US/Los Angeles] [rt=0.000] [proto=HTTP/1.1:] [args=-] [ucs=MISS] [xpc=-] [uct=-] [gz=-] [br=-] [tls=-] [cipher=-] [scheme=http] [eorigin=-] cristinasgarden.com.welbornwebsites.com www.cristinasgarden.com.welbornwebsites.com vps38426.inmotionhosting.com 1647
144.208.65.39 - - [31/Jan/2025:12:49:09 -0800] "GET /.well-known/acme-challenge/E8E-EMPB7N36E2OAEBRBFA6WT7Y8N1S1 HTTP/1.1" 502 157 "-" "Cpanel-HTTP-Client/1.0" [loc=US/Los Angeles] [rt=0.000] [proto=HTTP/1.1:] [args=-] [ucs=MISS] [xpc=-] [uct=-] [gz=-] [br=-] [tls=-] [cipher=-] [scheme=http] [eorigin=-] dunbarconstructioninc.welbornwebsites.com www.dunbarconstructioninc.welbornwebsites.com vps38426.inmotionhosting.com 1649
34.196.51.17 - - [31/Jan/2025:12:49:13 -0800] "HEAD / HTTP/1.1" 502 0 "http://dunbarconstructioninc.com/" "WPMUDEV Uptime Monitor 5.0 (https://wpmudev.com)" [loc=US/Ashburn] [rt=0.000] [proto=HTTP/1.1:] [args=-] [ucs=MISS] [xpc=-] [uct=-] [gz=-] [br=-] [tls=-] [cipher=-] [scheme=http] [eorigin=-] dunbarconstructioninc.welbornwebsites.com dunbarconstructioninc.com vps38426.inmotionhosting.com 1651
35.157.144.199 - - [31/Jan/2025:12:49:16 -0800] "HEAD / HTTP/1.1" 502 0 "http://dunbarconstructioninc.com/" "WPMUDEV Uptime Monitor 5.0 (https://wpmudev.com)" [loc=DE/Frankfurt am Main] [rt=0.000] [proto=HTTP/1.1:] [args=-] [ucs=MISS] [xpc=-] [uct=-] [gz=-] [br=-] [tls=-] [cipher=-] [scheme=http] [eorigin=-] dunbarconstructioninc.welbornwebsites.com dunbarconstructioninc.com vps38426.inmotionhosting.com 1653
66.249.68.5 - - [31/Jan/2025:12:49:17 -0800] "GET /category/episode-81-twitter-and-relationship-building-john-sparks-owner-of-online-imageworks/feed/ HTTP/1.1" 502 157 "-" "Mozilla/5.0 (compatible; Googlebot/2.1; +http://www.google.com/bot.html)" [loc=US/Mountain View] [rt=0.000] [proto=HTTP/1.1:] [args=-] [ucs=MISS] [xpc=-] [uct=-] [gz=-] [br=-] [tls=TLSv1.3] [cipher=TLS_AES_256_GCM_SHA384] [scheme=https] [eorigin=-] definingsuccesspodcast.com definingsuccesspodcast.com vps38426.inmotionhosting.com 1655
34.196.51.17 - - [31/Jan/2025:12:49:23 -0800] "HEAD / HTTP/1.1" 502 0 "https://larrywelborn.com/" "WPMUDEV Uptime Monitor 5.0 (https://wpmudev.com)" [loc=US/Ashburn] [rt=0.000] [proto=HTTP/1.1:] [args=-] [ucs=MISS] [xpc=-] [uct=-] [gz=-] [br=-] [tls=TLSv1.3] [cipher=TLS_AES_256_GCM_SHA384] [scheme=https] [eorigin=-] larrywelborn.com larrywelborn.com vps38426.inmotionhosting.com 1657
121.229.185.160 - - [31/Jan/2025:12:49:24 -0800] "GET / HTTP/1.1" 502 157 "http://www.nineteenthholemedia.com" "Mozilla/5.0 (iPhone; CPU iPhone OS 13_2_3 like Mac OS X) AppleWebKit/605.1.15 (KHTML, like Gecko) Version/13.0.3 Mobile/15E148 Safari/604.1" [loc=CN/Nanjing] [rt=0.001] [proto=HTTP/1.1:] [args=-] [ucs=MISS] [xpc=-] [uct=-] [gz=-] [br=-] [tls=-] [cipher=-] [scheme=http] [eorigin=-] 19thholemedia.com 19thholemedia.com vps38426.inmotionhosting.com 1659
66.249.79.170 - - [31/Jan/2025:12:49:24 -0800] "GET /category/episode-064-pinterest-and-seo-host-of-oh-so-pinteresting-podcast-cynthia-sanchez/feed/ HTTP/1.1" 502 157 "-" "Mozilla/5.0 (compatible; Googlebot/2.1; +http://www.google.com/bot.html)" [loc=US/Mountain View] [rt=0.000] [proto=HTTP/1.1:] [args=-] [ucs=MISS] [xpc=-] [uct=-] [gz=-] [br=-] [tls=TLSv1.3] [cipher=TLS_AES_256_GCM_SHA384] [scheme=https] [eorigin=-] definingsuccesspodcast.com definingsuccesspodcast.com vps38426.inmotionhosting.com 1660
35.157.144.199 - - [31/Jan/2025:12:49:27 -0800] "HEAD / HTTP/1.1" 502 0 "https://larrywelborn.com/" "WPMUDEV Uptime Monitor 5.0 (https://wpmudev.com)" [loc=DE/Frankfurt am Main] [rt=0.000] [proto=HTTP/1.1:] [args=-] [ucs=MISS] [xpc=-] [uct=-] [gz=-] [br=-] [tls=TLSv1.3] [cipher=TLS_AES_256_GCM_SHA384] [scheme=https] [eorigin=-] larrywelborn.com larrywelborn.com vps38426.inmotionhosting.com 1663
66.249.68.68 - - [31/Jan/2025:12:49:31 -0800] "GET /category/episode-031-everyone-has-a-success-story-rey-ybarra-author-of-conversations-with-shark-tank-winners/feed/ HTTP/1.1" 502 157 "-" "Mozilla/5.0 (compatible; Googlebot/2.1; +http://www.google.com/bot.html)" [loc=US/Mountain View] [rt=0.001] [proto=HTTP/1.1:] [args=-] [ucs=MISS] [xpc=-] [uct=-] [gz=-] [br=-] [tls=TLSv1.3] [cipher=TLS_AES_256_GCM_SHA384] [scheme=https] [eorigin=-] definingsuccesspodcast.com definingsuccesspodcast.com vps38426.inmotionhosting.com 1665
66.249.79.5 - - [31/Jan/2025:12:49:35 -0800] "GET /category/episode-067-the-learning-experience-fred-shoemaker-from-extraordinary-golf/feed/ HTTP/1.1" 502 157 "-" "Mozilla/5.0 (compatible; Googlebot/2.1; +http://www.google.com/bot.html)" [loc=US/Mountain View] [rt=0.001] [proto=HTTP/1.1:] [args=-] [ucs=MISS] [xpc=-] [uct=-] [gz=-] [br=-] [tls=TLSv1.3] [cipher=TLS_AES_256_GCM_SHA384] [scheme=https] [eorigin=-] definingsuccesspodcast.com definingsuccesspodcast.com vps38426.inmotionhosting.com 1667
66.249.79.96 - - [31/Jan/2025:12:49:42 -0800] "GET /category/episode-037-balancing-your-work-and-personal-life-alex-navas-from-alexnavas-com/feed/ HTTP/1.1" 502 157 "-" "Mozilla/5.0 (compatible; Googlebot/2.1; +http://www.google.com/bot.html)" [loc=US/Mountain View] [rt=0.001] [proto=HTTP/1.1:] [args=-] [ucs=MISS] [xpc=-] [uct=-] [gz=-] [br=-] [tls=TLSv1.3] [cipher=TLS_AES_256_GCM_SHA384] [scheme=https] [eorigin=-] definingsuccesspodcast.com definingsuccesspodcast.com vps38426.inmotionhosting.com 1669
127.0.0.1 - - [31/Jan/2025:12:49:42 -0800] "GET / HTTP/1.0" 200 615 "-" "-" [loc=-/-] [rt=0.000] [proto=HTTP/1.0:] [args=-] [ucs=-] [xpc=-] [uct=-] [gz=-] [br=-] [tls=-] [cipher=-] [scheme=http] [eorigin=-] 127.0.0.1 - vps38426.inmotionhosting.com 1671
127.0.0.1 - - [31/Jan/2025:12:49:42 -0800] "GET / HTTP/1.0" 200 615 "-" "-" [loc=-/-] [rt=0.001] [proto=HTTP/1.0:] [args=-] [ucs=-] [xpc=-] [uct=-] [gz=-] [br=-] [tls=-] [cipher=-] [scheme=http] [eorigin=-] 127.0.0.1 localhost vps38426.inmotionhosting.com 1672
77.75.76.170 - - [31/Jan/2025:12:49:46 -0800] "GET /role/director/ HTTP/1.1" 502 157 "-" "Mozilla/5.0 (compatible; SeznamBot/4.0; +http://napoveda.seznam.cz/seznambot-intro/)" [loc=CZ/-] [rt=0.000] [proto=HTTP/1.1:] [args=-] [ucs=MISS] [xpc=-] [uct=-] [gz=-] [br=-] [tls=TLSv1.3] [cipher=TLS_AES_256_GCM_SHA384] [scheme=https] [eorigin=-] welbornweb.com rcrotary.org vps38426.inmotionhosting.com 1673
66.249.79.7 - - [31/Jan/2025:12:49:53 -0800] "GET / HTTP/1.1" 502 157 "-" "Mozilla/5.0 (compatible; Googlebot/2.1; +http://www.google.com/bot.html)" [loc=US/Mountain View] [rt=0.000] [proto=HTTP/1.1:] [args=-] [ucs=MISS] [xpc=-] [uct=-] [gz=-] [br=-] [tls=TLSv1.3] [cipher=TLS_AES_256_GCM_SHA384] [scheme=https] [eorigin=-] dunbarconstructioninc.welbornwebsites.com dunbarconstructioninc.com vps38426.inmotionhosting.com 1675
173.252.83.7 - - [31/Jan/2025:12:49:54 -0800] "GET /tag/newsletter/ HTTP/2.0" 502 157 "-" "meta-externalagent/1.1 (+https://developers.facebook.com/docs/sharing/webmasters/crawler)" [loc=US/Pride] [rt=0.000] [proto=HTTP/2.0:h2] [args=-] [ucs=MISS] [xpc=-] [uct=-] [gz=-] [br=-] [tls=TLSv1.3] [cipher=TLS_AES_256_GCM_SHA384] [scheme=https] [eorigin=-] welbornmedia.com welbornmedia.com vps38426.inmotionhosting.com 1677
66.249.79.170 - - [31/Jan/2025:12:49:56 -0800] "GET /category/episode-96-outside-your-comfort-zone-niveen-salem-multi-level-marketing-and-former-chevron-executive/feed/ HTTP/1.1" 502 157 "-" "Mozilla/5.0 (compatible; Googlebot/2.1; +http://www.google.com/bot.html)" [loc=US/Mountain View] [rt=0.000] [proto=HTTP/1.1:] [args=-] [ucs=MISS] [xpc=-] [uct=-] [gz=-] [br=-] [tls=TLSv1.3] [cipher=TLS_AES_256_GCM_SHA384] [scheme=https] [eorigin=-] definingsuccesspodcast.com definingsuccesspodcast.com vps38426.inmotionhosting.com 1679
66.249.79.6 - - [31/Jan/2025:12:50:04 -0800] "GET /feed/ HTTP/1.1" 200 125524 "-" "Mozilla/5.0 (compatible; Googlebot/2.1; +http://www.google.com/bot.html)" [loc=US/Mountain View] [rt=0.072] [proto=HTTP/1.1:] [args=-] [ucs=STALE] [xpc=STALE] [uct=-] [gz=-] [br=-] [tls=TLSv1.3] [cipher=TLS_AES_256_GCM_SHA384] [scheme=https] [eorigin=-] definingsuccesspodcast.com definingsuccesspodcast.com vps38426.inmotionhosting.com 1683
66.249.79.170 - - [31/Jan/2025:12:50:06 -0800] "GET /category/episode-070-dont-let-your-ego-get-in-the-way-virgil-herring-author-of-the-golf-journal/feed/ HTTP/1.1" 502 157 "-" "Mozilla/5.0 (compatible; Googlebot/2.1; +http://www.google.com/bot.html)" [loc=US/Mountain View] [rt=0.000] [proto=HTTP/1.1:] [args=-] [ucs=MISS] [xpc=-] [uct=-] [gz=-] [br=-] [tls=TLSv1.3] [cipher=TLS_AES_256_GCM_SHA384] [scheme=https] [eorigin=-] definingsuccesspodcast.com definingsuccesspodcast.com vps38426.inmotionhosting.com 1679
66.249.79.32 - - [31/Jan/2025:12:50:08 -0800] "GET /category/episode-078-start-a-small-scale-business-to-test-your-idea-ben-alexander-founder-of-balloon-distractions/feed/ HTTP/1.1" 502 157 "-" "Mozilla/5.0 (compatible; Googlebot/2.1; +http://www.google.com/bot.html)" [loc=US/Mountain View] [rt=0.000] [proto=HTTP/1.1:] [args=-] [ucs=MISS] [xpc=-] [uct=-] [gz=-] [br=-] [tls=TLSv1.3] [cipher=TLS_AES_256_GCM_SHA384] [scheme=https] [eorigin=-] definingsuccesspodcast.com definingsuccesspodcast.com vps38426.inmotionhosting.com 1686
66.249.79.6 - - [31/Jan/2025:12:50:10 -0800] "GET /category/episode-033-be-of-service-to-others-chris-brogan-from-human-business-works/feed/ HTTP/1.1" 502 157 "-" "Mozilla/5.0 (compatible; Googlebot/2.1; +http://www.google.com/bot.html)" [loc=US/Mountain View] [rt=0.000] [proto=HTTP/1.1:] [args=-] [ucs=MISS] [xpc=-] [uct=-] [gz=-] [br=-] [tls=TLSv1.3] [cipher=TLS_AES_256_GCM_SHA384] [scheme=https] [eorigin=-] definingsuccesspodcast.com definingsuccesspodcast.com vps38426.inmotionhosting.com 1683
66.249.68.68 - - [31/Jan/2025:12:50:16 -0800] "GET /category/episode-042-engagement-vs-automation-rick-mulready-from-the-inside-social-media-podcast/feed/ HTTP/1.1" 502 157 "-" "Mozilla/5.0 (compatible; Googlebot/2.1; +http://www.google.com/bot.html)" [loc=US/Mountain View] [rt=0.001] [proto=HTTP/1.1:] [args=-] [ucs=MISS] [xpc=-] [uct=-] [gz=-] [br=-] [tls=TLSv1.3] [cipher=TLS_AES_256_GCM_SHA384] [scheme=https] [eorigin=-] definingsuccesspodcast.com definingsuccesspodcast.com vps38426.inmotionhosting.com 1689
66.249.68.5 - - [31/Jan/2025:12:50:24 -0800] "GET /category/episode-064-pinterest-and-seo-host-of-oh-so-pinteresting-podcast-cynthia-sanchez/feed/ HTTP/1.1" 502 157 "-" "Mozilla/5.0 (compatible; Googlebot/2.1; +http://www.google.com/bot.html)" [loc=US/Mountain View] [rt=0.001] [proto=HTTP/1.1:] [args=-] [ucs=MISS] [xpc=-] [uct=-] [gz=-] [br=-] [tls=TLSv1.3] [cipher=TLS_AES_256_GCM_SHA384] [scheme=https] [eorigin=-] definingsuccesspodcast.com definingsuccesspodcast.com vps38426.inmotionhosting.com 1691
66.249.79.170 - - [31/Jan/2025:12:50:31 -0800] "GET /category/episode-031-everyone-has-a-success-story-rey-ybarra-author-of-conversations-with-shark-tank-winners/feed/ HTTP/1.1" 502 157 "-" "Mozilla/5.0 (compatible; Googlebot/2.1; +http://www.google.com/bot.html)" [loc=US/Mountain View] [rt=0.000] [proto=HTTP/1.1:] [args=-] [ucs=MISS] [xpc=-] [uct=-] [gz=-] [br=-] [tls=TLSv1.3] [cipher=TLS_AES_256_GCM_SHA384] [scheme=https] [eorigin=-] definingsuccesspodcast.com definingsuccesspodcast.com vps38426.inmotionhosting.com 1679
185.220.103.8 - - [31/Jan/2025:12:50:31 -0800] "GET /southern-california-charity-golf-classic-recap/ HTTP/1.0" 502 559 "https://socalcharitygolf.com/southern-california-charity-golf-classic-recap/#comment-116527" "Mozilla/5.0 (Windows NT 6.3; WOW64) AppleWebKit/537.36 (KHTML, like Gecko) Chrome/103.0.5060.114 Safari/537.36" [loc=DE/-] [rt=0.000] [proto=HTTP/1.0:] [args=-] [ucs=MISS] [xpc=-] [uct=-] [gz=-] [br=-] [tls=TLSv1.2] [cipher=ECDHE-RSA-AES256-GCM-SHA384] [scheme=https] [eorigin=-] socalcharitygolf.com socalcharitygolf.com vps38426.inmotionhosting.com 1694
185.220.103.8 - - [31/Jan/2025:12:50:32 -0800] "GET / HTTP/1.0" 502 559 "https://socalcharitygolf.com/" "Mozilla/5.0 (Windows NT 6.3; WOW64) AppleWebKit/537.36 (KHTML, like Gecko) Chrome/103.0.5060.114 Safari/537.36" [loc=DE/-] [rt=0.000] [proto=HTTP/1.0:] [args=-] [ucs=MISS] [xpc=-] [uct=-] [gz=-] [br=-] [tls=TLSv1.2] [cipher=ECDHE-RSA-AES256-GCM-SHA384] [scheme=https] [eorigin=-] socalcharitygolf.com socalcharitygolf.com vps38426.inmotionhosting.com 1697
66.249.68.68 - - [31/Jan/2025:12:50:35 -0800] "GET /category/episode-067-the-learning-experience-fred-shoemaker-from-extraordinary-golf/feed/ HTTP/1.1" 502 157 "-" "Mozilla/5.0 (compatible; Googlebot/2.1; +http://www.google.com/bot.html)" [loc=US/Mountain View] [rt=0.000] [proto=HTTP/1.1:] [args=-] [ucs=MISS] [xpc=-] [uct=-] [gz=-] [br=-] [tls=TLSv1.3] [cipher=TLS_AES_256_GCM_SHA384] [scheme=https] [eorigin=-] definingsuccesspodcast.com definingsuccesspodcast.com vps38426.inmotionhosting.com 1689
34.196.51.17 - - [31/Jan/2025:12:50:38 -0800] "HEAD / HTTP/1.1" 200 0 "https://19thholemedia.com/" "WPMUDEV Uptime Monitor 5.0 (https://wpmudev.com)" [loc=US/Ashburn] [rt=0.000] [proto=HTTP/1.1:] [args=-] [ucs=STALE] [xpc=STALE] [uct=-] [gz=-] [br=-] [tls=TLSv1.3] [cipher=TLS_AES_256_GCM_SHA384] [scheme=https] [eorigin=-] 19thholemedia.com 19thholemedia.com vps38426.inmotionhosting.com 1701
34.196.51.17 - - [31/Jan/2025:12:50:39 -0800] "HEAD / HTTP/1.1" 502 0 "https://welbornmedia.com/" "WPMUDEV Uptime Monitor 5.0 (https://wpmudev.com)" [loc=US/Ashburn] [rt=0.001] [proto=HTTP/1.1:] [args=-] [ucs=MISS] [xpc=-] [uct=-] [gz=-] [br=-] [tls=TLSv1.3] [cipher=TLS_AES_256_GCM_SHA384] [scheme=https] [eorigin=-] welbornmedia.com welbornmedia.com vps38426.inmotionhosting.com 1700
84.54.47.190 - - [31/Jan/2025:12:50:40 -0800] "GET /april-at-chino-rotary-honduras-water-project-teacher-mini-grants-craft-talks-and-big-brothers-big-sisters/ HTTP/1.0" 502 559 "https://chinorotary.org/april-at-chino-rotary-honduras-water-project-teacher-mini-grants-craft-talks-and-big-brothers-big-sisters/#comment-83898/" "Mozilla/5.0 (Windows NT 10.0; Win64; x64) AppleWebKit/537.36 (KHTML, like Gecko) Chrome/130.0.0.0 Safari/537.36 CCleaner/130.0.0.0" [loc=-/-] [rt=0.000] [proto=HTTP/1.0:] [args=-] [ucs=MISS] [xpc=-] [uct=-] [gz=-] [br=-] [tls=TLSv1.2] [cipher=ECDHE-RSA-AES256-GCM-SHA384] [scheme=https] [eorigin=-] chinorotary.welbornweb.com chinorotary.org vps38426.inmotionhosting.com 1704
34.196.51.17 - - [31/Jan/2025:12:50:41 -0800] "HEAD / HTTP/1.1" 502 0 "http://somersetchino.com/" "WPMUDEV Uptime Monitor 5.0 (https://wpmudev.com)" [loc=US/Ashburn] [rt=0.000] [proto=HTTP/1.1:] [args=-] [ucs=MISS] [xpc=-] [uct=-] [gz=-] [br=-] [tls=-] [cipher=-] [scheme=http] [eorigin=-] somersetchino.com somersetchino.com vps38426.inmotionhosting.com 1707
84.54.47.190 - - [31/Jan/2025:12:50:41 -0800] "GET / HTTP/1.0" 502 559 "https://chinorotary.org/" "Mozilla/5.0 (Windows NT 10.0; Win64; x64) AppleWebKit/537.36 (KHTML, like Gecko) Chrome/130.0.0.0 Safari/537.36 CCleaner/130.0.0.0" [loc=-/-] [rt=0.000] [proto=HTTP/1.0:] [args=-] [ucs=MISS] [xpc=-] [uct=-] [gz=-] [br=-] [tls=TLSv1.2] [cipher=ECDHE-RSA-AES256-GCM-SHA384] [scheme=https] [eorigin=-] chinorotary.welbornweb.com chinorotary.org vps38426.inmotionhosting.com 1706
35.157.144.199 - - [31/Jan/2025:12:50:42 -0800] "HEAD / HTTP/1.1" 502 0 "https://welbornmedia.com/" "WPMUDEV Uptime Monitor 5.0 (https://wpmudev.com)" [loc=DE/Frankfurt am Main] [rt=0.000] [proto=HTTP/1.1:] [args=-] [ucs=MISS] [xpc=-] [uct=-] [gz=-] [br=-] [tls=TLSv1.3] [cipher=TLS_AES_256_GCM_SHA384] [scheme=https] [eorigin=-] welbornmedia.com welbornmedia.com vps38426.inmotionhosting.com 1710
35.157.144.199 - - [31/Jan/2025:12:50:44 -0800] "HEAD / HTTP/1.1" 502 0 "http://somersetchino.com/" "WPMUDEV Uptime Monitor 5.0 (https://wpmudev.com)" [loc=DE/Frankfurt am Main] [rt=0.000] [proto=HTTP/1.1:] [args=-] [ucs=MISS] [xpc=-] [uct=-] [gz=-] [br=-] [tls=-] [cipher=-] [scheme=http] [eorigin=-] somersetchino.com somersetchino.com vps38426.inmotionhosting.com 1712
34.196.51.17 - - [31/Jan/2025:12:50:44 -0800] "HEAD / HTTP/1.1" 200 0 "http://ruschianana.com/" "WPMUDEV Uptime Monitor 5.0 (https://wpmudev.com)" [loc=US/Ashburn] [rt=0.000] [proto=HTTP/1.1:] [args=-] [ucs=STALE] [xpc=STALE] [uct=-] [gz=-] [br=-] [tls=-] [cipher=-] [scheme=http] [eorigin=-] ruschianana.com ruschianana.com vps38426.inmotionhosting.com 1714
51.222.253.15 - - [31/Jan/2025:12:50:48 -0800] "GET /category/ceac-conference/ HTTP/2.0" 502 157 "-" "Mozilla/5.0 (compatible; AhrefsBot/7.0; +http://ahrefs.com/robot/)" [loc=FR/-] [rt=0.000] [proto=HTTP/2.0:h2] [args=-] [ucs=MISS] [xpc=-] [uct=-] [gz=-] [br=-] [tls=TLSv1.3] [cipher=TLS_AES_256_GCM_SHA384] [scheme=https] [eorigin=-] wieeac.org wieeac.org vps38426.inmotionhosting.com 1716
66.249.79.202 - - [31/Jan/2025:12:50:56 -0800] "GET /category/episode-96-outside-your-comfort-zone-niveen-salem-multi-level-marketing-and-former-chevron-executive/feed/ HTTP/1.1" 502 157 "-" "Mozilla/5.0 (compatible; Googlebot/2.1; +http://www.google.com/bot.html)" [loc=US/Mountain View] [rt=0.001] [proto=HTTP/1.1:] [args=-] [ucs=MISS] [xpc=-] [uct=-] [gz=-] [br=-] [tls=TLSv1.3] [cipher=TLS_AES_256_GCM_SHA384] [scheme=https] [eorigin=-] definingsuccesspodcast.com definingsuccesspodcast.com vps38426.inmotionhosting.com 1718
207.53.244.139 - - [31/Jan/2025:12:50:57 -0800] "GET / HTTP/2.0" 502 559 "https://www.pinterest.com/" "Mozilla/5.0 (Windows NT 10.0; Win64; x64) AppleWebKit/537.36 (KHTML, like Gecko) Chrome/132.0.0.0 Safari/537.36" [loc=US/-] [rt=0.001] [proto=HTTP/2.0:h2] [args=-] [ucs=MISS] [xpc=-] [uct=-] [gz=-] [br=-] [tls=TLSv1.3] [cipher=TLS_AES_256_GCM_SHA384] [scheme=https] [eorigin=-] ruschianana.com ruschianana.com vps38426.inmotionhosting.com 1720
207.53.244.139 - - [31/Jan/2025:12:50:57 -0800] "GET /favicon.ico HTTP/2.0" 200 4286 "https://ruschianana.com/" "Mozilla/5.0 (Windows NT 10.0; Win64; x64) AppleWebKit/537.36 (KHTML, like Gecko) Chrome/132.0.0.0 Safari/537.36" [loc=US/-] [rt=0.000] [proto=HTTP/2.0:h2] [args=-] [ucs=-] [xpc=STATIC/TYPE] [uct=-] [gz=-] [br=-] [tls=TLSv1.3] [cipher=TLS_AES_256_GCM_SHA384] [scheme=https] [eorigin=-] ruschianana.com ruschianana.com vps38426.inmotionhosting.com 1720
54.178.120.47 - - [31/Jan/2025:12:51:02 -0800] "POST /wp-login.php HTTP/1.1" 502 157 "https://19thholemedia.com/" "Mozilla/5.0 (Windows NT 6.1; WOW64; Trident/7.0; rv:11.0) like Gecko" [loc=JP/Tokyo] [rt=0.107] [proto=HTTP/1.1:] [args=-] [ucs=-] [xpc=-] [uct=-] [gz=-] [br=-] [tls=TLSv1.2] [cipher=ECDHE-RSA-AES256-GCM-SHA384] [scheme=https] [eorigin=-] 19thholemedia.com 19thholemedia.com vps38426.inmotionhosting.com 1722
54.178.120.47 - - [31/Jan/2025:12:51:03 -0800] "POST /wp-login.php HTTP/1.1" 502 157 "https://19thholemedia.com/" "Mozilla/5.0 (Windows NT 6.1; WOW64; Trident/7.0; rv:11.0) like Gecko" [loc=JP/Tokyo] [rt=0.100] [proto=HTTP/1.1:] [args=-] [ucs=-] [xpc=-] [uct=-] [gz=-] [br=-] [tls=TLSv1.2] [cipher=ECDHE-RSA-AES256-GCM-SHA384] [scheme=https] [eorigin=-] 19thholemedia.com 19thholemedia.com vps38426.inmotionhosting.com 1724
66.249.79.7 - - [31/Jan/2025:12:51:06 -0800] "GET /category/episode-070-dont-let-your-ego-get-in-the-way-virgil-herring-author-of-the-golf-journal/feed/ HTTP/1.1" 502 157 "-" "Mozilla/5.0 (compatible; Googlebot/2.1; +http://www.google.com/bot.html)" [loc=US/Mountain View] [rt=0.000] [proto=HTTP/1.1:] [args=-] [ucs=MISS] [xpc=-] [uct=-] [gz=-] [br=-] [tls=TLSv1.3] [cipher=TLS_AES_256_GCM_SHA384] [scheme=https] [eorigin=-] definingsuccesspodcast.com definingsuccesspodcast.com vps38426.inmotionhosting.com 1726
