35.157.144.199 - - [18/Jun/2025:14:36:32 -0700] "HEAD / HTTP/1.1" 502 0 "https://larrywelborn.com/" "WPMUDEV Uptime Monitor 5.0 (https://wpmudev.com)" [loc=DE/Frankfurt am Main] [rt=0.001] [proto=HTTP/1.1:] [args=-] [ucs=MISS] [xpc=-] [uct=-] [gz=-] [br=-] [tls=TLSv1.3] [cipher=TLS_AES_256_GCM_SHA384] [scheme=https] [eorigin=-] larrywelborn.com larrywelborn.com vps38426.inmotionhosting.com 239
20.171.207.88 - - [18/Jun/2025:14:36:34 -0700] "GET /dm-sso-endpoint/1750121832/?dm_action=domainmap-setup-cdsso HTTP/1.1" 502 157 "-" "Mozilla/5.0 AppleWebKit/537.36 (KHTML, like Gecko; compatible; GPTBot/1.2; +https://openai.com/gptbot)" [loc=US/-] [rt=0.001] [proto=HTTP/1.1:] [args=dm_action=domainmap-setup-cdsso] [ucs=MISS] [xpc=-] [uct=-] [gz=-] [br=-] [tls=-] [cipher=-] [scheme=http] [eorigin=-] welbornweb.com welbornweb.com vps38426.inmotionhosting.com 139
66.249.79.5 - - [18/Jun/2025:14:36:36 -0700] "GET /category/episode-067-the-learning-experience-fred-shoemaker-from-extraordinary-golf/feed/ HTTP/1.1" 502 157 "-" "Mozilla/5.0 (compatible; Googlebot/2.1; +http://www.google.com/bot.html)" [loc=US/Mountain View] [rt=0.000] [proto=HTTP/1.1:] [args=-] [ucs=MISS] [xpc=-] [uct=-] [gz=-] [br=-] [tls=TLSv1.3] [cipher=TLS_AES_256_GCM_SHA384] [scheme=https] [eorigin=-] definingsuccesspodcast.com definingsuccesspodcast.com vps38426.inmotionhosting.com 57
20.171.207.88 - - [18/Jun/2025:14:36:38 -0700] "GET /dm-sso-endpoint/1750140163/?dm_action=domainmap-setup-cdsso HTTP/1.1" 502 157 "-" "Mozilla/5.0 AppleWebKit/537.36 (KHTML, like Gecko; compatible; GPTBot/1.2; +https://openai.com/gptbot)" [loc=US/-] [rt=0.000] [proto=HTTP/1.1:] [args=dm_action=domainmap-setup-cdsso] [ucs=MISS] [xpc=-] [uct=-] [gz=-] [br=-] [tls=-] [cipher=-] [scheme=http] [eorigin=-] welbornweb.com welbornweb.com vps38426.inmotionhosting.com 139
162.211.80.111 - - [18/Jun/2025:14:36:38 -0700] "POST /xmlrpc.php HTTP/1.1" 502 157 "http://ruschianana.com" "Mozilla/5.0 (Macintosh; Intel Mac OS X 10_15_7; rv:127.0) Gecko/20100101 Firefox/127.0" [loc=US/Baltimore] [rt=0.000] [proto=HTTP/1.1:] [args=-] [ucs=-] [xpc=-] [uct=-] [gz=-] [br=-] [tls=-] [cipher=-] [scheme=http] [eorigin=-] ruschianana.com ruschianana.com vps38426.inmotionhosting.com 244
85.208.96.204 - - [18/Jun/2025:14:36:40 -0700] "GET /tag/zebgolf/ HTTP/1.1" 502 157 "-" "Mozilla/5.0 (compatible; SemrushBot/7~bl; +http://www.semrush.com/bot.html)" [loc=-/-] [rt=0.000] [proto=HTTP/1.1:] [args=-] [ucs=MISS] [xpc=-] [uct=-] [gz=-] [br=-] [tls=TLSv1.3] [cipher=TLS_AES_256_GCM_SHA384] [scheme=https] [eorigin=-] definingsuccesspodcast.com definingsuccesspodcast.com vps38426.inmotionhosting.com 246
20.171.207.88 - - [18/Jun/2025:14:36:41 -0700] "GET /dm-sso-endpoint/1750118273/?dm_action=domainmap-setup-cdsso HTTP/1.1" 502 157 "-" "Mozilla/5.0 AppleWebKit/537.36 (KHTML, like Gecko; compatible; GPTBot/1.2; +https://openai.com/gptbot)" [loc=US/-] [rt=0.000] [proto=HTTP/1.1:] [args=dm_action=domainmap-setup-cdsso] [ucs=MISS] [xpc=-] [uct=-] [gz=-] [br=-] [tls=-] [cipher=-] [scheme=http] [eorigin=-] welbornweb.com welbornweb.com vps38426.inmotionhosting.com 139
206.168.34.48 - - [18/Jun/2025:14:36:43 -0700] "GET / HTTP/1.1" 502 157 "-" "Mozilla/5.0 (compatible; CensysInspect/1.1; +https://about.censys.io/)" [loc=US/Boulder] [rt=0.000] [proto=HTTP/1.1:] [args=-] [ucs=MISS] [xpc=-] [uct=-] [gz=-] [br=-] [tls=-] [cipher=-] [scheme=http] [eorigin=-] shellroofing.welbornwebsites.com www.shellroofing.welbornwebsites.com vps38426.inmotionhosting.com 249
66.249.79.5 - - [18/Jun/2025:14:36:44 -0700] "GET /category/episode-031-everyone-has-a-success-story-rey-ybarra-author-of-conversations-with-shark-tank-winners/feed/ HTTP/1.1" 502 157 "-" "Mozilla/5.0 (compatible; Googlebot/2.1; +http://www.google.com/bot.html)" [loc=US/Mountain View] [rt=0.000] [proto=HTTP/1.1:] [args=-] [ucs=MISS] [xpc=-] [uct=-] [gz=-] [br=-] [tls=TLSv1.3] [cipher=TLS_AES_256_GCM_SHA384] [scheme=https] [eorigin=-] definingsuccesspodcast.com definingsuccesspodcast.com vps38426.inmotionhosting.com 57
20.171.207.88 - - [18/Jun/2025:14:36:45 -0700] "GET /dm-sso-endpoint/1750117643/?dm_action=domainmap-setup-cdsso HTTP/1.1" 502 157 "-" "Mozilla/5.0 AppleWebKit/537.36 (KHTML, like Gecko; compatible; GPTBot/1.2; +https://openai.com/gptbot)" [loc=US/-] [rt=0.000] [proto=HTTP/1.1:] [args=dm_action=domainmap-setup-cdsso] [ucs=MISS] [xpc=-] [uct=-] [gz=-] [br=-] [tls=-] [cipher=-] [scheme=http] [eorigin=-] welbornweb.com welbornweb.com vps38426.inmotionhosting.com 139
54.172.25.227 - - [18/Jun/2025:14:36:45 -0700] "GET /category/blogging/feed/ HTTP/1.1" 502 559 "https://www.google.com/" "Mozilla/5.0 (Macintosh; Intel Mac OS X 10_15_3) AppleWebKit/537.36 (KHTML, like Gecko) Chrome/79.0.3945.130 Safari/537.36" [loc=US/Ashburn] [rt=0.001] [proto=HTTP/1.1:] [args=-] [ucs=MISS] [xpc=-] [uct=-] [gz=-] [br=-] [tls=-] [cipher=-] [scheme=http] [eorigin=-] welbornmedia.com welbornmedia.com vps38426.inmotionhosting.com 254
54.172.25.227 - - [18/Jun/2025:14:36:46 -0700] "GET /category/blogging/feed/ HTTP/1.1" 502 559 "https://www.google.com/" "Mozilla/5.0 (Macintosh; Intel Mac OS X 10_15_3) AppleWebKit/537.36 (KHTML, like Gecko) Chrome/79.0.3945.130 Safari/537.36" [loc=US/Ashburn] [rt=0.001] [proto=HTTP/1.1:] [args=-] [ucs=MISS] [xpc=-] [uct=-] [gz=-] [br=-] [tls=-] [cipher=-] [scheme=http] [eorigin=-] welbornmedia.com welbornmedia.com vps38426.inmotionhosting.com 254
137.74.223.84 - - [18/Jun/2025:14:36:46 -0700] "POST /xmlrpc.php HTTP/1.1" 502 157 "http://ruschianana.com" "Mozilla/5.0 (Windows NT 10.0; Win64; x64; rv:125.0.1) Gecko/20100101 Firefox/125.0.1" [loc=FR/-] [rt=0.000] [proto=HTTP/1.1:] [args=-] [ucs=-] [xpc=-] [uct=-] [gz=-] [br=-] [tls=-] [cipher=-] [scheme=http] [eorigin=-] ruschianana.com ruschianana.com vps38426.inmotionhosting.com 257
206.168.34.48 - - [18/Jun/2025:14:36:47 -0700] "PRI * HTTP/2.0" 400 157 "-" "-" [loc=US/Boulder] [rt=1.367] [proto=-:] [args=-] [ucs=-] [xpc=-] [uct=-] [gz=-] [br=-] [tls=-] [cipher=-] [scheme=http] [eorigin=-] _ - vps38426.inmotionhosting.com 252
20.171.207.88 - - [18/Jun/2025:14:36:48 -0700] "GET /dm-sso-endpoint/1750131789/?dm_action=domainmap-setup-cdsso HTTP/1.1" 502 157 "-" "Mozilla/5.0 AppleWebKit/537.36 (KHTML, like Gecko; compatible; GPTBot/1.2; +https://openai.com/gptbot)" [loc=US/-] [rt=0.000] [proto=HTTP/1.1:] [args=dm_action=domainmap-setup-cdsso] [ucs=MISS] [xpc=-] [uct=-] [gz=-] [br=-] [tls=-] [cipher=-] [scheme=http] [eorigin=-] welbornweb.com welbornweb.com vps38426.inmotionhosting.com 139
66.249.79.70 - - [18/Jun/2025:14:36:50 -0700] "GET /calendar/2022-05-10/?ical=1&tribe_display=day HTTP/1.1" 502 559 "-" "Mozilla/5.0 (Linux; Android 6.0.1; Nexus 5X Build/MMB29P) AppleWebKit/537.36 (KHTML, like Gecko) Chrome/137.0.7151.103 Mobile Safari/537.36 (compatible; Googlebot/2.1; +http://www.google.com/bot.html)" [loc=US/Mountain View] [rt=0.001] [proto=HTTP/1.1:] [args=ical=1&tribe_display=day] [ucs=MISS] [xpc=-] [uct=-] [gz=-] [br=-] [tls=TLSv1.3] [cipher=TLS_AES_256_GCM_SHA384] [scheme=https] [eorigin=-] welbornweb.com rcrotary.org vps38426.inmotionhosting.com 260
20.171.207.88 - - [18/Jun/2025:14:36:52 -0700] "GET /dm-sso-endpoint/1750118940/?dm_action=domainmap-setup-cdsso HTTP/1.1" 502 157 "-" "Mozilla/5.0 AppleWebKit/537.36 (KHTML, like Gecko; compatible; GPTBot/1.2; +https://openai.com/gptbot)" [loc=US/-] [rt=0.000] [proto=HTTP/1.1:] [args=dm_action=domainmap-setup-cdsso] [ucs=MISS] [xpc=-] [uct=-] [gz=-] [br=-] [tls=-] [cipher=-] [scheme=http] [eorigin=-] welbornweb.com welbornweb.com vps38426.inmotionhosting.com 139
66.249.79.5 - - [18/Jun/2025:14:36:54 -0700] "GET /category/episode-064-pinterest-and-seo-host-of-oh-so-pinteresting-podcast-cynthia-sanchez/feed/ HTTP/1.1" 502 157 "-" "Mozilla/5.0 (compatible; Googlebot/2.1; +http://www.google.com/bot.html)" [loc=US/Mountain View] [rt=0.001] [proto=HTTP/1.1:] [args=-] [ucs=MISS] [xpc=-] [uct=-] [gz=-] [br=-] [tls=TLSv1.3] [cipher=TLS_AES_256_GCM_SHA384] [scheme=https] [eorigin=-] definingsuccesspodcast.com definingsuccesspodcast.com vps38426.inmotionhosting.com 57
20.171.207.88 - - [18/Jun/2025:14:36:55 -0700] "GET /dm-sso-endpoint/1750124003/?dm_action=domainmap-setup-cdsso HTTP/1.1" 502 157 "-" "Mozilla/5.0 AppleWebKit/537.36 (KHTML, like Gecko; compatible; GPTBot/1.2; +https://openai.com/gptbot)" [loc=US/-] [rt=0.000] [proto=HTTP/1.1:] [args=dm_action=domainmap-setup-cdsso] [ucs=MISS] [xpc=-] [uct=-] [gz=-] [br=-] [tls=-] [cipher=-] [scheme=http] [eorigin=-] welbornweb.com welbornweb.com vps38426.inmotionhosting.com 139
192.99.16.182 - - [18/Jun/2025:14:36:56 -0700] "POST /xmlrpc.php HTTP/2.0" 502 559 "https://guardianjetcenter.com" "Mozilla/5.0 (Macintosh; Intel Mac OS X 13_3) AppleWebKit/537.36 (KHTML, like Gecko) Chrome/126.0.0.0 Safari/537.36" [loc=CA/Montreal] [rt=0.000] [proto=HTTP/2.0:h2] [args=-] [ucs=-] [xpc=-] [uct=-] [gz=-] [br=-] [tls=TLSv1.3] [cipher=TLS_AES_256_GCM_SHA384] [scheme=https] [eorigin=-] guardianjetcenter.com.welbornwebsites.com guardianjetcenter.com vps38426.inmotionhosting.com 265
20.171.207.88 - - [18/Jun/2025:14:36:59 -0700] "GET /dm-sso-endpoint/1750118443/?dm_action=domainmap-setup-cdsso HTTP/1.1" 502 157 "-" "Mozilla/5.0 AppleWebKit/537.36 (KHTML, like Gecko; compatible; GPTBot/1.2; +https://openai.com/gptbot)" [loc=US/-] [rt=0.000] [proto=HTTP/1.1:] [args=dm_action=domainmap-setup-cdsso] [ucs=MISS] [xpc=-] [uct=-] [gz=-] [br=-] [tls=-] [cipher=-] [scheme=http] [eorigin=-] welbornweb.com welbornweb.com vps38426.inmotionhosting.com 139
66.249.79.5 - - [18/Jun/2025:14:36:59 -0700] "GET /category/episode-042-engagement-vs-automation-rick-mulready-from-the-inside-social-media-podcast/feed/ HTTP/1.1" 502 157 "-" "Mozilla/5.0 (compatible; Googlebot/2.1; +http://www.google.com/bot.html)" [loc=US/Mountain View] [rt=0.000] [proto=HTTP/1.1:] [args=-] [ucs=MISS] [xpc=-] [uct=-] [gz=-] [br=-] [tls=TLSv1.3] [cipher=TLS_AES_256_GCM_SHA384] [scheme=https] [eorigin=-] definingsuccesspodcast.com definingsuccesspodcast.com vps38426.inmotionhosting.com 57
66.249.79.5 - - [18/Jun/2025:14:37:01 -0700] "GET /category/episode-078-start-a-small-scale-business-to-test-your-idea-ben-alexander-founder-of-balloon-distractions/feed/ HTTP/1.1" 502 157 "-" "Mozilla/5.0 (compatible; Googlebot/2.1; +http://www.google.com/bot.html)" [loc=US/Mountain View] [rt=0.000] [proto=HTTP/1.1:] [args=-] [ucs=MISS] [xpc=-] [uct=-] [gz=-] [br=-] [tls=TLSv1.3] [cipher=TLS_AES_256_GCM_SHA384] [scheme=https] [eorigin=-] definingsuccesspodcast.com definingsuccesspodcast.com vps38426.inmotionhosting.com 57
20.171.207.88 - - [18/Jun/2025:14:37:02 -0700] "GET /dm-sso-endpoint/1750132008/?dm_action=domainmap-setup-cdsso HTTP/1.1" 502 157 "-" "Mozilla/5.0 AppleWebKit/537.36 (KHTML, like Gecko; compatible; GPTBot/1.2; +https://openai.com/gptbot)" [loc=US/-] [rt=0.000] [proto=HTTP/1.1:] [args=dm_action=domainmap-setup-cdsso] [ucs=MISS] [xpc=-] [uct=-] [gz=-] [br=-] [tls=-] [cipher=-] [scheme=http] [eorigin=-] welbornweb.com welbornweb.com vps38426.inmotionhosting.com 139
66.249.79.5 - - [18/Jun/2025:14:37:03 -0700] "GET /category/episode-96-outside-your-comfort-zone-niveen-salem-multi-level-marketing-and-former-chevron-executive/feed/ HTTP/1.1" 502 157 "-" "Mozilla/5.0 (compatible; Googlebot/2.1; +http://www.google.com/bot.html)" [loc=US/Mountain View] [rt=0.000] [proto=HTTP/1.1:] [args=-] [ucs=MISS] [xpc=-] [uct=-] [gz=-] [br=-] [tls=TLSv1.3] [cipher=TLS_AES_256_GCM_SHA384] [scheme=https] [eorigin=-] definingsuccesspodcast.com definingsuccesspodcast.com vps38426.inmotionhosting.com 57
206.168.34.48 - - [18/Jun/2025:14:37:03 -0700] "GET /favicon.ico HTTP/1.1" 404 124 "-" "Mozilla/5.0 (compatible; CensysInspect/1.1; +https://about.censys.io/)" [loc=US/Boulder] [rt=0.000] [proto=HTTP/1.1:] [args=-] [ucs=-] [xpc=-] [uct=-] [gz=1.35] [br=-] [tls=-] [cipher=-] [scheme=http] [eorigin=-] shellroofing.welbornwebsites.com www.shellroofing.welbornwebsites.com vps38426.inmotionhosting.com 270
20.171.207.88 - - [18/Jun/2025:14:37:06 -0700] "GET /dm-sso-endpoint/1750141385/?dm_action=domainmap-setup-cdsso HTTP/1.1" 502 157 "-" "Mozilla/5.0 AppleWebKit/537.36 (KHTML, like Gecko; compatible; GPTBot/1.2; +https://openai.com/gptbot)" [loc=US/-] [rt=0.000] [proto=HTTP/1.1:] [args=dm_action=domainmap-setup-cdsso] [ucs=MISS] [xpc=-] [uct=-] [gz=-] [br=-] [tls=-] [cipher=-] [scheme=http] [eorigin=-] welbornweb.com welbornweb.com vps38426.inmotionhosting.com 139
66.249.79.5 - - [18/Jun/2025:14:37:07 -0700] "GET /category/episode-033-be-of-service-to-others-chris-brogan-from-human-business-works/feed/ HTTP/1.1" 502 157 "-" "Mozilla/5.0 (compatible; Googlebot/2.1; +http://www.google.com/bot.html)" [loc=US/Mountain View] [rt=0.000] [proto=HTTP/1.1:] [args=-] [ucs=MISS] [xpc=-] [uct=-] [gz=-] [br=-] [tls=TLSv1.3] [cipher=TLS_AES_256_GCM_SHA384] [scheme=https] [eorigin=-] definingsuccesspodcast.com definingsuccesspodcast.com vps38426.inmotionhosting.com 57
20.171.207.88 - - [18/Jun/2025:14:37:09 -0700] "GET /dm-sso-endpoint/1750126865/?dm_action=domainmap-setup-cdsso HTTP/1.1" 502 157 "-" "Mozilla/5.0 AppleWebKit/537.36 (KHTML, like Gecko; compatible; GPTBot/1.2; +https://openai.com/gptbot)" [loc=US/-] [rt=0.000] [proto=HTTP/1.1:] [args=dm_action=domainmap-setup-cdsso] [ucs=MISS] [xpc=-] [uct=-] [gz=-] [br=-] [tls=-] [cipher=-] [scheme=http] [eorigin=-] welbornweb.com welbornweb.com vps38426.inmotionhosting.com 139
114.119.145.123 - - [18/Jun/2025:14:37:09 -0700] "GET /?s=%E5%B9%B3%E5%8D%9A%E7%B6%AD%E5%9F%BA%E7%99%BE%E7%A7%91-%E3%80%90%E2%9C%94%EF%B8%8F%E5%AE%98%E7%B6%B2DD86%C2%B7CC%E2%9C%94%EF%B8%8F%E3%80%91-%E9%9B%B2%E9%A0%82%E9%9B%86%E5%9C%98%E4%B8%AD%E5%9C%8B-%E5%B9%B3%E5%8D%9A%E7%B6%AD%E5%9F%BA%E7%99%BE%E7%A7%917hnsl-%E3%80%90%E2%9C%94%EF%B8%8F%E5%AE%98%E7%B6%B2DD86%C2%B7CC%E2%9C%94%EF%B8%8F%E3%80%91-%E9%9B%B2%E9%A0%82%E9%9B%86%E5%9C%98%E4%B8%AD%E5%9C%8B2z5y-%E5%B9%B3%E5%8D%9A%E7%B6%AD%E5%9F%BA%E7%99%BE%E7%A7%91anz0j-%E9%9B%B2%E9%A0%82%E9%9B%86%E5%9C%98%E4%B8%AD%E5%9C%8Bz7ll HTTP/1.1" 502 157 "https://definingsuccesspodcast.com/?s=%E5%B9%B3%E5%8D%9A%E7%B6%AD%E5%9F%BA%E7%99%BE%E7%A7%91-%E3%80%90%E2%9C%94%EF%B8%8F%E5%AE%98%E7%B6%B2DD86%C2%B7CC%E2%9C%94%EF%B8%8F%E3%80%91-%E9%9B%B2%E9%A0%82%E9%9B%86%E5%9C%98%E4%B8%AD%E5%9C%8B-%E5%B9%B3%E5%8D%9A%E7%B6%AD%E5%9F%BA%E7%99%BE%E7%A7%917hnsl-%E3%80%90%E2%9C%94%EF%B8%8F%E5%AE%98%E7%B6%B2DD86%C2%B7CC%E2%9C%94%EF%B8%8F%E3%80%91-%E9%9B%B2%E9%A0%82%E9%9B%86%E5%9C%98%E4%B8%AD%E5%9C%8B2z5y-%E5%B9%B3%E5%8D%9A%E7%B6%AD%E5%9F%BA%E7%99%BE%E7%A7%91anz0j-%E9%9B%B2%E9%A0%82%E9%9B%86%E5%9C%98%E4%B8%AD%E5%9C%8Bz7ll" "Mozilla/5.0 (Linux; Android 7.0;) AppleWebKit/537.36 (KHTML, like Gecko) Mobile Safari/537.36 (compatible; PetalBot;+https://webmaster.petalsearch.com/site/petalbot)" [loc=CN/-] [rt=0.000] [proto=HTTP/1.1:] [args=s=%E5%B9%B3%E5%8D%9A%E7%B6%AD%E5%9F%BA%E7%99%BE%E7%A7%91-%E3%80%90%E2%9C%94%EF%B8%8F%E5%AE%98%E7%B6%B2DD86%C2%B7CC%E2%9C%94%EF%B8%8F%E3%80%91-%E9%9B%B2%E9%A0%82%E9%9B%86%E5%9C%98%E4%B8%AD%E5%9C%8B-%E5%B9%B3%E5%8D%9A%E7%B6%AD%E5%9F%BA%E7%99%BE%E7%A7%917hnsl-%E3%80%90%E2%9C%94%EF%B8%8F%E5%AE%98%E7%B6%B2DD86%C2%B7CC%E2%9C%94%EF%B8%8F%E3%80%91-%E9%9B%B2%E9%A0%82%E9%9B%86%E5%9C%98%E4%B8%AD%E5%9C%8B2z5y-%E5%B9%B3%E5%8D%9A%E7%B6%AD%E5%9F%BA%E7%99%BE%E7%A7%91anz0j-%E9%9B%B2%E9%A0%82%E9%9B%86%E5%9C%98%E4%B8%AD%E5%9C%8Bz7ll] [ucs=MISS] [xpc=-] [uct=-] [gz=-] [br=-] [tls=TLSv1.3] [cipher=TLS_AES_256_GCM_SHA384] [scheme=https] [eorigin=-] definingsuccesspodcast.com definingsuccesspodcast.com vps38426.inmotionhosting.com 276
206.168.34.48 - - [18/Jun/2025:14:37:11 -0700] "\x16\x03\x01\x00\xF7\x01\x00\x00\xF3\x03\x03\xE8\x8B\x5CJGl\x05\xDB\xF3,\x88\xECk\x9A\xD1r(\xBA\xB5" 400 157 "-" "-" [loc=US/Boulder] [rt=1.004] [proto=-:] [args=-] [ucs=-] [xpc=-] [uct=-] [gz=-] [br=-] [tls=-] [cipher=-] [scheme=http] [eorigin=-] _ - vps38426.inmotionhosting.com 273
20.171.207.88 - - [18/Jun/2025:14:37:13 -0700] "GET /dm-sso-endpoint/1750129043/?dm_action=domainmap-setup-cdsso HTTP/1.1" 502 157 "-" "Mozilla/5.0 AppleWebKit/537.36 (KHTML, like Gecko; compatible; GPTBot/1.2; +https://openai.com/gptbot)" [loc=US/-] [rt=0.001] [proto=HTTP/1.1:] [args=dm_action=domainmap-setup-cdsso] [ucs=MISS] [xpc=-] [uct=-] [gz=-] [br=-] [tls=-] [cipher=-] [scheme=http] [eorigin=-] welbornweb.com welbornweb.com vps38426.inmotionhosting.com 139
194.163.128.147 - - [18/Jun/2025:14:37:14 -0700] "POST /xmlrpc.php HTTP/2.0" 502 157 "https://rcrotary.org" "Mozilla/5.0 (Macintosh; Intel Mac OS X 10.15; rv:126.0) Gecko/20100101 Firefox/126.0" [loc=DE/-] [rt=0.000] [proto=HTTP/2.0:h2] [args=-] [ucs=-] [xpc=-] [uct=-] [gz=-] [br=-] [tls=TLSv1.3] [cipher=TLS_AES_256_GCM_SHA384] [scheme=https] [eorigin=-] welbornweb.com rcrotary.org vps38426.inmotionhosting.com 280
54.191.49.98 - - [18/Jun/2025:14:37:14 -0700] "GET /favicon.ico HTTP/2.0" 404 555 "-" "Mozilla/5.0 (Windows NT 10.0; Win64; x64) AppleWebKit/537.36 (KHTML, like Gecko) Chrome/135.0.0.0 Safari/537.36" [loc=US/Boardman] [rt=0.000] [proto=HTTP/2.0:h2] [args=-] [ucs=-] [xpc=-] [uct=-] [gz=-] [br=-] [tls=TLSv1.3] [cipher=TLS_AES_256_GCM_SHA384] [scheme=https] [eorigin=-] wieeac.org wieeac.org vps38426.inmotionhosting.com 282
20.171.207.88 - - [18/Jun/2025:14:37:16 -0700] "GET /dm-sso-endpoint/1750128974/?dm_action=domainmap-setup-cdsso HTTP/1.1" 502 157 "-" "Mozilla/5.0 AppleWebKit/537.36 (KHTML, like Gecko; compatible; GPTBot/1.2; +https://openai.com/gptbot)" [loc=US/-] [rt=0.000] [proto=HTTP/1.1:] [args=dm_action=domainmap-setup-cdsso] [ucs=MISS] [xpc=-] [uct=-] [gz=-] [br=-] [tls=-] [cipher=-] [scheme=http] [eorigin=-] welbornweb.com welbornweb.com vps38426.inmotionhosting.com 139
34.196.51.17 - - [18/Jun/2025:14:37:17 -0700] "HEAD / HTTP/1.1" 502 0 "https://welbornmedia.com/" "WPMUDEV Uptime Monitor 5.0 (https://wpmudev.com)" [loc=US/Ashburn] [rt=0.000] [proto=HTTP/1.1:] [args=-] [ucs=MISS] [xpc=-] [uct=-] [gz=-] [br=-] [tls=TLSv1.3] [cipher=TLS_AES_256_GCM_SHA384] [scheme=https] [eorigin=-] welbornmedia.com welbornmedia.com vps38426.inmotionhosting.com 283
34.196.51.17 - - [18/Jun/2025:14:37:17 -0700] "HEAD / HTTP/1.1" 200 0 "http://ruschianana.com/" "WPMUDEV Uptime Monitor 5.0 (https://wpmudev.com)" [loc=US/Ashburn] [rt=0.000] [proto=HTTP/1.1:] [args=-] [ucs=STALE] [xpc=STALE] [uct=-] [gz=-] [br=-] [tls=-] [cipher=-] [scheme=http] [eorigin=-] ruschianana.com ruschianana.com vps38426.inmotionhosting.com 286
34.196.51.17 - - [18/Jun/2025:14:37:18 -0700] "HEAD / HTTP/1.1" 502 0 "http://somersetchino.com/" "WPMUDEV Uptime Monitor 5.0 (https://wpmudev.com)" [loc=US/Ashburn] [rt=0.000] [proto=HTTP/1.1:] [args=-] [ucs=MISS] [xpc=-] [uct=-] [gz=-] [br=-] [tls=-] [cipher=-] [scheme=http] [eorigin=-] somersetchino.com somersetchino.com vps38426.inmotionhosting.com 288
35.157.144.199 - - [18/Jun/2025:14:37:19 -0700] "HEAD / HTTP/1.1" 502 0 "https://welbornmedia.com/" "WPMUDEV Uptime Monitor 5.0 (https://wpmudev.com)" [loc=DE/Frankfurt am Main] [rt=0.001] [proto=HTTP/1.1:] [args=-] [ucs=MISS] [xpc=-] [uct=-] [gz=-] [br=-] [tls=TLSv1.3] [cipher=TLS_AES_256_GCM_SHA384] [scheme=https] [eorigin=-] welbornmedia.com welbornmedia.com vps38426.inmotionhosting.com 290
20.171.207.88 - - [18/Jun/2025:14:37:20 -0700] "GET /dm-sso-endpoint/1750137882/?dm_action=domainmap-setup-cdsso HTTP/1.1" 502 157 "-" "Mozilla/5.0 AppleWebKit/537.36 (KHTML, like Gecko; compatible; GPTBot/1.2; +https://openai.com/gptbot)" [loc=US/-] [rt=0.000] [proto=HTTP/1.1:] [args=dm_action=domainmap-setup-cdsso] [ucs=MISS] [xpc=-] [uct=-] [gz=-] [br=-] [tls=-] [cipher=-] [scheme=http] [eorigin=-] welbornweb.com welbornweb.com vps38426.inmotionhosting.com 139
52.167.144.19 - - [18/Jun/2025:14:37:20 -0700] "GET /category/twitter/ HTTP/2.0" 502 559 "-" "Mozilla/5.0 AppleWebKit/537.36 (KHTML, like Gecko; compatible; bingbot/2.0; +http://www.bing.com/bingbot.htm) Chrome/116.0.1938.76 Safari/537.36" [loc=US/Boydton] [rt=0.000] [proto=HTTP/2.0:h2] [args=-] [ucs=MISS] [xpc=-] [uct=-] [gz=-] [br=-] [tls=TLSv1.3] [cipher=TLS_AES_256_GCM_SHA384] [scheme=https] [eorigin=-] welbornmedia.com welbornmedia.com vps38426.inmotionhosting.com 292
34.196.51.17 - - [18/Jun/2025:14:37:21 -0700] "HEAD / HTTP/1.1" 200 0 "https://19thholemedia.com/" "WPMUDEV Uptime Monitor 5.0 (https://wpmudev.com)" [loc=US/Ashburn] [rt=0.000] [proto=HTTP/1.1:] [args=-] [ucs=STALE] [xpc=STALE] [uct=-] [gz=-] [br=-] [tls=TLSv1.3] [cipher=TLS_AES_256_GCM_SHA384] [scheme=https] [eorigin=-] 19thholemedia.com 19thholemedia.com vps38426.inmotionhosting.com 295
35.157.144.199 - - [18/Jun/2025:14:37:21 -0700] "HEAD / HTTP/1.1" 502 0 "http://somersetchino.com/" "WPMUDEV Uptime Monitor 5.0 (https://wpmudev.com)" [loc=DE/Frankfurt am Main] [rt=0.000] [proto=HTTP/1.1:] [args=-] [ucs=MISS] [xpc=-] [uct=-] [gz=-] [br=-] [tls=-] [cipher=-] [scheme=http] [eorigin=-] somersetchino.com somersetchino.com vps38426.inmotionhosting.com 297
66.249.79.5 - - [18/Jun/2025:14:37:22 -0700] "GET /category/episode-070-dont-let-your-ego-get-in-the-way-virgil-herring-author-of-the-golf-journal/feed/ HTTP/1.1" 502 157 "-" "Mozilla/5.0 (compatible; Googlebot/2.1; +http://www.google.com/bot.html)" [loc=US/Mountain View] [rt=0.000] [proto=HTTP/1.1:] [args=-] [ucs=MISS] [xpc=-] [uct=-] [gz=-] [br=-] [tls=TLSv1.3] [cipher=TLS_AES_256_GCM_SHA384] [scheme=https] [eorigin=-] definingsuccesspodcast.com definingsuccesspodcast.com vps38426.inmotionhosting.com 57
20.171.207.88 - - [18/Jun/2025:14:37:23 -0700] "GET /dm-sso-endpoint/1750123453/?dm_action=domainmap-setup-cdsso HTTP/1.1" 502 157 "-" "Mozilla/5.0 AppleWebKit/537.36 (KHTML, like Gecko; compatible; GPTBot/1.2; +https://openai.com/gptbot)" [loc=US/-] [rt=0.000] [proto=HTTP/1.1:] [args=dm_action=domainmap-setup-cdsso] [ucs=MISS] [xpc=-] [uct=-] [gz=-] [br=-] [tls=-] [cipher=-] [scheme=http] [eorigin=-] welbornweb.com welbornweb.com vps38426.inmotionhosting.com 139
40.77.167.155 - - [18/Jun/2025:14:37:24 -0700] "GET /tag/national-writing-project/ HTTP/1.1" 502 559 "-" "Mozilla/5.0 AppleWebKit/537.36 (KHTML, like Gecko; compatible; bingbot/2.0; +http://www.bing.com/bingbot.htm) Chrome/116.0.1938.76 Safari/537.36" [loc=US/Boydton] [rt=0.000] [proto=HTTP/1.1:] [args=-] [ucs=MISS] [xpc=-] [uct=-] [gz=-] [br=-] [tls=-] [cipher=-] [scheme=http] [eorigin=-] definingsuccesspodcast.com definingsuccesspodcast.com vps38426.inmotionhosting.com 301
20.171.207.88 - - [18/Jun/2025:14:37:27 -0700] "GET /dm-sso-endpoint/1750139544/?dm_action=domainmap-setup-cdsso HTTP/1.1" 502 157 "-" "Mozilla/5.0 AppleWebKit/537.36 (KHTML, like Gecko; compatible; GPTBot/1.2; +https://openai.com/gptbot)" [loc=US/-] [rt=0.000] [proto=HTTP/1.1:] [args=dm_action=domainmap-setup-cdsso] [ucs=MISS] [xpc=-] [uct=-] [gz=-] [br=-] [tls=-] [cipher=-] [scheme=http] [eorigin=-] welbornweb.com welbornweb.com vps38426.inmotionhosting.com 139
66.249.79.8 - - [18/Jun/2025:14:37:30 -0700] "GET /tag/dresden/feed/ HTTP/1.1" 502 157 "-" "Mozilla/5.0 (compatible; Googlebot/2.1; +http://www.google.com/bot.html)" [loc=US/Mountain View] [rt=0.001] [proto=HTTP/1.1:] [args=-] [ucs=MISS] [xpc=-] [uct=-] [gz=-] [br=-] [tls=-] [cipher=-] [scheme=http] [eorigin=-] definingsuccesspodcast.com definingsuccesspodcast.com vps38426.inmotionhosting.com 304
20.171.207.88 - - [18/Jun/2025:14:37:30 -0700] "GET /dm-sso-endpoint/1750140366/?dm_action=domainmap-setup-cdsso HTTP/1.1" 502 157 "-" "Mozilla/5.0 AppleWebKit/537.36 (KHTML, like Gecko; compatible; GPTBot/1.2; +https://openai.com/gptbot)" [loc=US/-] [rt=0.000] [proto=HTTP/1.1:] [args=dm_action=domainmap-setup-cdsso] [ucs=MISS] [xpc=-] [uct=-] [gz=-] [br=-] [tls=-] [cipher=-] [scheme=http] [eorigin=-] welbornweb.com welbornweb.com vps38426.inmotionhosting.com 139
35.190.177.92 - - [18/Jun/2025:14:37:31 -0700] "HEAD /wordpress HTTP/1.1" 502 0 "-" "Mozilla/5.0 (Windows NT 10.0; Win64; x64) AppleWebKit/537.36 (KHTML, like Gecko) Chrome/74.0.3729.169 Safari/537.36" [loc=US/Mountain View] [rt=0.000] [proto=HTTP/1.1:] [args=-] [ucs=MISS] [xpc=-] [uct=-] [gz=-] [br=-] [tls=-] [cipher=-] [scheme=http] [eorigin=-] welbornweb.com rcrotary.org vps38426.inmotionhosting.com 308
35.190.177.92 - - [18/Jun/2025:14:37:32 -0700] "HEAD / HTTP/1.1" 502 0 "-" "Mozilla/5.0 (Windows NT 10.0; Win64; x64) AppleWebKit/537.36 (KHTML, like Gecko) Chrome/74.0.3729.169 Safari/537.36" [loc=US/Mountain View] [rt=0.000] [proto=HTTP/1.1:] [args=-] [ucs=MISS] [xpc=-] [uct=-] [gz=-] [br=-] [tls=-] [cipher=-] [scheme=http] [eorigin=-] welbornweb.com rcrotary.org vps38426.inmotionhosting.com 308
35.190.177.92 - - [18/Jun/2025:14:37:32 -0700] "HEAD /wp HTTP/1.1" 502 0 "-" "Mozilla/5.0 (Windows NT 10.0; Win64; x64) AppleWebKit/537.36 (KHTML, like Gecko) Chrome/74.0.3729.169 Safari/537.36" [loc=US/Mountain View] [rt=0.001] [proto=HTTP/1.1:] [args=-] [ucs=MISS] [xpc=-] [uct=-] [gz=-] [br=-] [tls=-] [cipher=-] [scheme=http] [eorigin=-] welbornweb.com rcrotary.org vps38426.inmotionhosting.com 308
35.190.177.92 - - [18/Jun/2025:14:37:32 -0700] "HEAD /bc HTTP/1.1" 502 0 "-" "Mozilla/5.0 (Windows NT 10.0; Win64; x64) AppleWebKit/537.36 (KHTML, like Gecko) Chrome/74.0.3729.169 Safari/537.36" [loc=US/Mountain View] [rt=0.000] [proto=HTTP/1.1:] [args=-] [ucs=MISS] [xpc=-] [uct=-] [gz=-] [br=-] [tls=-] [cipher=-] [scheme=http] [eorigin=-] welbornweb.com rcrotary.org vps38426.inmotionhosting.com 308
35.190.177.92 - - [18/Jun/2025:14:37:32 -0700] "HEAD /bk HTTP/1.1" 502 0 "-" "Mozilla/5.0 (Windows NT 10.0; Win64; x64) AppleWebKit/537.36 (KHTML, like Gecko) Chrome/74.0.3729.169 Safari/537.36" [loc=US/Mountain View] [rt=0.000] [proto=HTTP/1.1:] [args=-] [ucs=MISS] [xpc=-] [uct=-] [gz=-] [br=-] [tls=-] [cipher=-] [scheme=http] [eorigin=-] welbornweb.com rcrotary.org vps38426.inmotionhosting.com 308
35.190.177.92 - - [18/Jun/2025:14:37:32 -0700] "HEAD /backup HTTP/1.1" 502 0 "-" "Mozilla/5.0 (Windows NT 10.0; Win64; x64) AppleWebKit/537.36 (KHTML, like Gecko) Chrome/74.0.3729.169 Safari/537.36" [loc=US/Mountain View] [rt=0.000] [proto=HTTP/1.1:] [args=-] [ucs=MISS] [xpc=-] [uct=-] [gz=-] [br=-] [tls=-] [cipher=-] [scheme=http] [eorigin=-] welbornweb.com rcrotary.org vps38426.inmotionhosting.com 308
35.190.177.92 - - [18/Jun/2025:14:37:32 -0700] "HEAD /old HTTP/1.1" 502 0 "-" "Mozilla/5.0 (Windows NT 10.0; Win64; x64) AppleWebKit/537.36 (KHTML, like Gecko) Chrome/74.0.3729.169 Safari/537.36" [loc=US/Mountain View] [rt=0.001] [proto=HTTP/1.1:] [args=-] [ucs=MISS] [xpc=-] [uct=-] [gz=-] [br=-] [tls=-] [cipher=-] [scheme=http] [eorigin=-] welbornweb.com rcrotary.org vps38426.inmotionhosting.com 308
35.190.177.92 - - [18/Jun/2025:14:37:32 -0700] "HEAD /new HTTP/1.1" 502 0 "-" "Mozilla/5.0 (Windows NT 10.0; Win64; x64) AppleWebKit/537.36 (KHTML, like Gecko) Chrome/74.0.3729.169 Safari/537.36" [loc=US/Mountain View] [rt=0.000] [proto=HTTP/1.1:] [args=-] [ucs=MISS] [xpc=-] [uct=-] [gz=-] [br=-] [tls=-] [cipher=-] [scheme=http] [eorigin=-] welbornweb.com rcrotary.org vps38426.inmotionhosting.com 308
35.190.177.92 - - [18/Jun/2025:14:37:32 -0700] "HEAD /main HTTP/1.1" 502 0 "-" "Mozilla/5.0 (Windows NT 10.0; Win64; x64) AppleWebKit/537.36 (KHTML, like Gecko) Chrome/74.0.3729.169 Safari/537.36" [loc=US/Mountain View] [rt=0.000] [proto=HTTP/1.1:] [args=-] [ucs=MISS] [xpc=-] [uct=-] [gz=-] [br=-] [tls=-] [cipher=-] [scheme=http] [eorigin=-] welbornweb.com rcrotary.org vps38426.inmotionhosting.com 308
35.190.177.92 - - [18/Jun/2025:14:37:32 -0700] "HEAD /home HTTP/1.1" 502 0 "-" "Mozilla/5.0 (Windows NT 10.0; Win64; x64) AppleWebKit/537.36 (KHTML, like Gecko) Chrome/74.0.3729.169 Safari/537.36" [loc=US/Mountain View] [rt=0.001] [proto=HTTP/1.1:] [args=-] [ucs=MISS] [xpc=-] [uct=-] [gz=-] [br=-] [tls=-] [cipher=-] [scheme=http] [eorigin=-] welbornweb.com rcrotary.org vps38426.inmotionhosting.com 308
3.141.146.79 - - [18/Jun/2025:14:37:33 -0700] "POST /xmlrpc.php HTTP/1.1" 502 157 "-" "Mozilla/5.0 (X11; Ubuntu; Linux x86_64; rv:85.0) Gecko/20100101 Firefox/91.0" [loc=US/-] [rt=0.051] [proto=HTTP/1.1:] [args=-] [ucs=-] [xpc=-] [uct=-] [gz=-] [br=-] [tls=TLSv1.2] [cipher=ECDHE-RSA-AES256-GCM-SHA384] [scheme=https] [eorigin=-] welbornweb.com rcrotary.org vps38426.inmotionhosting.com 320
20.171.207.88 - - [18/Jun/2025:14:37:34 -0700] "GET /dm-sso-endpoint/1750138823/?dm_action=domainmap-setup-cdsso HTTP/1.1" 502 157 "-" "Mozilla/5.0 AppleWebKit/537.36 (KHTML, like Gecko; compatible; GPTBot/1.2; +https://openai.com/gptbot)" [loc=US/-] [rt=0.000] [proto=HTTP/1.1:] [args=dm_action=domainmap-setup-cdsso] [ucs=MISS] [xpc=-] [uct=-] [gz=-] [br=-] [tls=-] [cipher=-] [scheme=http] [eorigin=-] welbornweb.com welbornweb.com vps38426.inmotionhosting.com 139
124.227.132.177 - - [18/Jun/2025:14:37:34 -0700] "POST /wp-comments-post.php HTTP/1.1" 502 559 "-" "Mozilla/5.0 (Windows NT 10.0; Win64; x64) AppleWebKit/537.36 (KHTML, like Gecko) Chrome/108.0.0.0 Safari/537.36 Edg/108.0.1462.46" [loc=CN/Yulin] [rt=0.000] [proto=HTTP/1.1:] [args=-] [ucs=-] [xpc=-] [uct=-] [gz=-] [br=-] [tls=TLSv1.3] [cipher=TLS_AES_256_GCM_SHA384] [scheme=https] [eorigin=-] golfchat.org www.golfchat.org vps38426.inmotionhosting.com 322
206.168.34.48 - - [18/Jun/2025:14:37:36 -0700] "GET /wiki HTTP/1.1" 502 157 "-" "Mozilla/5.0 (compatible; CensysInspect/1.1; +https://about.censys.io/)" [loc=US/Boulder] [rt=0.000] [proto=HTTP/1.1:] [args=-] [ucs=MISS] [xpc=-] [uct=-] [gz=-] [br=-] [tls=-] [cipher=-] [scheme=http] [eorigin=-] shellroofing.welbornwebsites.com www.shellroofing.welbornwebsites.com vps38426.inmotionhosting.com 325
66.249.79.5 - - [18/Jun/2025:14:37:36 -0700] "GET /category/episode-067-the-learning-experience-fred-shoemaker-from-extraordinary-golf/feed/ HTTP/1.1" 502 157 "-" "Mozilla/5.0 (compatible; Googlebot/2.1; +http://www.google.com/bot.html)" [loc=US/Mountain View] [rt=0.000] [proto=HTTP/1.1:] [args=-] [ucs=MISS] [xpc=-] [uct=-] [gz=-] [br=-] [tls=TLSv1.3] [cipher=TLS_AES_256_GCM_SHA384] [scheme=https] [eorigin=-] definingsuccesspodcast.com definingsuccesspodcast.com vps38426.inmotionhosting.com 57
206.168.34.48 - - [18/Jun/2025:14:37:37 -0700] "\x16\x03\x01\x01\x1B\x01\x00\x01\x17\x03\x03\xD0\xD8\xBD\x09X\xB5!\xB5\xBC\xCA\x09T']\xD1(\x176\x80P\xB2\xFC\xF9F\x97\xA9R\xF5b\x06() @e2S\xED\xBD\x9F\xDC\x9F\x81\xF3\xAF\x8B)\xA0\x04\xEA\xEB\xF8\x97A\xEEi\x91\xD0D\xF7 \x94 P\x5C\x00&\xCC\xA8\xCC\xA9\xC0/\xC00\xC0+\xC0,\xC0\x13\xC0\x09\xC0\x14\xC0" 400 157 "-" "-" [loc=US/Boulder] [rt=5.000] [proto=-:] [args=-] [ucs=-] [xpc=-] [uct=-] [gz=-] [br=-] [tls=-] [cipher=-] [scheme=http] [eorigin=-] _ - vps38426.inmotionhosting.com 307
20.171.207.88 - - [18/Jun/2025:14:37:37 -0700] "GET /dm-sso-endpoint/1750124363/?dm_action=domainmap-setup-cdsso HTTP/1.1" 502 157 "-" "Mozilla/5.0 AppleWebKit/537.36 (KHTML, like Gecko; compatible; GPTBot/1.2; +https://openai.com/gptbot)" [loc=US/-] [rt=0.000] [proto=HTTP/1.1:] [args=dm_action=domainmap-setup-cdsso] [ucs=MISS] [xpc=-] [uct=-] [gz=-] [br=-] [tls=-] [cipher=-] [scheme=http] [eorigin=-] welbornweb.com welbornweb.com vps38426.inmotionhosting.com 139
20.171.207.88 - - [18/Jun/2025:14:37:41 -0700] "GET /dm-sso-endpoint/1750136085/?dm_action=domainmap-setup-cdsso HTTP/1.1" 502 157 "-" "Mozilla/5.0 AppleWebKit/537.36 (KHTML, like Gecko; compatible; GPTBot/1.2; +https://openai.com/gptbot)" [loc=US/-] [rt=0.000] [proto=HTTP/1.1:] [args=dm_action=domainmap-setup-cdsso] [ucs=MISS] [xpc=-] [uct=-] [gz=-] [br=-] [tls=-] [cipher=-] [scheme=http] [eorigin=-] welbornweb.com welbornweb.com vps38426.inmotionhosting.com 139
66.249.79.5 - - [18/Jun/2025:14:37:44 -0700] "GET /category/episode-031-everyone-has-a-success-story-rey-ybarra-author-of-conversations-with-shark-tank-winners/feed/ HTTP/1.1" 502 157 "-" "Mozilla/5.0 (compatible; Googlebot/2.1; +http://www.google.com/bot.html)" [loc=US/Mountain View] [rt=0.000] [proto=HTTP/1.1:] [args=-] [ucs=MISS] [xpc=-] [uct=-] [gz=-] [br=-] [tls=TLSv1.3] [cipher=TLS_AES_256_GCM_SHA384] [scheme=https] [eorigin=-] definingsuccesspodcast.com definingsuccesspodcast.com vps38426.inmotionhosting.com 57
20.171.207.88 - - [18/Jun/2025:14:37:44 -0700] "GET /dm-sso-endpoint/1750116984/?dm_action=domainmap-setup-cdsso HTTP/1.1" 502 157 "-" "Mozilla/5.0 AppleWebKit/537.36 (KHTML, like Gecko; compatible; GPTBot/1.2; +https://openai.com/gptbot)" [loc=US/-] [rt=0.000] [proto=HTTP/1.1:] [args=dm_action=domainmap-setup-cdsso] [ucs=MISS] [xpc=-] [uct=-] [gz=-] [br=-] [tls=-] [cipher=-] [scheme=http] [eorigin=-] welbornweb.com welbornweb.com vps38426.inmotionhosting.com 139
20.171.207.88 - - [18/Jun/2025:14:37:48 -0700] "GET /dm-sso-endpoint/1750127465/?dm_action=domainmap-setup-cdsso HTTP/1.1" 502 157 "-" "Mozilla/5.0 AppleWebKit/537.36 (KHTML, like Gecko; compatible; GPTBot/1.2; +https://openai.com/gptbot)" [loc=US/-] [rt=0.000] [proto=HTTP/1.1:] [args=dm_action=domainmap-setup-cdsso] [ucs=MISS] [xpc=-] [uct=-] [gz=-] [br=-] [tls=-] [cipher=-] [scheme=http] [eorigin=-] welbornweb.com welbornweb.com vps38426.inmotionhosting.com 139
66.249.79.5 - - [18/Jun/2025:14:37:50 -0700] "GET /tag/overcome-technology-obsession/feed/ HTTP/1.1" 502 157 "-" "Mozilla/5.0 (compatible; Googlebot/2.1; +http://www.google.com/bot.html)" [loc=US/Mountain View] [rt=0.000] [proto=HTTP/1.1:] [args=-] [ucs=MISS] [xpc=-] [uct=-] [gz=-] [br=-] [tls=TLSv1.3] [cipher=TLS_AES_256_GCM_SHA384] [scheme=https] [eorigin=-] definingsuccesspodcast.com definingsuccesspodcast.com vps38426.inmotionhosting.com 57
129.226.93.214 - - [18/Jun/2025:14:37:51 -0700] "GET /the-new-defining-success-podcast/ HTTP/1.1" 502 157 "-" "Mozilla/5.0 (iPhone; CPU iPhone OS 13_2_3 like Mac OS X) AppleWebKit/605.1.15 (KHTML, like Gecko) Version/13.0.3 Mobile/15E148 Safari/604.1" [loc=CN/Beijing] [rt=0.000] [proto=HTTP/1.1:] [args=-] [ucs=MISS] [xpc=-] [uct=-] [gz=-] [br=-] [tls=-] [cipher=-] [scheme=http] [eorigin=-] definingsuccesspodcast.com definingsuccesspodcast.com vps38426.inmotionhosting.com 334
20.171.207.88 - - [18/Jun/2025:14:37:51 -0700] "GET /dm-sso-endpoint/1750132269/?dm_action=domainmap-setup-cdsso HTTP/1.1" 502 157 "-" "Mozilla/5.0 AppleWebKit/537.36 (KHTML, like Gecko; compatible; GPTBot/1.2; +https://openai.com/gptbot)" [loc=US/-] [rt=0.000] [proto=HTTP/1.1:] [args=dm_action=domainmap-setup-cdsso] [ucs=MISS] [xpc=-] [uct=-] [gz=-] [br=-] [tls=-] [cipher=-] [scheme=http] [eorigin=-] welbornweb.com welbornweb.com vps38426.inmotionhosting.com 139
66.249.79.5 - - [18/Jun/2025:14:37:55 -0700] "GET /category/episode-064-pinterest-and-seo-host-of-oh-so-pinteresting-podcast-cynthia-sanchez/feed/ HTTP/1.1" 502 157 "-" "Mozilla/5.0 (compatible; Googlebot/2.1; +http://www.google.com/bot.html)" [loc=US/Mountain View] [rt=0.001] [proto=HTTP/1.1:] [args=-] [ucs=MISS] [xpc=-] [uct=-] [gz=-] [br=-] [tls=TLSv1.3] [cipher=TLS_AES_256_GCM_SHA384] [scheme=https] [eorigin=-] definingsuccesspodcast.com definingsuccesspodcast.com vps38426.inmotionhosting.com 57
20.171.207.88 - - [18/Jun/2025:14:37:55 -0700] "GET /dm-sso-endpoint/1750124592/?dm_action=domainmap-setup-cdsso HTTP/1.1" 502 157 "-" "Mozilla/5.0 AppleWebKit/537.36 (KHTML, like Gecko; compatible; GPTBot/1.2; +https://openai.com/gptbot)" [loc=US/-] [rt=0.000] [proto=HTTP/1.1:] [args=dm_action=domainmap-setup-cdsso] [ucs=MISS] [xpc=-] [uct=-] [gz=-] [br=-] [tls=-] [cipher=-] [scheme=http] [eorigin=-] welbornweb.com welbornweb.com vps38426.inmotionhosting.com 139
66.249.79.5 - - [18/Jun/2025:14:37:57 -0700] "GET /feed/ HTTP/1.1" 200 125524 "-" "Mozilla/5.0 (compatible; Googlebot/2.1; +http://www.google.com/bot.html)" [loc=US/Mountain View] [rt=0.050] [proto=HTTP/1.1:] [args=-] [ucs=STALE] [xpc=STALE] [uct=-] [gz=-] [br=-] [tls=TLSv1.3] [cipher=TLS_AES_256_GCM_SHA384] [scheme=https] [eorigin=-] definingsuccesspodcast.com definingsuccesspodcast.com vps38426.inmotionhosting.com 57
20.171.207.88 - - [18/Jun/2025:14:37:58 -0700] "GET /dm-sso-endpoint/1750124508/?dm_action=domainmap-setup-cdsso HTTP/1.1" 502 157 "-" "Mozilla/5.0 AppleWebKit/537.36 (KHTML, like Gecko; compatible; GPTBot/1.2; +https://openai.com/gptbot)" [loc=US/-] [rt=0.000] [proto=HTTP/1.1:] [args=dm_action=domainmap-setup-cdsso] [ucs=MISS] [xpc=-] [uct=-] [gz=-] [br=-] [tls=-] [cipher=-] [scheme=http] [eorigin=-] welbornweb.com welbornweb.com vps38426.inmotionhosting.com 139
66.249.79.5 - - [18/Jun/2025:14:37:59 -0700] "GET /category/episode-042-engagement-vs-automation-rick-mulready-from-the-inside-social-media-podcast/feed/ HTTP/1.1" 502 157 "-" "Mozilla/5.0 (compatible; Googlebot/2.1; +http://www.google.com/bot.html)" [loc=US/Mountain View] [rt=0.001] [proto=HTTP/1.1:] [args=-] [ucs=MISS] [xpc=-] [uct=-] [gz=-] [br=-] [tls=TLSv1.3] [cipher=TLS_AES_256_GCM_SHA384] [scheme=https] [eorigin=-] definingsuccesspodcast.com definingsuccesspodcast.com vps38426.inmotionhosting.com 57
66.249.79.5 - - [18/Jun/2025:14:38:01 -0700] "GET /category/episode-078-start-a-small-scale-business-to-test-your-idea-ben-alexander-founder-of-balloon-distractions/feed/ HTTP/1.1" 502 157 "-" "Mozilla/5.0 (compatible; Googlebot/2.1; +http://www.google.com/bot.html)" [loc=US/Mountain View] [rt=0.000] [proto=HTTP/1.1:] [args=-] [ucs=MISS] [xpc=-] [uct=-] [gz=-] [br=-] [tls=TLSv1.3] [cipher=TLS_AES_256_GCM_SHA384] [scheme=https] [eorigin=-] definingsuccesspodcast.com definingsuccesspodcast.com vps38426.inmotionhosting.com 57
20.171.207.88 - - [18/Jun/2025:14:38:02 -0700] "GET /dm-sso-endpoint/1750130432/?dm_action=domainmap-setup-cdsso HTTP/1.1" 502 157 "-" "Mozilla/5.0 AppleWebKit/537.36 (KHTML, like Gecko; compatible; GPTBot/1.2; +https://openai.com/gptbot)" [loc=US/-] [rt=0.000] [proto=HTTP/1.1:] [args=dm_action=domainmap-setup-cdsso] [ucs=MISS] [xpc=-] [uct=-] [gz=-] [br=-] [tls=-] [cipher=-] [scheme=http] [eorigin=-] welbornweb.com welbornweb.com vps38426.inmotionhosting.com 139
66.249.79.5 - - [18/Jun/2025:14:38:03 -0700] "GET /category/episode-96-outside-your-comfort-zone-niveen-salem-multi-level-marketing-and-former-chevron-executive/feed/ HTTP/1.1" 502 157 "-" "Mozilla/5.0 (compatible; Googlebot/2.1; +http://www.google.com/bot.html)" [loc=US/Mountain View] [rt=0.000] [proto=HTTP/1.1:] [args=-] [ucs=MISS] [xpc=-] [uct=-] [gz=-] [br=-] [tls=TLSv1.3] [cipher=TLS_AES_256_GCM_SHA384] [scheme=https] [eorigin=-] definingsuccesspodcast.com definingsuccesspodcast.com vps38426.inmotionhosting.com 57
51.222.253.18 - - [18/Jun/2025:14:38:04 -0700] "GET /somerset-apartments-in-chino-announces-new-facebook-page/ HTTP/2.0" 502 157 "-" "Mozilla/5.0 (compatible; AhrefsBot/7.0; +http://ahrefs.com/robot/)" [loc=FR/-] [rt=0.000] [proto=HTTP/2.0:h2] [args=-] [ucs=MISS] [xpc=-] [uct=-] [gz=-] [br=-] [tls=TLSv1.3] [cipher=TLS_AES_256_GCM_SHA384] [scheme=https] [eorigin=-] somersetchino.com somersetchino.com vps38426.inmotionhosting.com 345
35.226.176.58 - - [18/Jun/2025:14:38:05 -0700] "HEAD /wordpress HTTP/1.1" 502 0 "-" "Mozilla/5.0 (Windows NT 10.0; Win64; x64) AppleWebKit/537.36 (KHTML, like Gecko) Chrome/74.0.3729.169 Safari/537.36" [loc=US/-] [rt=0.000] [proto=HTTP/1.1:] [args=-] [ucs=MISS] [xpc=-] [uct=-] [gz=-] [br=-] [tls=-] [cipher=-] [scheme=http] [eorigin=-] larrywelborn.com larrywelborn.com vps38426.inmotionhosting.com 347
35.226.176.58 - - [18/Jun/2025:14:38:05 -0700] "HEAD / HTTP/1.1" 502 0 "-" "Mozilla/5.0 (Windows NT 10.0; Win64; x64) AppleWebKit/537.36 (KHTML, like Gecko) Chrome/74.0.3729.169 Safari/537.36" [loc=US/-] [rt=0.000] [proto=HTTP/1.1:] [args=-] [ucs=MISS] [xpc=-] [uct=-] [gz=-] [br=-] [tls=-] [cipher=-] [scheme=http] [eorigin=-] larrywelborn.com larrywelborn.com vps38426.inmotionhosting.com 347
35.226.176.58 - - [18/Jun/2025:14:38:05 -0700] "HEAD /wp HTTP/1.1" 502 0 "-" "Mozilla/5.0 (Windows NT 10.0; Win64; x64) AppleWebKit/537.36 (KHTML, like Gecko) Chrome/74.0.3729.169 Safari/537.36" [loc=US/-] [rt=0.001] [proto=HTTP/1.1:] [args=-] [ucs=MISS] [xpc=-] [uct=-] [gz=-] [br=-] [tls=-] [cipher=-] [scheme=http] [eorigin=-] larrywelborn.com larrywelborn.com vps38426.inmotionhosting.com 347
35.226.176.58 - - [18/Jun/2025:14:38:05 -0700] "HEAD /bc HTTP/1.1" 502 0 "-" "Mozilla/5.0 (Windows NT 10.0; Win64; x64) AppleWebKit/537.36 (KHTML, like Gecko) Chrome/74.0.3729.169 Safari/537.36" [loc=US/-] [rt=0.000] [proto=HTTP/1.1:] [args=-] [ucs=MISS] [xpc=-] [uct=-] [gz=-] [br=-] [tls=-] [cipher=-] [scheme=http] [eorigin=-] larrywelborn.com larrywelborn.com vps38426.inmotionhosting.com 347
20.171.207.88 - - [18/Jun/2025:14:38:05 -0700] "GET /dm-sso-endpoint/1750124362/?dm_action=domainmap-setup-cdsso HTTP/1.1" 502 157 "-" "Mozilla/5.0 AppleWebKit/537.36 (KHTML, like Gecko; compatible; GPTBot/1.2; +https://openai.com/gptbot)" [loc=US/-] [rt=0.000] [proto=HTTP/1.1:] [args=dm_action=domainmap-setup-cdsso] [ucs=MISS] [xpc=-] [uct=-] [gz=-] [br=-] [tls=-] [cipher=-] [scheme=http] [eorigin=-] welbornweb.com welbornweb.com vps38426.inmotionhosting.com 139
35.226.176.58 - - [18/Jun/2025:14:38:05 -0700] "HEAD /bk HTTP/1.1" 502 0 "-" "Mozilla/5.0 (Windows NT 10.0; Win64; x64) AppleWebKit/537.36 (KHTML, like Gecko) Chrome/74.0.3729.169 Safari/537.36" [loc=US/-] [rt=0.000] [proto=HTTP/1.1:] [args=-] [ucs=MISS] [xpc=-] [uct=-] [gz=-] [br=-] [tls=-] [cipher=-] [scheme=http] [eorigin=-] larrywelborn.com larrywelborn.com vps38426.inmotionhosting.com 347
35.226.176.58 - - [18/Jun/2025:14:38:05 -0700] "HEAD /backup HTTP/1.1" 502 0 "-" "Mozilla/5.0 (Windows NT 10.0; Win64; x64) AppleWebKit/537.36 (KHTML, like Gecko) Chrome/74.0.3729.169 Safari/537.36" [loc=US/-] [rt=0.000] [proto=HTTP/1.1:] [args=-] [ucs=MISS] [xpc=-] [uct=-] [gz=-] [br=-] [tls=-] [cipher=-] [scheme=http] [eorigin=-] larrywelborn.com larrywelborn.com vps38426.inmotionhosting.com 347
35.226.176.58 - - [18/Jun/2025:14:38:05 -0700] "HEAD /old HTTP/1.1" 502 0 "-" "Mozilla/5.0 (Windows NT 10.0; Win64; x64) AppleWebKit/537.36 (KHTML, like Gecko) Chrome/74.0.3729.169 Safari/537.36" [loc=US/-] [rt=0.000] [proto=HTTP/1.1:] [args=-] [ucs=MISS] [xpc=-] [uct=-] [gz=-] [br=-] [tls=-] [cipher=-] [scheme=http] [eorigin=-] larrywelborn.com larrywelborn.com vps38426.inmotionhosting.com 347
35.226.176.58 - - [18/Jun/2025:14:38:05 -0700] "HEAD /new HTTP/1.1" 502 0 "-" "Mozilla/5.0 (Windows NT 10.0; Win64; x64) AppleWebKit/537.36 (KHTML, like Gecko) Chrome/74.0.3729.169 Safari/537.36" [loc=US/-] [rt=0.000] [proto=HTTP/1.1:] [args=-] [ucs=MISS] [xpc=-] [uct=-] [gz=-] [br=-] [tls=-] [cipher=-] [scheme=http] [eorigin=-] larrywelborn.com larrywelborn.com vps38426.inmotionhosting.com 347
35.226.176.58 - - [18/Jun/2025:14:38:05 -0700] "HEAD /main HTTP/1.1" 502 0 "-" "Mozilla/5.0 (Windows NT 10.0; Win64; x64) AppleWebKit/537.36 (KHTML, like Gecko) Chrome/74.0.3729.169 Safari/537.36" [loc=US/-] [rt=0.000] [proto=HTTP/1.1:] [args=-] [ucs=MISS] [xpc=-] [uct=-] [gz=-] [br=-] [tls=-] [cipher=-] [scheme=http] [eorigin=-] larrywelborn.com larrywelborn.com vps38426.inmotionhosting.com 347
35.226.176.58 - - [18/Jun/2025:14:38:06 -0700] "HEAD /home HTTP/1.1" 502 0 "-" "Mozilla/5.0 (Windows NT 10.0; Win64; x64) AppleWebKit/537.36 (KHTML, like Gecko) Chrome/74.0.3729.169 Safari/537.36" [loc=US/-] [rt=0.001] [proto=HTTP/1.1:] [args=-] [ucs=MISS] [xpc=-] [uct=-] [gz=-] [br=-] [tls=-] [cipher=-] [scheme=http] [eorigin=-] larrywelborn.com larrywelborn.com vps38426.inmotionhosting.com 347
129.211.215.233 - - [18/Jun/2025:14:38:08 -0700] "GET / HTTP/1.1" 502 157 "-" "Mozilla/5.0 (iPhone; CPU iPhone OS 13_2_3 like Mac OS X) AppleWebKit/605.1.15 (KHTML, like Gecko) Version/13.0.3 Mobile/15E148 Safari/604.1" [loc=CN/Beijing] [rt=0.000] [proto=HTTP/1.1:] [args=-] [ucs=MISS] [xpc=-] [uct=-] [gz=-] [br=-] [tls=-] [cipher=-] [scheme=http] [eorigin=-] wieeac.org www.wieeac.org vps38426.inmotionhosting.com 359
20.171.207.88 - - [18/Jun/2025:14:38:09 -0700] "GET /dm-sso-endpoint/1750126969/?dm_action=domainmap-setup-cdsso HTTP/1.1" 502 157 "-" "Mozilla/5.0 AppleWebKit/537.36 (KHTML, like Gecko; compatible; GPTBot/1.2; +https://openai.com/gptbot)" [loc=US/-] [rt=0.000] [proto=HTTP/1.1:] [args=dm_action=domainmap-setup-cdsso] [ucs=MISS] [xpc=-] [uct=-] [gz=-] [br=-] [tls=-] [cipher=-] [scheme=http] [eorigin=-] welbornweb.com welbornweb.com vps38426.inmotionhosting.com 139
20.171.207.88 - - [18/Jun/2025:14:38:12 -0700] "GET /dm-sso-endpoint/1750120453/?dm_action=domainmap-setup-cdsso HTTP/1.1" 502 157 "-" "Mozilla/5.0 AppleWebKit/537.36 (KHTML, like Gecko; compatible; GPTBot/1.2; +https://openai.com/gptbot)" [loc=US/-] [rt=0.000] [proto=HTTP/1.1:] [args=dm_action=domainmap-setup-cdsso] [ucs=MISS] [xpc=-] [uct=-] [gz=-] [br=-] [tls=-] [cipher=-] [scheme=http] [eorigin=-] welbornweb.com welbornweb.com vps38426.inmotionhosting.com 139
66.249.79.5 - - [18/Jun/2025:14:38:15 -0700] "GET /category/episode-037-balancing-your-work-and-personal-life-alex-navas-from-alexnavas-com/feed/ HTTP/1.1" 502 157 "-" "Mozilla/5.0 (compatible; Googlebot/2.1; +http://www.google.com/bot.html)" [loc=US/Mountain View] [rt=0.000] [proto=HTTP/1.1:] [args=-] [ucs=MISS] [xpc=-] [uct=-] [gz=-] [br=-] [tls=TLSv1.3] [cipher=TLS_AES_256_GCM_SHA384] [scheme=https] [eorigin=-] definingsuccesspodcast.com definingsuccesspodcast.com vps38426.inmotionhosting.com 57
20.171.207.88 - - [18/Jun/2025:14:38:16 -0700] "GET /dm-sso-endpoint/1750123405/?dm_action=domainmap-setup-cdsso HTTP/1.1" 502 157 "-" "Mozilla/5.0 AppleWebKit/537.36 (KHTML, like Gecko; compatible; GPTBot/1.2; +https://openai.com/gptbot)" [loc=US/-] [rt=0.000] [proto=HTTP/1.1:] [args=dm_action=domainmap-setup-cdsso] [ucs=MISS] [xpc=-] [uct=-] [gz=-] [br=-] [tls=-] [cipher=-] [scheme=http] [eorigin=-] welbornweb.com welbornweb.com vps38426.inmotionhosting.com 139
129.211.215.233 - - [18/Jun/2025:14:38:18 -0700] "GET / HTTP/1.1" 502 157 "http://www.wieeac.com" "Mozilla/5.0 (iPhone; CPU iPhone OS 13_2_3 like Mac OS X) AppleWebKit/605.1.15 (KHTML, like Gecko) Version/13.0.3 Mobile/15E148 Safari/604.1" [loc=CN/Beijing] [rt=0.001] [proto=HTTP/1.1:] [args=-] [ucs=MISS] [xpc=-] [uct=-] [gz=-] [br=-] [tls=TLSv1.3] [cipher=TLS_AES_256_GCM_SHA384] [scheme=https] [eorigin=-] wieeac.org wieeac.org vps38426.inmotionhosting.com 365
20.171.207.88 - - [18/Jun/2025:14:38:19 -0700] "GET /dm-sso-endpoint/1750137965/?dm_action=domainmap-setup-cdsso HTTP/1.1" 502 157 "-" "Mozilla/5.0 AppleWebKit/537.36 (KHTML, like Gecko; compatible; GPTBot/1.2; +https://openai.com/gptbot)" [loc=US/-] [rt=0.000] [proto=HTTP/1.1:] [args=dm_action=domainmap-setup-cdsso] [ucs=MISS] [xpc=-] [uct=-] [gz=-] [br=-] [tls=-] [cipher=-] [scheme=http] [eorigin=-] welbornweb.com welbornweb.com vps38426.inmotionhosting.com 139
20.171.207.88 - - [18/Jun/2025:14:38:23 -0700] "GET /dm-sso-endpoint/1750127453/?dm_action=domainmap-setup-cdsso HTTP/1.1" 502 157 "-" "Mozilla/5.0 AppleWebKit/537.36 (KHTML, like Gecko; compatible; GPTBot/1.2; +https://openai.com/gptbot)" [loc=US/-] [rt=0.000] [proto=HTTP/1.1:] [args=dm_action=domainmap-setup-cdsso] [ucs=MISS] [xpc=-] [uct=-] [gz=-] [br=-] [tls=-] [cipher=-] [scheme=http] [eorigin=-] welbornweb.com welbornweb.com vps38426.inmotionhosting.com 139
66.249.79.5 - - [18/Jun/2025:14:38:25 -0700] "GET /category/episode-81-twitter-and-relationship-building-john-sparks-owner-of-online-imageworks/feed/ HTTP/1.1" 502 157 "-" "Mozilla/5.0 (compatible; Googlebot/2.1; +http://www.google.com/bot.html)" [loc=US/Mountain View] [rt=0.000] [proto=HTTP/1.1:] [args=-] [ucs=MISS] [xpc=-] [uct=-] [gz=-] [br=-] [tls=TLSv1.3] [cipher=TLS_AES_256_GCM_SHA384] [scheme=https] [eorigin=-] definingsuccesspodcast.com definingsuccesspodcast.com vps38426.inmotionhosting.com 57
114.119.135.251 - - [18/Jun/2025:14:38:26 -0700] "GET /?s=%E5%A4%AA%E6%9E%81%E9%97%A8%E9%A9%AC%E5%AE%81%E5%84%BF%E7%9A%84%E7%BB%93%E5%B1%80-%E3%80%90%E2%9C%94%EF%B8%8F%E6%8E%A8%E8%8D%90BB76%C2%B7CC%E2%9C%94%EF%B8%8F%E3%80%91-%E7%AB%AD%E5%90%8C%E9%9F%B3%E5%AD%97%E7%BB%84%E8%AF%8D-%E5%A4%AA%E6%9E%81%E9%97%A8%E9%A9%AC%E5%AE%81%E5%84%BF%E7%9A%84%E7%BB%93%E5%B1%80bo4px-%E3%80%90%E2%9C%94%EF%B8%8F%E6%8E%A8%E8%8D%90BB76%C2%B7CC%E2%9C%94%EF%B8%8F%E3%80%91-%E7%AB%AD%E5%90%8C%E9%9F%B3%E5%AD%97%E7%BB%84%E8%AF%8Dqc9z-%E5%A4%AA%E6%9E%81%E9%97%A8%E9%A9%AC%E5%AE%81%E5%84%BF%E7%9A%84%E7%BB%93%E5%B1%803eqih-%E7%AB%AD%E5%90%8C%E9%9F%B3%E5%AD%97%E7%BB%84%E8%AF%8Dn564 HTTP/1.1" 502 157 "https://definingsuccesspodcast.com/?s=%E5%A4%AA%E6%9E%81%E9%97%A8%E9%A9%AC%E5%AE%81%E5%84%BF%E7%9A%84%E7%BB%93%E5%B1%80-%E3%80%90%E2%9C%94%EF%B8%8F%E6%8E%A8%E8%8D%90BB76%C2%B7CC%E2%9C%94%EF%B8%8F%E3%80%91-%E7%AB%AD%E5%90%8C%E9%9F%B3%E5%AD%97%E7%BB%84%E8%AF%8D-%E5%A4%AA%E6%9E%81%E9%97%A8%E9%A9%AC%E5%AE%81%E5%84%BF%E7%9A%84%E7%BB%93%E5%B1%80bo4px-%E3%80%90%E2%9C%94%EF%B8%8F%E6%8E%A8%E8%8D%90BB76%C2%B7CC%E2%9C%94%EF%B8%8F%E3%80%91-%E7%AB%AD%E5%90%8C%E9%9F%B3%E5%AD%97%E7%BB%84%E8%AF%8Dqc9z-%E5%A4%AA%E6%9E%81%E9%97%A8%E9%A9%AC%E5%AE%81%E5%84%BF%E7%9A%84%E7%BB%93%E5%B1%803eqih-%E7%AB%AD%E5%90%8C%E9%9F%B3%E5%AD%97%E7%BB%84%E8%AF%8Dn564" "Mozilla/5.0 (Linux; Android 7.0;) AppleWebKit/537.36 (KHTML, like Gecko) Mobile Safari/537.36 (compatible; PetalBot;+https://webmaster.petalsearch.com/site/petalbot)" [loc=CN/-] [rt=0.000] [proto=HTTP/1.1:] [args=s=%E5%A4%AA%E6%9E%81%E9%97%A8%E9%A9%AC%E5%AE%81%E5%84%BF%E7%9A%84%E7%BB%93%E5%B1%80-%E3%80%90%E2%9C%94%EF%B8%8F%E6%8E%A8%E8%8D%90BB76%C2%B7CC%E2%9C%94%EF%B8%8F%E3%80%91-%E7%AB%AD%E5%90%8C%E9%9F%B3%E5%AD%97%E7%BB%84%E8%AF%8D-%E5%A4%AA%E6%9E%81%E9%97%A8%E9%A9%AC%E5%AE%81%E5%84%BF%E7%9A%84%E7%BB%93%E5%B1%80bo4px-%E3%80%90%E2%9C%94%EF%B8%8F%E6%8E%A8%E8%8D%90BB76%C2%B7CC%E2%9C%94%EF%B8%8F%E3%80%91-%E7%AB%AD%E5%90%8C%E9%9F%B3%E5%AD%97%E7%BB%84%E8%AF%8Dqc9z-%E5%A4%AA%E6%9E%81%E9%97%A8%E9%A9%AC%E5%AE%81%E5%84%BF%E7%9A%84%E7%BB%93%E5%B1%803eqih-%E7%AB%AD%E5%90%8C%E9%9F%B3%E5%AD%97%E7%BB%84%E8%AF%8Dn564] [ucs=MISS] [xpc=-] [uct=-] [gz=-] [br=-] [tls=TLSv1.3] [cipher=TLS_AES_256_GCM_SHA384] [scheme=https] [eorigin=-] definingsuccesspodcast.com definingsuccesspodcast.com vps38426.inmotionhosting.com 370
20.171.207.88 - - [18/Jun/2025:14:38:26 -0700] "GET /dm-sso-endpoint/1750137046/?dm_action=domainmap-setup-cdsso HTTP/1.1" 502 157 "-" "Mozilla/5.0 AppleWebKit/537.36 (KHTML, like Gecko; compatible; GPTBot/1.2; +https://openai.com/gptbot)" [loc=US/-] [rt=0.000] [proto=HTTP/1.1:] [args=dm_action=domainmap-setup-cdsso] [ucs=MISS] [xpc=-] [uct=-] [gz=-] [br=-] [tls=-] [cipher=-] [scheme=http] [eorigin=-] welbornweb.com welbornweb.com vps38426.inmotionhosting.com 139
