164.92.242.122 - - [18/Jun/2025:15:34:30 -0700] "GET /odinhttpcall1750286069 HTTP/1.1" 444 0 "-" "Mozilla/5.0 (compatible; Odin; https://docs.getodin.com/)" [loc=US/Denver] [rt=0.000] [proto=HTTP/1.1:] [args=-] [ucs=-] [xpc=-] [uct=-] [gz=-] [br=-] [tls=-] [cipher=-] [scheme=http] [eorigin=-] _ 144.208.65.39 vps38426.inmotionhosting.com 3170
164.92.242.122 - - [18/Jun/2025:15:34:30 -0700] "POST /sdk HTTP/1.1" 444 0 "-" "Mozilla/5.0 (compatible; Odin; https://docs.getodin.com/)" [loc=US/Denver] [rt=0.000] [proto=HTTP/1.1:] [args=-] [ucs=-] [xpc=-] [uct=-] [gz=-] [br=-] [tls=-] [cipher=-] [scheme=http] [eorigin=-] _ 144.208.65.39 vps38426.inmotionhosting.com 3171
164.92.242.122 - - [18/Jun/2025:15:34:30 -0700] "GET / HTTP/1.0" 444 0 "-" "-" [loc=US/Denver] [rt=0.000] [proto=HTTP/1.0:] [args=-] [ucs=-] [xpc=-] [uct=-] [gz=-] [br=-] [tls=-] [cipher=-] [scheme=http] [eorigin=-] _ - vps38426.inmotionhosting.com 3172
164.92.242.122 - - [18/Jun/2025:15:34:30 -0700] "\x16\x03\x01\x02\x00\x01\x00\x01\xFC\x03\x03\x00\xEA\x04\xC7\x1D\xB5\xB1\xEF\xCAi\xB8M\xCF\xE3\xD9+T \x98\xE1]S\x14k\xD9,->\x9F\xFE\xB6\x97 \x8F\xA9\xAA\xAD.)k%\xE9\xD9E\xE8\x144\xFBs\x870\xDD1g\xAFJ~\x9B\xAF\xE9.\xF1\xA3\xA7\xED\x00\x96\x13\x02\x13\x03\x13\x01\x003\x009\x005\x00/\xC0,\xC00\x00\xA3\x00\x9F\xCC\xA9\xCC\xA8\xCC\xAA\xC0\xAF\xC0\xAD\xC0\xA3\xC0\x9F\xC0]\xC0a\xC0W\xC0S\xC0+\xC0/\x00\xA2\x00\x9E\xC0\xAE\xC0\xAC\xC0\xA2\xC0\x9E\xC0\x5C\xC0`\xC0V\xC0R\xC0$\xC0(\x00k\x00j\xC0s\xC0w\x00\xC4\x00\xC3\xC0#\xC0'\x00g\x00@\xC0r\xC0v\x00\xBE\x00\xBD\xC0" 400 157 "-" "-" [loc=US/Denver] [rt=0.141] [proto=-:] [args=-] [ucs=-] [xpc=-] [uct=-] [gz=-] [br=-] [tls=-] [cipher=-] [scheme=http] [eorigin=-] _ - vps38426.inmotionhosting.com 3173
164.92.242.122 - - [18/Jun/2025:15:34:30 -0700] "\x16\x03\x01\x02\x00\x01\x00\x01\xFC\x03\x03Z\x9C\xA1\x0C:\xF4\xE9\xDF\xA7\xD8\x19]pNX\xC0&#\x0F\xD8Lp\x86\xB4\x04]o\xAFJ\xB8k\xAE \xC9'\x11\xA0\xEE\x87\xBBk'g\xFB\xD2\xA8h" 400 157 "-" "-" [loc=US/Denver] [rt=0.145] [proto=-:] [args=-] [ucs=-] [xpc=-] [uct=-] [gz=-] [br=-] [tls=-] [cipher=-] [scheme=http] [eorigin=-] _ - vps38426.inmotionhosting.com 3174
164.92.242.122 - - [18/Jun/2025:15:34:30 -0700] "\x16\x03\x01\x02\x00\x01\x00\x01\xFC\x03\x03\xCF\xA5\xBD\x8B\x0B\xB4a\x00\x1A\xC2\x95\x8C\x08\xCA\x90L\xE6\x17\xA4\xF3t\xB4\xE5@4\x14\xE6\x8A>M \xEE 5\xFCCT\x81\xECB\xFD\x04\xAD\x10\xEA\xE3v\xB2\x92]\xE7+\x1B\x14+\xBD\xD8\x0BSN\x19\x11W\xA6\xB5\x00\x96\x13\x02\x13\x03\x13\x01\x003\x009\x005\x00/\xC0,\xC00\x00\xA3\x00\x9F\xCC\xA9\xCC\xA8\xCC\xAA\xC0\xAF\xC0\xAD\xC0\xA3\xC0\x9F\xC0]\xC0a\xC0W\xC0S\xC0+\xC0/\x00\xA2\x00\x9E\xC0\xAE\xC0\xAC\xC0\xA2\xC0\x9E\xC0\x5C\xC0`\xC0V\xC0R\xC0$\xC0(\x00k\x00j\xC0s\xC0w\x00\xC4\x00\xC3\xC0#\xC0'\x00g\x00@\xC0r\xC0v\x00\xBE\x00\xBD\xC0" 400 157 "-" "-" [loc=US/Denver] [rt=0.140] [proto=-:] [args=-] [ucs=-] [xpc=-] [uct=-] [gz=-] [br=-] [tls=-] [cipher=-] [scheme=http] [eorigin=-] _ - vps38426.inmotionhosting.com 3175
164.92.242.122 - - [18/Jun/2025:15:34:30 -0700] "\x16\x03\x01\x02\x00\x01\x00\x01\xFC\x03\x03\x15$\x8BJM" 400 157 "-" "-" [loc=US/Denver] [rt=0.148] [proto=-:] [args=-] [ucs=-] [xpc=-] [uct=-] [gz=-] [br=-] [tls=-] [cipher=-] [scheme=http] [eorigin=-] _ - vps38426.inmotionhosting.com 3176
164.92.242.122 - - [18/Jun/2025:15:34:30 -0700] "\x16\x03\x01\x02\x00\x01\x00\x01\xFC\x03\x031{\xC4B\x83P\x874\x18,\xC3\x9E<\x91\xC6D\xFA\x01>\x94Sk\x97{5w\x15\x06\xAB#(\xCB d\xA5d{\x85Z\xD9\x0Ev2d\x97\xC0\xBC$\xBF\xE3\xF6\x89\x027\x85C\xBC\xFA\xC8{\xACSVh\x15\x00\x96\x13\x02\x13\x03\x13\x01\x003\x009\x005\x00/\xC0,\xC00\x00\xA3\x00\x9F\xCC\xA9\xCC\xA8\xCC\xAA\xC0\xAF\xC0\xAD\xC0\xA3\xC0\x9F\xC0]\xC0a\xC0W\xC0S\xC0+\xC0/\x00\xA2\x00\x9E\xC0\xAE\xC0\xAC\xC0\xA2\xC0\x9E\xC0\x5C\xC0`\xC0V\xC0R\xC0$\xC0(\x00k\x00j\xC0s\xC0w\x00\xC4\x00\xC3\xC0#\xC0'\x00g\x00@\xC0r\xC0v\x00\xBE\x00\xBD\xC0" 400 157 "-" "-" [loc=US/Denver] [rt=0.147] [proto=-:] [args=-] [ucs=-] [xpc=-] [uct=-] [gz=-] [br=-] [tls=-] [cipher=-] [scheme=http] [eorigin=-] _ - vps38426.inmotionhosting.com 3177
164.92.242.122 - - [18/Jun/2025:15:34:30 -0700] "\x16\x03\x01\x02\x00\x01\x00\x01\xFC\x03\x033\xC4\xEB\x91\xC8d\xCA\xD0\xEC\xFB\xC0\xD4E\xB0\x00\x03\xDAqB\xA3\xEC\xBCO+F\xDDr" 400 157 "-" "-" [loc=US/Denver] [rt=0.146] [proto=-:] [args=-] [ucs=-] [xpc=-] [uct=-] [gz=-] [br=-] [tls=-] [cipher=-] [scheme=http] [eorigin=-] _ - vps38426.inmotionhosting.com 3178
164.92.242.122 - - [18/Jun/2025:15:34:31 -0700] "\x16\x03\x01\x02\x00\x01\x00\x01\xFC\x03\x03^\xD0\x9C\xD1\x09\xF6\x09\xF5X\xF8\x16\xEE\xE5\xCDna\xF2M\xC7z\xD0\x82\xBB\x13\x028D2 \xCAz( \x11\xE7\xC70\xEF\x92\xCD \x05\xF0H\xC4:w\xFD\xF8\xA9V\xD0\x8F/\x14d\xA0\xC9\x9B\x82r\x9D\x92\xA0" 400 157 "-" "-" [loc=US/Denver] [rt=0.149] [proto=-:] [args=-] [ucs=-] [xpc=-] [uct=-] [gz=-] [br=-] [tls=-] [cipher=-] [scheme=http] [eorigin=-] _ - vps38426.inmotionhosting.com 3179
164.92.242.122 - - [18/Jun/2025:15:34:31 -0700] "\x16\x03\x01\x02\x00\x01\x00\x01\xFC\x03\x03'\xEE\xEF9\x87\xBE\xB3\xBE/\x04\x90V<\xACfl\x16u\x02\xB1\x5C\xD2\xB7x\xD8\xD5]\xC5G5?\xA5 T\x9B\x95\x92\xB7DI\xA4\xFA\xEE\xEC\x03e|\x9F26e\x9C\x80\xEC \xD2\xFE\xA6\xB5\x9C\xF4u\xA1M\xE3\x00\x96\x13\x02\x13\x03\x13\x01\x003\x009\x005\x00/\xC0,\xC00\x00\xA3\x00\x9F\xCC\xA9\xCC\xA8\xCC\xAA\xC0\xAF\xC0\xAD\xC0\xA3\xC0\x9F\xC0]\xC0a\xC0W\xC0S\xC0+\xC0/\x00\xA2\x00\x9E\xC0\xAE\xC0\xAC\xC0\xA2\xC0\x9E\xC0\x5C\xC0`\xC0V\xC0R\xC0$\xC0(\x00k\x00j\xC0s\xC0w\x00\xC4\x00\xC3\xC0#\xC0'\x00g\x00@\xC0r\xC0v\x00\xBE\x00\xBD\xC0" 400 157 "-" "-" [loc=US/Denver] [rt=0.150] [proto=-:] [args=-] [ucs=-] [xpc=-] [uct=-] [gz=-] [br=-] [tls=-] [cipher=-] [scheme=http] [eorigin=-] _ - vps38426.inmotionhosting.com 3180
164.92.242.122 - - [18/Jun/2025:15:34:31 -0700] "\x16\x03\x01\x02\x00\x01\x00\x01\xFC\x03\x03\xC5\xB8\xECQ~]j\xA6\xF4\xF03\x90=\xAFH\xB4s\x18>}\xDAR'\xC8rn\xBD\x08N\xE9\x83\x8A \xD5D\x9E\xD0'5a7z\x8F\xB7\x00 \x15\x8E/1\x19t\x92M\x97\xF3\x8F\x0F\xCF\x86\xF6\xA4&;\xF6\x00\x96\x13\x02\x13\x03\x13\x01\x003\x009\x005\x00/\xC0,\xC00\x00\xA3\x00\x9F\xCC\xA9\xCC\xA8\xCC\xAA\xC0\xAF\xC0\xAD\xC0\xA3\xC0\x9F\xC0]\xC0a\xC0W\xC0S\xC0+\xC0/\x00\xA2\x00\x9E\xC0\xAE\xC0\xAC\xC0\xA2\xC0\x9E\xC0\x5C\xC0`\xC0V\xC0R\xC0$\xC0(\x00k\x00j\xC0s\xC0w\x00\xC4\x00\xC3\xC0#\xC0'\x00g\x00@\xC0r\xC0v\x00\xBE\x00\xBD\xC0" 400 157 "-" "-" [loc=US/Denver] [rt=0.152] [proto=-:] [args=-] [ucs=-] [xpc=-] [uct=-] [gz=-] [br=-] [tls=-] [cipher=-] [scheme=http] [eorigin=-] _ - vps38426.inmotionhosting.com 3181
104.210.140.139 - - [18/Jun/2025:15:34:31 -0700] "GET /robots.txt HTTP/2.0" 502 559 "-" "Mozilla/5.0 (Macintosh; Intel Mac OS X 10_15_7) AppleWebKit/537.36 (KHTML, like Gecko) Chrome/131.0.0.0 Safari/537.36; compatible; OAI-SearchBot/1.0; +https://openai.com/searchbot" [loc=US/San Antonio] [rt=0.001] [proto=HTTP/2.0:h2] [args=-] [ucs=MISS] [xpc=-] [uct=-] [gz=-] [br=-] [tls=TLSv1.3] [cipher=TLS_AES_256_GCM_SHA384] [scheme=https] [eorigin=-] welbornmedia.com welbornmedia.com vps38426.inmotionhosting.com 3182
164.92.242.122 - - [18/Jun/2025:15:34:31 -0700] "\x16\x03\x01\x02\x00\x01\x00\x01\xFC\x03\x03_\x9AA\xEB\xBDU\xCA\xFC\xE6\xC7\xB7m3}\xE8\x9Eo\xD5\x97\x97\xEA5\xCEl\xA8\xA0T\xC6" 400 157 "-" "-" [loc=US/Denver] [rt=0.148] [proto=-:] [args=-] [ucs=-] [xpc=-] [uct=-] [gz=-] [br=-] [tls=-] [cipher=-] [scheme=http] [eorigin=-] _ - vps38426.inmotionhosting.com 3183
164.92.242.122 - - [18/Jun/2025:15:34:31 -0700] "\x16\x03\x01\x02\x00\x01\x00\x01\xFC\x03\x03\xCA\xE36`\x8F\x9Ac\xC2%1\x1D\xBA\xD5\x96\xBD\x11\xF3\xBF\xC0\xD8\x83\xA8T\xB6\xA4qq\x03\x96\x16\xDCg \xFDj\xB6A\x87w\x958.\x1D-i\xE0)\xE4\xB8\xD7\x89\xE0\xD8?\xF8\x00" 400 157 "-" "-" [loc=US/Denver] [rt=0.150] [proto=-:] [args=-] [ucs=-] [xpc=-] [uct=-] [gz=-] [br=-] [tls=-] [cipher=-] [scheme=http] [eorigin=-] _ - vps38426.inmotionhosting.com 3184
34.196.51.17 - - [18/Jun/2025:15:34:31 -0700] "HEAD / HTTP/1.1" 200 0 "http://ruschianana.com/" "WPMUDEV Uptime Monitor 5.0 (https://wpmudev.com)" [loc=US/Ashburn] [rt=0.001] [proto=HTTP/1.1:] [args=-] [ucs=STALE] [xpc=STALE] [uct=-] [gz=-] [br=-] [tls=-] [cipher=-] [scheme=http] [eorigin=-] ruschianana.com ruschianana.com vps38426.inmotionhosting.com 3186
164.92.242.122 - - [18/Jun/2025:15:34:31 -0700] "\x16\x03\x01\x02\x00\x01\x00\x01\xFC\x03\x03i\x92\xF1B\xB2\x02\xC0\xFB\xFE\x03\xB9T\xCF\xC6\x08M\xA0O|44a\xBC[(\x12\xC8\x84<" 400 157 "-" "-" [loc=US/Denver] [rt=0.145] [proto=-:] [args=-] [ucs=-] [xpc=-] [uct=-] [gz=-] [br=-] [tls=-] [cipher=-] [scheme=http] [eorigin=-] _ - vps38426.inmotionhosting.com 3187
104.210.140.139 - - [18/Jun/2025:15:34:31 -0700] "GET /robots.txt HTTP/2.0" 502 559 "-" "Mozilla/5.0 (Macintosh; Intel Mac OS X 10_15_7) AppleWebKit/537.36 (KHTML, like Gecko) Chrome/131.0.0.0 Safari/537.36; compatible; OAI-SearchBot/1.0; +https://openai.com/searchbot" [loc=US/San Antonio] [rt=0.000] [proto=HTTP/2.0:h2] [args=-] [ucs=MISS] [xpc=-] [uct=-] [gz=-] [br=-] [tls=TLSv1.3] [cipher=TLS_AES_256_GCM_SHA384] [scheme=https] [eorigin=-] welbornmedia.com welbornmedia.com vps38426.inmotionhosting.com 3189
164.92.242.122 - - [18/Jun/2025:15:34:31 -0700] "\x16\x03\x01\x02\x00\x01\x00\x01\xFC\x03\x03\x99\xE4L\xEB]\xA4\x875\x15\xD7Z\xFBq\xA7\xAE\xC8X\x16\x7FD\xB7\xF6\xA5\xA6<(!c\xF9\xAE\xE5\xFA \x91s\xA46" 400 157 "-" "-" [loc=US/Denver] [rt=0.147] [proto=-:] [args=-] [ucs=-] [xpc=-] [uct=-] [gz=-] [br=-] [tls=-] [cipher=-] [scheme=http] [eorigin=-] _ - vps38426.inmotionhosting.com 3190
164.92.242.122 - - [18/Jun/2025:15:34:31 -0700] "\x16\x03\x01\x02\x00\x01\x00\x01\xFC\x03\x03\x17\xC2\xE9\x06a\xB2\x16\xA9\xA9" 400 157 "-" "-" [loc=US/Denver] [rt=0.151] [proto=-:] [args=-] [ucs=-] [xpc=-] [uct=-] [gz=-] [br=-] [tls=-] [cipher=-] [scheme=http] [eorigin=-] _ - vps38426.inmotionhosting.com 3191
164.92.242.122 - - [18/Jun/2025:15:34:31 -0700] "\x16\x03\x01\x02\x00\x01\x00\x01\xFC\x03\x03H\xFA\xED\x83\x18d\xE3C\xC9v\xF0p\xEE\x5C\xF3\xA0+A\xB9W\xAB\xA3<\xA2,o^\xBBP\xE7\xE41 \x84\xE7\xDB\xEA\x99w \xAB\xBE\xD2\x16\xD65l\xC9(\xBCw\x19N\x19V&\x9C\x14;\x13/|\xD82 \x00\x96\x13\x02\x13\x03\x13\x01\x003\x009\x005\x00/\xC0,\xC00\x00\xA3\x00\x9F\xCC\xA9\xCC\xA8\xCC\xAA\xC0\xAF\xC0\xAD\xC0\xA3\xC0\x9F\xC0]\xC0a\xC0W\xC0S\xC0+\xC0/\x00\xA2\x00\x9E\xC0\xAE\xC0\xAC\xC0\xA2\xC0\x9E\xC0\x5C\xC0`\xC0V\xC0R\xC0$\xC0(\x00k\x00j\xC0s\xC0w\x00\xC4\x00\xC3\xC0#\xC0'\x00g\x00@\xC0r\xC0v\x00\xBE\x00\xBD\xC0" 400 157 "-" "-" [loc=US/Denver] [rt=0.148] [proto=-:] [args=-] [ucs=-] [xpc=-] [uct=-] [gz=-] [br=-] [tls=-] [cipher=-] [scheme=http] [eorigin=-] _ - vps38426.inmotionhosting.com 3192
164.92.242.122 - - [18/Jun/2025:15:34:32 -0700] "GET /odinhttpcall1750286069 HTTP/1.1" 444 0 "-" "Mozilla/5.0 (compatible; Odin; https://docs.getodin.com/)" [loc=US/Denver] [rt=0.000] [proto=HTTP/1.1:] [args=-] [ucs=-] [xpc=-] [uct=-] [gz=-] [br=-] [tls=-] [cipher=-] [scheme=http] [eorigin=-] _ 144.208.65.39 vps38426.inmotionhosting.com 3195
164.92.242.122 - - [18/Jun/2025:15:34:32 -0700] "GET /HNAP1 HTTP/1.1" 444 0 "-" "Mozilla/5.0 (compatible; Odin; https://docs.getodin.com/)" [loc=US/Denver] [rt=0.000] [proto=HTTP/1.1:] [args=-] [ucs=-] [xpc=-] [uct=-] [gz=-] [br=-] [tls=-] [cipher=-] [scheme=http] [eorigin=-] _ 144.208.65.39 vps38426.inmotionhosting.com 3194
164.92.242.122 - - [18/Jun/2025:15:34:32 -0700] "\x16\x03\x01\x02\x00\x01\x00\x01\xFC\x03\x03\x1E\xC5w$\xF9\x1A+\xD4\xA4LS\x85\x136\xF9e\xA7\x08\x09\xE0r\xA3\x01\xBA\xAB\xE0nDc\x94\xB1\xF6 \xFF\x8Bw\xDD\xD5\xD3\xE9\x22G\xB08\xF0\xA0FP\xC5zg\xFD5t\xF0\x92Du\xFF\x83N\xA0-\x14\x84\x00\x96\x13\x02\x13\x03\x13\x01\x003\x009\x005\x00/\xC0,\xC00\x00\xA3\x00\x9F\xCC\xA9\xCC\xA8\xCC\xAA\xC0\xAF\xC0\xAD\xC0\xA3\xC0\x9F\xC0]\xC0a\xC0W\xC0S\xC0+\xC0/\x00\xA2\x00\x9E\xC0\xAE\xC0\xAC\xC0\xA2\xC0\x9E\xC0\x5C\xC0`\xC0V\xC0R\xC0$\xC0(\x00k\x00j\xC0s\xC0w\x00\xC4\x00\xC3\xC0#\xC0'\x00g\x00@\xC0r\xC0v\x00\xBE\x00\xBD\xC0" 400 157 "-" "-" [loc=US/Denver] [rt=0.149] [proto=-:] [args=-] [ucs=-] [xpc=-] [uct=-] [gz=-] [br=-] [tls=-] [cipher=-] [scheme=http] [eorigin=-] _ - vps38426.inmotionhosting.com 3197
164.92.242.122 - - [18/Jun/2025:15:34:32 -0700] "\x16\x03\x01\x02\x00\x01\x00\x01\xFC\x03\x03\xFDsc\xFD\xC1\xA6j\xB4\xE5\x9C\xA4]\xA0 N\x9B1\xB2\xDE!\xF9P\x91L" 400 157 "-" "-" [loc=US/Denver] [rt=0.150] [proto=-:] [args=-] [ucs=-] [xpc=-] [uct=-] [gz=-] [br=-] [tls=-] [cipher=-] [scheme=http] [eorigin=-] _ - vps38426.inmotionhosting.com 3198
164.92.242.122 - - [18/Jun/2025:15:34:32 -0700] "\x16\x03\x01\x02\x00\x01\x00\x01\xFC\x03\x03\x9B\x03\xD8\xB6\xA2\x9F,\x0C\xB7\x9Cc\xEB2\xBE\xEF\x98\x8E\xD2\xB4\xC0\x938\xB4IW\x84A\xE7\x93+!8 \x82\xEEF\xFA\xB0\xCBc\xC9\x9F^a\x0EPe\xD0\xAC\xDFB,\x88\xCC\x98q\xDDN\xE1\xACd\xB0\x18\xD7\xFD\x00\x96\x13\x02\x13\x03\x13\x01\x003\x009\x005\x00/\xC0,\xC00\x00\xA3\x00\x9F\xCC\xA9\xCC\xA8\xCC\xAA\xC0\xAF\xC0\xAD\xC0\xA3\xC0\x9F\xC0]\xC0a\xC0W\xC0S\xC0+\xC0/\x00\xA2\x00\x9E\xC0\xAE\xC0\xAC\xC0\xA2\xC0\x9E\xC0\x5C\xC0`\xC0V\xC0R\xC0$\xC0(\x00k\x00j\xC0s\xC0w\x00\xC4\x00\xC3\xC0#\xC0'\x00g\x00@\xC0r\xC0v\x00\xBE\x00\xBD\xC0" 400 157 "-" "-" [loc=US/Denver] [rt=0.152] [proto=-:] [args=-] [ucs=-] [xpc=-] [uct=-] [gz=-] [br=-] [tls=-] [cipher=-] [scheme=http] [eorigin=-] _ - vps38426.inmotionhosting.com 3199
164.92.242.122 - - [18/Jun/2025:15:34:32 -0700] "\x16\x03\x01\x02\x00\x01\x00\x01\xFC\x03\x03\x99\x1Eo\xD8\x12c\x96\xBB=t\x8F\x9F)\xFA\xCD\xE987cN\xA5\xB0\xFC\x1A$(\xD8\x031\xB9q\xC1 \xC5\x0B\x84\xA5\xBE\xF7\xAA" 400 157 "-" "-" [loc=US/Denver] [rt=0.146] [proto=-:] [args=-] [ucs=-] [xpc=-] [uct=-] [gz=-] [br=-] [tls=-] [cipher=-] [scheme=http] [eorigin=-] _ - vps38426.inmotionhosting.com 3200
34.196.51.17 - - [18/Jun/2025:15:34:32 -0700] "HEAD / HTTP/1.1" 502 0 "https://welbornmedia.com/" "WPMUDEV Uptime Monitor 5.0 (https://wpmudev.com)" [loc=US/Ashburn] [rt=0.000] [proto=HTTP/1.1:] [args=-] [ucs=MISS] [xpc=-] [uct=-] [gz=-] [br=-] [tls=TLSv1.3] [cipher=TLS_AES_256_GCM_SHA384] [scheme=https] [eorigin=-] welbornmedia.com welbornmedia.com vps38426.inmotionhosting.com 3196
164.92.242.122 - - [18/Jun/2025:15:34:33 -0700] "\x16\x03\x01\x02\x00\x01\x00\x01\xFC\x03\x03[^\x1E^\x132\xF2\xE9yX_}\x14\xD0*)\x0BF\xAA\xD5\xDB\xE1\x81\xC8\xA1\xEC;\xAF\xA2\x0E~\xE9 \xB5\xA3\x5C\xB5\xC3I\xD7\x1A\xCAn\xF9\xCB\xB7\x02sH9\x99e+\xFF\xF9\x06\xCD\xB1\xF8\x9A~\xC2\xA1U\xC4\x00\x96\x13\x02\x13\x03\x13\x01\x003\x009\x005\x00/\xC0,\xC00\x00\xA3\x00\x9F\xCC\xA9\xCC\xA8\xCC\xAA\xC0\xAF\xC0\xAD\xC0\xA3\xC0\x9F\xC0]\xC0a\xC0W\xC0S\xC0+\xC0/\x00\xA2\x00\x9E\xC0\xAE\xC0\xAC\xC0\xA2\xC0\x9E\xC0\x5C\xC0`\xC0V\xC0R\xC0$\xC0(\x00k\x00j\xC0s\xC0w\x00\xC4\x00\xC3\xC0#\xC0'\x00g\x00@\xC0r\xC0v\x00\xBE\x00\xBD\xC0" 400 157 "-" "-" [loc=US/Denver] [rt=0.150] [proto=-:] [args=-] [ucs=-] [xpc=-] [uct=-] [gz=-] [br=-] [tls=-] [cipher=-] [scheme=http] [eorigin=-] _ - vps38426.inmotionhosting.com 3201
34.196.51.17 - - [18/Jun/2025:15:34:33 -0700] "HEAD / HTTP/1.1" 502 0 "http://somersetchino.com/" "WPMUDEV Uptime Monitor 5.0 (https://wpmudev.com)" [loc=US/Ashburn] [rt=0.000] [proto=HTTP/1.1:] [args=-] [ucs=MISS] [xpc=-] [uct=-] [gz=-] [br=-] [tls=-] [cipher=-] [scheme=http] [eorigin=-] somersetchino.com somersetchino.com vps38426.inmotionhosting.com 3203
164.92.242.122 - - [18/Jun/2025:15:34:33 -0700] "\x16\x03\x01\x02\x00\x01\x00\x01\xFC\x03\x03Yf\x0B\xC4\xB0L\xDE\xA8\xA4\x91\xC6\x18\xEC\xC8\xDD\x8C\x9B\xB1\x1F/\xC5e6\xE4\xDB+m\xC1\x9B\xA7i\x02 \xD9l\xBC^I\x10}\x94e63+\xC3y8\xFE\x80\xE5\x86D\x18\xED\xE3Q\xCBN\xFAn\xA2={\x03\x00\x96\x13\x02\x13\x03\x13\x01\x003\x009\x005\x00/\xC0,\xC00\x00\xA3\x00\x9F\xCC\xA9\xCC\xA8\xCC\xAA\xC0\xAF\xC0\xAD\xC0\xA3\xC0\x9F\xC0]\xC0a\xC0W\xC0S\xC0+\xC0/\x00\xA2\x00\x9E\xC0\xAE\xC0\xAC\xC0\xA2\xC0\x9E\xC0\x5C\xC0`\xC0V\xC0R\xC0$\xC0(\x00k\x00j\xC0s\xC0w\x00\xC4\x00\xC3\xC0#\xC0'\x00g\x00@\xC0r\xC0v\x00\xBE\x00\xBD\xC0" 400 157 "-" "-" [loc=US/Denver] [rt=0.142] [proto=-:] [args=-] [ucs=-] [xpc=-] [uct=-] [gz=-] [br=-] [tls=-] [cipher=-] [scheme=http] [eorigin=-] _ - vps38426.inmotionhosting.com 3204
104.210.140.129 - - [18/Jun/2025:15:34:33 -0700] "GET /robots.txt HTTP/2.0" 502 559 "-" "Mozilla/5.0 (Macintosh; Intel Mac OS X 10_15_7) AppleWebKit/537.36 (KHTML, like Gecko) Chrome/131.0.0.0 Safari/537.36; compatible; OAI-SearchBot/1.0; +https://openai.com/searchbot" [loc=US/San Antonio] [rt=0.000] [proto=HTTP/2.0:h2] [args=-] [ucs=MISS] [xpc=-] [uct=-] [gz=-] [br=-] [tls=TLSv1.3] [cipher=TLS_AES_256_GCM_SHA384] [scheme=https] [eorigin=-] welbornmedia.com welbornmedia.com vps38426.inmotionhosting.com 3206
164.92.242.122 - - [18/Jun/2025:15:34:33 -0700] "\x16\x03\x01\x02\x00\x01\x00\x01\xFC\x03\x03g\xBA\x09\x8D\x06\x15\x22\xBF\xE3\xD6Pp\x0E\xDA\x85x;\x0B7j3\xD2\xE6\xA3\xF4\xA3\x06 \xA0\xFF`L \xF5\xFE?\xA3\x85\x9F5m\xF0\x07\xCB\x15_0\x92\xDB" 400 157 "-" "-" [loc=US/Denver] [rt=0.147] [proto=-:] [args=-] [ucs=-] [xpc=-] [uct=-] [gz=-] [br=-] [tls=-] [cipher=-] [scheme=http] [eorigin=-] _ - vps38426.inmotionhosting.com 3209
164.92.242.122 - - [18/Jun/2025:15:34:33 -0700] "\x16\x03\x01\x02\x00\x01\x00\x01\xFC\x03\x03mt\xEF\xF4\xAF\xB1w\xC1Mpt\x90\x98\xEF\xE3\xEB\xC1\x9D\x1B\xEE\xC3\xF4\x94\xF8]\xE06\x8Cd-\xDFy \xD7\xFEI\xB6\xF6\x134\x1D\xA9e\xED'\x9F-\xD3\xA4\xA3\xEAh\x1E\x84\xA8\x19\x1B&\xBF\xB7\xEAH3\x01]\x00\x96\x13\x02\x13\x03\x13\x01\x003\x009\x005\x00/\xC0,\xC00\x00\xA3\x00\x9F\xCC\xA9\xCC\xA8\xCC\xAA\xC0\xAF\xC0\xAD\xC0\xA3\xC0\x9F\xC0]\xC0a\xC0W\xC0S\xC0+\xC0/\x00\xA2\x00\x9E\xC0\xAE\xC0\xAC\xC0\xA2\xC0\x9E\xC0\x5C\xC0`\xC0V\xC0R\xC0$\xC0(\x00k\x00j\xC0s\xC0w\x00\xC4\x00\xC3\xC0#\xC0'\x00g\x00@\xC0r\xC0v\x00\xBE\x00\xBD\xC0" 400 157 "-" "-" [loc=US/Denver] [rt=0.147] [proto=-:] [args=-] [ucs=-] [xpc=-] [uct=-] [gz=-] [br=-] [tls=-] [cipher=-] [scheme=http] [eorigin=-] _ - vps38426.inmotionhosting.com 3210
164.92.242.122 - - [18/Jun/2025:15:34:33 -0700] "\x16\x03\x01\x02\x00\x01\x00\x01\xFC\x03\x03\xCD\xB4\xB8\xE2\x22\xA0!\xD4t-\x22<\x15\xC11\xBBh\xC4\x95\xE5\x07\xC7c\xA6\xAF'\x15\xFF\xC5\x22j| p^3\x9D{d\xF8\xBE=(\x12\xC0\xB0\x10\xA3\x09\x12\x00\xECh\xB5\xA0\x9Boq\xD0\x15N\x8E\xE0\xCAD\x00\x96\x13\x02\x13\x03\x13\x01\x003\x009\x005\x00/\xC0,\xC00\x00\xA3\x00\x9F\xCC\xA9\xCC\xA8\xCC\xAA\xC0\xAF\xC0\xAD\xC0\xA3\xC0\x9F\xC0]\xC0a\xC0W\xC0S\xC0+\xC0/\x00\xA2\x00\x9E\xC0\xAE\xC0\xAC\xC0\xA2\xC0\x9E\xC0\x5C\xC0`\xC0V\xC0R\xC0$\xC0(\x00k\x00j\xC0s\xC0w\x00\xC4\x00\xC3\xC0#\xC0'\x00g\x00@\xC0r\xC0v\x00\xBE\x00\xBD\xC0" 400 157 "-" "-" [loc=US/Denver] [rt=0.145] [proto=-:] [args=-] [ucs=-] [xpc=-] [uct=-] [gz=-] [br=-] [tls=-] [cipher=-] [scheme=http] [eorigin=-] _ - vps38426.inmotionhosting.com 3211
164.92.242.122 - - [18/Jun/2025:15:34:33 -0700] "\x16\x03\x01\x02\x00\x01\x00\x01\xFC\x03\x03.\xDFL\x80\x10\xFD\xF3\xD1i\xDBv|.9o%A\xF5\xC2RtG\xD1d\xDE.x{\x0FJF\xDA " 400 157 "-" "-" [loc=US/Denver] [rt=0.145] [proto=-:] [args=-] [ucs=-] [xpc=-] [uct=-] [gz=-] [br=-] [tls=-] [cipher=-] [scheme=http] [eorigin=-] _ - vps38426.inmotionhosting.com 3212
34.196.51.17 - - [18/Jun/2025:15:34:33 -0700] "HEAD / HTTP/1.1" 200 0 "https://19thholemedia.com/" "WPMUDEV Uptime Monitor 5.0 (https://wpmudev.com)" [loc=US/Ashburn] [rt=0.001] [proto=HTTP/1.1:] [args=-] [ucs=STALE] [xpc=STALE] [uct=-] [gz=-] [br=-] [tls=TLSv1.3] [cipher=TLS_AES_256_GCM_SHA384] [scheme=https] [eorigin=-] 19thholemedia.com 19thholemedia.com vps38426.inmotionhosting.com 3202
164.92.242.122 - - [18/Jun/2025:15:34:33 -0700] "GET /evox/about HTTP/1.1" 444 0 "-" "Mozilla/5.0 (compatible; Odin; https://docs.getodin.com/)" [loc=US/Denver] [rt=0.000] [proto=HTTP/1.1:] [args=-] [ucs=-] [xpc=-] [uct=-] [gz=-] [br=-] [tls=-] [cipher=-] [scheme=http] [eorigin=-] _ 144.208.65.39 vps38426.inmotionhosting.com 3214
164.92.242.122 - - [18/Jun/2025:15:34:34 -0700] "\x16\x03\x01\x02\x00\x01\x00\x01\xFC\x03\x03\xCAF\x19S\xF0\xAE\x86\xE7\xE9M\xB6\x1FEy\x92\xF6\x8B\xC5Q\x97\x829\xB7\x95\xD84J\xAE\xA8\xEA\xD6\xB2 $\xD2\xDDH7\x96\x07\xB9\x92\x87\xEF\x08/\xB1\xA3\xB3\xF4d\xCBA\xCEm2\xF3b\xF4\x82\xA4^\x04\x89\xA4\x00\x96\x13\x02\x13\x03\x13\x01\x003\x009\x005\x00/\xC0,\xC00\x00\xA3\x00\x9F\xCC\xA9\xCC\xA8\xCC\xAA\xC0\xAF\xC0\xAD\xC0\xA3\xC0\x9F\xC0]\xC0a\xC0W\xC0S\xC0+\xC0/\x00\xA2\x00\x9E\xC0\xAE\xC0\xAC\xC0\xA2\xC0\x9E\xC0\x5C\xC0`\xC0V\xC0R\xC0$\xC0(\x00k\x00j\xC0s\xC0w\x00\xC4\x00\xC3\xC0#\xC0'\x00g\x00@\xC0r\xC0v\x00\xBE\x00\xBD\xC0" 400 157 "-" "-" [loc=US/Denver] [rt=0.139] [proto=-:] [args=-] [ucs=-] [xpc=-] [uct=-] [gz=-] [br=-] [tls=-] [cipher=-] [scheme=http] [eorigin=-] _ - vps38426.inmotionhosting.com 3215
104.210.140.131 - - [18/Jun/2025:15:34:34 -0700] "GET /robots.txt HTTP/2.0" 502 559 "-" "Mozilla/5.0 (Macintosh; Intel Mac OS X 10_15_7) AppleWebKit/537.36 (KHTML, like Gecko) Chrome/131.0.0.0 Safari/537.36; compatible; OAI-SearchBot/1.0; +https://openai.com/searchbot" [loc=US/San Antonio] [rt=0.001] [proto=HTTP/2.0:h2] [args=-] [ucs=MISS] [xpc=-] [uct=-] [gz=-] [br=-] [tls=TLSv1.3] [cipher=TLS_AES_256_GCM_SHA384] [scheme=https] [eorigin=-] welbornmedia.com welbornmedia.com vps38426.inmotionhosting.com 3217
164.92.242.122 - - [18/Jun/2025:15:34:34 -0700] "\x16\x03\x01\x02\x00\x01\x00\x01\xFC\x03\x03M\xD70\x9B\x115\xE7\x00\x9A?\x88\xABX\x8D\xEBB\xBB4Zae\xD2d\x9A+\x0C|u\x1F\x1F\xF9\x8A \x93\xC4L\x17\xB2Iv\x15\x8Ap-Y\xCB\x1E\x89\xA5\x03\x0FT\xC1\x88\xB20\xC3S\xBD\x9E\xD2\x04\xA2\x02~\x00\x96\x13\x02\x13\x03\x13\x01\x003\x009\x005\x00/\xC0,\xC00\x00\xA3\x00\x9F\xCC\xA9\xCC\xA8\xCC\xAA\xC0\xAF\xC0\xAD\xC0\xA3\xC0\x9F\xC0]\xC0a\xC0W\xC0S\xC0+\xC0/\x00\xA2\x00\x9E\xC0\xAE\xC0\xAC\xC0\xA2\xC0\x9E\xC0\x5C\xC0`\xC0V\xC0R\xC0$\xC0(\x00k\x00j\xC0s\xC0w\x00\xC4\x00\xC3\xC0#\xC0'\x00g\x00@\xC0r\xC0v\x00\xBE\x00\xBD\xC0" 400 157 "-" "-" [loc=US/Denver] [rt=0.146] [proto=-:] [args=-] [ucs=-] [xpc=-] [uct=-] [gz=-] [br=-] [tls=-] [cipher=-] [scheme=http] [eorigin=-] _ - vps38426.inmotionhosting.com 3216
164.92.242.122 - - [18/Jun/2025:15:34:34 -0700] "\x16\x03\x01\x02\x00\x01\x00\x01\xFC\x03\x03g-\x16\xD1_\x94Z\x18:\xF3\x8C\xDB2\x9F:\xAA!7\xAE:\xDF\xEB\x1A\xC8\xF4\xEF\xE2\xE5)3R\x1D \xD9o9{\xC3en\xA7\xF1\x16\x16\xDC\x05\xC7\x88\x99\xB7\x8D\x9D\xA5\x8B\xF9\x9COj\xEFT|a=\x81\x0C\x00\x96\x13\x02\x13\x03\x13\x01\x003\x009\x005\x00/\xC0,\xC00\x00\xA3\x00\x9F\xCC\xA9\xCC\xA8\xCC\xAA\xC0\xAF\xC0\xAD\xC0\xA3\xC0\x9F\xC0]\xC0a\xC0W\xC0S\xC0+\xC0/\x00\xA2\x00\x9E\xC0\xAE\xC0\xAC\xC0\xA2\xC0\x9E\xC0\x5C\xC0`\xC0V\xC0R\xC0$\xC0(\x00k\x00j\xC0s\xC0w\x00\xC4\x00\xC3\xC0#\xC0'\x00g\x00@\xC0r\xC0v\x00\xBE\x00\xBD\xC0" 400 157 "-" "-" [loc=US/Denver] [rt=0.148] [proto=-:] [args=-] [ucs=-] [xpc=-] [uct=-] [gz=-] [br=-] [tls=-] [cipher=-] [scheme=http] [eorigin=-] _ - vps38426.inmotionhosting.com 3219
164.92.242.122 - - [18/Jun/2025:15:34:35 -0700] "\x16\x03\x01\x02\x00\x01\x00\x01\xFC\x03\x03\xF4\x81\x1C*\x9E\x86\xC6\x0C|\x12t\xF9[p\xB1\x83\x07n\xBC^\xB5@\xD0\xDF\x5C\x8Aw\xDF\x9D#j\xCE B\xF0a4\x9CQRd_~\x8A\x08\xFF\xC8T@<u\xA6}\x9B\xA4'Yr\xA3Q*kc\xE0\x90\x00\x96\x13\x02\x13\x03\x13\x01\x003\x009\x005\x00/\xC0,\xC00\x00\xA3\x00\x9F\xCC\xA9\xCC\xA8\xCC\xAA\xC0\xAF\xC0\xAD\xC0\xA3\xC0\x9F\xC0]\xC0a\xC0W\xC0S\xC0+\xC0/\x00\xA2\x00\x9E\xC0\xAE\xC0\xAC\xC0\xA2\xC0\x9E\xC0\x5C\xC0`\xC0V\xC0R\xC0$\xC0(\x00k\x00j\xC0s\xC0w\x00\xC4\x00\xC3\xC0#\xC0'\x00g\x00@\xC0r\xC0v\x00\xBE\x00\xBD\xC0" 400 157 "-" "-" [loc=US/Denver] [rt=0.152] [proto=-:] [args=-] [ucs=-] [xpc=-] [uct=-] [gz=-] [br=-] [tls=-] [cipher=-] [scheme=http] [eorigin=-] _ - vps38426.inmotionhosting.com 3220
164.92.242.122 - - [18/Jun/2025:15:34:35 -0700] "\x16\x03\x01\x02\x00\x01\x00\x01\xFC\x03\x03'\x8E \xDEbDA\xDD\x5C\xD4O\x85~\x87\x04\xAC\x9FF" 400 157 "-" "-" [loc=US/Denver] [rt=0.151] [proto=-:] [args=-] [ucs=-] [xpc=-] [uct=-] [gz=-] [br=-] [tls=-] [cipher=-] [scheme=http] [eorigin=-] _ - vps38426.inmotionhosting.com 3221
164.92.242.122 - - [18/Jun/2025:15:34:35 -0700] "GET / HTTP/1.0" 444 0 "-" "-" [loc=US/Denver] [rt=0.000] [proto=HTTP/1.0:] [args=-] [ucs=-] [xpc=-] [uct=-] [gz=-] [br=-] [tls=-] [cipher=-] [scheme=http] [eorigin=-] _ - vps38426.inmotionhosting.com 3223
66.249.79.8 - - [18/Jun/2025:15:34:35 -0700] "GET /tag/success-is-happiness/feed/ HTTP/1.1" 502 157 "-" "Mozilla/5.0 (compatible; Googlebot/2.1; +http://www.google.com/bot.html)" [loc=US/Mountain View] [rt=0.000] [proto=HTTP/1.1:] [args=-] [ucs=MISS] [xpc=-] [uct=-] [gz=-] [br=-] [tls=-] [cipher=-] [scheme=http] [eorigin=-] definingsuccesspodcast.com definingsuccesspodcast.com vps38426.inmotionhosting.com 3224
35.157.144.199 - - [18/Jun/2025:15:34:36 -0700] "HEAD / HTTP/1.1" 502 0 "https://welbornmedia.com/" "WPMUDEV Uptime Monitor 5.0 (https://wpmudev.com)" [loc=DE/Frankfurt am Main] [rt=0.000] [proto=HTTP/1.1:] [args=-] [ucs=MISS] [xpc=-] [uct=-] [gz=-] [br=-] [tls=TLSv1.3] [cipher=TLS_AES_256_GCM_SHA384] [scheme=https] [eorigin=-] welbornmedia.com welbornmedia.com vps38426.inmotionhosting.com 3222
164.92.242.122 - - [18/Jun/2025:15:34:36 -0700] "\x16\x03\x01\x02\x00\x01\x00\x01\xFC\x03\x03\xB2U\x8E\xEAm\x80\xCF\xA6\x81\xCF\x07\x04\xB2\x17 \xF4\xDC\x8E\x8C\xA1iA\xB7\xB3\x10\x93L\x86~\x07\x223 \x08\x1DUo\xBF\x81\x1F\xE7\xF7\xEF\xA9;\xAB\xA8Lv\x12\xC3\xD8\xCA\x83p\xFF\xC2T$\x1C\x1D\xDC<\x80\x9F\x00\x96\x13\x02\x13\x03\x13\x01\x003\x009\x005\x00/\xC0,\xC00\x00\xA3\x00\x9F\xCC\xA9\xCC\xA8\xCC\xAA\xC0\xAF\xC0\xAD\xC0\xA3\xC0\x9F\xC0]\xC0a\xC0W\xC0S\xC0+\xC0/\x00\xA2\x00\x9E\xC0\xAE\xC0\xAC\xC0\xA2\xC0\x9E\xC0\x5C\xC0`\xC0V\xC0R\xC0$\xC0(\x00k\x00j\xC0s\xC0w\x00\xC4\x00\xC3\xC0#\xC0'\x00g\x00@\xC0r\xC0v\x00\xBE\x00\xBD\xC0" 400 157 "-" "-" [loc=US/Denver] [rt=0.148] [proto=-:] [args=-] [ucs=-] [xpc=-] [uct=-] [gz=-] [br=-] [tls=-] [cipher=-] [scheme=http] [eorigin=-] _ - vps38426.inmotionhosting.com 3226
164.92.242.122 - - [18/Jun/2025:15:34:36 -0700] "\x16\x03\x01\x02\x00\x01\x00\x01\xFC\x03\x03\xB5()\x87\xB5\xCAP\xBFB\x83\xD2\xF4`5kW>\x07\xB0V\xDF|5\x81\x8BW\x03\xCC\x0Ew\x80\x17 \x90d\xDC!\xCB+-m-\xC1\xB1\xD3\x04\xC2\xD6\x14\xD6\xB7\xBBe;\x8C\xCBb-\xC5Q t\xBE\xF8\xF8\x00\x96\x13\x02\x13\x03\x13\x01\x003\x009\x005\x00/\xC0,\xC00\x00\xA3\x00\x9F\xCC\xA9\xCC\xA8\xCC\xAA\xC0\xAF\xC0\xAD\xC0\xA3\xC0\x9F\xC0]\xC0a\xC0W\xC0S\xC0+\xC0/\x00\xA2\x00\x9E\xC0\xAE\xC0\xAC\xC0\xA2\xC0\x9E\xC0\x5C\xC0`\xC0V\xC0R\xC0$\xC0(\x00k\x00j\xC0s\xC0w\x00\xC4\x00\xC3\xC0#\xC0'\x00g\x00@\xC0r\xC0v\x00\xBE\x00\xBD\xC0" 400 157 "-" "-" [loc=US/Denver] [rt=0.149] [proto=-:] [args=-] [ucs=-] [xpc=-] [uct=-] [gz=-] [br=-] [tls=-] [cipher=-] [scheme=http] [eorigin=-] _ - vps38426.inmotionhosting.com 3228
164.92.242.122 - - [18/Jun/2025:15:34:36 -0700] "\x16\x03\x01\x02\x00\x01\x00\x01\xFC\x03\x03\xC2z\x05h\xD3qH\xC3\xF7\xCE\x22L\xC3\xC46qd\x8A\xE0\x978\xF2Nn\x8C\xE3\xF2\xF9Q/D\x19 \xC9e\xB2B\x06\x84-U\x12\x84\x1F\x00\x10k\xEB\x22y\x08\xF0e\x92l\x9F1u@\x0E\x06uS\x918\x00\x96\x13\x02\x13\x03\x13\x01\x003\x009\x005\x00/\xC0,\xC00\x00\xA3\x00\x9F\xCC\xA9\xCC\xA8\xCC\xAA\xC0\xAF\xC0\xAD\xC0\xA3\xC0\x9F\xC0]\xC0a\xC0W\xC0S\xC0+\xC0/\x00\xA2\x00\x9E\xC0\xAE\xC0\xAC\xC0\xA2\xC0\x9E\xC0\x5C\xC0`\xC0V\xC0R\xC0$\xC0(\x00k\x00j\xC0s\xC0w\x00\xC4\x00\xC3\xC0#\xC0'\x00g\x00@\xC0r\xC0v\x00\xBE\x00\xBD\xC0" 400 157 "-" "-" [loc=US/Denver] [rt=0.151] [proto=-:] [args=-] [ucs=-] [xpc=-] [uct=-] [gz=-] [br=-] [tls=-] [cipher=-] [scheme=http] [eorigin=-] _ - vps38426.inmotionhosting.com 3229
164.92.242.122 - - [18/Jun/2025:15:34:36 -0700] "\x16\x03\x01\x02\x00\x01\x00\x01\xFC\x03\x03A/\x5C\xA0w\xC4R$`x\xCA,\xFF\xD9\x09W\xA5\x04\xC0\xA9\x04ei\x96\xC4B\x1F\xB9\x96\xA2\x8F\xC0 \xB7'\xF8T\xE3z\x16\x04\xB8)\x94\x00\x80v\xCE\xD2uhl\xEE\xD5\xFF\xB2&\xD6c\x0C\xDB\xA9\xE1" 400 157 "-" "-" [loc=US/Denver] [rt=0.147] [proto=-:] [args=-] [ucs=-] [xpc=-] [uct=-] [gz=-] [br=-] [tls=-] [cipher=-] [scheme=http] [eorigin=-] _ - vps38426.inmotionhosting.com 3230
164.92.242.122 - - [18/Jun/2025:15:34:37 -0700] "\x16\x03\x01\x02\x00\x01\x00\x01\xFC\x03\x03r\xF8\xB0V\xA6?\x06\xCDu\x7F.\xC6e\xBF:l\xD9]X\x93#$x\xBE\xA8\xB4\xB0\x97\xA0\xE8m\xA7 r\xBF\xD5\xE6\xF3d\xB3\x98W3\xE6Y\xA2\x10R,G\x10l\xAA@\xD6\xE0\xAC\xB1Nz\xC94\xE0R\xDF\x00\x96\x13\x02\x13\x03\x13\x01\x003\x009\x005\x00/\xC0,\xC00\x00\xA3\x00\x9F\xCC\xA9\xCC\xA8\xCC\xAA\xC0\xAF\xC0\xAD\xC0\xA3\xC0\x9F\xC0]\xC0a\xC0W\xC0S\xC0+\xC0/\x00\xA2\x00\x9E\xC0\xAE\xC0\xAC\xC0\xA2\xC0\x9E\xC0\x5C\xC0`\xC0V\xC0R\xC0$\xC0(\x00k\x00j\xC0s\xC0w\x00\xC4\x00\xC3\xC0#\xC0'\x00g\x00@\xC0r\xC0v\x00\xBE\x00\xBD\xC0" 400 157 "-" "-" [loc=US/Denver] [rt=0.143] [proto=-:] [args=-] [ucs=-] [xpc=-] [uct=-] [gz=-] [br=-] [tls=-] [cipher=-] [scheme=http] [eorigin=-] _ - vps38426.inmotionhosting.com 3231
35.157.144.199 - - [18/Jun/2025:15:34:37 -0700] "HEAD / HTTP/1.1" 502 0 "http://somersetchino.com/" "WPMUDEV Uptime Monitor 5.0 (https://wpmudev.com)" [loc=DE/Frankfurt am Main] [rt=0.000] [proto=HTTP/1.1:] [args=-] [ucs=MISS] [xpc=-] [uct=-] [gz=-] [br=-] [tls=-] [cipher=-] [scheme=http] [eorigin=-] somersetchino.com somersetchino.com vps38426.inmotionhosting.com 3232
157.230.98.249 - - [18/Jun/2025:15:34:37 -0700] "GET /v2/_catalog HTTP/1.1" 444 0 "-" "Go-http-client/1.1" [loc=US/Duluth] [rt=0.000] [proto=HTTP/1.1:] [args=-] [ucs=-] [xpc=-] [uct=-] [gz=-] [br=-] [tls=-] [cipher=-] [scheme=http] [eorigin=-] _ 144.208.65.39:80 vps38426.inmotionhosting.com 3234
207.154.230.254 - - [18/Jun/2025:15:34:37 -0700] "GET /solr/admin/info/system HTTP/1.1" 444 0 "-" "Go-http-client/1.1" [loc=DE/Frankfurt am Main] [rt=0.000] [proto=HTTP/1.1:] [args=-] [ucs=-] [xpc=-] [uct=-] [gz=-] [br=-] [tls=-] [cipher=-] [scheme=http] [eorigin=-] _ 144.208.65.39:80 vps38426.inmotionhosting.com 3235
46.101.239.42 - - [18/Jun/2025:15:34:37 -0700] "GET /query?q=SHOW+DIAGNOSTICS HTTP/1.1" 444 0 "-" "Go-http-client/1.1" [loc=DE/Frankfurt am Main] [rt=0.000] [proto=HTTP/1.1:] [args=q=SHOW+DIAGNOSTICS] [ucs=-] [xpc=-] [uct=-] [gz=-] [br=-] [tls=-] [cipher=-] [scheme=http] [eorigin=-] _ 144.208.65.39:80 vps38426.inmotionhosting.com 3237
64.226.70.170 - - [18/Jun/2025:15:34:37 -0700] "GET / HTTP/1.1" 444 0 "-" "Mozilla/5.0 (compatible; Odin; https://docs.getodin.com/)" [loc=US/Jacksonville] [rt=0.000] [proto=HTTP/1.1:] [args=-] [ucs=-] [xpc=-] [uct=-] [gz=-] [br=-] [tls=-] [cipher=-] [scheme=http] [eorigin=-] _ 144.208.65.39 vps38426.inmotionhosting.com 3238
134.209.236.98 - - [18/Jun/2025:15:34:37 -0700] "GET /cgi-bin/authLogin.cgi HTTP/1.1" 444 0 "-" "Go-http-client/1.1" [loc=US/Mansfield] [rt=0.000] [proto=HTTP/1.1:] [args=-] [ucs=-] [xpc=-] [uct=-] [gz=-] [br=-] [tls=-] [cipher=-] [scheme=http] [eorigin=-] _ 144.208.65.39:80 vps38426.inmotionhosting.com 3239
134.209.236.98 - - [18/Jun/2025:15:34:37 -0700] "\x16\x03\x01\x00\xEE\x01\x00\x00\xEA\x03\x03\xF6OKOc`'\xA2bf\x87S%\x03\xE8!\xF5&~\xCER\xFFS9\xB7\xD7\x8F\xC2\xD5\x87\xF2e \xE0\xF3\xC8\xB7\x9C\xAB@\xDB\x98\x97\xD0\xFE`\x85\xFB\xA9\xBEi\x82E\x1A\xDD@T\x09DH\xC8\xEF\xD7'\x98\x00&\xC0+\xC0/\xC0,\xC00\xCC\xA9\xCC\xA8\xC0\x09\xC0\x13\xC0" 400 157 "-" "-" [loc=US/Mansfield] [rt=0.147] [proto=-:] [args=-] [ucs=-] [xpc=-] [uct=-] [gz=-] [br=-] [tls=-] [cipher=-] [scheme=http] [eorigin=-] _ - vps38426.inmotionhosting.com 3236
165.22.26.252 - - [18/Jun/2025:15:34:37 -0700] "\x16\x03\x01\x01$\x01\x00\x01 \x03\x03\xD0\xFDm\xD0&\xBF{~\xBF\xA9\xAA\x1F\xE5|wl\x03E.\xBD\xC7\xA8\xF7\xB8\x22\xA6\xD6\xE6\xB0\xBBEs VW\xE1\xABV2}\xC8s93S^\x0Chb\xBC\xC0\xD6[\x1B\xB2f\xDA\xBC\xC33\xBE\x8A\xB1\xF2\x90\x00>\x13\x02\x13\x03\x13\x01\xC0,\xC00\x00\x9F\xCC\xA9\xCC\xA8\xCC\xAA\xC0+\xC0/\x00\x9E\xC0$\xC0(\x00k\xC0#\xC0'\x00g\xC0" 400 157 "-" "-" [loc=US/Seattle] [rt=0.155] [proto=-:] [args=-] [ucs=-] [xpc=-] [uct=-] [gz=-] [br=-] [tls=-] [cipher=-] [scheme=http] [eorigin=-] _ - vps38426.inmotionhosting.com 3240
157.230.98.249 - - [18/Jun/2025:15:34:37 -0700] "GET /v2/_catalog HTTP/1.1" 444 0 "-" "Go-http-client/1.1" [loc=US/Duluth] [rt=0.000] [proto=HTTP/1.1:] [args=-] [ucs=-] [xpc=-] [uct=-] [gz=-] [br=-] [tls=-] [cipher=-] [scheme=http] [eorigin=-] _ 144.208.65.39:80 vps38426.inmotionhosting.com 3241
207.154.230.254 - - [18/Jun/2025:15:34:37 -0700] "GET /solr/admin/info/system HTTP/1.1" 444 0 "-" "Go-http-client/1.1" [loc=DE/Frankfurt am Main] [rt=0.000] [proto=HTTP/1.1:] [args=-] [ucs=-] [xpc=-] [uct=-] [gz=-] [br=-] [tls=-] [cipher=-] [scheme=http] [eorigin=-] _ 144.208.65.39:80 vps38426.inmotionhosting.com 3242
46.101.239.42 - - [18/Jun/2025:15:34:37 -0700] "GET /query?q=SHOW+DIAGNOSTICS HTTP/1.1" 444 0 "-" "Go-http-client/1.1" [loc=DE/Frankfurt am Main] [rt=0.000] [proto=HTTP/1.1:] [args=q=SHOW+DIAGNOSTICS] [ucs=-] [xpc=-] [uct=-] [gz=-] [br=-] [tls=-] [cipher=-] [scheme=http] [eorigin=-] _ 144.208.65.39:80 vps38426.inmotionhosting.com 3244
134.209.236.98 - - [18/Jun/2025:15:34:37 -0700] "GET /cgi-bin/authLogin.cgi HTTP/1.1" 444 0 "-" "Go-http-client/1.1" [loc=US/Mansfield] [rt=0.000] [proto=HTTP/1.1:] [args=-] [ucs=-] [xpc=-] [uct=-] [gz=-] [br=-] [tls=-] [cipher=-] [scheme=http] [eorigin=-] _ 144.208.65.39:80 vps38426.inmotionhosting.com 3246
64.226.70.170 - - [18/Jun/2025:15:34:37 -0700] "\x16\x03\x01\x00\xC7\x01\x00\x00\xC3\x03\x03$\x07\x9F\x9Dl\xF1\xBF\x22\xA2V\xE5\x1F\xDDj|\x225\x9F" 400 157 "-" "-" [loc=US/Jacksonville] [rt=0.147] [proto=-:] [args=-] [ucs=-] [xpc=-] [uct=-] [gz=-] [br=-] [tls=-] [cipher=-] [scheme=http] [eorigin=-] _ - vps38426.inmotionhosting.com 3243
134.209.236.98 - - [18/Jun/2025:15:34:37 -0700] "\x16\x03\x01\x00\xEE\x01\x00\x00\xEA\x03\x03\xBF\x1C\xFC\xB6\x05<\xB3{p\x9D\xCF\x9F\x7Fp\x9B\xD9\xBB\xEA\xD8Y\x05\x0E67\xCE\xD0=bA.\x8C\x02 ,\x0C\x07\xAC\x93S\xDA-\x8Dd 3\xEA\xF9Vh\x91\xAFz=\x16\xD5eh\x8B\xC8\xFF!\x14gI\x0E\x00&\xC0+\xC0/\xC0,\xC00\xCC\xA9\xCC\xA8\xC0\x09\xC0\x13\xC0" 400 157 "-" "-" [loc=US/Mansfield] [rt=0.150] [proto=-:] [args=-] [ucs=-] [xpc=-] [uct=-] [gz=-] [br=-] [tls=-] [cipher=-] [scheme=http] [eorigin=-] _ - vps38426.inmotionhosting.com 3245
157.230.98.249 - - [18/Jun/2025:15:34:38 -0700] "GET /v2/_catalog HTTP/1.1" 444 0 "-" "Go-http-client/1.1" [loc=US/Duluth] [rt=0.000] [proto=HTTP/1.1:] [args=-] [ucs=-] [xpc=-] [uct=-] [gz=-] [br=-] [tls=-] [cipher=-] [scheme=http] [eorigin=-] _ 144.208.65.39:80 vps38426.inmotionhosting.com 3247
207.154.230.254 - - [18/Jun/2025:15:34:38 -0700] "GET /solr/admin/info/system HTTP/1.1" 444 0 "-" "Go-http-client/1.1" [loc=DE/Frankfurt am Main] [rt=0.000] [proto=HTTP/1.1:] [args=-] [ucs=-] [xpc=-] [uct=-] [gz=-] [br=-] [tls=-] [cipher=-] [scheme=http] [eorigin=-] _ 144.208.65.39:80 vps38426.inmotionhosting.com 3248
46.101.239.42 - - [18/Jun/2025:15:34:38 -0700] "GET /query?q=SHOW+DIAGNOSTICS HTTP/1.1" 444 0 "-" "Go-http-client/1.1" [loc=DE/Frankfurt am Main] [rt=0.000] [proto=HTTP/1.1:] [args=q=SHOW+DIAGNOSTICS] [ucs=-] [xpc=-] [uct=-] [gz=-] [br=-] [tls=-] [cipher=-] [scheme=http] [eorigin=-] _ 144.208.65.39:80 vps38426.inmotionhosting.com 3249
64.226.70.170 - - [18/Jun/2025:15:34:38 -0700] "GET / HTTP/1.1" 444 0 "-" "Mozilla/5.0 (compatible; Odin; https://docs.getodin.com/)" [loc=US/Jacksonville] [rt=0.000] [proto=HTTP/1.1:] [args=-] [ucs=-] [xpc=-] [uct=-] [gz=-] [br=-] [tls=-] [cipher=-] [scheme=http] [eorigin=-] _ 144.208.65.39 vps38426.inmotionhosting.com 3250
134.209.236.98 - - [18/Jun/2025:15:34:38 -0700] "GET /cgi-bin/authLogin.cgi HTTP/1.1" 444 0 "-" "Go-http-client/1.1" [loc=US/Mansfield] [rt=0.000] [proto=HTTP/1.1:] [args=-] [ucs=-] [xpc=-] [uct=-] [gz=-] [br=-] [tls=-] [cipher=-] [scheme=http] [eorigin=-] _ 144.208.65.39:80 vps38426.inmotionhosting.com 3251
207.154.230.254 - - [18/Jun/2025:15:34:38 -0700] "GET /solr/admin/cores?action=STATUS&wt=json HTTP/1.1" 444 0 "-" "Go-http-client/1.1" [loc=DE/Frankfurt am Main] [rt=0.000] [proto=HTTP/1.1:] [args=action=STATUS&wt=json] [ucs=-] [xpc=-] [uct=-] [gz=-] [br=-] [tls=-] [cipher=-] [scheme=http] [eorigin=-] _ 144.208.65.39:80 vps38426.inmotionhosting.com 3252
64.226.70.170 - - [18/Jun/2025:15:34:38 -0700] "\x16\x03\x01\x00\xC7\x01\x00\x00\xC3\x03\x03\xDB\x172\x9F\x90j\xFBc\xE4@b\xF5\xFB\xDC\x19>\xA1tQ\x00\x98\xA0\xFA\xBF\xA60\x03 \xE9\xA8\x8F\x87\x00\x00P\xC0/\xC0+\xC0\x11\xC0\x07\xC0\x13\xC0\x09\xC0\x14\xC0" 400 157 "-" "-" [loc=US/Jacksonville] [rt=0.150] [proto=-:] [args=-] [ucs=-] [xpc=-] [uct=-] [gz=-] [br=-] [tls=-] [cipher=-] [scheme=http] [eorigin=-] _ - vps38426.inmotionhosting.com 3253
207.154.230.254 - - [18/Jun/2025:15:34:38 -0700] "GET /solr/admin/cores?action=STATUS&wt=json HTTP/1.1" 444 0 "-" "Go-http-client/1.1" [loc=DE/Frankfurt am Main] [rt=0.000] [proto=HTTP/1.1:] [args=action=STATUS&wt=json] [ucs=-] [xpc=-] [uct=-] [gz=-] [br=-] [tls=-] [cipher=-] [scheme=http] [eorigin=-] _ 144.208.65.39:80 vps38426.inmotionhosting.com 3254
64.226.70.170 - - [18/Jun/2025:15:34:38 -0700] "GET / HTTP/1.1" 444 0 "-" "Mozilla/5.0 (compatible; Odin; https://docs.getodin.com/)" [loc=US/Jacksonville] [rt=0.000] [proto=HTTP/1.1:] [args=-] [ucs=-] [xpc=-] [uct=-] [gz=-] [br=-] [tls=-] [cipher=-] [scheme=http] [eorigin=-] _ 144.208.65.39 vps38426.inmotionhosting.com 3255
207.154.230.254 - - [18/Jun/2025:15:34:38 -0700] "GET /solr/admin/cores?action=STATUS&wt=json HTTP/1.1" 444 0 "-" "Go-http-client/1.1" [loc=DE/Frankfurt am Main] [rt=0.000] [proto=HTTP/1.1:] [args=action=STATUS&wt=json] [ucs=-] [xpc=-] [uct=-] [gz=-] [br=-] [tls=-] [cipher=-] [scheme=http] [eorigin=-] _ 144.208.65.39:80 vps38426.inmotionhosting.com 3256
64.226.70.170 - - [18/Jun/2025:15:34:39 -0700] "\x16\x03\x01\x00\xC7\x01\x00\x00\xC3\x03\x03=x\xA1\xE9=(\x8D\x85@\x89\xA0\x00)\xF6.\xDE\xB9\x09\x1D\x9E\xE8u\xD0\xF7P\xFBD7f\x82}2\x00\x00P\xC0/\xC0+\xC0\x11\xC0\x07\xC0\x13\xC0\x09\xC0\x14\xC0" 400 157 "-" "-" [loc=US/Jacksonville] [rt=0.146] [proto=-:] [args=-] [ucs=-] [xpc=-] [uct=-] [gz=-] [br=-] [tls=-] [cipher=-] [scheme=http] [eorigin=-] _ - vps38426.inmotionhosting.com 3257
66.249.79.5 - - [18/Jun/2025:15:34:45 -0700] "GET /category/episode-96-outside-your-comfort-zone-niveen-salem-multi-level-marketing-and-former-chevron-executive/feed/ HTTP/1.1" 502 157 "-" "Mozilla/5.0 (compatible; Googlebot/2.1; +http://www.google.com/bot.html)" [loc=US/Mountain View] [rt=0.001] [proto=HTTP/1.1:] [args=-] [ucs=MISS] [xpc=-] [uct=-] [gz=-] [br=-] [tls=TLSv1.3] [cipher=TLS_AES_256_GCM_SHA384] [scheme=https] [eorigin=-] definingsuccesspodcast.com definingsuccesspodcast.com vps38426.inmotionhosting.com 2992
66.249.79.5 - - [18/Jun/2025:15:34:57 -0700] "GET /category/episode-81-twitter-and-relationship-building-john-sparks-owner-of-online-imageworks/feed/ HTTP/1.1" 502 157 "-" "Mozilla/5.0 (compatible; Googlebot/2.1; +http://www.google.com/bot.html)" [loc=US/Mountain View] [rt=0.000] [proto=HTTP/1.1:] [args=-] [ucs=MISS] [xpc=-] [uct=-] [gz=-] [br=-] [tls=TLSv1.3] [cipher=TLS_AES_256_GCM_SHA384] [scheme=https] [eorigin=-] definingsuccesspodcast.com definingsuccesspodcast.com vps38426.inmotionhosting.com 2992
20.204.164.126 - - [18/Jun/2025:15:34:57 -0700] "POST /xmlrpc.php HTTP/1.1" 502 559 "http://ruschianana.com" "Mozilla/5.0 (Windows NT 10.0; Win64; x64) AppleWebKit/537.36 (KHTML, like Gecko) Chrome/114.0.5735.199 Safari/537.36 Edg/114.0.1823.67" [loc=US/-] [rt=0.000] [proto=HTTP/1.1:] [args=-] [ucs=-] [xpc=-] [uct=-] [gz=-] [br=-] [tls=-] [cipher=-] [scheme=http] [eorigin=-] ruschianana.com ruschianana.com vps38426.inmotionhosting.com 3261
165.22.60.170 - - [18/Jun/2025:15:35:00 -0700] "POST /xmlrpc.php HTTP/1.1" 502 157 "http://ruschianana.com" "Mozilla/5.0 (Windows NT 10.0; Win64; x64; rv:126.0) Gecko/20100101 Firefox/126.0" [loc=US/Seattle] [rt=0.001] [proto=HTTP/1.1:] [args=-] [ucs=-] [xpc=-] [uct=-] [gz=-] [br=-] [tls=-] [cipher=-] [scheme=http] [eorigin=-] ruschianana.com ruschianana.com vps38426.inmotionhosting.com 3263
111.172.249.49 - - [18/Jun/2025:15:35:02 -0700] "GET / HTTP/1.1" 200 9287 "http://dwarfcarpetofstars.com" "Mozilla/5.0 (iPhone; CPU iPhone OS 13_2_3 like Mac OS X) AppleWebKit/605.1.15 (KHTML, like Gecko) Version/13.0.3 Mobile/15E148 Safari/604.1" [loc=CN/Wuhan] [rt=0.000] [proto=HTTP/1.1:] [args=-] [ucs=STALE] [xpc=STALE] [uct=-] [gz=3.65] [br=-] [tls=-] [cipher=-] [scheme=http] [eorigin=-] ruschianana.com ruschianana.com vps38426.inmotionhosting.com 3267
172.253.249.81 - - [18/Jun/2025:15:35:03 -0700] "HEAD /category/episode-87-the-importance-of-body-language-dr-nick-morgan-owner-of-public-words-and-author-of-power-cues/feed/ HTTP/1.1" 502 0 "-" "Google-Podcast" [loc=US/Mountain View] [rt=0.000] [proto=HTTP/1.1:] [args=-] [ucs=MISS] [xpc=-] [uct=-] [gz=-] [br=-] [tls=TLSv1.3] [cipher=TLS_AES_256_GCM_SHA384] [scheme=https] [eorigin=-] definingsuccesspodcast.com definingsuccesspodcast.com vps38426.inmotionhosting.com 3269
172.253.249.81 - - [18/Jun/2025:15:35:03 -0700] "GET /category/episode-87-the-importance-of-body-language-dr-nick-morgan-owner-of-public-words-and-author-of-power-cues/feed/ HTTP/1.1" 502 157 "-" "Google-Podcast" [loc=US/Mountain View] [rt=0.000] [proto=HTTP/1.1:] [args=-] [ucs=MISS] [xpc=-] [uct=-] [gz=-] [br=-] [tls=TLSv1.3] [cipher=TLS_AES_256_GCM_SHA384] [scheme=https] [eorigin=-] definingsuccesspodcast.com definingsuccesspodcast.com vps38426.inmotionhosting.com 3269
66.249.79.7 - - [18/Jun/2025:15:35:03 -0700] "GET /category/episode-070-dont-let-your-ego-get-in-the-way-virgil-herring-author-of-the-golf-journal/feed/ HTTP/1.1" 502 157 "-" "Mozilla/5.0 (compatible; Googlebot/2.1; +http://www.google.com/bot.html)" [loc=US/Mountain View] [rt=0.000] [proto=HTTP/1.1:] [args=-] [ucs=MISS] [xpc=-] [uct=-] [gz=-] [br=-] [tls=TLSv1.3] [cipher=TLS_AES_256_GCM_SHA384] [scheme=https] [eorigin=-] definingsuccesspodcast.com definingsuccesspodcast.com vps38426.inmotionhosting.com 3272
172.253.249.81 - - [18/Jun/2025:15:35:06 -0700] "HEAD /category/episode-87-the-importance-of-body-language-dr-nick-morgan-owner-of-public-words-and-author-of-power-cues/feed/ HTTP/1.1" 502 0 "-" "Google-Podcast" [loc=US/Mountain View] [rt=0.001] [proto=HTTP/1.1:] [args=-] [ucs=MISS] [xpc=-] [uct=-] [gz=-] [br=-] [tls=TLSv1.3] [cipher=TLS_AES_256_GCM_SHA384] [scheme=https] [eorigin=-] definingsuccesspodcast.com definingsuccesspodcast.com vps38426.inmotionhosting.com 3274
172.253.249.81 - - [18/Jun/2025:15:35:06 -0700] "GET /category/episode-87-the-importance-of-body-language-dr-nick-morgan-owner-of-public-words-and-author-of-power-cues/feed/ HTTP/1.1" 502 157 "-" "Google-Podcast" [loc=US/Mountain View] [rt=0.000] [proto=HTTP/1.1:] [args=-] [ucs=MISS] [xpc=-] [uct=-] [gz=-] [br=-] [tls=TLSv1.3] [cipher=TLS_AES_256_GCM_SHA384] [scheme=https] [eorigin=-] definingsuccesspodcast.com definingsuccesspodcast.com vps38426.inmotionhosting.com 3274
66.249.79.6 - - [18/Jun/2025:15:35:08 -0700] "GET /category/episode-064-pinterest-and-seo-host-of-oh-so-pinteresting-podcast-cynthia-sanchez/feed/ HTTP/1.1" 502 157 "-" "Mozilla/5.0 (compatible; Googlebot/2.1; +http://www.google.com/bot.html)" [loc=US/Mountain View] [rt=0.001] [proto=HTTP/1.1:] [args=-] [ucs=MISS] [xpc=-] [uct=-] [gz=-] [br=-] [tls=TLSv1.3] [cipher=TLS_AES_256_GCM_SHA384] [scheme=https] [eorigin=-] definingsuccesspodcast.com definingsuccesspodcast.com vps38426.inmotionhosting.com 3277
111.172.249.49 - - [18/Jun/2025:15:35:09 -0700] "GET / HTTP/1.1" 200 9287 "http://dwarfruschialineolata.com" "Mozilla/5.0 (iPhone; CPU iPhone OS 13_2_3 like Mac OS X) AppleWebKit/605.1.15 (KHTML, like Gecko) Version/13.0.3 Mobile/15E148 Safari/604.1" [loc=CN/Wuhan] [rt=0.000] [proto=HTTP/1.1:] [args=-] [ucs=STALE] [xpc=STALE] [uct=-] [gz=3.65] [br=-] [tls=-] [cipher=-] [scheme=http] [eorigin=-] ruschianana.com ruschianana.com vps38426.inmotionhosting.com 3279
66.249.79.137 - - [18/Jun/2025:15:35:10 -0700] "GET / HTTP/1.1" 502 157 "-" "GoogleBot" [loc=US/Mountain View] [rt=0.001] [proto=HTTP/1.1:] [args=-] [ucs=MISS] [xpc=-] [uct=-] [gz=-] [br=-] [tls=-] [cipher=-] [scheme=http] [eorigin=-] welbornmedia.com welbornmedia.com vps38426.inmotionhosting.com 3281
66.249.79.5 - - [18/Jun/2025:15:35:11 -0700] "GET /category/episode-033-be-of-service-to-others-chris-brogan-from-human-business-works/feed/ HTTP/1.1" 502 157 "-" "Mozilla/5.0 (compatible; Googlebot/2.1; +http://www.google.com/bot.html)" [loc=US/Mountain View] [rt=0.001] [proto=HTTP/1.1:] [args=-] [ucs=MISS] [xpc=-] [uct=-] [gz=-] [br=-] [tls=TLSv1.3] [cipher=TLS_AES_256_GCM_SHA384] [scheme=https] [eorigin=-] definingsuccesspodcast.com definingsuccesspodcast.com vps38426.inmotionhosting.com 2992
43.153.86.78 - - [18/Jun/2025:15:35:13 -0700] "GET / HTTP/1.1" 502 157 "-" "Mozilla/5.0 (iPhone; CPU iPhone OS 13_2_3 like Mac OS X) AppleWebKit/605.1.15 (KHTML, like Gecko) Version/13.0.3 Mobile/15E148 Safari/604.1" [loc=JP/Tokyo] [rt=0.000] [proto=HTTP/1.1:] [args=-] [ucs=MISS] [xpc=-] [uct=-] [gz=-] [br=-] [tls=-] [cipher=-] [scheme=http] [eorigin=-] chinorotary.welbornweb.com www.chinorotary.org vps38426.inmotionhosting.com 3285
172.253.249.81 - - [18/Jun/2025:15:35:17 -0700] "HEAD /category/episode-87-the-importance-of-body-language-dr-nick-morgan-owner-of-public-words-and-author-of-power-cues/feed/ HTTP/1.1" 502 0 "-" "Google-Podcast" [loc=US/Mountain View] [rt=0.001] [proto=HTTP/1.1:] [args=-] [ucs=MISS] [xpc=-] [uct=-] [gz=-] [br=-] [tls=TLSv1.3] [cipher=TLS_AES_256_GCM_SHA384] [scheme=https] [eorigin=-] definingsuccesspodcast.com definingsuccesspodcast.com vps38426.inmotionhosting.com 3288
172.253.249.81 - - [18/Jun/2025:15:35:17 -0700] "GET /category/episode-87-the-importance-of-body-language-dr-nick-morgan-owner-of-public-words-and-author-of-power-cues/feed/ HTTP/1.1" 502 157 "-" "Google-Podcast" [loc=US/Mountain View] [rt=0.000] [proto=HTTP/1.1:] [args=-] [ucs=MISS] [xpc=-] [uct=-] [gz=-] [br=-] [tls=TLSv1.3] [cipher=TLS_AES_256_GCM_SHA384] [scheme=https] [eorigin=-] definingsuccesspodcast.com definingsuccesspodcast.com vps38426.inmotionhosting.com 3288
44.221.180.179 - - [18/Jun/2025:15:35:22 -0700] "GET /tag/public-golf-courses/ HTTP/1.1" 502 559 "-" "Mozilla/5.0 AppleWebKit/537.36 (KHTML, like Gecko; compatible; Amazonbot/0.1; +https://developer.amazon.com/support/amazonbot) Chrome/119.0.6045.214 Safari/537.36" [loc=US/San Diego] [rt=0.000] [proto=HTTP/1.1:] [args=-] [ucs=MISS] [xpc=-] [uct=-] [gz=-] [br=-] [tls=-] [cipher=-] [scheme=http] [eorigin=-] golfchat.org www.golfchat.org vps38426.inmotionhosting.com 3292
66.249.79.5 - - [18/Jun/2025:15:35:24 -0700] "GET /category/episode-042-engagement-vs-automation-rick-mulready-from-the-inside-social-media-podcast/feed/ HTTP/1.1" 502 157 "-" "Mozilla/5.0 (compatible; Googlebot/2.1; +http://www.google.com/bot.html)" [loc=US/Mountain View] [rt=0.001] [proto=HTTP/1.1:] [args=-] [ucs=MISS] [xpc=-] [uct=-] [gz=-] [br=-] [tls=TLSv1.3] [cipher=TLS_AES_256_GCM_SHA384] [scheme=https] [eorigin=-] definingsuccesspodcast.com definingsuccesspodcast.com vps38426.inmotionhosting.com 2992
66.249.79.5 - - [18/Jun/2025:15:35:26 -0700] "GET /category/episode-067-the-learning-experience-fred-shoemaker-from-extraordinary-golf/feed/ HTTP/1.1" 502 157 "-" "Mozilla/5.0 (compatible; Googlebot/2.1; +http://www.google.com/bot.html)" [loc=US/Mountain View] [rt=0.001] [proto=HTTP/1.1:] [args=-] [ucs=MISS] [xpc=-] [uct=-] [gz=-] [br=-] [tls=TLSv1.3] [cipher=TLS_AES_256_GCM_SHA384] [scheme=https] [eorigin=-] definingsuccesspodcast.com definingsuccesspodcast.com vps38426.inmotionhosting.com 2992
98.84.70.201 - - [18/Jun/2025:15:35:26 -0700] "GET /tag/torrey-pines/ HTTP/1.1" 502 559 "-" "Mozilla/5.0 AppleWebKit/537.36 (KHTML, like Gecko; compatible; Amazonbot/0.1; +https://developer.amazon.com/support/amazonbot) Chrome/119.0.6045.214 Safari/537.36" [loc=US/Greenville] [rt=0.000] [proto=HTTP/1.1:] [args=-] [ucs=MISS] [xpc=-] [uct=-] [gz=-] [br=-] [tls=-] [cipher=-] [scheme=http] [eorigin=-] golfchat.org www.golfchat.org vps38426.inmotionhosting.com 3297
37.187.53.11 - - [18/Jun/2025:15:35:27 -0700] "POST /xmlrpc.php HTTP/1.1" 502 157 "http://dunbarconstructioninc.com" "Mozilla/5.0 (Windows NT 10.0; Win64; x64; rv:125.0.1) Gecko/20100101 Firefox/125.0.1" [loc=FR/-] [rt=0.000] [proto=HTTP/1.1:] [args=-] [ucs=-] [xpc=-] [uct=-] [gz=-] [br=-] [tls=-] [cipher=-] [scheme=http] [eorigin=-] dunbarconstructioninc.welbornwebsites.com dunbarconstructioninc.com vps38426.inmotionhosting.com 3299
3.79.66.100 - - [18/Jun/2025:15:35:28 -0700] "POST /xmlrpc.php HTTP/1.1" 502 157 "http://ruschianana.com" "Mozilla/5.0 (Macintosh; Intel Mac OS X 10_15_7; rv:127.0) Gecko/20100101 Firefox/127.0" [loc=US/Seattle] [rt=0.000] [proto=HTTP/1.1:] [args=-] [ucs=-] [xpc=-] [uct=-] [gz=-] [br=-] [tls=-] [cipher=-] [scheme=http] [eorigin=-] ruschianana.com ruschianana.com vps38426.inmotionhosting.com 3301
