66.249.79.5 - - [16/Jun/2025:13:48:59 -0700] "GET /category/episode-067-the-learning-experience-fred-shoemaker-from-extraordinary-golf/feed/ HTTP/1.1" 502 157 "-" "Mozilla/5.0 (compatible; Googlebot/2.1; +http://www.google.com/bot.html)" [loc=US/Mountain View] [rt=0.000] [proto=HTTP/1.1:] [args=-] [ucs=MISS] [xpc=-] [uct=-] [gz=-] [br=-] [tls=TLSv1.3] [cipher=TLS_AES_256_GCM_SHA384] [scheme=https] [eorigin=-] definingsuccesspodcast.com definingsuccesspodcast.com vps38426.inmotionhosting.com 1664
66.249.79.5 - - [16/Jun/2025:13:49:01 -0700] "GET /category/episode-81-twitter-and-relationship-building-john-sparks-owner-of-online-imageworks/feed/ HTTP/1.1" 502 157 "-" "Mozilla/5.0 (compatible; Googlebot/2.1; +http://www.google.com/bot.html)" [loc=US/Mountain View] [rt=0.000] [proto=HTTP/1.1:] [args=-] [ucs=MISS] [xpc=-] [uct=-] [gz=-] [br=-] [tls=TLSv1.3] [cipher=TLS_AES_256_GCM_SHA384] [scheme=https] [eorigin=-] definingsuccesspodcast.com definingsuccesspodcast.com vps38426.inmotionhosting.com 1664
35.157.144.199 - - [16/Jun/2025:13:49:01 -0700] "HEAD / HTTP/1.1" 502 0 "http://dunbarconstructioninc.com/" "WPMUDEV Uptime Monitor 5.0 (https://wpmudev.com)" [loc=DE/Frankfurt am Main] [rt=0.001] [proto=HTTP/1.1:] [args=-] [ucs=MISS] [xpc=-] [uct=-] [gz=-] [br=-] [tls=-] [cipher=-] [scheme=http] [eorigin=-] dunbarconstructioninc.welbornwebsites.com dunbarconstructioninc.com vps38426.inmotionhosting.com 2106
34.196.51.17 - - [16/Jun/2025:13:49:05 -0700] "HEAD / HTTP/1.1" 502 0 "https://larrywelborn.com/" "WPMUDEV Uptime Monitor 5.0 (https://wpmudev.com)" [loc=US/Ashburn] [rt=0.001] [proto=HTTP/1.1:] [args=-] [ucs=MISS] [xpc=-] [uct=-] [gz=-] [br=-] [tls=TLSv1.3] [cipher=TLS_AES_256_GCM_SHA384] [scheme=https] [eorigin=-] larrywelborn.com larrywelborn.com vps38426.inmotionhosting.com 2108
54.234.189.183 - - [16/Jun/2025:13:49:07 -0700] "GET /category/linkedin/feed/ HTTP/1.1" 502 559 "https://www.google.com/" "Mozilla/5.0 (Macintosh; Intel Mac OS X 10_15_3) AppleWebKit/537.36 (KHTML, like Gecko) Chrome/80.0.3987.116 Safari/537.36" [loc=US/Ashburn] [rt=0.000] [proto=HTTP/1.1:] [args=-] [ucs=MISS] [xpc=-] [uct=-] [gz=-] [br=-] [tls=-] [cipher=-] [scheme=http] [eorigin=-] welbornmedia.com welbornmedia.com vps38426.inmotionhosting.com 2110
54.234.189.183 - - [16/Jun/2025:13:49:07 -0700] "GET /category/linkedin/feed/ HTTP/1.1" 502 559 "https://www.google.com/" "Mozilla/5.0 (Macintosh; Intel Mac OS X 10_15_3) AppleWebKit/537.36 (KHTML, like Gecko) Chrome/80.0.3987.116 Safari/537.36" [loc=US/Ashburn] [rt=0.000] [proto=HTTP/1.1:] [args=-] [ucs=MISS] [xpc=-] [uct=-] [gz=-] [br=-] [tls=-] [cipher=-] [scheme=http] [eorigin=-] welbornmedia.com welbornmedia.com vps38426.inmotionhosting.com 2110
35.157.144.199 - - [16/Jun/2025:13:49:08 -0700] "HEAD / HTTP/1.1" 502 0 "https://larrywelborn.com/" "WPMUDEV Uptime Monitor 5.0 (https://wpmudev.com)" [loc=DE/Frankfurt am Main] [rt=0.000] [proto=HTTP/1.1:] [args=-] [ucs=MISS] [xpc=-] [uct=-] [gz=-] [br=-] [tls=TLSv1.3] [cipher=TLS_AES_256_GCM_SHA384] [scheme=https] [eorigin=-] larrywelborn.com larrywelborn.com vps38426.inmotionhosting.com 2113
66.249.79.5 - - [16/Jun/2025:13:49:13 -0700] "GET /category/episode-042-engagement-vs-automation-rick-mulready-from-the-inside-social-media-podcast/feed/ HTTP/1.1" 502 157 "-" "Mozilla/5.0 (compatible; Googlebot/2.1; +http://www.google.com/bot.html)" [loc=US/Mountain View] [rt=0.000] [proto=HTTP/1.1:] [args=-] [ucs=MISS] [xpc=-] [uct=-] [gz=-] [br=-] [tls=TLSv1.3] [cipher=TLS_AES_256_GCM_SHA384] [scheme=https] [eorigin=-] definingsuccesspodcast.com definingsuccesspodcast.com vps38426.inmotionhosting.com 1664
114.119.149.109 - - [16/Jun/2025:13:49:14 -0700] "GET /calendar/2019-09-09/ HTTP/1.1" 502 157 "https://chinorotary.org/calendar/2019-09-10" "Mozilla/5.0 (Linux; Android 7.0;) AppleWebKit/537.36 (KHTML, like Gecko) Mobile Safari/537.36 (compatible; PetalBot;+https://webmaster.petalsearch.com/site/petalbot)" [loc=CN/-] [rt=0.001] [proto=HTTP/1.1:] [args=-] [ucs=MISS] [xpc=-] [uct=-] [gz=-] [br=-] [tls=TLSv1.3] [cipher=TLS_AES_256_GCM_SHA384] [scheme=https] [eorigin=-] chinorotary.welbornweb.com chinorotary.org vps38426.inmotionhosting.com 2116
69.171.230.6 - - [16/Jun/2025:13:49:15 -0700] "GET /robots.txt HTTP/2.0" 502 157 "-" "facebookexternalhit/1.1 (+http://www.facebook.com/externalhit_uatext.php)" [loc=US/-] [rt=0.000] [proto=HTTP/2.0:h2] [args=-] [ucs=MISS] [xpc=-] [uct=-] [gz=-] [br=-] [tls=TLSv1.3] [cipher=TLS_AES_256_GCM_SHA384] [scheme=https] [eorigin=-] 19thholemedia.com 19thholemedia.com vps38426.inmotionhosting.com 2119
66.249.79.5 - - [16/Jun/2025:13:49:16 -0700] "GET /category/episode-070-dont-let-your-ego-get-in-the-way-virgil-herring-author-of-the-golf-journal/feed/ HTTP/1.1" 502 157 "-" "Mozilla/5.0 (compatible; Googlebot/2.1; +http://www.google.com/bot.html)" [loc=US/Mountain View] [rt=0.000] [proto=HTTP/1.1:] [args=-] [ucs=MISS] [xpc=-] [uct=-] [gz=-] [br=-] [tls=TLSv1.3] [cipher=TLS_AES_256_GCM_SHA384] [scheme=https] [eorigin=-] definingsuccesspodcast.com definingsuccesspodcast.com vps38426.inmotionhosting.com 1664
66.249.79.5 - - [16/Jun/2025:13:49:22 -0700] "GET /category/episode-031-everyone-has-a-success-story-rey-ybarra-author-of-conversations-with-shark-tank-winners/feed/ HTTP/1.1" 502 157 "-" "Mozilla/5.0 (compatible; Googlebot/2.1; +http://www.google.com/bot.html)" [loc=US/Mountain View] [rt=0.000] [proto=HTTP/1.1:] [args=-] [ucs=MISS] [xpc=-] [uct=-] [gz=-] [br=-] [tls=TLSv1.3] [cipher=TLS_AES_256_GCM_SHA384] [scheme=https] [eorigin=-] definingsuccesspodcast.com definingsuccesspodcast.com vps38426.inmotionhosting.com 1664
52.167.144.142 - - [16/Jun/2025:13:49:23 -0700] "GET /lady-yoga-ga/golf_yoga/ HTTP/1.1" 502 559 "-" "Mozilla/5.0 AppleWebKit/537.36 (KHTML, like Gecko; compatible; bingbot/2.0; +http://www.bing.com/bingbot.htm) Chrome/116.0.1938.76 Safari/537.36" [loc=US/Boydton] [rt=0.001] [proto=HTTP/1.1:] [args=-] [ucs=MISS] [xpc=-] [uct=-] [gz=-] [br=-] [tls=-] [cipher=-] [scheme=http] [eorigin=-] golfchat.org www.golfchat.org vps38426.inmotionhosting.com 2123
37.139.53.80 - - [16/Jun/2025:13:49:24 -0700] "GET /southern-california-charity-golf-classic-recap/?unapproved=1337&moderation-hash=72bc9eece41d89d67ede7caadbf3c465 HTTP/1.0" 502 559 "https://socalcharitygolf.com/southern-california-charity-golf-classic-recap/?unapproved=1337&moderation-hash=72bc9eece41d89d67ede7caadbf3c465#comment-1337" "Mozilla/5.0 (Windows NT 6.1; Win64; x64) AppleWebKit/537.36 (KHTML, like Gecko) Chrome/103.0.0.0 Safari/537.36" [loc=RU/St Petersburg] [rt=0.001] [proto=HTTP/1.0:] [args=unapproved=1337&moderation-hash=72bc9eece41d89d67ede7caadbf3c465] [ucs=MISS] [xpc=-] [uct=-] [gz=-] [br=-] [tls=TLSv1.2] [cipher=ECDHE-RSA-AES256-GCM-SHA384] [scheme=https] [eorigin=-] socalcharitygolf.com socalcharitygolf.com vps38426.inmotionhosting.com 2125
37.139.53.80 - - [16/Jun/2025:13:49:24 -0700] "GET / HTTP/1.0" 502 559 "https://socalcharitygolf.com/" "Mozilla/5.0 (Windows NT 6.1; Win64; x64) AppleWebKit/537.36 (KHTML, like Gecko) Chrome/103.0.0.0 Safari/537.36" [loc=RU/St Petersburg] [rt=0.000] [proto=HTTP/1.0:] [args=-] [ucs=MISS] [xpc=-] [uct=-] [gz=-] [br=-] [tls=TLSv1.2] [cipher=ECDHE-RSA-AES256-GCM-SHA384] [scheme=https] [eorigin=-] socalcharitygolf.com socalcharitygolf.com vps38426.inmotionhosting.com 2127
66.249.79.5 - - [16/Jun/2025:13:49:28 -0700] "GET /feed/ HTTP/1.1" 200 125524 "-" "Mozilla/5.0 (compatible; Googlebot/2.1; +http://www.google.com/bot.html)" [loc=US/Mountain View] [rt=0.049] [proto=HTTP/1.1:] [args=-] [ucs=STALE] [xpc=STALE] [uct=-] [gz=-] [br=-] [tls=TLSv1.3] [cipher=TLS_AES_256_GCM_SHA384] [scheme=https] [eorigin=-] definingsuccesspodcast.com definingsuccesspodcast.com vps38426.inmotionhosting.com 1664
112.86.225.166 - - [16/Jun/2025:13:49:46 -0700] "GET / HTTP/1.1" 502 157 "-" "Sogou web spider/4.0(+http://www.sogou.com/docs/help/webmasters.htm#07)" [loc=CN/Nanjing] [rt=0.000] [proto=HTTP/1.1:] [args=-] [ucs=MISS] [xpc=-] [uct=-] [gz=-] [br=-] [tls=-] [cipher=-] [scheme=http] [eorigin=-] somersetchino.com somersetchino.com vps38426.inmotionhosting.com 2130
66.249.79.8 - - [16/Jun/2025:13:49:49 -0700] "GET /tag/edwards-life-sciences/feed/ HTTP/1.1" 502 157 "-" "Mozilla/5.0 (compatible; Googlebot/2.1; +http://www.google.com/bot.html)" [loc=US/Mountain View] [rt=0.000] [proto=HTTP/1.1:] [args=-] [ucs=MISS] [xpc=-] [uct=-] [gz=-] [br=-] [tls=-] [cipher=-] [scheme=http] [eorigin=-] definingsuccesspodcast.com definingsuccesspodcast.com vps38426.inmotionhosting.com 2132
66.249.79.5 - - [16/Jun/2025:13:49:49 -0700] "GET /category/episode-033-be-of-service-to-others-chris-brogan-from-human-business-works/feed/ HTTP/1.1" 502 157 "-" "Mozilla/5.0 (compatible; Googlebot/2.1; +http://www.google.com/bot.html)" [loc=US/Mountain View] [rt=0.000] [proto=HTTP/1.1:] [args=-] [ucs=MISS] [xpc=-] [uct=-] [gz=-] [br=-] [tls=TLSv1.3] [cipher=TLS_AES_256_GCM_SHA384] [scheme=https] [eorigin=-] definingsuccesspodcast.com definingsuccesspodcast.com vps38426.inmotionhosting.com 1664
66.249.79.8 - - [16/Jun/2025:13:49:51 -0700] "GET /category/episode-093-networking-and-follow-up-mark-sieverkropp-co-host-of-happen-to-your-career-podcast-and-author-of-project-success/feed/ HTTP/1.1" 502 157 "-" "Mozilla/5.0 (compatible; Googlebot/2.1; +http://www.google.com/bot.html)" [loc=US/Mountain View] [rt=0.000] [proto=HTTP/1.1:] [args=-] [ucs=MISS] [xpc=-] [uct=-] [gz=-] [br=-] [tls=-] [cipher=-] [scheme=http] [eorigin=-] definingsuccesspodcast.com definingsuccesspodcast.com vps38426.inmotionhosting.com 2132
34.196.51.17 - - [16/Jun/2025:13:49:52 -0700] "HEAD / HTTP/1.1" 200 0 "https://19thholemedia.com/" "WPMUDEV Uptime Monitor 5.0 (https://wpmudev.com)" [loc=US/Ashburn] [rt=0.000] [proto=HTTP/1.1:] [args=-] [ucs=STALE] [xpc=STALE] [uct=-] [gz=-] [br=-] [tls=TLSv1.3] [cipher=TLS_AES_256_GCM_SHA384] [scheme=https] [eorigin=-] 19thholemedia.com 19thholemedia.com vps38426.inmotionhosting.com 2136
34.196.51.17 - - [16/Jun/2025:13:49:52 -0700] "HEAD / HTTP/1.1" 502 0 "https://welbornmedia.com/" "WPMUDEV Uptime Monitor 5.0 (https://wpmudev.com)" [loc=US/Ashburn] [rt=0.000] [proto=HTTP/1.1:] [args=-] [ucs=MISS] [xpc=-] [uct=-] [gz=-] [br=-] [tls=TLSv1.3] [cipher=TLS_AES_256_GCM_SHA384] [scheme=https] [eorigin=-] welbornmedia.com welbornmedia.com vps38426.inmotionhosting.com 2137
34.196.51.17 - - [16/Jun/2025:13:49:52 -0700] "HEAD / HTTP/1.1" 502 0 "http://somersetchino.com/" "WPMUDEV Uptime Monitor 5.0 (https://wpmudev.com)" [loc=US/Ashburn] [rt=0.000] [proto=HTTP/1.1:] [args=-] [ucs=MISS] [xpc=-] [uct=-] [gz=-] [br=-] [tls=-] [cipher=-] [scheme=http] [eorigin=-] somersetchino.com somersetchino.com vps38426.inmotionhosting.com 2141
91.122.53.173 - - [16/Jun/2025:13:49:53 -0700] "GET /.git/HEAD HTTP/1.1" 502 157 "-" "Python-urllib/3.13" [loc=RU/St Petersburg] [rt=0.000] [proto=HTTP/1.1:] [args=-] [ucs=MISS] [xpc=-] [uct=-] [gz=-] [br=-] [tls=TLSv1.3] [cipher=TLS_AES_256_GCM_SHA384] [scheme=https] [eorigin=-] dunbarconstructioninc.welbornwebsites.com dunbarconstructioninc.com vps38426.inmotionhosting.com 2140
34.196.51.17 - - [16/Jun/2025:13:49:53 -0700] "HEAD / HTTP/1.1" 200 0 "http://ruschianana.com/" "WPMUDEV Uptime Monitor 5.0 (https://wpmudev.com)" [loc=US/Ashburn] [rt=0.000] [proto=HTTP/1.1:] [args=-] [ucs=STALE] [xpc=STALE] [uct=-] [gz=-] [br=-] [tls=-] [cipher=-] [scheme=http] [eorigin=-] ruschianana.com ruschianana.com vps38426.inmotionhosting.com 2144
173.252.87.8 - - [16/Jun/2025:13:49:53 -0700] "GET /robots.txt HTTP/2.0" 502 157 "-" "facebookexternalhit/1.1 (+http://www.facebook.com/externalhit_uatext.php)" [loc=US/Pride] [rt=0.000] [proto=HTTP/2.0:h2] [args=-] [ucs=MISS] [xpc=-] [uct=-] [gz=-] [br=-] [tls=TLSv1.3] [cipher=TLS_AES_256_GCM_SHA384] [scheme=https] [eorigin=-] runningbrothers.com runningbrothers.com vps38426.inmotionhosting.com 2147
35.157.144.199 - - [16/Jun/2025:13:49:54 -0700] "HEAD / HTTP/1.1" 502 0 "https://welbornmedia.com/" "WPMUDEV Uptime Monitor 5.0 (https://wpmudev.com)" [loc=DE/Frankfurt am Main] [rt=0.000] [proto=HTTP/1.1:] [args=-] [ucs=MISS] [xpc=-] [uct=-] [gz=-] [br=-] [tls=TLSv1.3] [cipher=TLS_AES_256_GCM_SHA384] [scheme=https] [eorigin=-] welbornmedia.com welbornmedia.com vps38426.inmotionhosting.com 2149
114.119.159.62 - - [16/Jun/2025:13:49:55 -0700] "GET /tag/charity HTTP/1.1" 502 157 "https://socalcharitygolf.com/danny-magic-to-perform-at-the-southern-california-charity-golf-classic?unapproved=9844&moderation-hash=4aedf5a49f84ed3dfa6e754458ab758d" "Mozilla/5.0 (Linux; Android 7.0;) AppleWebKit/537.36 (KHTML, like Gecko) Mobile Safari/537.36 (compatible; PetalBot;+https://webmaster.petalsearch.com/site/petalbot)" [loc=CN/-] [rt=0.000] [proto=HTTP/1.1:] [args=-] [ucs=MISS] [xpc=-] [uct=-] [gz=-] [br=-] [tls=TLSv1.3] [cipher=TLS_AES_256_GCM_SHA384] [scheme=https] [eorigin=-] socalcharitygolf.com socalcharitygolf.com vps38426.inmotionhosting.com 2145
35.157.144.199 - - [16/Jun/2025:13:49:55 -0700] "HEAD / HTTP/1.1" 502 0 "http://somersetchino.com/" "WPMUDEV Uptime Monitor 5.0 (https://wpmudev.com)" [loc=DE/Frankfurt am Main] [rt=0.000] [proto=HTTP/1.1:] [args=-] [ucs=MISS] [xpc=-] [uct=-] [gz=-] [br=-] [tls=-] [cipher=-] [scheme=http] [eorigin=-] somersetchino.com somersetchino.com vps38426.inmotionhosting.com 2152
66.249.79.5 - - [16/Jun/2025:13:49:59 -0700] "GET /category/episode-067-the-learning-experience-fred-shoemaker-from-extraordinary-golf/feed/ HTTP/1.1" 502 157 "-" "Mozilla/5.0 (compatible; Googlebot/2.1; +http://www.google.com/bot.html)" [loc=US/Mountain View] [rt=0.000] [proto=HTTP/1.1:] [args=-] [ucs=MISS] [xpc=-] [uct=-] [gz=-] [br=-] [tls=TLSv1.3] [cipher=TLS_AES_256_GCM_SHA384] [scheme=https] [eorigin=-] definingsuccesspodcast.com definingsuccesspodcast.com vps38426.inmotionhosting.com 1664
66.249.79.5 - - [16/Jun/2025:13:50:01 -0700] "GET /category/episode-81-twitter-and-relationship-building-john-sparks-owner-of-online-imageworks/feed/ HTTP/1.1" 502 157 "-" "Mozilla/5.0 (compatible; Googlebot/2.1; +http://www.google.com/bot.html)" [loc=US/Mountain View] [rt=0.000] [proto=HTTP/1.1:] [args=-] [ucs=MISS] [xpc=-] [uct=-] [gz=-] [br=-] [tls=TLSv1.3] [cipher=TLS_AES_256_GCM_SHA384] [scheme=https] [eorigin=-] definingsuccesspodcast.com definingsuccesspodcast.com vps38426.inmotionhosting.com 1664
114.119.151.50 - - [16/Jun/2025:13:50:14 -0700] "GET /?s=%E9%83%BD%E5%B8%82%E8%AF%AD%E9%9F%B3-%E3%80%90%E2%9C%94%EF%B8%8F%E6%8E%A8%E8%8D%90BB76%C2%B7CC%E2%9C%94%EF%B8%8F%E3%80%91-2020%E6%B5%B7%E5%85%8B%E6%96%AF%E5%AE%9D%E7%9F%B3%E4%BB%80%E4%B9%88%E6%97%B6%E5%80%99%E5%8D%8A%E4%BB%B7-%E9%83%BD%E5%B8%82%E8%AF%AD%E9%9F%B3po0jq-%E3%80%90%E2%9C%94%EF%B8%8F%E6%8E%A8%E8%8D%90BB76%C2%B7CC%E2%9C%94%EF%B8%8F%E3%80%91-2020%E6%B5%B7%E5%85%8B%E6%96%AF%E5%AE%9D%E7%9F%B3%E4%BB%80%E4%B9%88%E6%97%B6%E5%80%99%E5%8D%8A%E4%BB%B7igsi-%E9%83%BD%E5%B8%82%E8%AF%AD%E9%9F%B3gysfk-2020%E6%B5%B7%E5%85%8B%E6%96%AF%E5%AE%9D%E7%9F%B3%E4%BB%80%E4%B9%88%E6%97%B6%E5%80%99%E5%8D%8A%E4%BB%B7yt8z HTTP/1.1" 502 157 "https://definingsuccesspodcast.com/?s=%E9%83%BD%E5%B8%82%E8%AF%AD%E9%9F%B3-%E3%80%90%E2%9C%94%EF%B8%8F%E6%8E%A8%E8%8D%90BB76%C2%B7CC%E2%9C%94%EF%B8%8F%E3%80%91-2020%E6%B5%B7%E5%85%8B%E6%96%AF%E5%AE%9D%E7%9F%B3%E4%BB%80%E4%B9%88%E6%97%B6%E5%80%99%E5%8D%8A%E4%BB%B7-%E9%83%BD%E5%B8%82%E8%AF%AD%E9%9F%B3po0jq-%E3%80%90%E2%9C%94%EF%B8%8F%E6%8E%A8%E8%8D%90BB76%C2%B7CC%E2%9C%94%EF%B8%8F%E3%80%91-2020%E6%B5%B7%E5%85%8B%E6%96%AF%E5%AE%9D%E7%9F%B3%E4%BB%80%E4%B9%88%E6%97%B6%E5%80%99%E5%8D%8A%E4%BB%B7igsi-%E9%83%BD%E5%B8%82%E8%AF%AD%E9%9F%B3gysfk-2020%E6%B5%B7%E5%85%8B%E6%96%AF%E5%AE%9D%E7%9F%B3%E4%BB%80%E4%B9%88%E6%97%B6%E5%80%99%E5%8D%8A%E4%BB%B7yt8z" "Mozilla/5.0 (Linux; Android 7.0;) AppleWebKit/537.36 (KHTML, like Gecko) Mobile Safari/537.36 (compatible; PetalBot;+https://webmaster.petalsearch.com/site/petalbot)" [loc=CN/-] [rt=0.000] [proto=HTTP/1.1:] [args=s=%E9%83%BD%E5%B8%82%E8%AF%AD%E9%9F%B3-%E3%80%90%E2%9C%94%EF%B8%8F%E6%8E%A8%E8%8D%90BB76%C2%B7CC%E2%9C%94%EF%B8%8F%E3%80%91-2020%E6%B5%B7%E5%85%8B%E6%96%AF%E5%AE%9D%E7%9F%B3%E4%BB%80%E4%B9%88%E6%97%B6%E5%80%99%E5%8D%8A%E4%BB%B7-%E9%83%BD%E5%B8%82%E8%AF%AD%E9%9F%B3po0jq-%E3%80%90%E2%9C%94%EF%B8%8F%E6%8E%A8%E8%8D%90BB76%C2%B7CC%E2%9C%94%EF%B8%8F%E3%80%91-2020%E6%B5%B7%E5%85%8B%E6%96%AF%E5%AE%9D%E7%9F%B3%E4%BB%80%E4%B9%88%E6%97%B6%E5%80%99%E5%8D%8A%E4%BB%B7igsi-%E9%83%BD%E5%B8%82%E8%AF%AD%E9%9F%B3gysfk-2020%E6%B5%B7%E5%85%8B%E6%96%AF%E5%AE%9D%E7%9F%B3%E4%BB%80%E4%B9%88%E6%97%B6%E5%80%99%E5%8D%8A%E4%BB%B7yt8z] [ucs=MISS] [xpc=-] [uct=-] [gz=-] [br=-] [tls=TLSv1.3] [cipher=TLS_AES_256_GCM_SHA384] [scheme=https] [eorigin=-] definingsuccesspodcast.com definingsuccesspodcast.com vps38426.inmotionhosting.com 2158
66.249.79.5 - - [16/Jun/2025:13:50:16 -0700] "GET /category/episode-070-dont-let-your-ego-get-in-the-way-virgil-herring-author-of-the-golf-journal/feed/ HTTP/1.1" 502 157 "-" "Mozilla/5.0 (compatible; Googlebot/2.1; +http://www.google.com/bot.html)" [loc=US/Mountain View] [rt=0.001] [proto=HTTP/1.1:] [args=-] [ucs=MISS] [xpc=-] [uct=-] [gz=-] [br=-] [tls=TLSv1.3] [cipher=TLS_AES_256_GCM_SHA384] [scheme=https] [eorigin=-] definingsuccesspodcast.com definingsuccesspodcast.com vps38426.inmotionhosting.com 1664
66.249.79.5 - - [16/Jun/2025:13:50:18 -0700] "GET /category/episode-078-start-a-small-scale-business-to-test-your-idea-ben-alexander-founder-of-balloon-distractions/feed/ HTTP/1.1" 502 157 "-" "Mozilla/5.0 (compatible; Googlebot/2.1; +http://www.google.com/bot.html)" [loc=US/Mountain View] [rt=0.000] [proto=HTTP/1.1:] [args=-] [ucs=MISS] [xpc=-] [uct=-] [gz=-] [br=-] [tls=TLSv1.3] [cipher=TLS_AES_256_GCM_SHA384] [scheme=https] [eorigin=-] definingsuccesspodcast.com definingsuccesspodcast.com vps38426.inmotionhosting.com 1664
66.249.79.5 - - [16/Jun/2025:13:50:21 -0700] "GET /category/episode-96-outside-your-comfort-zone-niveen-salem-multi-level-marketing-and-former-chevron-executive/feed/ HTTP/1.1" 502 157 "-" "Mozilla/5.0 (compatible; Googlebot/2.1; +http://www.google.com/bot.html)" [loc=US/Mountain View] [rt=0.001] [proto=HTTP/1.1:] [args=-] [ucs=MISS] [xpc=-] [uct=-] [gz=-] [br=-] [tls=TLSv1.3] [cipher=TLS_AES_256_GCM_SHA384] [scheme=https] [eorigin=-] definingsuccesspodcast.com definingsuccesspodcast.com vps38426.inmotionhosting.com 1664
66.249.79.5 - - [16/Jun/2025:13:50:23 -0700] "GET /category/episode-031-everyone-has-a-success-story-rey-ybarra-author-of-conversations-with-shark-tank-winners/feed/ HTTP/1.1" 502 157 "-" "Mozilla/5.0 (compatible; Googlebot/2.1; +http://www.google.com/bot.html)" [loc=US/Mountain View] [rt=0.000] [proto=HTTP/1.1:] [args=-] [ucs=MISS] [xpc=-] [uct=-] [gz=-] [br=-] [tls=TLSv1.3] [cipher=TLS_AES_256_GCM_SHA384] [scheme=https] [eorigin=-] definingsuccesspodcast.com definingsuccesspodcast.com vps38426.inmotionhosting.com 1664
52.169.1.71 - - [16/Jun/2025:13:50:25 -0700] "GET /inputs.php HTTP/1.1" 502 157 "-" "-" [loc=IE/Dublin] [rt=0.001] [proto=HTTP/1.1:] [args=-] [ucs=-] [xpc=-] [uct=-] [gz=-] [br=-] [tls=-] [cipher=-] [scheme=http] [eorigin=-] webmail.welbornmedia.com webmail.welbornmedia.com vps38426.inmotionhosting.com 2164
52.169.1.71 - - [16/Jun/2025:13:50:25 -0700] "GET /baxa1.php HTTP/1.1" 502 157 "-" "-" [loc=IE/Dublin] [rt=0.001] [proto=HTTP/1.1:] [args=-] [ucs=-] [xpc=-] [uct=-] [gz=-] [br=-] [tls=-] [cipher=-] [scheme=http] [eorigin=-] webmail.welbornmedia.com webmail.welbornmedia.com vps38426.inmotionhosting.com 2164
52.169.1.71 - - [16/Jun/2025:13:50:25 -0700] "GET /aa.php HTTP/1.1" 502 157 "-" "-" [loc=IE/Dublin] [rt=0.001] [proto=HTTP/1.1:] [args=-] [ucs=-] [xpc=-] [uct=-] [gz=-] [br=-] [tls=-] [cipher=-] [scheme=http] [eorigin=-] webmail.welbornmedia.com webmail.welbornmedia.com vps38426.inmotionhosting.com 2164
52.169.1.71 - - [16/Jun/2025:13:50:25 -0700] "GET /wikindex.php HTTP/1.1" 502 157 "-" "-" [loc=IE/Dublin] [rt=0.000] [proto=HTTP/1.1:] [args=-] [ucs=-] [xpc=-] [uct=-] [gz=-] [br=-] [tls=-] [cipher=-] [scheme=http] [eorigin=-] webmail.welbornmedia.com webmail.welbornmedia.com vps38426.inmotionhosting.com 2164
52.169.1.71 - - [16/Jun/2025:13:50:25 -0700] "GET /wp-2019.php HTTP/1.1" 502 157 "-" "-" [loc=IE/Dublin] [rt=0.000] [proto=HTTP/1.1:] [args=-] [ucs=-] [xpc=-] [uct=-] [gz=-] [br=-] [tls=-] [cipher=-] [scheme=http] [eorigin=-] webmail.welbornmedia.com webmail.welbornmedia.com vps38426.inmotionhosting.com 2164
66.249.79.5 - - [16/Jun/2025:13:50:25 -0700] "GET /category/episode-108-from-scarcity-to-abundance-ellory-wells/feed/ HTTP/1.1" 502 157 "-" "Mozilla/5.0 (compatible; Googlebot/2.1; +http://www.google.com/bot.html)" [loc=US/Mountain View] [rt=0.000] [proto=HTTP/1.1:] [args=-] [ucs=MISS] [xpc=-] [uct=-] [gz=-] [br=-] [tls=TLSv1.3] [cipher=TLS_AES_256_GCM_SHA384] [scheme=https] [eorigin=-] definingsuccesspodcast.com definingsuccesspodcast.com vps38426.inmotionhosting.com 1664
52.169.1.71 - - [16/Jun/2025:13:50:25 -0700] "GET /doc.php HTTP/1.1" 502 157 "-" "-" [loc=IE/Dublin] [rt=0.000] [proto=HTTP/1.1:] [args=-] [ucs=-] [xpc=-] [uct=-] [gz=-] [br=-] [tls=-] [cipher=-] [scheme=http] [eorigin=-] webmail.welbornmedia.com webmail.welbornmedia.com vps38426.inmotionhosting.com 2164
52.169.1.71 - - [16/Jun/2025:13:50:25 -0700] "GET /wp-commentin.php HTTP/1.1" 502 157 "-" "-" [loc=IE/Dublin] [rt=0.000] [proto=HTTP/1.1:] [args=-] [ucs=-] [xpc=-] [uct=-] [gz=-] [br=-] [tls=-] [cipher=-] [scheme=http] [eorigin=-] webmail.welbornmedia.com webmail.welbornmedia.com vps38426.inmotionhosting.com 2164
52.169.1.71 - - [16/Jun/2025:13:50:26 -0700] "GET /ioxi-o.php HTTP/1.1" 502 157 "-" "-" [loc=IE/Dublin] [rt=0.000] [proto=HTTP/1.1:] [args=-] [ucs=-] [xpc=-] [uct=-] [gz=-] [br=-] [tls=-] [cipher=-] [scheme=http] [eorigin=-] webmail.welbornmedia.com webmail.welbornmedia.com vps38426.inmotionhosting.com 2164
52.169.1.71 - - [16/Jun/2025:13:50:26 -0700] "GET /xleetshell.php HTTP/1.1" 502 157 "-" "-" [loc=IE/Dublin] [rt=0.000] [proto=HTTP/1.1:] [args=-] [ucs=-] [xpc=-] [uct=-] [gz=-] [br=-] [tls=-] [cipher=-] [scheme=http] [eorigin=-] webmail.welbornmedia.com webmail.welbornmedia.com vps38426.inmotionhosting.com 2164
52.169.1.71 - - [16/Jun/2025:13:50:26 -0700] "GET /options.php HTTP/1.1" 502 157 "-" "-" [loc=IE/Dublin] [rt=0.000] [proto=HTTP/1.1:] [args=-] [ucs=-] [xpc=-] [uct=-] [gz=-] [br=-] [tls=-] [cipher=-] [scheme=http] [eorigin=-] webmail.welbornmedia.com webmail.welbornmedia.com vps38426.inmotionhosting.com 2164
52.169.1.71 - - [16/Jun/2025:13:50:26 -0700] "GET /xl.php HTTP/1.1" 502 157 "-" "-" [loc=IE/Dublin] [rt=0.000] [proto=HTTP/1.1:] [args=-] [ucs=-] [xpc=-] [uct=-] [gz=-] [br=-] [tls=-] [cipher=-] [scheme=http] [eorigin=-] webmail.welbornmedia.com webmail.welbornmedia.com vps38426.inmotionhosting.com 2164
52.169.1.71 - - [16/Jun/2025:13:50:26 -0700] "GET /makeasmtp.php HTTP/1.1" 502 157 "-" "-" [loc=IE/Dublin] [rt=0.000] [proto=HTTP/1.1:] [args=-] [ucs=-] [xpc=-] [uct=-] [gz=-] [br=-] [tls=-] [cipher=-] [scheme=http] [eorigin=-] webmail.welbornmedia.com webmail.welbornmedia.com vps38426.inmotionhosting.com 2164
52.169.1.71 - - [16/Jun/2025:13:50:26 -0700] "GET /chosen HTTP/1.1" 502 157 "-" "-" [loc=IE/Dublin] [rt=0.000] [proto=HTTP/1.1:] [args=-] [ucs=-] [xpc=-] [uct=-] [gz=-] [br=-] [tls=-] [cipher=-] [scheme=http] [eorigin=-] webmail.welbornmedia.com webmail.welbornmedia.com vps38426.inmotionhosting.com 2164
52.169.1.71 - - [16/Jun/2025:13:50:26 -0700] "GET /ge.php HTTP/1.1" 502 157 "-" "-" [loc=IE/Dublin] [rt=0.000] [proto=HTTP/1.1:] [args=-] [ucs=-] [xpc=-] [uct=-] [gz=-] [br=-] [tls=-] [cipher=-] [scheme=http] [eorigin=-] webmail.welbornmedia.com webmail.welbornmedia.com vps38426.inmotionhosting.com 2164
52.169.1.71 - - [16/Jun/2025:13:50:27 -0700] "GET /xx.php HTTP/1.1" 502 157 "-" "-" [loc=IE/Dublin] [rt=0.000] [proto=HTTP/1.1:] [args=-] [ucs=-] [xpc=-] [uct=-] [gz=-] [br=-] [tls=-] [cipher=-] [scheme=http] [eorigin=-] webmail.welbornmedia.com webmail.welbornmedia.com vps38426.inmotionhosting.com 2164
52.169.1.71 - - [16/Jun/2025:13:50:27 -0700] "GET /worksec.php HTTP/1.1" 502 157 "-" "-" [loc=IE/Dublin] [rt=0.000] [proto=HTTP/1.1:] [args=-] [ucs=-] [xpc=-] [uct=-] [gz=-] [br=-] [tls=-] [cipher=-] [scheme=http] [eorigin=-] webmail.welbornmedia.com webmail.welbornmedia.com vps38426.inmotionhosting.com 2164
52.169.1.71 - - [16/Jun/2025:13:50:27 -0700] "GET /wp-trackback.php HTTP/1.1" 502 157 "-" "-" [loc=IE/Dublin] [rt=0.000] [proto=HTTP/1.1:] [args=-] [ucs=-] [xpc=-] [uct=-] [gz=-] [br=-] [tls=-] [cipher=-] [scheme=http] [eorigin=-] webmail.welbornmedia.com webmail.welbornmedia.com vps38426.inmotionhosting.com 2164
52.169.1.71 - - [16/Jun/2025:13:50:27 -0700] "GET /defaults.php HTTP/1.1" 502 157 "-" "-" [loc=IE/Dublin] [rt=0.000] [proto=HTTP/1.1:] [args=-] [ucs=-] [xpc=-] [uct=-] [gz=-] [br=-] [tls=-] [cipher=-] [scheme=http] [eorigin=-] webmail.welbornmedia.com webmail.welbornmedia.com vps38426.inmotionhosting.com 2164
52.169.1.71 - - [16/Jun/2025:13:50:27 -0700] "GET /log.php HTTP/1.1" 502 157 "-" "-" [loc=IE/Dublin] [rt=0.000] [proto=HTTP/1.1:] [args=-] [ucs=-] [xpc=-] [uct=-] [gz=-] [br=-] [tls=-] [cipher=-] [scheme=http] [eorigin=-] webmail.welbornmedia.com webmail.welbornmedia.com vps38426.inmotionhosting.com 2164
52.169.1.71 - - [16/Jun/2025:13:50:27 -0700] "GET /wp-cron.php HTTP/1.1" 502 157 "-" "-" [loc=IE/Dublin] [rt=0.000] [proto=HTTP/1.1:] [args=-] [ucs=-] [xpc=-] [uct=-] [gz=-] [br=-] [tls=-] [cipher=-] [scheme=http] [eorigin=-] webmail.welbornmedia.com webmail.welbornmedia.com vps38426.inmotionhosting.com 2164
52.169.1.71 - - [16/Jun/2025:13:50:27 -0700] "GET /comfunctions.php HTTP/1.1" 502 157 "-" "-" [loc=IE/Dublin] [rt=0.001] [proto=HTTP/1.1:] [args=-] [ucs=-] [xpc=-] [uct=-] [gz=-] [br=-] [tls=-] [cipher=-] [scheme=http] [eorigin=-] webmail.welbornmedia.com webmail.welbornmedia.com vps38426.inmotionhosting.com 2164
52.169.1.71 - - [16/Jun/2025:13:50:27 -0700] "GET /ini.php HTTP/1.1" 502 157 "-" "-" [loc=IE/Dublin] [rt=0.000] [proto=HTTP/1.1:] [args=-] [ucs=-] [xpc=-] [uct=-] [gz=-] [br=-] [tls=-] [cipher=-] [scheme=http] [eorigin=-] webmail.welbornmedia.com webmail.welbornmedia.com vps38426.inmotionhosting.com 2164
52.169.1.71 - - [16/Jun/2025:13:50:28 -0700] "GET /custom-plugin.php HTTP/1.1" 502 157 "-" "-" [loc=IE/Dublin] [rt=0.000] [proto=HTTP/1.1:] [args=-] [ucs=-] [xpc=-] [uct=-] [gz=-] [br=-] [tls=-] [cipher=-] [scheme=http] [eorigin=-] webmail.welbornmedia.com webmail.welbornmedia.com vps38426.inmotionhosting.com 2164
52.169.1.71 - - [16/Jun/2025:13:50:28 -0700] "GET /moderation.php HTTP/1.1" 502 157 "-" "-" [loc=IE/Dublin] [rt=0.000] [proto=HTTP/1.1:] [args=-] [ucs=-] [xpc=-] [uct=-] [gz=-] [br=-] [tls=-] [cipher=-] [scheme=http] [eorigin=-] webmail.welbornmedia.com webmail.welbornmedia.com vps38426.inmotionhosting.com 2164
52.169.1.71 - - [16/Jun/2025:13:50:28 -0700] "GET /mar.php HTTP/1.1" 502 157 "-" "-" [loc=IE/Dublin] [rt=0.001] [proto=HTTP/1.1:] [args=-] [ucs=-] [xpc=-] [uct=-] [gz=-] [br=-] [tls=-] [cipher=-] [scheme=http] [eorigin=-] webmail.welbornmedia.com webmail.welbornmedia.com vps38426.inmotionhosting.com 2164
52.169.1.71 - - [16/Jun/2025:13:50:28 -0700] "GET /about.php HTTP/1.1" 502 157 "-" "-" [loc=IE/Dublin] [rt=0.001] [proto=HTTP/1.1:] [args=-] [ucs=-] [xpc=-] [uct=-] [gz=-] [br=-] [tls=-] [cipher=-] [scheme=http] [eorigin=-] webmail.welbornmedia.com webmail.welbornmedia.com vps38426.inmotionhosting.com 2164
52.169.1.71 - - [16/Jun/2025:13:50:28 -0700] "GET /login.php HTTP/1.1" 502 157 "-" "-" [loc=IE/Dublin] [rt=0.001] [proto=HTTP/1.1:] [args=-] [ucs=-] [xpc=-] [uct=-] [gz=-] [br=-] [tls=-] [cipher=-] [scheme=http] [eorigin=-] webmail.welbornmedia.com webmail.welbornmedia.com vps38426.inmotionhosting.com 2164
52.169.1.71 - - [16/Jun/2025:13:50:28 -0700] "GET /default.php HTTP/1.1" 502 157 "-" "-" [loc=IE/Dublin] [rt=0.000] [proto=HTTP/1.1:] [args=-] [ucs=-] [xpc=-] [uct=-] [gz=-] [br=-] [tls=-] [cipher=-] [scheme=http] [eorigin=-] webmail.welbornmedia.com webmail.welbornmedia.com vps38426.inmotionhosting.com 2164
52.169.1.71 - - [16/Jun/2025:13:50:28 -0700] "GET /mini.php HTTP/1.1" 502 157 "-" "-" [loc=IE/Dublin] [rt=0.000] [proto=HTTP/1.1:] [args=-] [ucs=-] [xpc=-] [uct=-] [gz=-] [br=-] [tls=-] [cipher=-] [scheme=http] [eorigin=-] webmail.welbornmedia.com webmail.welbornmedia.com vps38426.inmotionhosting.com 2164
52.169.1.71 - - [16/Jun/2025:13:50:29 -0700] "GET /1.php HTTP/1.1" 502 157 "-" "-" [loc=IE/Dublin] [rt=0.000] [proto=HTTP/1.1:] [args=-] [ucs=-] [xpc=-] [uct=-] [gz=-] [br=-] [tls=-] [cipher=-] [scheme=http] [eorigin=-] webmail.welbornmedia.com webmail.welbornmedia.com vps38426.inmotionhosting.com 2164
52.169.1.71 - - [16/Jun/2025:13:50:29 -0700] "GET /click.php HTTP/1.1" 502 157 "-" "-" [loc=IE/Dublin] [rt=0.000] [proto=HTTP/1.1:] [args=-] [ucs=-] [xpc=-] [uct=-] [gz=-] [br=-] [tls=-] [cipher=-] [scheme=http] [eorigin=-] webmail.welbornmedia.com webmail.welbornmedia.com vps38426.inmotionhosting.com 2164
52.169.1.71 - - [16/Jun/2025:13:50:29 -0700] "GET /wp-admin.php HTTP/1.1" 502 157 "-" "-" [loc=IE/Dublin] [rt=0.000] [proto=HTTP/1.1:] [args=-] [ucs=-] [xpc=-] [uct=-] [gz=-] [br=-] [tls=-] [cipher=-] [scheme=http] [eorigin=-] webmail.welbornmedia.com webmail.welbornmedia.com vps38426.inmotionhosting.com 2164
52.169.1.71 - - [16/Jun/2025:13:50:29 -0700] "GET /upload.php HTTP/1.1" 502 157 "-" "-" [loc=IE/Dublin] [rt=0.001] [proto=HTTP/1.1:] [args=-] [ucs=-] [xpc=-] [uct=-] [gz=-] [br=-] [tls=-] [cipher=-] [scheme=http] [eorigin=-] webmail.welbornmedia.com webmail.welbornmedia.com vps38426.inmotionhosting.com 2164
52.169.1.71 - - [16/Jun/2025:13:50:29 -0700] "GET /epinyins.php HTTP/1.1" 502 157 "-" "-" [loc=IE/Dublin] [rt=0.000] [proto=HTTP/1.1:] [args=-] [ucs=-] [xpc=-] [uct=-] [gz=-] [br=-] [tls=-] [cipher=-] [scheme=http] [eorigin=-] webmail.welbornmedia.com webmail.welbornmedia.com vps38426.inmotionhosting.com 2164
52.169.1.71 - - [16/Jun/2025:13:50:29 -0700] "GET /wso.php HTTP/1.1" 502 157 "-" "-" [loc=IE/Dublin] [rt=0.000] [proto=HTTP/1.1:] [args=-] [ucs=-] [xpc=-] [uct=-] [gz=-] [br=-] [tls=-] [cipher=-] [scheme=http] [eorigin=-] webmail.welbornmedia.com webmail.welbornmedia.com vps38426.inmotionhosting.com 2164
52.169.1.71 - - [16/Jun/2025:13:50:29 -0700] "GET /item.php HTTP/1.1" 502 157 "-" "-" [loc=IE/Dublin] [rt=0.000] [proto=HTTP/1.1:] [args=-] [ucs=-] [xpc=-] [uct=-] [gz=-] [br=-] [tls=-] [cipher=-] [scheme=http] [eorigin=-] webmail.welbornmedia.com webmail.welbornmedia.com vps38426.inmotionhosting.com 2164
52.169.1.71 - - [16/Jun/2025:13:50:29 -0700] "GET /as.php HTTP/1.1" 502 157 "-" "-" [loc=IE/Dublin] [rt=0.000] [proto=HTTP/1.1:] [args=-] [ucs=-] [xpc=-] [uct=-] [gz=-] [br=-] [tls=-] [cipher=-] [scheme=http] [eorigin=-] webmail.welbornmedia.com webmail.welbornmedia.com vps38426.inmotionhosting.com 2164
52.169.1.71 - - [16/Jun/2025:13:50:30 -0700] "GET /404.php HTTP/1.1" 502 157 "-" "-" [loc=IE/Dublin] [rt=0.000] [proto=HTTP/1.1:] [args=-] [ucs=-] [xpc=-] [uct=-] [gz=-] [br=-] [tls=-] [cipher=-] [scheme=http] [eorigin=-] webmail.welbornmedia.com webmail.welbornmedia.com vps38426.inmotionhosting.com 2164
52.169.1.71 - - [16/Jun/2025:13:50:30 -0700] "GET /edit.php HTTP/1.1" 502 157 "-" "-" [loc=IE/Dublin] [rt=0.000] [proto=HTTP/1.1:] [args=-] [ucs=-] [xpc=-] [uct=-] [gz=-] [br=-] [tls=-] [cipher=-] [scheme=http] [eorigin=-] webmail.welbornmedia.com webmail.welbornmedia.com vps38426.inmotionhosting.com 2164
52.169.1.71 - - [16/Jun/2025:13:50:30 -0700] "GET /ws.php HTTP/1.1" 502 157 "-" "-" [loc=IE/Dublin] [rt=0.000] [proto=HTTP/1.1:] [args=-] [ucs=-] [xpc=-] [uct=-] [gz=-] [br=-] [tls=-] [cipher=-] [scheme=http] [eorigin=-] webmail.welbornmedia.com webmail.welbornmedia.com vps38426.inmotionhosting.com 2164
52.169.1.71 - - [16/Jun/2025:13:50:30 -0700] "GET /wso112233.php HTTP/1.1" 502 157 "-" "-" [loc=IE/Dublin] [rt=0.000] [proto=HTTP/1.1:] [args=-] [ucs=-] [xpc=-] [uct=-] [gz=-] [br=-] [tls=-] [cipher=-] [scheme=http] [eorigin=-] webmail.welbornmedia.com webmail.welbornmedia.com vps38426.inmotionhosting.com 2164
52.169.1.71 - - [16/Jun/2025:13:50:30 -0700] "GET /wp-config-sample.php HTTP/1.1" 502 157 "-" "-" [loc=IE/Dublin] [rt=0.000] [proto=HTTP/1.1:] [args=-] [ucs=-] [xpc=-] [uct=-] [gz=-] [br=-] [tls=-] [cipher=-] [scheme=http] [eorigin=-] webmail.welbornmedia.com webmail.welbornmedia.com vps38426.inmotionhosting.com 2164
52.169.1.71 - - [16/Jun/2025:13:50:30 -0700] "GET /moon.php HTTP/1.1" 502 157 "-" "-" [loc=IE/Dublin] [rt=0.000] [proto=HTTP/1.1:] [args=-] [ucs=-] [xpc=-] [uct=-] [gz=-] [br=-] [tls=-] [cipher=-] [scheme=http] [eorigin=-] webmail.welbornmedia.com webmail.welbornmedia.com vps38426.inmotionhosting.com 2164
52.169.1.71 - - [16/Jun/2025:13:50:30 -0700] "GET /db.php HTTP/1.1" 502 157 "-" "-" [loc=IE/Dublin] [rt=0.000] [proto=HTTP/1.1:] [args=-] [ucs=-] [xpc=-] [uct=-] [gz=-] [br=-] [tls=-] [cipher=-] [scheme=http] [eorigin=-] webmail.welbornmedia.com webmail.welbornmedia.com vps38426.inmotionhosting.com 2164
52.169.1.71 - - [16/Jun/2025:13:50:30 -0700] "GET /classwithtostring.php HTTP/1.1" 502 157 "-" "-" [loc=IE/Dublin] [rt=0.000] [proto=HTTP/1.1:] [args=-] [ucs=-] [xpc=-] [uct=-] [gz=-] [br=-] [tls=-] [cipher=-] [scheme=http] [eorigin=-] webmail.welbornmedia.com webmail.welbornmedia.com vps38426.inmotionhosting.com 2164
52.169.1.71 - - [16/Jun/2025:13:50:31 -0700] "GET /wp-login.php HTTP/1.1" 502 157 "-" "-" [loc=IE/Dublin] [rt=0.000] [proto=HTTP/1.1:] [args=-] [ucs=-] [xpc=-] [uct=-] [gz=-] [br=-] [tls=-] [cipher=-] [scheme=http] [eorigin=-] webmail.welbornmedia.com webmail.welbornmedia.com vps38426.inmotionhosting.com 2164
52.169.1.71 - - [16/Jun/2025:13:50:31 -0700] "GET /ok.php HTTP/1.1" 502 157 "-" "-" [loc=IE/Dublin] [rt=0.000] [proto=HTTP/1.1:] [args=-] [ucs=-] [xpc=-] [uct=-] [gz=-] [br=-] [tls=-] [cipher=-] [scheme=http] [eorigin=-] webmail.welbornmedia.com webmail.welbornmedia.com vps38426.inmotionhosting.com 2164
52.169.1.71 - - [16/Jun/2025:13:50:31 -0700] "GET /randkeyword.PhP7 HTTP/1.1" 502 157 "-" "-" [loc=IE/Dublin] [rt=0.000] [proto=HTTP/1.1:] [args=-] [ucs=-] [xpc=-] [uct=-] [gz=-] [br=-] [tls=-] [cipher=-] [scheme=http] [eorigin=-] webmail.welbornmedia.com webmail.welbornmedia.com vps38426.inmotionhosting.com 2164
52.169.1.71 - - [16/Jun/2025:13:50:31 -0700] "GET /lv.php HTTP/1.1" 502 157 "-" "-" [loc=IE/Dublin] [rt=0.001] [proto=HTTP/1.1:] [args=-] [ucs=-] [xpc=-] [uct=-] [gz=-] [br=-] [tls=-] [cipher=-] [scheme=http] [eorigin=-] webmail.welbornmedia.com webmail.welbornmedia.com vps38426.inmotionhosting.com 2164
52.169.1.71 - - [16/Jun/2025:13:50:31 -0700] "GET /test.php HTTP/1.1" 502 157 "-" "-" [loc=IE/Dublin] [rt=0.001] [proto=HTTP/1.1:] [args=-] [ucs=-] [xpc=-] [uct=-] [gz=-] [br=-] [tls=-] [cipher=-] [scheme=http] [eorigin=-] webmail.welbornmedia.com webmail.welbornmedia.com vps38426.inmotionhosting.com 2164
52.169.1.71 - - [16/Jun/2025:13:50:31 -0700] "GET /admin.php HTTP/1.1" 502 157 "-" "-" [loc=IE/Dublin] [rt=0.000] [proto=HTTP/1.1:] [args=-] [ucs=-] [xpc=-] [uct=-] [gz=-] [br=-] [tls=-] [cipher=-] [scheme=http] [eorigin=-] webmail.welbornmedia.com webmail.welbornmedia.com vps38426.inmotionhosting.com 2164
52.169.1.71 - - [16/Jun/2025:13:50:31 -0700] "GET /ova-tools.php HTTP/1.1" 502 157 "-" "-" [loc=IE/Dublin] [rt=0.001] [proto=HTTP/1.1:] [args=-] [ucs=-] [xpc=-] [uct=-] [gz=-] [br=-] [tls=-] [cipher=-] [scheme=http] [eorigin=-] webmail.welbornmedia.com webmail.welbornmedia.com vps38426.inmotionhosting.com 2164
52.169.1.71 - - [16/Jun/2025:13:50:32 -0700] "GET /wp-configs.php HTTP/1.1" 502 157 "-" "-" [loc=IE/Dublin] [rt=0.001] [proto=HTTP/1.1:] [args=-] [ucs=-] [xpc=-] [uct=-] [gz=-] [br=-] [tls=-] [cipher=-] [scheme=http] [eorigin=-] webmail.welbornmedia.com webmail.welbornmedia.com vps38426.inmotionhosting.com 2164
52.169.1.71 - - [16/Jun/2025:13:50:32 -0700] "GET /themes.php HTTP/1.1" 502 157 "-" "-" [loc=IE/Dublin] [rt=0.000] [proto=HTTP/1.1:] [args=-] [ucs=-] [xpc=-] [uct=-] [gz=-] [br=-] [tls=-] [cipher=-] [scheme=http] [eorigin=-] webmail.welbornmedia.com webmail.welbornmedia.com vps38426.inmotionhosting.com 2164
52.169.1.71 - - [16/Jun/2025:13:50:32 -0700] "GET /user.php HTTP/1.1" 502 157 "-" "-" [loc=IE/Dublin] [rt=0.000] [proto=HTTP/1.1:] [args=-] [ucs=-] [xpc=-] [uct=-] [gz=-] [br=-] [tls=-] [cipher=-] [scheme=http] [eorigin=-] webmail.welbornmedia.com webmail.welbornmedia.com vps38426.inmotionhosting.com 2164
52.169.1.71 - - [16/Jun/2025:13:50:32 -0700] "GET /index.php HTTP/1.1" 502 157 "-" "-" [loc=IE/Dublin] [rt=0.000] [proto=HTTP/1.1:] [args=-] [ucs=-] [xpc=-] [uct=-] [gz=-] [br=-] [tls=-] [cipher=-] [scheme=http] [eorigin=-] webmail.welbornmedia.com webmail.welbornmedia.com vps38426.inmotionhosting.com 2164
52.169.1.71 - - [16/Jun/2025:13:50:32 -0700] "GET /bak.php HTTP/1.1" 502 157 "-" "-" [loc=IE/Dublin] [rt=0.000] [proto=HTTP/1.1:] [args=-] [ucs=-] [xpc=-] [uct=-] [gz=-] [br=-] [tls=-] [cipher=-] [scheme=http] [eorigin=-] webmail.welbornmedia.com webmail.welbornmedia.com vps38426.inmotionhosting.com 2164
52.169.1.71 - - [16/Jun/2025:13:50:32 -0700] "GET /system_log.php HTTP/1.1" 502 157 "-" "-" [loc=IE/Dublin] [rt=0.000] [proto=HTTP/1.1:] [args=-] [ucs=-] [xpc=-] [uct=-] [gz=-] [br=-] [tls=-] [cipher=-] [scheme=http] [eorigin=-] webmail.welbornmedia.com webmail.welbornmedia.com vps38426.inmotionhosting.com 2164
52.169.1.71 - - [16/Jun/2025:13:50:32 -0700] "GET /wp-mail.php HTTP/1.1" 502 157 "-" "-" [loc=IE/Dublin] [rt=0.000] [proto=HTTP/1.1:] [args=-] [ucs=-] [xpc=-] [uct=-] [gz=-] [br=-] [tls=-] [cipher=-] [scheme=http] [eorigin=-] webmail.welbornmedia.com webmail.welbornmedia.com vps38426.inmotionhosting.com 2164
52.169.1.71 - - [16/Jun/2025:13:50:32 -0700] "GET /files.php HTTP/1.1" 502 157 "-" "-" [loc=IE/Dublin] [rt=0.000] [proto=HTTP/1.1:] [args=-] [ucs=-] [xpc=-] [uct=-] [gz=-] [br=-] [tls=-] [cipher=-] [scheme=http] [eorigin=-] webmail.welbornmedia.com webmail.welbornmedia.com vps38426.inmotionhosting.com 2164
52.169.1.71 - - [16/Jun/2025:13:50:33 -0700] "GET /k.php HTTP/1.1" 502 157 "-" "-" [loc=IE/Dublin] [rt=0.000] [proto=HTTP/1.1:] [args=-] [ucs=-] [xpc=-] [uct=-] [gz=-] [br=-] [tls=-] [cipher=-] [scheme=http] [eorigin=-] webmail.welbornmedia.com webmail.welbornmedia.com vps38426.inmotionhosting.com 2164
52.169.1.71 - - [16/Jun/2025:13:50:33 -0700] "GET /filemanager.php HTTP/1.1" 502 157 "-" "-" [loc=IE/Dublin] [rt=0.000] [proto=HTTP/1.1:] [args=-] [ucs=-] [xpc=-] [uct=-] [gz=-] [br=-] [tls=-] [cipher=-] [scheme=http] [eorigin=-] webmail.welbornmedia.com webmail.welbornmedia.com vps38426.inmotionhosting.com 2164
52.169.1.71 - - [16/Jun/2025:13:50:33 -0700] "GET /xmlrpc.php HTTP/1.1" 502 157 "-" "-" [loc=IE/Dublin] [rt=0.000] [proto=HTTP/1.1:] [args=-] [ucs=-] [xpc=-] [uct=-] [gz=-] [br=-] [tls=-] [cipher=-] [scheme=http] [eorigin=-] webmail.welbornmedia.com webmail.welbornmedia.com vps38426.inmotionhosting.com 2164
52.169.1.71 - - [16/Jun/2025:13:50:33 -0700] "GET /wp-back.php HTTP/1.1" 502 157 "-" "-" [loc=IE/Dublin] [rt=0.000] [proto=HTTP/1.1:] [args=-] [ucs=-] [xpc=-] [uct=-] [gz=-] [br=-] [tls=-] [cipher=-] [scheme=http] [eorigin=-] webmail.welbornmedia.com webmail.welbornmedia.com vps38426.inmotionhosting.com 2164
52.169.1.71 - - [16/Jun/2025:13:50:33 -0700] "GET /new.php HTTP/1.1" 502 157 "-" "-" [loc=IE/Dublin] [rt=0.000] [proto=HTTP/1.1:] [args=-] [ucs=-] [xpc=-] [uct=-] [gz=-] [br=-] [tls=-] [cipher=-] [scheme=http] [eorigin=-] webmail.welbornmedia.com webmail.welbornmedia.com vps38426.inmotionhosting.com 2164
52.169.1.71 - - [16/Jun/2025:13:50:33 -0700] "GET /radio.php HTTP/1.1" 502 157 "-" "-" [loc=IE/Dublin] [rt=0.000] [proto=HTTP/1.1:] [args=-] [ucs=-] [xpc=-] [uct=-] [gz=-] [br=-] [tls=-] [cipher=-] [scheme=http] [eorigin=-] webmail.welbornmedia.com webmail.welbornmedia.com vps38426.inmotionhosting.com 2164
52.169.1.71 - - [16/Jun/2025:13:50:33 -0700] "GET /ty.php HTTP/1.1" 502 157 "-" "-" [loc=IE/Dublin] [rt=0.000] [proto=HTTP/1.1:] [args=-] [ucs=-] [xpc=-] [uct=-] [gz=-] [br=-] [tls=-] [cipher=-] [scheme=http] [eorigin=-] webmail.welbornmedia.com webmail.welbornmedia.com vps38426.inmotionhosting.com 2164
52.169.1.71 - - [16/Jun/2025:13:50:33 -0700] "GET /baxa1.phP8 HTTP/1.1" 502 157 "-" "-" [loc=IE/Dublin] [rt=0.000] [proto=HTTP/1.1:] [args=-] [ucs=-] [xpc=-] [uct=-] [gz=-] [br=-] [tls=-] [cipher=-] [scheme=http] [eorigin=-] webmail.welbornmedia.com webmail.welbornmedia.com vps38426.inmotionhosting.com 2164
52.169.1.71 - - [16/Jun/2025:13:50:34 -0700] "GET /x.php HTTP/1.1" 502 157 "-" "-" [loc=IE/Dublin] [rt=0.001] [proto=HTTP/1.1:] [args=-] [ucs=-] [xpc=-] [uct=-] [gz=-] [br=-] [tls=-] [cipher=-] [scheme=http] [eorigin=-] webmail.welbornmedia.com webmail.welbornmedia.com vps38426.inmotionhosting.com 2164
52.169.1.71 - - [16/Jun/2025:13:50:34 -0700] "GET /link.php HTTP/1.1" 502 157 "-" "-" [loc=IE/Dublin] [rt=0.000] [proto=HTTP/1.1:] [args=-] [ucs=-] [xpc=-] [uct=-] [gz=-] [br=-] [tls=-] [cipher=-] [scheme=http] [eorigin=-] webmail.welbornmedia.com webmail.welbornmedia.com vps38426.inmotionhosting.com 2164
52.169.1.71 - - [16/Jun/2025:13:50:34 -0700] "GET /mail.php HTTP/1.1" 502 157 "-" "-" [loc=IE/Dublin] [rt=0.000] [proto=HTTP/1.1:] [args=-] [ucs=-] [xpc=-] [uct=-] [gz=-] [br=-] [tls=-] [cipher=-] [scheme=http] [eorigin=-] webmail.welbornmedia.com webmail.welbornmedia.com vps38426.inmotionhosting.com 2164
52.169.1.71 - - [16/Jun/2025:13:50:34 -0700] "GET /wp-load.php HTTP/1.1" 502 157 "-" "-" [loc=IE/Dublin] [rt=0.000] [proto=HTTP/1.1:] [args=-] [ucs=-] [xpc=-] [uct=-] [gz=-] [br=-] [tls=-] [cipher=-] [scheme=http] [eorigin=-] webmail.welbornmedia.com webmail.welbornmedia.com vps38426.inmotionhosting.com 2164
52.169.1.71 - - [16/Jun/2025:13:50:34 -0700] "GET /shell.php HTTP/1.1" 502 157 "-" "-" [loc=IE/Dublin] [rt=0.000] [proto=HTTP/1.1:] [args=-] [ucs=-] [xpc=-] [uct=-] [gz=-] [br=-] [tls=-] [cipher=-] [scheme=http] [eorigin=-] webmail.welbornmedia.com webmail.welbornmedia.com vps38426.inmotionhosting.com 2164
52.169.1.71 - - [16/Jun/2025:13:50:34 -0700] "GET /cong.php HTTP/1.1" 502 157 "-" "-" [loc=IE/Dublin] [rt=0.000] [proto=HTTP/1.1:] [args=-] [ucs=-] [xpc=-] [uct=-] [gz=-] [br=-] [tls=-] [cipher=-] [scheme=http] [eorigin=-] webmail.welbornmedia.com webmail.welbornmedia.com vps38426.inmotionhosting.com 2164
52.169.1.71 - - [16/Jun/2025:13:50:34 -0700] "GET /tools.php HTTP/1.1" 502 157 "-" "-" [loc=IE/Dublin] [rt=0.000] [proto=HTTP/1.1:] [args=-] [ucs=-] [xpc=-] [uct=-] [gz=-] [br=-] [tls=-] [cipher=-] [scheme=http] [eorigin=-] webmail.welbornmedia.com webmail.welbornmedia.com vps38426.inmotionhosting.com 2164
66.249.79.5 - - [16/Jun/2025:13:50:41 -0700] "GET /category/episode-042-engagement-vs-automation-rick-mulready-from-the-inside-social-media-podcast/feed/ HTTP/1.1" 502 157 "-" "Mozilla/5.0 (compatible; Googlebot/2.1; +http://www.google.com/bot.html)" [loc=US/Mountain View] [rt=0.000] [proto=HTTP/1.1:] [args=-] [ucs=MISS] [xpc=-] [uct=-] [gz=-] [br=-] [tls=TLSv1.3] [cipher=TLS_AES_256_GCM_SHA384] [scheme=https] [eorigin=-] definingsuccesspodcast.com definingsuccesspodcast.com vps38426.inmotionhosting.com 1664
66.249.79.5 - - [16/Jun/2025:13:50:49 -0700] "GET /category/episode-033-be-of-service-to-others-chris-brogan-from-human-business-works/feed/ HTTP/1.1" 502 157 "-" "Mozilla/5.0 (compatible; Googlebot/2.1; +http://www.google.com/bot.html)" [loc=US/Mountain View] [rt=0.000] [proto=HTTP/1.1:] [args=-] [ucs=MISS] [xpc=-] [uct=-] [gz=-] [br=-] [tls=TLSv1.3] [cipher=TLS_AES_256_GCM_SHA384] [scheme=https] [eorigin=-] definingsuccesspodcast.com definingsuccesspodcast.com vps38426.inmotionhosting.com 1664
66.249.79.8 - - [16/Jun/2025:13:50:51 -0700] "GET /category/episode-093-networking-and-follow-up-mark-sieverkropp-co-host-of-happen-to-your-career-podcast-and-author-of-project-success/feed/ HTTP/1.1" 502 157 "-" "Mozilla/5.0 (compatible; Googlebot/2.1; +http://www.google.com/bot.html)" [loc=US/Mountain View] [rt=0.000] [proto=HTTP/1.1:] [args=-] [ucs=MISS] [xpc=-] [uct=-] [gz=-] [br=-] [tls=-] [cipher=-] [scheme=http] [eorigin=-] definingsuccesspodcast.com definingsuccesspodcast.com vps38426.inmotionhosting.com 2243
66.249.79.5 - - [16/Jun/2025:13:50:54 -0700] "GET /category/episode-064-pinterest-and-seo-host-of-oh-so-pinteresting-podcast-cynthia-sanchez/feed/ HTTP/1.1" 502 157 "-" "Mozilla/5.0 (compatible; Googlebot/2.1; +http://www.google.com/bot.html)" [loc=US/Mountain View] [rt=0.000] [proto=HTTP/1.1:] [args=-] [ucs=MISS] [xpc=-] [uct=-] [gz=-] [br=-] [tls=TLSv1.3] [cipher=TLS_AES_256_GCM_SHA384] [scheme=https] [eorigin=-] definingsuccesspodcast.com definingsuccesspodcast.com vps38426.inmotionhosting.com 1664
91.84.104.205 - - [16/Jun/2025:13:50:55 -0700] "GET / HTTP/1.1" 502 559 "-" "Mozilla/5.0 (Macintosh; Intel Mac OS X 10_15_7) AppleWebKit/537.36 (KHTML, like Gecko) Chrome/133.0.0.0 Safari/537.36" [loc=GB/-] [rt=0.001] [proto=HTTP/1.1:] [args=-] [ucs=MISS] [xpc=-] [uct=-] [gz=-] [br=-] [tls=TLSv1.3] [cipher=TLS_AES_256_GCM_SHA384] [scheme=https] [eorigin=-] golfchat.org GOLFCHAT.ORG vps38426.inmotionhosting.com 2246
114.119.158.203 - - [16/Jun/2025:13:50:56 -0700] "GET /bbq_area_sm/ HTTP/1.1" 502 157 "https://somersetchino.com/apartments_chino/" "Mozilla/5.0 (Linux; Android 7.0;) AppleWebKit/537.36 (KHTML, like Gecko) Mobile Safari/537.36 (compatible; PetalBot;+https://webmaster.petalsearch.com/site/petalbot)" [loc=CN/-] [rt=0.001] [proto=HTTP/1.1:] [args=-] [ucs=MISS] [xpc=-] [uct=-] [gz=-] [br=-] [tls=TLSv1.3] [cipher=TLS_AES_256_GCM_SHA384] [scheme=https] [eorigin=-] somersetchino.com somersetchino.com vps38426.inmotionhosting.com 2248
207.46.13.229 - - [16/Jun/2025:13:50:59 -0700] "GET /robots.txt HTTP/1.1" 502 559 "-" "Mozilla/5.0 AppleWebKit/537.36 (KHTML, like Gecko; compatible; bingbot/2.0; +http://www.bing.com/bingbot.htm) Chrome/116.0.1938.76 Safari/537.36" [loc=TH/-] [rt=0.000] [proto=HTTP/1.1:] [args=-] [ucs=MISS] [xpc=-] [uct=-] [gz=-] [br=-] [tls=-] [cipher=-] [scheme=http] [eorigin=-] guardianjetcenter.com.welbornwebsites.com guardianjetcenter.com vps38426.inmotionhosting.com 2251
66.249.79.5 - - [16/Jun/2025:13:50:59 -0700] "GET /category/episode-067-the-learning-experience-fred-shoemaker-from-extraordinary-golf/feed/ HTTP/1.1" 502 157 "-" "Mozilla/5.0 (compatible; Googlebot/2.1; +http://www.google.com/bot.html)" [loc=US/Mountain View] [rt=0.001] [proto=HTTP/1.1:] [args=-] [ucs=MISS] [xpc=-] [uct=-] [gz=-] [br=-] [tls=TLSv1.3] [cipher=TLS_AES_256_GCM_SHA384] [scheme=https] [eorigin=-] definingsuccesspodcast.com definingsuccesspodcast.com vps38426.inmotionhosting.com 1664
114.119.128.57 - - [16/Jun/2025:13:51:00 -0700] "GET /?s=powerball%E4%B8%AD%E7%8D%8E%E6%A6%82%E7%8E%87-%E3%80%90%E2%9C%94%EF%B8%8F%E5%AE%98%E7%B6%B2DD86%C2%B7CC%E2%9C%94%EF%B8%8F%E3%80%91-betwinner%20%E6%80%8E%E9%BA%BC%20%E6%A8%A3-powerball%E4%B8%AD%E7%8D%8E%E6%A6%82%E7%8E%876pl5m-%E3%80%90%E2%9C%94%EF%B8%8F%E5%AE%98%E7%B6%B2DD86%C2%B7CC%E2%9C%94%EF%B8%8F%E3%80%91-betwinner%20%E6%80%8E%E9%BA%BC%20%E6%A8%A312uu-powerball%E4%B8%AD%E7%8D%8E%E6%A6%82%E7%8E%87a7llj-betwinner%20%E6%80%8E%E9%BA%BC%20%E6%A8%A3jkhg HTTP/1.1" 502 157 "https://guardianjetcenter.com/?s=powerball%E4%B8%AD%E7%8D%8E%E6%A6%82%E7%8E%87-%E3%80%90%E2%9C%94%EF%B8%8F%E5%AE%98%E7%B6%B2DD86%C2%B7CC%E2%9C%94%EF%B8%8F%E3%80%91-betwinner%20%E6%80%8E%E9%BA%BC%20%E6%A8%A3-powerball%E4%B8%AD%E7%8D%8E%E6%A6%82%E7%8E%876pl5m-%E3%80%90%E2%9C%94%EF%B8%8F%E5%AE%98%E7%B6%B2DD86%C2%B7CC%E2%9C%94%EF%B8%8F%E3%80%91-betwinner%20%E6%80%8E%E9%BA%BC%20%E6%A8%A312uu-powerball%E4%B8%AD%E7%8D%8E%E6%A6%82%E7%8E%87a7llj-betwinner%20%E6%80%8E%E9%BA%BC%20%E6%A8%A3jkhg" "Mozilla/5.0 (Linux; Android 7.0;) AppleWebKit/537.36 (KHTML, like Gecko) Mobile Safari/537.36 (compatible; PetalBot;+https://webmaster.petalsearch.com/site/petalbot)" [loc=CN/-] [rt=0.000] [proto=HTTP/1.1:] [args=s=powerball%E4%B8%AD%E7%8D%8E%E6%A6%82%E7%8E%87-%E3%80%90%E2%9C%94%EF%B8%8F%E5%AE%98%E7%B6%B2DD86%C2%B7CC%E2%9C%94%EF%B8%8F%E3%80%91-betwinner%20%E6%80%8E%E9%BA%BC%20%E6%A8%A3-powerball%E4%B8%AD%E7%8D%8E%E6%A6%82%E7%8E%876pl5m-%E3%80%90%E2%9C%94%EF%B8%8F%E5%AE%98%E7%B6%B2DD86%C2%B7CC%E2%9C%94%EF%B8%8F%E3%80%91-betwinner%20%E6%80%8E%E9%BA%BC%20%E6%A8%A312uu-powerball%E4%B8%AD%E7%8D%8E%E6%A6%82%E7%8E%87a7llj-betwinner%20%E6%80%8E%E9%BA%BC%20%E6%A8%A3jkhg] [ucs=MISS] [xpc=-] [uct=-] [gz=-] [br=-] [tls=TLSv1.3] [cipher=TLS_AES_256_GCM_SHA384] [scheme=https] [eorigin=-] guardianjetcenter.com.welbornwebsites.com guardianjetcenter.com vps38426.inmotionhosting.com 2250
54.179.3.9 - - [16/Jun/2025:13:51:07 -0700] "GET /wp-content/uploads/2013/03/RichHammond.jpg HTTP/1.1" 404 153 "-" "Mozilla/5.0 (compatible; imageSpider; scrapedia-receive@bytedance.com)" [loc=SG/Singapore] [rt=0.000] [proto=HTTP/1.1:] [args=-] [ucs=-] [xpc=-] [uct=-] [gz=-] [br=-] [tls=-] [cipher=-] [scheme=http] [eorigin=-] definingsuccesspodcast.com definingsuccesspodcast.com vps38426.inmotionhosting.com 2255
34.196.51.17 - - [16/Jun/2025:13:51:09 -0700] "HEAD / HTTP/1.1" 502 0 "http://dunbarconstructioninc.com/" "WPMUDEV Uptime Monitor 5.0 (https://wpmudev.com)" [loc=US/Ashburn] [rt=0.001] [proto=HTTP/1.1:] [args=-] [ucs=MISS] [xpc=-] [uct=-] [gz=-] [br=-] [tls=-] [cipher=-] [scheme=http] [eorigin=-] dunbarconstructioninc.welbornwebsites.com dunbarconstructioninc.com vps38426.inmotionhosting.com 2256
51.222.253.3 - - [16/Jun/2025:13:51:10 -0700] "GET /robots.txt HTTP/2.0" 502 157 "-" "Mozilla/5.0 (compatible; AhrefsBot/7.0; +http://ahrefs.com/robot/)" [loc=FR/-] [rt=0.001] [proto=HTTP/2.0:h2] [args=-] [ucs=MISS] [xpc=-] [uct=-] [gz=-] [br=-] [tls=TLSv1.3] [cipher=TLS_AES_256_GCM_SHA384] [scheme=https] [eorigin=-] somersetchino.com somersetchino.com vps38426.inmotionhosting.com 2258
51.222.253.20 - - [16/Jun/2025:13:51:11 -0700] "GET /author/zeb-welborn/feed/ HTTP/2.0" 502 157 "-" "Mozilla/5.0 (compatible; AhrefsBot/7.0; +http://ahrefs.com/robot/)" [loc=FR/-] [rt=0.000] [proto=HTTP/2.0:h2] [args=-] [ucs=MISS] [xpc=-] [uct=-] [gz=-] [br=-] [tls=TLSv1.3] [cipher=TLS_AES_256_GCM_SHA384] [scheme=https] [eorigin=-] somersetchino.com somersetchino.com vps38426.inmotionhosting.com 2260
