216.73.216.173 - - [18/Jun/2025:14:47:03 -0700] "GET /new-members-taxes-books-leadership-escape-room-dinner-auction-preparation HTTP/2.0" 502 157 "-" "Mozilla/5.0 AppleWebKit/537.36 (KHTML, like Gecko; compatible; ClaudeBot/1.0; +claudebot@anthropic.com)" [loc=US/El Monte] [rt=0.000] [proto=HTTP/2.0:h2] [args=-] [ucs=MISS] [xpc=-] [uct=-] [gz=-] [br=-] [tls=TLSv1.3] [cipher=TLS_AES_256_GCM_SHA384] [scheme=https] [eorigin=-] chinorotary.welbornweb.com chinorotary.org vps38426.inmotionhosting.com 991
66.249.79.6 - - [18/Jun/2025:14:47:04 -0700] "GET /category/episode-067-the-learning-experience-fred-shoemaker-from-extraordinary-golf/feed/ HTTP/1.1" 502 157 "-" "Mozilla/5.0 (compatible; Googlebot/2.1; +http://www.google.com/bot.html)" [loc=US/Mountain View] [rt=0.000] [proto=HTTP/1.1:] [args=-] [ucs=MISS] [xpc=-] [uct=-] [gz=-] [br=-] [tls=TLSv1.3] [cipher=TLS_AES_256_GCM_SHA384] [scheme=https] [eorigin=-] definingsuccesspodcast.com definingsuccesspodcast.com vps38426.inmotionhosting.com 993
20.171.207.88 - - [18/Jun/2025:14:47:04 -0700] "GET /dm-sso-endpoint/1750141821/?dm_action=domainmap-setup-cdsso HTTP/1.1" 502 157 "-" "Mozilla/5.0 AppleWebKit/537.36 (KHTML, like Gecko; compatible; GPTBot/1.2; +https://openai.com/gptbot)" [loc=US/-] [rt=0.000] [proto=HTTP/1.1:] [args=dm_action=domainmap-setup-cdsso] [ucs=MISS] [xpc=-] [uct=-] [gz=-] [br=-] [tls=-] [cipher=-] [scheme=http] [eorigin=-] welbornweb.com welbornweb.com vps38426.inmotionhosting.com 139
66.249.79.5 - - [18/Jun/2025:14:47:06 -0700] "GET /category/episode-031-everyone-has-a-success-story-rey-ybarra-author-of-conversations-with-shark-tank-winners/feed/ HTTP/1.1" 502 157 "-" "Mozilla/5.0 (compatible; Googlebot/2.1; +http://www.google.com/bot.html)" [loc=US/Mountain View] [rt=0.000] [proto=HTTP/1.1:] [args=-] [ucs=MISS] [xpc=-] [uct=-] [gz=-] [br=-] [tls=TLSv1.3] [cipher=TLS_AES_256_GCM_SHA384] [scheme=https] [eorigin=-] definingsuccesspodcast.com definingsuccesspodcast.com vps38426.inmotionhosting.com 783
54.84.93.8 - - [18/Jun/2025:14:47:07 -0700] "GET /rey-ybarras-conversations-with-shark-tank-winners-book-launch/ HTTP/1.1" 502 559 "-" "Mozilla/5.0 AppleWebKit/537.36 (KHTML, like Gecko; compatible; Amazonbot/0.1; +https://developer.amazon.com/support/amazonbot) Chrome/119.0.6045.214 Safari/537.36" [loc=US/Ashburn] [rt=0.000] [proto=HTTP/1.1:] [args=-] [ucs=MISS] [xpc=-] [uct=-] [gz=-] [br=-] [tls=TLSv1.2] [cipher=ECDHE-RSA-AES256-GCM-SHA384] [scheme=https] [eorigin=-] definingsuccesspodcast.com definingsuccesspodcast.com vps38426.inmotionhosting.com 997
20.171.207.88 - - [18/Jun/2025:14:47:08 -0700] "GET /dm-sso-endpoint/1750110508/?dm_action=domainmap-setup-cdsso HTTP/1.1" 502 157 "-" "Mozilla/5.0 AppleWebKit/537.36 (KHTML, like Gecko; compatible; GPTBot/1.2; +https://openai.com/gptbot)" [loc=US/-] [rt=0.000] [proto=HTTP/1.1:] [args=dm_action=domainmap-setup-cdsso] [ucs=MISS] [xpc=-] [uct=-] [gz=-] [br=-] [tls=-] [cipher=-] [scheme=http] [eorigin=-] welbornweb.com welbornweb.com vps38426.inmotionhosting.com 139
20.171.207.88 - - [18/Jun/2025:14:47:12 -0700] "GET /dm-sso-endpoint/1750110630/?dm_action=domainmap-setup-cdsso HTTP/1.1" 502 157 "-" "Mozilla/5.0 AppleWebKit/537.36 (KHTML, like Gecko; compatible; GPTBot/1.2; +https://openai.com/gptbot)" [loc=US/-] [rt=0.000] [proto=HTTP/1.1:] [args=dm_action=domainmap-setup-cdsso] [ucs=MISS] [xpc=-] [uct=-] [gz=-] [br=-] [tls=-] [cipher=-] [scheme=http] [eorigin=-] welbornweb.com welbornweb.com vps38426.inmotionhosting.com 139
66.249.79.6 - - [18/Jun/2025:14:47:15 -0700] "GET /category/episode-070-dont-let-your-ego-get-in-the-way-virgil-herring-author-of-the-golf-journal/feed/ HTTP/1.1" 502 157 "-" "Mozilla/5.0 (compatible; Googlebot/2.1; +http://www.google.com/bot.html)" [loc=US/Mountain View] [rt=0.000] [proto=HTTP/1.1:] [args=-] [ucs=MISS] [xpc=-] [uct=-] [gz=-] [br=-] [tls=TLSv1.3] [cipher=TLS_AES_256_GCM_SHA384] [scheme=https] [eorigin=-] definingsuccesspodcast.com definingsuccesspodcast.com vps38426.inmotionhosting.com 993
20.171.207.88 - - [18/Jun/2025:14:47:15 -0700] "GET /dm-sso-endpoint/1750123023/?dm_action=domainmap-setup-cdsso HTTP/1.1" 502 157 "-" "Mozilla/5.0 AppleWebKit/537.36 (KHTML, like Gecko; compatible; GPTBot/1.2; +https://openai.com/gptbot)" [loc=US/-] [rt=0.000] [proto=HTTP/1.1:] [args=dm_action=domainmap-setup-cdsso] [ucs=MISS] [xpc=-] [uct=-] [gz=-] [br=-] [tls=-] [cipher=-] [scheme=http] [eorigin=-] welbornweb.com welbornweb.com vps38426.inmotionhosting.com 139
167.71.69.173 - - [18/Jun/2025:14:47:16 -0700] "POST /xmlrpc.php HTTP/1.1" 502 157 "-" "Mozilla/5.0 (X11; Ubuntu; Linux x86_64; rv:85.0) Gecko/20100101 Firefox/91.0" [loc=US/New York] [rt=0.147] [proto=HTTP/1.1:] [args=-] [ucs=-] [xpc=-] [uct=-] [gz=-] [br=-] [tls=TLSv1.2] [cipher=ECDHE-RSA-AES256-GCM-SHA384] [scheme=https] [eorigin=-] socalcharitygolf.com socalcharitygolf.com vps38426.inmotionhosting.com 1002
138.229.96.151 - - [18/Jun/2025:14:47:16 -0700] "GET /contact/ HTTP/1.1" 502 157 "https://www.google.com/" "Mozilla/5.0 (iPhone; CPU iPhone OS 16_6 like Mac OS X) AppleWebKit/605.1.15 (KHTML, like Gecko) Version/16.6 Mobile/15E148 Safari/604.1" [loc=CN/Beijing] [rt=0.000] [proto=HTTP/1.1:] [args=-] [ucs=MISS] [xpc=-] [uct=-] [gz=-] [br=-] [tls=-] [cipher=-] [scheme=http] [eorigin=-] 19thholemedia.com 19thholemedia.com vps38426.inmotionhosting.com 1005
66.249.79.5 - - [18/Jun/2025:14:47:17 -0700] "GET /feed/ HTTP/1.1" 200 125516 "-" "Mozilla/5.0 (compatible; Googlebot/2.1; +http://www.google.com/bot.html)" [loc=US/Mountain View] [rt=0.049] [proto=HTTP/1.1:] [args=-] [ucs=STALE] [xpc=STALE] [uct=-] [gz=-] [br=-] [tls=TLSv1.3] [cipher=TLS_AES_256_GCM_SHA384] [scheme=https] [eorigin=-] definingsuccesspodcast.com definingsuccesspodcast.com vps38426.inmotionhosting.com 783
51.222.253.12 - - [18/Jun/2025:14:47:18 -0700] "GET /golfchat-1-4-2022/ HTTP/2.0" 502 157 "-" "Mozilla/5.0 (compatible; AhrefsBot/7.0; +http://ahrefs.com/robot/)" [loc=FR/-] [rt=0.000] [proto=HTTP/2.0:h2] [args=-] [ucs=MISS] [xpc=-] [uct=-] [gz=-] [br=-] [tls=TLSv1.3] [cipher=TLS_AES_256_GCM_SHA384] [scheme=https] [eorigin=-] golfchat.org www.golfchat.org vps38426.inmotionhosting.com 1008
20.171.207.88 - - [18/Jun/2025:14:47:19 -0700] "GET /dm-sso-endpoint/1750125509/?dm_action=domainmap-setup-cdsso HTTP/1.1" 502 157 "-" "Mozilla/5.0 AppleWebKit/537.36 (KHTML, like Gecko; compatible; GPTBot/1.2; +https://openai.com/gptbot)" [loc=US/-] [rt=0.001] [proto=HTTP/1.1:] [args=dm_action=domainmap-setup-cdsso] [ucs=MISS] [xpc=-] [uct=-] [gz=-] [br=-] [tls=-] [cipher=-] [scheme=http] [eorigin=-] welbornweb.com welbornweb.com vps38426.inmotionhosting.com 139
66.249.79.5 - - [18/Jun/2025:14:47:19 -0700] "GET /category/episode-042-engagement-vs-automation-rick-mulready-from-the-inside-social-media-podcast/feed/ HTTP/1.1" 502 157 "-" "Mozilla/5.0 (compatible; Googlebot/2.1; +http://www.google.com/bot.html)" [loc=US/Mountain View] [rt=0.000] [proto=HTTP/1.1:] [args=-] [ucs=MISS] [xpc=-] [uct=-] [gz=-] [br=-] [tls=TLSv1.3] [cipher=TLS_AES_256_GCM_SHA384] [scheme=https] [eorigin=-] definingsuccesspodcast.com definingsuccesspodcast.com vps38426.inmotionhosting.com 783
66.249.79.5 - - [18/Jun/2025:14:47:21 -0700] "GET /category/episode-96-outside-your-comfort-zone-niveen-salem-multi-level-marketing-and-former-chevron-executive/feed/ HTTP/1.1" 502 157 "-" "Mozilla/5.0 (compatible; Googlebot/2.1; +http://www.google.com/bot.html)" [loc=US/Mountain View] [rt=0.001] [proto=HTTP/1.1:] [args=-] [ucs=MISS] [xpc=-] [uct=-] [gz=-] [br=-] [tls=TLSv1.3] [cipher=TLS_AES_256_GCM_SHA384] [scheme=https] [eorigin=-] definingsuccesspodcast.com definingsuccesspodcast.com vps38426.inmotionhosting.com 783
20.171.207.88 - - [18/Jun/2025:14:47:22 -0700] "GET /dm-sso-endpoint/1750141585/?dm_action=domainmap-setup-cdsso HTTP/1.1" 502 157 "-" "Mozilla/5.0 AppleWebKit/537.36 (KHTML, like Gecko; compatible; GPTBot/1.2; +https://openai.com/gptbot)" [loc=US/-] [rt=0.000] [proto=HTTP/1.1:] [args=dm_action=domainmap-setup-cdsso] [ucs=MISS] [xpc=-] [uct=-] [gz=-] [br=-] [tls=-] [cipher=-] [scheme=http] [eorigin=-] welbornweb.com welbornweb.com vps38426.inmotionhosting.com 139
66.249.79.5 - - [18/Jun/2025:14:47:23 -0700] "GET /category/episode-064-pinterest-and-seo-host-of-oh-so-pinteresting-podcast-cynthia-sanchez/feed/ HTTP/1.1" 502 157 "-" "Mozilla/5.0 (compatible; Googlebot/2.1; +http://www.google.com/bot.html)" [loc=US/Mountain View] [rt=0.001] [proto=HTTP/1.1:] [args=-] [ucs=MISS] [xpc=-] [uct=-] [gz=-] [br=-] [tls=TLSv1.3] [cipher=TLS_AES_256_GCM_SHA384] [scheme=https] [eorigin=-] definingsuccesspodcast.com definingsuccesspodcast.com vps38426.inmotionhosting.com 783
66.249.79.5 - - [18/Jun/2025:14:47:25 -0700] "GET /category/episode-87-the-importance-of-body-language-dr-nick-morgan-owner-of-public-words-and-author-of-power-cues/feed/ HTTP/1.1" 502 157 "-" "Mozilla/5.0 (compatible; Googlebot/2.1; +http://www.google.com/bot.html)" [loc=US/Mountain View] [rt=0.000] [proto=HTTP/1.1:] [args=-] [ucs=MISS] [xpc=-] [uct=-] [gz=-] [br=-] [tls=TLSv1.3] [cipher=TLS_AES_256_GCM_SHA384] [scheme=https] [eorigin=-] definingsuccesspodcast.com definingsuccesspodcast.com vps38426.inmotionhosting.com 783
20.171.207.88 - - [18/Jun/2025:14:47:26 -0700] "GET /dm-sso-endpoint/1750151740/?dm_action=domainmap-setup-cdsso HTTP/1.1" 502 157 "-" "Mozilla/5.0 AppleWebKit/537.36 (KHTML, like Gecko; compatible; GPTBot/1.2; +https://openai.com/gptbot)" [loc=US/-] [rt=0.000] [proto=HTTP/1.1:] [args=dm_action=domainmap-setup-cdsso] [ucs=MISS] [xpc=-] [uct=-] [gz=-] [br=-] [tls=-] [cipher=-] [scheme=http] [eorigin=-] welbornweb.com welbornweb.com vps38426.inmotionhosting.com 139
20.171.207.88 - - [18/Jun/2025:14:47:29 -0700] "GET /dm-sso-endpoint/1750118773/?dm_action=domainmap-setup-cdsso HTTP/1.1" 502 157 "-" "Mozilla/5.0 AppleWebKit/537.36 (KHTML, like Gecko; compatible; GPTBot/1.2; +https://openai.com/gptbot)" [loc=US/-] [rt=0.000] [proto=HTTP/1.1:] [args=dm_action=domainmap-setup-cdsso] [ucs=MISS] [xpc=-] [uct=-] [gz=-] [br=-] [tls=-] [cipher=-] [scheme=http] [eorigin=-] welbornweb.com welbornweb.com vps38426.inmotionhosting.com 139
20.171.207.88 - - [18/Jun/2025:14:47:33 -0700] "GET /dm-sso-endpoint/1750115618/?dm_action=domainmap-setup-cdsso HTTP/1.1" 502 157 "-" "Mozilla/5.0 AppleWebKit/537.36 (KHTML, like Gecko; compatible; GPTBot/1.2; +https://openai.com/gptbot)" [loc=US/-] [rt=0.001] [proto=HTTP/1.1:] [args=dm_action=domainmap-setup-cdsso] [ucs=MISS] [xpc=-] [uct=-] [gz=-] [br=-] [tls=-] [cipher=-] [scheme=http] [eorigin=-] welbornweb.com welbornweb.com vps38426.inmotionhosting.com 139
138.229.96.151 - - [18/Jun/2025:14:47:35 -0700] "GET /contact/ HTTP/1.1" 502 157 "https://www.google.com/" "Mozilla/5.0 (iPhone; CPU iPhone OS 16_6 like Mac OS X) AppleWebKit/605.1.15 (KHTML, like Gecko) Version/16.6 Mobile/15E148 Safari/604.1" [loc=CN/Beijing] [rt=0.000] [proto=HTTP/1.1:] [args=-] [ucs=MISS] [xpc=-] [uct=-] [gz=-] [br=-] [tls=-] [cipher=-] [scheme=http] [eorigin=-] 19thholemedia.com 19thholemedia.com vps38426.inmotionhosting.com 1019
65.2.144.241 - - [18/Jun/2025:14:47:36 -0700] "GET / HTTP/1.1" 502 559 "-" "Mozilla/5.0 (Windows NT 10.0; Win64; x64) AppleWebKit/537.36 (KHTML, like Gecko) Chrome/80.0.3987.149 Safari/537.36" [loc=US/-] [rt=0.000] [proto=HTTP/1.1:] [args=-] [ucs=MISS] [xpc=-] [uct=-] [gz=-] [br=-] [tls=-] [cipher=-] [scheme=http] [eorigin=-] somersetchino.com somersetchino.com vps38426.inmotionhosting.com 1021
65.2.144.241 - - [18/Jun/2025:14:47:36 -0700] "GET / HTTP/1.1" 502 559 "-" "Mozilla/5.0 (Windows NT 10.0; Win64; x64) AppleWebKit/537.36 (KHTML, like Gecko) Chrome/80.0.3987.149 Safari/537.36" [loc=US/-] [rt=0.312] [proto=HTTP/1.1:] [args=-] [ucs=MISS] [xpc=-] [uct=-] [gz=-] [br=-] [tls=-] [cipher=-] [scheme=http] [eorigin=-] somersetchino.com somersetchino.com vps38426.inmotionhosting.com 1021
65.2.144.241 - - [18/Jun/2025:14:47:36 -0700] "GET /wp-includes/wlwmanifest.xml HTTP/1.1" 502 559 "-" "Mozilla/5.0 (Windows NT 10.0; Win64; x64) AppleWebKit/537.36 (KHTML, like Gecko) Chrome/80.0.3987.149 Safari/537.36" [loc=US/-] [rt=0.268] [proto=HTTP/1.1:] [args=-] [ucs=MISS] [xpc=-] [uct=-] [gz=-] [br=-] [tls=-] [cipher=-] [scheme=http] [eorigin=-] somersetchino.com somersetchino.com vps38426.inmotionhosting.com 1021
20.171.207.88 - - [18/Jun/2025:14:47:36 -0700] "GET /dm-sso-endpoint/1750115741/?dm_action=domainmap-setup-cdsso HTTP/1.1" 502 157 "-" "Mozilla/5.0 AppleWebKit/537.36 (KHTML, like Gecko; compatible; GPTBot/1.2; +https://openai.com/gptbot)" [loc=US/-] [rt=0.000] [proto=HTTP/1.1:] [args=dm_action=domainmap-setup-cdsso] [ucs=MISS] [xpc=-] [uct=-] [gz=-] [br=-] [tls=-] [cipher=-] [scheme=http] [eorigin=-] welbornweb.com welbornweb.com vps38426.inmotionhosting.com 139
65.2.144.241 - - [18/Jun/2025:14:47:37 -0700] "GET /xmlrpc.php?rsd HTTP/1.1" 502 559 "-" "Mozilla/5.0 (Windows NT 10.0; Win64; x64) AppleWebKit/537.36 (KHTML, like Gecko) Chrome/80.0.3987.149 Safari/537.36" [loc=US/-] [rt=0.268] [proto=HTTP/1.1:] [args=rsd] [ucs=BYPASS] [xpc=-] [uct=-] [gz=-] [br=-] [tls=-] [cipher=-] [scheme=http] [eorigin=-] somersetchino.com somersetchino.com vps38426.inmotionhosting.com 1021
65.2.144.241 - - [18/Jun/2025:14:47:37 -0700] "GET / HTTP/1.1" 502 559 "-" "Mozilla/5.0 (Windows NT 10.0; Win64; x64) AppleWebKit/537.36 (KHTML, like Gecko) Chrome/80.0.3987.149 Safari/537.36" [loc=US/-] [rt=0.271] [proto=HTTP/1.1:] [args=-] [ucs=MISS] [xpc=-] [uct=-] [gz=-] [br=-] [tls=-] [cipher=-] [scheme=http] [eorigin=-] somersetchino.com somersetchino.com vps38426.inmotionhosting.com 1021
65.2.144.241 - - [18/Jun/2025:14:47:37 -0700] "GET /blog/wp-includes/wlwmanifest.xml HTTP/1.1" 502 559 "-" "Mozilla/5.0 (Windows NT 10.0; Win64; x64) AppleWebKit/537.36 (KHTML, like Gecko) Chrome/80.0.3987.149 Safari/537.36" [loc=US/-] [rt=0.268] [proto=HTTP/1.1:] [args=-] [ucs=MISS] [xpc=-] [uct=-] [gz=-] [br=-] [tls=-] [cipher=-] [scheme=http] [eorigin=-] somersetchino.com somersetchino.com vps38426.inmotionhosting.com 1021
65.2.144.241 - - [18/Jun/2025:14:47:37 -0700] "GET /web/wp-includes/wlwmanifest.xml HTTP/1.1" 502 559 "-" "Mozilla/5.0 (Windows NT 10.0; Win64; x64) AppleWebKit/537.36 (KHTML, like Gecko) Chrome/80.0.3987.149 Safari/537.36" [loc=US/-] [rt=0.277] [proto=HTTP/1.1:] [args=-] [ucs=MISS] [xpc=-] [uct=-] [gz=-] [br=-] [tls=-] [cipher=-] [scheme=http] [eorigin=-] somersetchino.com somersetchino.com vps38426.inmotionhosting.com 1021
65.2.144.241 - - [18/Jun/2025:14:47:38 -0700] "GET /wordpress/wp-includes/wlwmanifest.xml HTTP/1.1" 502 559 "-" "Mozilla/5.0 (Windows NT 10.0; Win64; x64) AppleWebKit/537.36 (KHTML, like Gecko) Chrome/80.0.3987.149 Safari/537.36" [loc=US/-] [rt=0.270] [proto=HTTP/1.1:] [args=-] [ucs=MISS] [xpc=-] [uct=-] [gz=-] [br=-] [tls=-] [cipher=-] [scheme=http] [eorigin=-] somersetchino.com somersetchino.com vps38426.inmotionhosting.com 1021
65.2.144.241 - - [18/Jun/2025:14:47:38 -0700] "GET /website/wp-includes/wlwmanifest.xml HTTP/1.1" 502 559 "-" "Mozilla/5.0 (Windows NT 10.0; Win64; x64) AppleWebKit/537.36 (KHTML, like Gecko) Chrome/80.0.3987.149 Safari/537.36" [loc=US/-] [rt=0.268] [proto=HTTP/1.1:] [args=-] [ucs=MISS] [xpc=-] [uct=-] [gz=-] [br=-] [tls=-] [cipher=-] [scheme=http] [eorigin=-] somersetchino.com somersetchino.com vps38426.inmotionhosting.com 1021
65.2.144.241 - - [18/Jun/2025:14:47:38 -0700] "GET /wp/wp-includes/wlwmanifest.xml HTTP/1.1" 502 559 "-" "Mozilla/5.0 (Windows NT 10.0; Win64; x64) AppleWebKit/537.36 (KHTML, like Gecko) Chrome/80.0.3987.149 Safari/537.36" [loc=US/-] [rt=0.268] [proto=HTTP/1.1:] [args=-] [ucs=MISS] [xpc=-] [uct=-] [gz=-] [br=-] [tls=-] [cipher=-] [scheme=http] [eorigin=-] somersetchino.com somersetchino.com vps38426.inmotionhosting.com 1021
65.2.144.241 - - [18/Jun/2025:14:47:39 -0700] "GET /news/wp-includes/wlwmanifest.xml HTTP/1.1" 502 559 "-" "Mozilla/5.0 (Windows NT 10.0; Win64; x64) AppleWebKit/537.36 (KHTML, like Gecko) Chrome/80.0.3987.149 Safari/537.36" [loc=US/-] [rt=0.286] [proto=HTTP/1.1:] [args=-] [ucs=MISS] [xpc=-] [uct=-] [gz=-] [br=-] [tls=-] [cipher=-] [scheme=http] [eorigin=-] somersetchino.com somersetchino.com vps38426.inmotionhosting.com 1021
65.2.144.241 - - [18/Jun/2025:14:47:39 -0700] "GET /2018/wp-includes/wlwmanifest.xml HTTP/1.1" 502 559 "-" "Mozilla/5.0 (Windows NT 10.0; Win64; x64) AppleWebKit/537.36 (KHTML, like Gecko) Chrome/80.0.3987.149 Safari/537.36" [loc=US/-] [rt=0.270] [proto=HTTP/1.1:] [args=-] [ucs=MISS] [xpc=-] [uct=-] [gz=-] [br=-] [tls=-] [cipher=-] [scheme=http] [eorigin=-] somersetchino.com somersetchino.com vps38426.inmotionhosting.com 1021
65.2.144.241 - - [18/Jun/2025:14:47:39 -0700] "GET /2019/wp-includes/wlwmanifest.xml HTTP/1.1" 502 559 "-" "Mozilla/5.0 (Windows NT 10.0; Win64; x64) AppleWebKit/537.36 (KHTML, like Gecko) Chrome/80.0.3987.149 Safari/537.36" [loc=US/-] [rt=0.333] [proto=HTTP/1.1:] [args=-] [ucs=MISS] [xpc=-] [uct=-] [gz=-] [br=-] [tls=-] [cipher=-] [scheme=http] [eorigin=-] somersetchino.com somersetchino.com vps38426.inmotionhosting.com 1021
65.2.144.241 - - [18/Jun/2025:14:47:39 -0700] "GET /shop/wp-includes/wlwmanifest.xml HTTP/1.1" 502 559 "-" "Mozilla/5.0 (Windows NT 10.0; Win64; x64) AppleWebKit/537.36 (KHTML, like Gecko) Chrome/80.0.3987.149 Safari/537.36" [loc=US/-] [rt=0.268] [proto=HTTP/1.1:] [args=-] [ucs=MISS] [xpc=-] [uct=-] [gz=-] [br=-] [tls=-] [cipher=-] [scheme=http] [eorigin=-] somersetchino.com somersetchino.com vps38426.inmotionhosting.com 1021
65.2.144.241 - - [18/Jun/2025:14:47:40 -0700] "GET /wp1/wp-includes/wlwmanifest.xml HTTP/1.1" 502 559 "-" "Mozilla/5.0 (Windows NT 10.0; Win64; x64) AppleWebKit/537.36 (KHTML, like Gecko) Chrome/80.0.3987.149 Safari/537.36" [loc=US/-] [rt=0.268] [proto=HTTP/1.1:] [args=-] [ucs=MISS] [xpc=-] [uct=-] [gz=-] [br=-] [tls=-] [cipher=-] [scheme=http] [eorigin=-] somersetchino.com somersetchino.com vps38426.inmotionhosting.com 1021
65.2.144.241 - - [18/Jun/2025:14:47:40 -0700] "GET /test/wp-includes/wlwmanifest.xml HTTP/1.1" 502 559 "-" "Mozilla/5.0 (Windows NT 10.0; Win64; x64) AppleWebKit/537.36 (KHTML, like Gecko) Chrome/80.0.3987.149 Safari/537.36" [loc=US/-] [rt=0.269] [proto=HTTP/1.1:] [args=-] [ucs=MISS] [xpc=-] [uct=-] [gz=-] [br=-] [tls=-] [cipher=-] [scheme=http] [eorigin=-] somersetchino.com somersetchino.com vps38426.inmotionhosting.com 1021
20.171.207.88 - - [18/Jun/2025:14:47:40 -0700] "GET /dm-sso-endpoint/1750131887/?dm_action=domainmap-setup-cdsso HTTP/1.1" 502 157 "-" "Mozilla/5.0 AppleWebKit/537.36 (KHTML, like Gecko; compatible; GPTBot/1.2; +https://openai.com/gptbot)" [loc=US/-] [rt=0.000] [proto=HTTP/1.1:] [args=dm_action=domainmap-setup-cdsso] [ucs=MISS] [xpc=-] [uct=-] [gz=-] [br=-] [tls=-] [cipher=-] [scheme=http] [eorigin=-] welbornweb.com welbornweb.com vps38426.inmotionhosting.com 139
65.2.144.241 - - [18/Jun/2025:14:47:40 -0700] "GET /media/wp-includes/wlwmanifest.xml HTTP/1.1" 502 559 "-" "Mozilla/5.0 (Windows NT 10.0; Win64; x64) AppleWebKit/537.36 (KHTML, like Gecko) Chrome/80.0.3987.149 Safari/537.36" [loc=US/-] [rt=0.268] [proto=HTTP/1.1:] [args=-] [ucs=MISS] [xpc=-] [uct=-] [gz=-] [br=-] [tls=-] [cipher=-] [scheme=http] [eorigin=-] somersetchino.com somersetchino.com vps38426.inmotionhosting.com 1021
65.2.144.241 - - [18/Jun/2025:14:47:40 -0700] "GET /wp2/wp-includes/wlwmanifest.xml HTTP/1.1" 502 559 "-" "Mozilla/5.0 (Windows NT 10.0; Win64; x64) AppleWebKit/537.36 (KHTML, like Gecko) Chrome/80.0.3987.149 Safari/537.36" [loc=US/-] [rt=0.269] [proto=HTTP/1.1:] [args=-] [ucs=MISS] [xpc=-] [uct=-] [gz=-] [br=-] [tls=-] [cipher=-] [scheme=http] [eorigin=-] somersetchino.com somersetchino.com vps38426.inmotionhosting.com 1021
65.2.144.241 - - [18/Jun/2025:14:47:41 -0700] "GET /site/wp-includes/wlwmanifest.xml HTTP/1.1" 502 559 "-" "Mozilla/5.0 (Windows NT 10.0; Win64; x64) AppleWebKit/537.36 (KHTML, like Gecko) Chrome/80.0.3987.149 Safari/537.36" [loc=US/-] [rt=0.269] [proto=HTTP/1.1:] [args=-] [ucs=MISS] [xpc=-] [uct=-] [gz=-] [br=-] [tls=-] [cipher=-] [scheme=http] [eorigin=-] somersetchino.com somersetchino.com vps38426.inmotionhosting.com 1021
65.2.144.241 - - [18/Jun/2025:14:47:41 -0700] "GET /cms/wp-includes/wlwmanifest.xml HTTP/1.1" 502 559 "-" "Mozilla/5.0 (Windows NT 10.0; Win64; x64) AppleWebKit/537.36 (KHTML, like Gecko) Chrome/80.0.3987.149 Safari/537.36" [loc=US/-] [rt=0.269] [proto=HTTP/1.1:] [args=-] [ucs=MISS] [xpc=-] [uct=-] [gz=-] [br=-] [tls=-] [cipher=-] [scheme=http] [eorigin=-] somersetchino.com somersetchino.com vps38426.inmotionhosting.com 1021
65.2.144.241 - - [18/Jun/2025:14:47:41 -0700] "GET /sito/wp-includes/wlwmanifest.xml HTTP/1.1" 502 559 "-" "Mozilla/5.0 (Windows NT 10.0; Win64; x64) AppleWebKit/537.36 (KHTML, like Gecko) Chrome/80.0.3987.149 Safari/537.36" [loc=US/-] [rt=0.282] [proto=HTTP/1.1:] [args=-] [ucs=MISS] [xpc=-] [uct=-] [gz=-] [br=-] [tls=-] [cipher=-] [scheme=http] [eorigin=-] somersetchino.com somersetchino.com vps38426.inmotionhosting.com 1021
65.2.144.241 - - [18/Jun/2025:14:47:42 -0700] "" 400 0 "-" "-" [loc=US/-] [rt=0.268] [proto=-:] [args=-] [ucs=-] [xpc=-] [uct=-] [gz=-] [br=-] [tls=-] [cipher=-] [scheme=http] [eorigin=-] _ - vps38426.inmotionhosting.com 1021
66.249.79.5 - - [18/Jun/2025:14:47:43 -0700] "GET /category/episode-078-start-a-small-scale-business-to-test-your-idea-ben-alexander-founder-of-balloon-distractions/feed/ HTTP/1.1" 502 157 "-" "Mozilla/5.0 (compatible; Googlebot/2.1; +http://www.google.com/bot.html)" [loc=US/Mountain View] [rt=0.000] [proto=HTTP/1.1:] [args=-] [ucs=MISS] [xpc=-] [uct=-] [gz=-] [br=-] [tls=TLSv1.3] [cipher=TLS_AES_256_GCM_SHA384] [scheme=https] [eorigin=-] definingsuccesspodcast.com definingsuccesspodcast.com vps38426.inmotionhosting.com 783
20.171.207.88 - - [18/Jun/2025:14:47:43 -0700] "GET /dm-sso-endpoint/1750140412/?dm_action=domainmap-setup-cdsso HTTP/1.1" 502 157 "-" "Mozilla/5.0 AppleWebKit/537.36 (KHTML, like Gecko; compatible; GPTBot/1.2; +https://openai.com/gptbot)" [loc=US/-] [rt=0.000] [proto=HTTP/1.1:] [args=dm_action=domainmap-setup-cdsso] [ucs=MISS] [xpc=-] [uct=-] [gz=-] [br=-] [tls=-] [cipher=-] [scheme=http] [eorigin=-] welbornweb.com welbornweb.com vps38426.inmotionhosting.com 139
34.196.51.17 - - [18/Jun/2025:14:47:44 -0700] "HEAD / HTTP/1.1" 502 0 "https://welbornmedia.com/" "WPMUDEV Uptime Monitor 5.0 (https://wpmudev.com)" [loc=US/Ashburn] [rt=0.001] [proto=HTTP/1.1:] [args=-] [ucs=MISS] [xpc=-] [uct=-] [gz=-] [br=-] [tls=TLSv1.3] [cipher=TLS_AES_256_GCM_SHA384] [scheme=https] [eorigin=-] welbornmedia.com welbornmedia.com vps38426.inmotionhosting.com 1046
34.196.51.17 - - [18/Jun/2025:14:47:45 -0700] "HEAD / HTTP/1.1" 502 0 "http://somersetchino.com/" "WPMUDEV Uptime Monitor 5.0 (https://wpmudev.com)" [loc=US/Ashburn] [rt=0.000] [proto=HTTP/1.1:] [args=-] [ucs=MISS] [xpc=-] [uct=-] [gz=-] [br=-] [tls=-] [cipher=-] [scheme=http] [eorigin=-] somersetchino.com somersetchino.com vps38426.inmotionhosting.com 1049
34.196.51.17 - - [18/Jun/2025:14:47:47 -0700] "HEAD / HTTP/1.1" 200 0 "http://ruschianana.com/" "WPMUDEV Uptime Monitor 5.0 (https://wpmudev.com)" [loc=US/Ashburn] [rt=0.000] [proto=HTTP/1.1:] [args=-] [ucs=STALE] [xpc=STALE] [uct=-] [gz=-] [br=-] [tls=-] [cipher=-] [scheme=http] [eorigin=-] ruschianana.com ruschianana.com vps38426.inmotionhosting.com 1051
20.171.207.88 - - [18/Jun/2025:14:47:47 -0700] "GET /dm-sso-endpoint/1750111615/?dm_action=domainmap-setup-cdsso HTTP/1.1" 502 157 "-" "Mozilla/5.0 AppleWebKit/537.36 (KHTML, like Gecko; compatible; GPTBot/1.2; +https://openai.com/gptbot)" [loc=US/-] [rt=0.000] [proto=HTTP/1.1:] [args=dm_action=domainmap-setup-cdsso] [ucs=MISS] [xpc=-] [uct=-] [gz=-] [br=-] [tls=-] [cipher=-] [scheme=http] [eorigin=-] welbornweb.com welbornweb.com vps38426.inmotionhosting.com 139
35.157.144.199 - - [18/Jun/2025:14:47:47 -0700] "HEAD / HTTP/1.1" 502 0 "https://welbornmedia.com/" "WPMUDEV Uptime Monitor 5.0 (https://wpmudev.com)" [loc=DE/Frankfurt am Main] [rt=0.001] [proto=HTTP/1.1:] [args=-] [ucs=MISS] [xpc=-] [uct=-] [gz=-] [br=-] [tls=TLSv1.3] [cipher=TLS_AES_256_GCM_SHA384] [scheme=https] [eorigin=-] welbornmedia.com welbornmedia.com vps38426.inmotionhosting.com 1053
35.157.144.199 - - [18/Jun/2025:14:47:49 -0700] "HEAD / HTTP/1.1" 502 0 "http://somersetchino.com/" "WPMUDEV Uptime Monitor 5.0 (https://wpmudev.com)" [loc=DE/Frankfurt am Main] [rt=0.000] [proto=HTTP/1.1:] [args=-] [ucs=MISS] [xpc=-] [uct=-] [gz=-] [br=-] [tls=-] [cipher=-] [scheme=http] [eorigin=-] somersetchino.com somersetchino.com vps38426.inmotionhosting.com 1056
34.196.51.17 - - [18/Jun/2025:14:47:50 -0700] "HEAD / HTTP/1.1" 200 0 "https://19thholemedia.com/" "WPMUDEV Uptime Monitor 5.0 (https://wpmudev.com)" [loc=US/Ashburn] [rt=0.000] [proto=HTTP/1.1:] [args=-] [ucs=STALE] [xpc=STALE] [uct=-] [gz=-] [br=-] [tls=TLSv1.3] [cipher=TLS_AES_256_GCM_SHA384] [scheme=https] [eorigin=-] 19thholemedia.com 19thholemedia.com vps38426.inmotionhosting.com 1058
20.171.207.88 - - [18/Jun/2025:14:47:50 -0700] "GET /dm-sso-endpoint/1750111775/?dm_action=domainmap-setup-cdsso HTTP/1.1" 502 157 "-" "Mozilla/5.0 AppleWebKit/537.36 (KHTML, like Gecko; compatible; GPTBot/1.2; +https://openai.com/gptbot)" [loc=US/-] [rt=0.000] [proto=HTTP/1.1:] [args=dm_action=domainmap-setup-cdsso] [ucs=MISS] [xpc=-] [uct=-] [gz=-] [br=-] [tls=-] [cipher=-] [scheme=http] [eorigin=-] welbornweb.com welbornweb.com vps38426.inmotionhosting.com 139
66.249.79.8 - - [18/Jun/2025:14:47:52 -0700] "GET /category/episode-81-twitter-and-relationship-building-john-sparks-owner-of-online-imageworks/feed/ HTTP/1.1" 502 157 "-" "Mozilla/5.0 (compatible; Googlebot/2.1; +http://www.google.com/bot.html)" [loc=US/Mountain View] [rt=0.000] [proto=HTTP/1.1:] [args=-] [ucs=MISS] [xpc=-] [uct=-] [gz=-] [br=-] [tls=-] [cipher=-] [scheme=http] [eorigin=-] definingsuccesspodcast.com definingsuccesspodcast.com vps38426.inmotionhosting.com 1061
43.159.135.203 - - [18/Jun/2025:14:47:52 -0700] "GET /wp-json/oembed/1.0/embed?url=http%3A%2F%2Frunningbrothers.com%2F1646%2F2011-to-our-heroes%2F&format=xml HTTP/1.1" 502 157 "-" "Mozilla/5.0 (iPhone; CPU iPhone OS 13_2_3 like Mac OS X) AppleWebKit/605.1.15 (KHTML, like Gecko) Version/13.0.3 Mobile/15E148 Safari/604.1" [loc=JP/Tokyo] [rt=0.000] [proto=HTTP/1.1:] [args=url=http%3A%2F%2Frunningbrothers.com%2F1646%2F2011-to-our-heroes%2F&format=xml] [ucs=MISS] [xpc=-] [uct=-] [gz=-] [br=-] [tls=-] [cipher=-] [scheme=http] [eorigin=-] runningbrothers.com runningbrothers.com vps38426.inmotionhosting.com 1063
35.229.83.27 - - [18/Jun/2025:14:47:54 -0700] "GET /get-book/ HTTP/1.0" 502 157 "-" "ZoominfoBot (zoominfobot at zoominfo dot com)" [loc=US/-] [rt=0.001] [proto=HTTP/1.0:] [args=-] [ucs=MISS] [xpc=-] [uct=-] [gz=-] [br=-] [tls=-] [cipher=-] [scheme=http] [eorigin=-] socialgolfcourse.com socialgolfcourse.com vps38426.inmotionhosting.com 1065
20.171.207.88 - - [18/Jun/2025:14:47:56 -0700] "GET /dm-sso-endpoint/1750112777/?dm_action=domainmap-setup-cdsso HTTP/1.1" 502 157 "-" "Mozilla/5.0 AppleWebKit/537.36 (KHTML, like Gecko; compatible; GPTBot/1.2; +https://openai.com/gptbot)" [loc=US/-] [rt=0.000] [proto=HTTP/1.1:] [args=dm_action=domainmap-setup-cdsso] [ucs=MISS] [xpc=-] [uct=-] [gz=-] [br=-] [tls=-] [cipher=-] [scheme=http] [eorigin=-] welbornweb.com welbornweb.com vps38426.inmotionhosting.com 139
20.171.207.88 - - [18/Jun/2025:14:47:59 -0700] "GET /dm-sso-endpoint/1750111616/?dm_action=domainmap-setup-cdsso HTTP/1.1" 502 157 "-" "Mozilla/5.0 AppleWebKit/537.36 (KHTML, like Gecko; compatible; GPTBot/1.2; +https://openai.com/gptbot)" [loc=US/-] [rt=0.000] [proto=HTTP/1.1:] [args=dm_action=domainmap-setup-cdsso] [ucs=MISS] [xpc=-] [uct=-] [gz=-] [br=-] [tls=-] [cipher=-] [scheme=http] [eorigin=-] welbornweb.com welbornweb.com vps38426.inmotionhosting.com 139
185.191.171.3 - - [18/Jun/2025:14:47:59 -0700] "GET /tag/st-andrews/ HTTP/1.1" 502 157 "-" "Mozilla/5.0 (compatible; SemrushBot/7~bl; +http://www.semrush.com/bot.html)" [loc=MD/-] [rt=0.001] [proto=HTTP/1.1:] [args=-] [ucs=MISS] [xpc=-] [uct=-] [gz=-] [br=-] [tls=TLSv1.3] [cipher=TLS_AES_256_GCM_SHA384] [scheme=https] [eorigin=-] golfchat.org www.golfchat.org vps38426.inmotionhosting.com 1068
20.171.207.88 - - [18/Jun/2025:14:48:03 -0700] "GET /dm-sso-endpoint/1750114442/?dm_action=domainmap-setup-cdsso HTTP/1.1" 502 157 "-" "Mozilla/5.0 AppleWebKit/537.36 (KHTML, like Gecko; compatible; GPTBot/1.2; +https://openai.com/gptbot)" [loc=US/-] [rt=0.000] [proto=HTTP/1.1:] [args=dm_action=domainmap-setup-cdsso] [ucs=MISS] [xpc=-] [uct=-] [gz=-] [br=-] [tls=-] [cipher=-] [scheme=http] [eorigin=-] welbornweb.com welbornweb.com vps38426.inmotionhosting.com 139
66.249.79.5 - - [18/Jun/2025:14:48:05 -0700] "GET /category/episode-067-the-learning-experience-fred-shoemaker-from-extraordinary-golf/feed/ HTTP/1.1" 502 157 "-" "Mozilla/5.0 (compatible; Googlebot/2.1; +http://www.google.com/bot.html)" [loc=US/Mountain View] [rt=0.000] [proto=HTTP/1.1:] [args=-] [ucs=MISS] [xpc=-] [uct=-] [gz=-] [br=-] [tls=TLSv1.3] [cipher=TLS_AES_256_GCM_SHA384] [scheme=https] [eorigin=-] definingsuccesspodcast.com definingsuccesspodcast.com vps38426.inmotionhosting.com 783
66.249.79.5 - - [18/Jun/2025:14:48:06 -0700] "GET /category/episode-031-everyone-has-a-success-story-rey-ybarra-author-of-conversations-with-shark-tank-winners/feed/ HTTP/1.1" 502 157 "-" "Mozilla/5.0 (compatible; Googlebot/2.1; +http://www.google.com/bot.html)" [loc=US/Mountain View] [rt=0.000] [proto=HTTP/1.1:] [args=-] [ucs=MISS] [xpc=-] [uct=-] [gz=-] [br=-] [tls=TLSv1.3] [cipher=TLS_AES_256_GCM_SHA384] [scheme=https] [eorigin=-] definingsuccesspodcast.com definingsuccesspodcast.com vps38426.inmotionhosting.com 783
20.171.207.88 - - [18/Jun/2025:14:48:07 -0700] "GET /dm-sso-endpoint/1750136777/?dm_action=domainmap-setup-cdsso HTTP/1.1" 502 157 "-" "Mozilla/5.0 AppleWebKit/537.36 (KHTML, like Gecko; compatible; GPTBot/1.2; +https://openai.com/gptbot)" [loc=US/-] [rt=0.000] [proto=HTTP/1.1:] [args=dm_action=domainmap-setup-cdsso] [ucs=MISS] [xpc=-] [uct=-] [gz=-] [br=-] [tls=-] [cipher=-] [scheme=http] [eorigin=-] welbornweb.com welbornweb.com vps38426.inmotionhosting.com 139
66.249.79.5 - - [18/Jun/2025:14:48:08 -0700] "GET /category/episode-81-twitter-and-relationship-building-john-sparks-owner-of-online-imageworks/feed/ HTTP/1.1" 502 157 "-" "Mozilla/5.0 (compatible; Googlebot/2.1; +http://www.google.com/bot.html)" [loc=US/Mountain View] [rt=0.000] [proto=HTTP/1.1:] [args=-] [ucs=MISS] [xpc=-] [uct=-] [gz=-] [br=-] [tls=TLSv1.3] [cipher=TLS_AES_256_GCM_SHA384] [scheme=https] [eorigin=-] definingsuccesspodcast.com definingsuccesspodcast.com vps38426.inmotionhosting.com 783
65.21.229.154 - - [18/Jun/2025:14:48:10 -0700] "POST /xmlrpc.php HTTP/1.1" 502 559 "http://ruschianana.com" "Mozilla/5.0 (Windows NT 10.0; Win64; x64) AppleWebKit/537.36 (KHTML, like Gecko) Chrome/113.0.5672.93 Safari/537.36" [loc=US/Redwood City] [rt=0.000] [proto=HTTP/1.1:] [args=-] [ucs=-] [xpc=-] [uct=-] [gz=-] [br=-] [tls=-] [cipher=-] [scheme=http] [eorigin=-] ruschianana.com ruschianana.com vps38426.inmotionhosting.com 1076
20.171.207.88 - - [18/Jun/2025:14:48:11 -0700] "GET /dm-sso-endpoint/1750111419/?dm_action=domainmap-setup-cdsso HTTP/1.1" 502 157 "-" "Mozilla/5.0 AppleWebKit/537.36 (KHTML, like Gecko; compatible; GPTBot/1.2; +https://openai.com/gptbot)" [loc=US/-] [rt=0.000] [proto=HTTP/1.1:] [args=dm_action=domainmap-setup-cdsso] [ucs=MISS] [xpc=-] [uct=-] [gz=-] [br=-] [tls=-] [cipher=-] [scheme=http] [eorigin=-] welbornweb.com welbornweb.com vps38426.inmotionhosting.com 139
135.125.181.14 - - [18/Jun/2025:14:48:13 -0700] "POST /xmlrpc.php HTTP/1.1" 502 157 "http://ruschianana.com" "Mozilla/5.0 (Macintosh; Intel Mac OS X 10_15_7; rv:125.0.1) Gecko/20100101 Firefox/125.0.1" [loc=US/Basking Ridge] [rt=0.000] [proto=HTTP/1.1:] [args=-] [ucs=-] [xpc=-] [uct=-] [gz=-] [br=-] [tls=-] [cipher=-] [scheme=http] [eorigin=-] ruschianana.com ruschianana.com vps38426.inmotionhosting.com 1079
20.171.207.88 - - [18/Jun/2025:14:48:15 -0700] "GET /dm-sso-endpoint/1750111723/?dm_action=domainmap-setup-cdsso HTTP/1.1" 502 157 "-" "Mozilla/5.0 AppleWebKit/537.36 (KHTML, like Gecko; compatible; GPTBot/1.2; +https://openai.com/gptbot)" [loc=US/-] [rt=0.001] [proto=HTTP/1.1:] [args=dm_action=domainmap-setup-cdsso] [ucs=MISS] [xpc=-] [uct=-] [gz=-] [br=-] [tls=-] [cipher=-] [scheme=http] [eorigin=-] welbornweb.com welbornweb.com vps38426.inmotionhosting.com 139
114.119.145.123 - - [18/Jun/2025:14:48:19 -0700] "GET /?s=%E4%BD%93%E5%BD%A9%E6%8E%92%E5%88%97%E4%B8%89-%E3%80%90%E2%9C%94%EF%B8%8F%E6%8E%A8%E8%8D%90AC68%C2%B7CC%E2%9C%94%EF%B8%8F%E3%80%91-%E7%AB%8B%E5%8D%9A%E5%A4%87%E7%94%A8%E7%BD%91%E5%9D%80-%E4%BD%93%E5%BD%A9%E6%8E%92%E5%88%97%E4%B8%89dz4l8-%E3%80%90%E2%9C%94%EF%B8%8F%E6%8E%A8%E8%8D%90AC68%C2%B7CC%E2%9C%94%EF%B8%8F%E3%80%91-%E7%AB%8B%E5%8D%9A%E5%A4%87%E7%94%A8%E7%BD%91%E5%9D%80gfma-%E4%BD%93%E5%BD%A9%E6%8E%92%E5%88%97%E4%B8%891eh54-%E7%AB%8B%E5%8D%9A%E5%A4%87%E7%94%A8%E7%BD%91%E5%9D%8061sw HTTP/1.1" 502 157 "https://definingsuccesspodcast.com/?s=%E4%BD%93%E5%BD%A9%E6%8E%92%E5%88%97%E4%B8%89-%E3%80%90%E2%9C%94%EF%B8%8F%E6%8E%A8%E8%8D%90AC68%C2%B7CC%E2%9C%94%EF%B8%8F%E3%80%91-%E7%AB%8B%E5%8D%9A%E5%A4%87%E7%94%A8%E7%BD%91%E5%9D%80-%E4%BD%93%E5%BD%A9%E6%8E%92%E5%88%97%E4%B8%89dz4l8-%E3%80%90%E2%9C%94%EF%B8%8F%E6%8E%A8%E8%8D%90AC68%C2%B7CC%E2%9C%94%EF%B8%8F%E3%80%91-%E7%AB%8B%E5%8D%9A%E5%A4%87%E7%94%A8%E7%BD%91%E5%9D%80gfma-%E4%BD%93%E5%BD%A9%E6%8E%92%E5%88%97%E4%B8%891eh54-%E7%AB%8B%E5%8D%9A%E5%A4%87%E7%94%A8%E7%BD%91%E5%9D%8061sw" "Mozilla/5.0 (Linux; Android 7.0;) AppleWebKit/537.36 (KHTML, like Gecko) Mobile Safari/537.36 (compatible; PetalBot;+https://webmaster.petalsearch.com/site/petalbot)" [loc=CN/-] [rt=0.000] [proto=HTTP/1.1:] [args=s=%E4%BD%93%E5%BD%A9%E6%8E%92%E5%88%97%E4%B8%89-%E3%80%90%E2%9C%94%EF%B8%8F%E6%8E%A8%E8%8D%90AC68%C2%B7CC%E2%9C%94%EF%B8%8F%E3%80%91-%E7%AB%8B%E5%8D%9A%E5%A4%87%E7%94%A8%E7%BD%91%E5%9D%80-%E4%BD%93%E5%BD%A9%E6%8E%92%E5%88%97%E4%B8%89dz4l8-%E3%80%90%E2%9C%94%EF%B8%8F%E6%8E%A8%E8%8D%90AC68%C2%B7CC%E2%9C%94%EF%B8%8F%E3%80%91-%E7%AB%8B%E5%8D%9A%E5%A4%87%E7%94%A8%E7%BD%91%E5%9D%80gfma-%E4%BD%93%E5%BD%A9%E6%8E%92%E5%88%97%E4%B8%891eh54-%E7%AB%8B%E5%8D%9A%E5%A4%87%E7%94%A8%E7%BD%91%E5%9D%8061sw] [ucs=MISS] [xpc=-] [uct=-] [gz=-] [br=-] [tls=TLSv1.3] [cipher=TLS_AES_256_GCM_SHA384] [scheme=https] [eorigin=-] definingsuccesspodcast.com definingsuccesspodcast.com vps38426.inmotionhosting.com 1082
20.171.207.88 - - [18/Jun/2025:14:48:19 -0700] "GET /dm-sso-endpoint/1750111746/?dm_action=domainmap-setup-cdsso HTTP/1.1" 502 157 "-" "Mozilla/5.0 AppleWebKit/537.36 (KHTML, like Gecko; compatible; GPTBot/1.2; +https://openai.com/gptbot)" [loc=US/-] [rt=0.000] [proto=HTTP/1.1:] [args=dm_action=domainmap-setup-cdsso] [ucs=MISS] [xpc=-] [uct=-] [gz=-] [br=-] [tls=-] [cipher=-] [scheme=http] [eorigin=-] welbornweb.com welbornweb.com vps38426.inmotionhosting.com 139
66.249.79.6 - - [18/Jun/2025:14:48:19 -0700] "GET /category/episode-042-engagement-vs-automation-rick-mulready-from-the-inside-social-media-podcast/feed/ HTTP/1.1" 502 157 "-" "Mozilla/5.0 (compatible; Googlebot/2.1; +http://www.google.com/bot.html)" [loc=US/Mountain View] [rt=0.000] [proto=HTTP/1.1:] [args=-] [ucs=MISS] [xpc=-] [uct=-] [gz=-] [br=-] [tls=TLSv1.3] [cipher=TLS_AES_256_GCM_SHA384] [scheme=https] [eorigin=-] definingsuccesspodcast.com definingsuccesspodcast.com vps38426.inmotionhosting.com 1085
66.249.79.6 - - [18/Jun/2025:14:48:21 -0700] "GET /category/episode-96-outside-your-comfort-zone-niveen-salem-multi-level-marketing-and-former-chevron-executive/feed/ HTTP/1.1" 502 157 "-" "Mozilla/5.0 (compatible; Googlebot/2.1; +http://www.google.com/bot.html)" [loc=US/Mountain View] [rt=0.000] [proto=HTTP/1.1:] [args=-] [ucs=MISS] [xpc=-] [uct=-] [gz=-] [br=-] [tls=TLSv1.3] [cipher=TLS_AES_256_GCM_SHA384] [scheme=https] [eorigin=-] definingsuccesspodcast.com definingsuccesspodcast.com vps38426.inmotionhosting.com 1085
66.249.79.5 - - [18/Jun/2025:14:48:23 -0700] "GET /category/episode-064-pinterest-and-seo-host-of-oh-so-pinteresting-podcast-cynthia-sanchez/feed/ HTTP/1.1" 502 157 "-" "Mozilla/5.0 (compatible; Googlebot/2.1; +http://www.google.com/bot.html)" [loc=US/Mountain View] [rt=0.000] [proto=HTTP/1.1:] [args=-] [ucs=MISS] [xpc=-] [uct=-] [gz=-] [br=-] [tls=TLSv1.3] [cipher=TLS_AES_256_GCM_SHA384] [scheme=https] [eorigin=-] definingsuccesspodcast.com definingsuccesspodcast.com vps38426.inmotionhosting.com 783
20.171.207.88 - - [18/Jun/2025:14:48:24 -0700] "GET /dm-sso-endpoint/1750111899/?dm_action=domainmap-setup-cdsso HTTP/1.1" 502 157 "-" "Mozilla/5.0 AppleWebKit/537.36 (KHTML, like Gecko; compatible; GPTBot/1.2; +https://openai.com/gptbot)" [loc=US/-] [rt=0.000] [proto=HTTP/1.1:] [args=dm_action=domainmap-setup-cdsso] [ucs=MISS] [xpc=-] [uct=-] [gz=-] [br=-] [tls=-] [cipher=-] [scheme=http] [eorigin=-] welbornweb.com welbornweb.com vps38426.inmotionhosting.com 139
66.249.79.5 - - [18/Jun/2025:14:48:25 -0700] "GET /category/episode-033-be-of-service-to-others-chris-brogan-from-human-business-works/feed/ HTTP/1.1" 502 157 "-" "Mozilla/5.0 (compatible; Googlebot/2.1; +http://www.google.com/bot.html)" [loc=US/Mountain View] [rt=0.000] [proto=HTTP/1.1:] [args=-] [ucs=MISS] [xpc=-] [uct=-] [gz=-] [br=-] [tls=TLSv1.3] [cipher=TLS_AES_256_GCM_SHA384] [scheme=https] [eorigin=-] definingsuccesspodcast.com definingsuccesspodcast.com vps38426.inmotionhosting.com 783
66.249.79.5 - - [18/Jun/2025:14:48:27 -0700] "GET /category/episode-87-the-importance-of-body-language-dr-nick-morgan-owner-of-public-words-and-author-of-power-cues/feed/ HTTP/1.1" 502 157 "-" "Mozilla/5.0 (compatible; Googlebot/2.1; +http://www.google.com/bot.html)" [loc=US/Mountain View] [rt=0.001] [proto=HTTP/1.1:] [args=-] [ucs=MISS] [xpc=-] [uct=-] [gz=-] [br=-] [tls=TLSv1.3] [cipher=TLS_AES_256_GCM_SHA384] [scheme=https] [eorigin=-] definingsuccesspodcast.com definingsuccesspodcast.com vps38426.inmotionhosting.com 783
20.171.207.88 - - [18/Jun/2025:14:48:28 -0700] "GET /dm-sso-endpoint/1750111909/?dm_action=domainmap-setup-cdsso HTTP/1.1" 502 157 "-" "Mozilla/5.0 AppleWebKit/537.36 (KHTML, like Gecko; compatible; GPTBot/1.2; +https://openai.com/gptbot)" [loc=US/-] [rt=0.000] [proto=HTTP/1.1:] [args=dm_action=domainmap-setup-cdsso] [ucs=MISS] [xpc=-] [uct=-] [gz=-] [br=-] [tls=-] [cipher=-] [scheme=http] [eorigin=-] welbornweb.com welbornweb.com vps38426.inmotionhosting.com 139
20.171.207.88 - - [18/Jun/2025:14:48:32 -0700] "GET /dm-sso-endpoint/1750111529/?dm_action=domainmap-setup-cdsso HTTP/1.1" 502 157 "-" "Mozilla/5.0 AppleWebKit/537.36 (KHTML, like Gecko; compatible; GPTBot/1.2; +https://openai.com/gptbot)" [loc=US/-] [rt=0.000] [proto=HTTP/1.1:] [args=dm_action=domainmap-setup-cdsso] [ucs=MISS] [xpc=-] [uct=-] [gz=-] [br=-] [tls=-] [cipher=-] [scheme=http] [eorigin=-] welbornweb.com welbornweb.com vps38426.inmotionhosting.com 139
52.45.77.169 - - [18/Jun/2025:14:48:34 -0700] "GET /event/jackbox-tv-social-at-the-chino-valley-chamber/ HTTP/1.1" 502 559 "-" "Mozilla/5.0 AppleWebKit/537.36 (KHTML, like Gecko; compatible; Amazonbot/0.1; +https://developer.amazon.com/support/amazonbot) Chrome/119.0.6045.214 Safari/537.36" [loc=US/Ashburn] [rt=0.001] [proto=HTTP/1.1:] [args=-] [ucs=MISS] [xpc=-] [uct=-] [gz=-] [br=-] [tls=TLSv1.2] [cipher=ECDHE-RSA-AES256-GCM-SHA384] [scheme=https] [eorigin=-] chinorotary.welbornweb.com chinorotary.org vps38426.inmotionhosting.com 1094
20.171.207.88 - - [18/Jun/2025:14:48:35 -0700] "GET /dm-sso-endpoint/1750111063/?dm_action=domainmap-setup-cdsso HTTP/1.1" 502 157 "-" "Mozilla/5.0 AppleWebKit/537.36 (KHTML, like Gecko; compatible; GPTBot/1.2; +https://openai.com/gptbot)" [loc=US/-] [rt=0.000] [proto=HTTP/1.1:] [args=dm_action=domainmap-setup-cdsso] [ucs=MISS] [xpc=-] [uct=-] [gz=-] [br=-] [tls=-] [cipher=-] [scheme=http] [eorigin=-] welbornweb.com welbornweb.com vps38426.inmotionhosting.com 139
20.171.207.88 - - [18/Jun/2025:14:48:39 -0700] "GET /dm-sso-endpoint/1750127666/?dm_action=domainmap-setup-cdsso HTTP/1.1" 502 157 "-" "Mozilla/5.0 AppleWebKit/537.36 (KHTML, like Gecko; compatible; GPTBot/1.2; +https://openai.com/gptbot)" [loc=US/-] [rt=0.000] [proto=HTTP/1.1:] [args=dm_action=domainmap-setup-cdsso] [ucs=MISS] [xpc=-] [uct=-] [gz=-] [br=-] [tls=-] [cipher=-] [scheme=http] [eorigin=-] welbornweb.com welbornweb.com vps38426.inmotionhosting.com 139
202.14.217.203 - - [18/Jun/2025:14:48:40 -0700] "POST /xmlrpc.php HTTP/1.1" 502 559 "http://dunbarconstructioninc.com" "Mozilla/5.0 (Windows NT 10.0; Win64; x64) AppleWebKit/537.36 (KHTML, like Gecko) Chrome/116.0.5845.96 Safari/537.36 Edg/116.0.1938.62" [loc=NZ/-] [rt=0.000] [proto=HTTP/1.1:] [args=-] [ucs=-] [xpc=-] [uct=-] [gz=-] [br=-] [tls=-] [cipher=-] [scheme=http] [eorigin=-] dunbarconstructioninc.welbornwebsites.com dunbarconstructioninc.com vps38426.inmotionhosting.com 1098
103.145.63.232 - - [18/Jun/2025:14:48:42 -0700] "POST /xmlrpc.php HTTP/1.1" 502 559 "http://ruschianana.com" "Mozilla/5.0 (Macintosh; Intel Mac OS X 13_3) AppleWebKit/537.36 (KHTML, like Gecko) Chrome/126.0.0.0 Safari/537.36" [loc=-/-] [rt=0.000] [proto=HTTP/1.1:] [args=-] [ucs=-] [xpc=-] [uct=-] [gz=-] [br=-] [tls=-] [cipher=-] [scheme=http] [eorigin=-] ruschianana.com ruschianana.com vps38426.inmotionhosting.com 1100
20.171.207.88 - - [18/Jun/2025:14:48:42 -0700] "GET /dm-sso-endpoint/1750111307/?dm_action=domainmap-setup-cdsso HTTP/1.1" 502 157 "-" "Mozilla/5.0 AppleWebKit/537.36 (KHTML, like Gecko; compatible; GPTBot/1.2; +https://openai.com/gptbot)" [loc=US/-] [rt=0.000] [proto=HTTP/1.1:] [args=dm_action=domainmap-setup-cdsso] [ucs=MISS] [xpc=-] [uct=-] [gz=-] [br=-] [tls=-] [cipher=-] [scheme=http] [eorigin=-] welbornweb.com welbornweb.com vps38426.inmotionhosting.com 139
66.249.79.5 - - [18/Jun/2025:14:48:43 -0700] "GET /category/episode-078-start-a-small-scale-business-to-test-your-idea-ben-alexander-founder-of-balloon-distractions/feed/ HTTP/1.1" 502 157 "-" "Mozilla/5.0 (compatible; Googlebot/2.1; +http://www.google.com/bot.html)" [loc=US/Mountain View] [rt=0.000] [proto=HTTP/1.1:] [args=-] [ucs=MISS] [xpc=-] [uct=-] [gz=-] [br=-] [tls=TLSv1.3] [cipher=TLS_AES_256_GCM_SHA384] [scheme=https] [eorigin=-] definingsuccesspodcast.com definingsuccesspodcast.com vps38426.inmotionhosting.com 783
34.196.51.17 - - [18/Jun/2025:14:48:55 -0700] "HEAD / HTTP/1.1" 502 0 "http://dunbarconstructioninc.com/" "WPMUDEV Uptime Monitor 5.0 (https://wpmudev.com)" [loc=US/Ashburn] [rt=0.000] [proto=HTTP/1.1:] [args=-] [ucs=MISS] [xpc=-] [uct=-] [gz=-] [br=-] [tls=-] [cipher=-] [scheme=http] [eorigin=-] dunbarconstructioninc.welbornwebsites.com dunbarconstructioninc.com vps38426.inmotionhosting.com 1105
18.211.39.188 - - [18/Jun/2025:14:48:55 -0700] "GET /category/media/ HTTP/1.1" 502 559 "-" "Mozilla/5.0 AppleWebKit/537.36 (KHTML, like Gecko; compatible; Amazonbot/0.1; +https://developer.amazon.com/support/amazonbot) Chrome/119.0.6045.214 Safari/537.36" [loc=US/Ashburn] [rt=0.000] [proto=HTTP/1.1:] [args=-] [ucs=MISS] [xpc=-] [uct=-] [gz=-] [br=-] [tls=TLSv1.2] [cipher=ECDHE-RSA-AES256-GCM-SHA384] [scheme=https] [eorigin=-] socalcharitygolf.com socalcharitygolf.com vps38426.inmotionhosting.com 1108
43.157.22.57 - - [18/Jun/2025:14:48:55 -0700] "GET /category/episode-047-network-like-jesus-author-dr-joseph-castleberry/ HTTP/1.1" 502 157 "-" "Mozilla/5.0 (iPhone; CPU iPhone OS 13_2_3 like Mac OS X) AppleWebKit/605.1.15 (KHTML, like Gecko) Version/13.0.3 Mobile/15E148 Safari/604.1" [loc=JP/Tokyo] [rt=0.000] [proto=HTTP/1.1:] [args=-] [ucs=MISS] [xpc=-] [uct=-] [gz=-] [br=-] [tls=-] [cipher=-] [scheme=http] [eorigin=-] definingsuccesspodcast.com definingsuccesspodcast.com vps38426.inmotionhosting.com 1107
35.169.119.108 - - [18/Jun/2025:14:48:56 -0700] "GET /event/rick-bui-and-cp-phan-ryla/ HTTP/1.1" 502 559 "-" "Mozilla/5.0 AppleWebKit/537.36 (KHTML, like Gecko; compatible; Amazonbot/0.1; +https://developer.amazon.com/support/amazonbot) Chrome/119.0.6045.214 Safari/537.36" [loc=US/Ashburn] [rt=0.000] [proto=HTTP/1.1:] [args=-] [ucs=MISS] [xpc=-] [uct=-] [gz=-] [br=-] [tls=TLSv1.2] [cipher=ECDHE-RSA-AES256-GCM-SHA384] [scheme=https] [eorigin=-] chinorotary.welbornweb.com chinorotary.org vps38426.inmotionhosting.com 1104
34.206.249.188 - - [18/Jun/2025:14:48:56 -0700] "GET /calendar/category/district-5300/2021-08/ HTTP/1.1" 502 559 "-" "Mozilla/5.0 AppleWebKit/537.36 (KHTML, like Gecko; compatible; Amazonbot/0.1; +https://developer.amazon.com/support/amazonbot) Chrome/119.0.6045.214 Safari/537.36" [loc=US/Ashburn] [rt=0.000] [proto=HTTP/1.1:] [args=-] [ucs=MISS] [xpc=-] [uct=-] [gz=-] [br=-] [tls=TLSv1.2] [cipher=ECDHE-RSA-AES256-GCM-SHA384] [scheme=https] [eorigin=-] chinorotary.welbornweb.com chinorotary.org vps38426.inmotionhosting.com 1112
35.157.144.199 - - [18/Jun/2025:14:48:58 -0700] "HEAD / HTTP/1.1" 502 0 "http://dunbarconstructioninc.com/" "WPMUDEV Uptime Monitor 5.0 (https://wpmudev.com)" [loc=DE/Frankfurt am Main] [rt=0.000] [proto=HTTP/1.1:] [args=-] [ucs=MISS] [xpc=-] [uct=-] [gz=-] [br=-] [tls=-] [cipher=-] [scheme=http] [eorigin=-] dunbarconstructioninc.welbornwebsites.com dunbarconstructioninc.com vps38426.inmotionhosting.com 1114
51.161.172.247 - - [18/Jun/2025:14:49:00 -0700] "POST /xmlrpc.php HTTP/2.0" 502 559 "https://guardianjetcenter.com" "Mozilla/5.0 (Windows NT 10.0; Win64; x64) AppleWebKit/537.36 (KHTML, like Gecko) Chrome/114.0.5735.199 Safari/537.36 Edg/114.0.1823.67" [loc=FR/-] [rt=0.000] [proto=HTTP/2.0:h2] [args=-] [ucs=-] [xpc=-] [uct=-] [gz=-] [br=-] [tls=TLSv1.3] [cipher=TLS_AES_256_GCM_SHA384] [scheme=https] [eorigin=-] guardianjetcenter.com.welbornwebsites.com guardianjetcenter.com vps38426.inmotionhosting.com 1116
34.196.51.17 - - [18/Jun/2025:14:49:02 -0700] "HEAD / HTTP/1.1" 502 0 "https://larrywelborn.com/" "WPMUDEV Uptime Monitor 5.0 (https://wpmudev.com)" [loc=US/Ashburn] [rt=0.001] [proto=HTTP/1.1:] [args=-] [ucs=MISS] [xpc=-] [uct=-] [gz=-] [br=-] [tls=TLSv1.3] [cipher=TLS_AES_256_GCM_SHA384] [scheme=https] [eorigin=-] larrywelborn.com larrywelborn.com vps38426.inmotionhosting.com 1118
35.157.144.199 - - [18/Jun/2025:14:49:05 -0700] "HEAD / HTTP/1.1" 502 0 "https://larrywelborn.com/" "WPMUDEV Uptime Monitor 5.0 (https://wpmudev.com)" [loc=DE/Frankfurt am Main] [rt=0.000] [proto=HTTP/1.1:] [args=-] [ucs=MISS] [xpc=-] [uct=-] [gz=-] [br=-] [tls=TLSv1.3] [cipher=TLS_AES_256_GCM_SHA384] [scheme=https] [eorigin=-] larrywelborn.com larrywelborn.com vps38426.inmotionhosting.com 1120
66.249.79.5 - - [18/Jun/2025:14:49:07 -0700] "GET /category/episode-031-everyone-has-a-success-story-rey-ybarra-author-of-conversations-with-shark-tank-winners/feed/ HTTP/1.1" 502 157 "-" "Mozilla/5.0 (compatible; Googlebot/2.1; +http://www.google.com/bot.html)" [loc=US/Mountain View] [rt=0.001] [proto=HTTP/1.1:] [args=-] [ucs=MISS] [xpc=-] [uct=-] [gz=-] [br=-] [tls=TLSv1.3] [cipher=TLS_AES_256_GCM_SHA384] [scheme=https] [eorigin=-] definingsuccesspodcast.com definingsuccesspodcast.com vps38426.inmotionhosting.com 783
66.249.79.6 - - [18/Jun/2025:14:49:09 -0700] "GET /category/episode-81-twitter-and-relationship-building-john-sparks-owner-of-online-imageworks/feed/ HTTP/1.1" 502 157 "-" "Mozilla/5.0 (compatible; Googlebot/2.1; +http://www.google.com/bot.html)" [loc=US/Mountain View] [rt=0.000] [proto=HTTP/1.1:] [args=-] [ucs=MISS] [xpc=-] [uct=-] [gz=-] [br=-] [tls=TLSv1.3] [cipher=TLS_AES_256_GCM_SHA384] [scheme=https] [eorigin=-] definingsuccesspodcast.com definingsuccesspodcast.com vps38426.inmotionhosting.com 1123
66.249.79.8 - - [18/Jun/2025:14:49:12 -0700] "GET /tag/entrepreneurial-work-mode/feed/ HTTP/1.1" 502 157 "-" "Mozilla/5.0 (compatible; Googlebot/2.1; +http://www.google.com/bot.html)" [loc=US/Mountain View] [rt=0.000] [proto=HTTP/1.1:] [args=-] [ucs=MISS] [xpc=-] [uct=-] [gz=-] [br=-] [tls=-] [cipher=-] [scheme=http] [eorigin=-] definingsuccesspodcast.com definingsuccesspodcast.com vps38426.inmotionhosting.com 1125
194.163.128.147 - - [18/Jun/2025:14:49:14 -0700] "POST /xmlrpc.php HTTP/2.0" 502 559 "https://rcrotary.org" "Mozilla/5.0 (Windows NT 10.0; Win64; x64) AppleWebKit/537.36 (KHTML, like Gecko) Chrome/112.0.5615.138 Safari/537.36 Edg/112.0.1722.68" [loc=DE/-] [rt=0.001] [proto=HTTP/2.0:h2] [args=-] [ucs=-] [xpc=-] [uct=-] [gz=-] [br=-] [tls=TLSv1.3] [cipher=TLS_AES_256_GCM_SHA384] [scheme=https] [eorigin=-] welbornweb.com rcrotary.org vps38426.inmotionhosting.com 1127
66.249.79.5 - - [18/Jun/2025:14:49:20 -0700] "GET /category/episode-042-engagement-vs-automation-rick-mulready-from-the-inside-social-media-podcast/feed/ HTTP/1.1" 502 157 "-" "Mozilla/5.0 (compatible; Googlebot/2.1; +http://www.google.com/bot.html)" [loc=US/Mountain View] [rt=0.000] [proto=HTTP/1.1:] [args=-] [ucs=MISS] [xpc=-] [uct=-] [gz=-] [br=-] [tls=TLSv1.3] [cipher=TLS_AES_256_GCM_SHA384] [scheme=https] [eorigin=-] definingsuccesspodcast.com definingsuccesspodcast.com vps38426.inmotionhosting.com 783
207.105.69.2 - - [18/Jun/2025:14:49:21 -0700] "GET / HTTP/2.0" 502 559 "https://www.flyontario.com/" "Mozilla/5.0 (Windows NT 10.0; Win64; x64) AppleWebKit/537.36 (KHTML, like Gecko) Chrome/137.0.0.0 Safari/537.36" [loc=US/Chicago] [rt=0.000] [proto=HTTP/2.0:h2] [args=-] [ucs=MISS] [xpc=-] [uct=-] [gz=-] [br=-] [tls=TLSv1.3] [cipher=TLS_AES_256_GCM_SHA384] [scheme=https] [eorigin=-] guardianjetcenter.com.welbornwebsites.com guardianjetcenter.com vps38426.inmotionhosting.com 1130
66.249.79.5 - - [18/Jun/2025:14:49:22 -0700] "GET /category/episode-96-outside-your-comfort-zone-niveen-salem-multi-level-marketing-and-former-chevron-executive/feed/ HTTP/1.1" 502 157 "-" "Mozilla/5.0 (compatible; Googlebot/2.1; +http://www.google.com/bot.html)" [loc=US/Mountain View] [rt=0.000] [proto=HTTP/1.1:] [args=-] [ucs=MISS] [xpc=-] [uct=-] [gz=-] [br=-] [tls=TLSv1.3] [cipher=TLS_AES_256_GCM_SHA384] [scheme=https] [eorigin=-] definingsuccesspodcast.com definingsuccesspodcast.com vps38426.inmotionhosting.com 783
