112.86.225.236 - - [16/Jun/2025:13:58:08 -0700] "GET / HTTP/1.1" 502 157 "-" "Sogou web spider/4.0(+http://www.sogou.com/docs/help/webmasters.htm#07)" [loc=CN/Nanjing] [rt=0.000] [proto=HTTP/1.1:] [args=-] [ucs=MISS] [xpc=-] [uct=-] [gz=-] [br=-] [tls=-] [cipher=-] [scheme=http] [eorigin=-] 19thholemedia.com www.19thholemedia.com vps38426.inmotionhosting.com 2578
66.249.79.6 - - [16/Jun/2025:13:58:17 -0700] "GET /category/episode-064-pinterest-and-seo-host-of-oh-so-pinteresting-podcast-cynthia-sanchez/feed/ HTTP/1.1" 502 157 "-" "Mozilla/5.0 (compatible; Googlebot/2.1; +http://www.google.com/bot.html)" [loc=US/Mountain View] [rt=0.001] [proto=HTTP/1.1:] [args=-] [ucs=MISS] [xpc=-] [uct=-] [gz=-] [br=-] [tls=TLSv1.3] [cipher=TLS_AES_256_GCM_SHA384] [scheme=https] [eorigin=-] definingsuccesspodcast.com definingsuccesspodcast.com vps38426.inmotionhosting.com 2576
66.249.79.6 - - [16/Jun/2025:13:58:19 -0700] "GET /category/episode-033-be-of-service-to-others-chris-brogan-from-human-business-works/feed/ HTTP/1.1" 502 157 "-" "Mozilla/5.0 (compatible; Googlebot/2.1; +http://www.google.com/bot.html)" [loc=US/Mountain View] [rt=0.000] [proto=HTTP/1.1:] [args=-] [ucs=MISS] [xpc=-] [uct=-] [gz=-] [br=-] [tls=TLSv1.3] [cipher=TLS_AES_256_GCM_SHA384] [scheme=https] [eorigin=-] definingsuccesspodcast.com definingsuccesspodcast.com vps38426.inmotionhosting.com 2576
66.249.79.5 - - [16/Jun/2025:13:58:20 -0700] "GET /category/episode-81-twitter-and-relationship-building-john-sparks-owner-of-online-imageworks/feed/ HTTP/1.1" 502 157 "-" "Mozilla/5.0 (compatible; Googlebot/2.1; +http://www.google.com/bot.html)" [loc=US/Mountain View] [rt=0.000] [proto=HTTP/1.1:] [args=-] [ucs=MISS] [xpc=-] [uct=-] [gz=-] [br=-] [tls=TLSv1.3] [cipher=TLS_AES_256_GCM_SHA384] [scheme=https] [eorigin=-] definingsuccesspodcast.com definingsuccesspodcast.com vps38426.inmotionhosting.com 2439
127.0.0.1 - - [16/Jun/2025:13:58:20 -0700] "GET / HTTP/1.0" 200 615 "-" "-" [loc=-/-] [rt=0.000] [proto=HTTP/1.0:] [args=-] [ucs=-] [xpc=-] [uct=-] [gz=-] [br=-] [tls=-] [cipher=-] [scheme=http] [eorigin=-] 127.0.0.1 - vps38426.inmotionhosting.com 2583
127.0.0.1 - - [16/Jun/2025:13:58:20 -0700] "GET / HTTP/1.0" 200 615 "-" "-" [loc=-/-] [rt=0.000] [proto=HTTP/1.0:] [args=-] [ucs=-] [xpc=-] [uct=-] [gz=-] [br=-] [tls=-] [cipher=-] [scheme=http] [eorigin=-] 127.0.0.1 localhost vps38426.inmotionhosting.com 2584
81.71.88.89 - - [16/Jun/2025:13:58:24 -0700] "POST /xmlrpc.php HTTP/2.0" 502 559 "https://larrywelborn.com" "Mozilla/5.0 (Windows NT 10.0; Win64; x64) AppleWebKit/537.36 (KHTML, like Gecko) Chrome/114.0.5735.199 Safari/537.36 Edg/114.0.1823.67" [loc=CN/Beijing] [rt=0.001] [proto=HTTP/2.0:h2] [args=-] [ucs=-] [xpc=-] [uct=-] [gz=-] [br=-] [tls=TLSv1.3] [cipher=TLS_AES_256_GCM_SHA384] [scheme=https] [eorigin=-] larrywelborn.com larrywelborn.com vps38426.inmotionhosting.com 2585
114.119.130.102 - - [16/Jun/2025:13:58:25 -0700] "GET /calendar/2019-06-03/ HTTP/1.1" 502 157 "https://chinorotary.org/calendar/2019-06-02" "Mozilla/5.0 (Linux; Android 7.0;) AppleWebKit/537.36 (KHTML, like Gecko) Mobile Safari/537.36 (compatible; PetalBot;+https://webmaster.petalsearch.com/site/petalbot)" [loc=CN/-] [rt=0.001] [proto=HTTP/1.1:] [args=-] [ucs=MISS] [xpc=-] [uct=-] [gz=-] [br=-] [tls=TLSv1.3] [cipher=TLS_AES_256_GCM_SHA384] [scheme=https] [eorigin=-] chinorotary.welbornweb.com chinorotary.org vps38426.inmotionhosting.com 2587
114.119.135.251 - - [16/Jun/2025:13:58:26 -0700] "GET /?s=%E5%BE%B7%E5%B7%9E%E6%92%B2%E5%85%8B%20%E7%99%BC%20%E7%89%8C%20%E6%95%99%E5%AD%B8-%E3%80%90%E2%9C%94%EF%B8%8F%E5%AE%98%E7%B6%B2DD86%C2%B7CC%E2%9C%94%EF%B8%8F%E3%80%91-%E6%9D%B1%E6%96%B9%E9%A6%AC%E7%B6%93-%E5%BE%B7%E5%B7%9E%E6%92%B2%E5%85%8B%20%E7%99%BC%20%E7%89%8C%20%E6%95%99%E5%AD%B8dmat4-%E3%80%90%E2%9C%94%EF%B8%8F%E5%AE%98%E7%B6%B2DD86%C2%B7CC%E2%9C%94%EF%B8%8F%E3%80%91-%E6%9D%B1%E6%96%B9%E9%A6%AC%E7%B6%93hi28-%E5%BE%B7%E5%B7%9E%E6%92%B2%E5%85%8B%20%E7%99%BC%20%E7%89%8C%20%E6%95%99%E5%AD%B8zmnn5-%E6%9D%B1%E6%96%B9%E9%A6%AC%E7%B6%93ur4u HTTP/1.1" 502 157 "https://definingsuccesspodcast.com/?s=%E5%BE%B7%E5%B7%9E%E6%92%B2%E5%85%8B%20%E7%99%BC%20%E7%89%8C%20%E6%95%99%E5%AD%B8-%E3%80%90%E2%9C%94%EF%B8%8F%E5%AE%98%E7%B6%B2DD86%C2%B7CC%E2%9C%94%EF%B8%8F%E3%80%91-%E6%9D%B1%E6%96%B9%E9%A6%AC%E7%B6%93-%E5%BE%B7%E5%B7%9E%E6%92%B2%E5%85%8B%20%E7%99%BC%20%E7%89%8C%20%E6%95%99%E5%AD%B8dmat4-%E3%80%90%E2%9C%94%EF%B8%8F%E5%AE%98%E7%B6%B2DD86%C2%B7CC%E2%9C%94%EF%B8%8F%E3%80%91-%E6%9D%B1%E6%96%B9%E9%A6%AC%E7%B6%93hi28-%E5%BE%B7%E5%B7%9E%E6%92%B2%E5%85%8B%20%E7%99%BC%20%E7%89%8C%20%E6%95%99%E5%AD%B8zmnn5-%E6%9D%B1%E6%96%B9%E9%A6%AC%E7%B6%93ur4u" "Mozilla/5.0 (Linux; Android 7.0;) AppleWebKit/537.36 (KHTML, like Gecko) Mobile Safari/537.36 (compatible; PetalBot;+https://webmaster.petalsearch.com/site/petalbot)" [loc=CN/-] [rt=0.000] [proto=HTTP/1.1:] [args=s=%E5%BE%B7%E5%B7%9E%E6%92%B2%E5%85%8B%20%E7%99%BC%20%E7%89%8C%20%E6%95%99%E5%AD%B8-%E3%80%90%E2%9C%94%EF%B8%8F%E5%AE%98%E7%B6%B2DD86%C2%B7CC%E2%9C%94%EF%B8%8F%E3%80%91-%E6%9D%B1%E6%96%B9%E9%A6%AC%E7%B6%93-%E5%BE%B7%E5%B7%9E%E6%92%B2%E5%85%8B%20%E7%99%BC%20%E7%89%8C%20%E6%95%99%E5%AD%B8dmat4-%E3%80%90%E2%9C%94%EF%B8%8F%E5%AE%98%E7%B6%B2DD86%C2%B7CC%E2%9C%94%EF%B8%8F%E3%80%91-%E6%9D%B1%E6%96%B9%E9%A6%AC%E7%B6%93hi28-%E5%BE%B7%E5%B7%9E%E6%92%B2%E5%85%8B%20%E7%99%BC%20%E7%89%8C%20%E6%95%99%E5%AD%B8zmnn5-%E6%9D%B1%E6%96%B9%E9%A6%AC%E7%B6%93ur4u] [ucs=MISS] [xpc=-] [uct=-] [gz=-] [br=-] [tls=TLSv1.3] [cipher=TLS_AES_256_GCM_SHA384] [scheme=https] [eorigin=-] definingsuccesspodcast.com definingsuccesspodcast.com vps38426.inmotionhosting.com 2588
66.249.79.5 - - [16/Jun/2025:13:58:27 -0700] "GET /category/episode-067-the-learning-experience-fred-shoemaker-from-extraordinary-golf/feed/ HTTP/1.1" 502 157 "-" "Mozilla/5.0 (compatible; Googlebot/2.1; +http://www.google.com/bot.html)" [loc=US/Mountain View] [rt=0.000] [proto=HTTP/1.1:] [args=-] [ucs=MISS] [xpc=-] [uct=-] [gz=-] [br=-] [tls=TLSv1.3] [cipher=TLS_AES_256_GCM_SHA384] [scheme=https] [eorigin=-] definingsuccesspodcast.com definingsuccesspodcast.com vps38426.inmotionhosting.com 2439
66.249.79.5 - - [16/Jun/2025:13:58:27 -0700] "GET /category/episode-067-the-learning-experience-fred-shoemaker-from-extraordinary-golf/feed/ HTTP/1.1" 502 157 "-" "Mozilla/5.0 (compatible; Googlebot/2.1; +http://www.google.com/bot.html)" [loc=US/Mountain View] [rt=0.001] [proto=HTTP/1.1:] [args=-] [ucs=MISS] [xpc=-] [uct=-] [gz=-] [br=-] [tls=TLSv1.3] [cipher=TLS_AES_256_GCM_SHA384] [scheme=https] [eorigin=-] definingsuccesspodcast.com definingsuccesspodcast.com vps38426.inmotionhosting.com 2592
66.249.79.8 - - [16/Jun/2025:13:58:28 -0700] "GET /category/episode-064-pinterest-and-seo-host-of-oh-so-pinteresting-podcast-cynthia-sanchez/feed/ HTTP/1.1" 502 157 "-" "Mozilla/5.0 (compatible; Googlebot/2.1; +http://www.google.com/bot.html)" [loc=US/Mountain View] [rt=0.000] [proto=HTTP/1.1:] [args=-] [ucs=MISS] [xpc=-] [uct=-] [gz=-] [br=-] [tls=-] [cipher=-] [scheme=http] [eorigin=-] definingsuccesspodcast.com definingsuccesspodcast.com vps38426.inmotionhosting.com 2594
66.249.79.5 - - [16/Jun/2025:13:58:28 -0700] "GET /category/episode-92-leadership-and-trust-wally-hauck-author-of-the-art-of-leading-and-stop-the-leadership-malpractice/feed/ HTTP/1.1" 502 157 "-" "Mozilla/5.0 (compatible; Googlebot/2.1; +http://www.google.com/bot.html)" [loc=US/Mountain View] [rt=0.000] [proto=HTTP/1.1:] [args=-] [ucs=MISS] [xpc=-] [uct=-] [gz=-] [br=-] [tls=TLSv1.3] [cipher=TLS_AES_256_GCM_SHA384] [scheme=https] [eorigin=-] definingsuccesspodcast.com definingsuccesspodcast.com vps38426.inmotionhosting.com 2592
66.249.79.5 - - [16/Jun/2025:13:58:29 -0700] "GET /category/episode-067-the-learning-experience-fred-shoemaker-from-extraordinary-golf/feed/ HTTP/1.1" 502 157 "-" "Mozilla/5.0 (compatible; Googlebot/2.1; +http://www.google.com/bot.html)" [loc=US/Mountain View] [rt=0.000] [proto=HTTP/1.1:] [args=-] [ucs=MISS] [xpc=-] [uct=-] [gz=-] [br=-] [tls=TLSv1.3] [cipher=TLS_AES_256_GCM_SHA384] [scheme=https] [eorigin=-] definingsuccesspodcast.com definingsuccesspodcast.com vps38426.inmotionhosting.com 2592
66.249.79.5 - - [16/Jun/2025:13:58:29 -0700] "GET /category/episode-87-the-importance-of-body-language-dr-nick-morgan-owner-of-public-words-and-author-of-power-cues/feed/ HTTP/1.1" 502 157 "-" "Mozilla/5.0 (compatible; Googlebot/2.1; +http://www.google.com/bot.html)" [loc=US/Mountain View] [rt=0.000] [proto=HTTP/1.1:] [args=-] [ucs=MISS] [xpc=-] [uct=-] [gz=-] [br=-] [tls=TLSv1.3] [cipher=TLS_AES_256_GCM_SHA384] [scheme=https] [eorigin=-] definingsuccesspodcast.com definingsuccesspodcast.com vps38426.inmotionhosting.com 2592
182.5.117.73 - - [16/Jun/2025:13:58:30 -0700] "GET /wp-json/wp/v2/users HTTP/1.1" 502 157 "-" "Mozilla/4.0 (compatible; Win32; WinHttp.WinHttpRequest.5)" [loc=ID/Uludanau] [rt=0.000] [proto=HTTP/1.1:] [args=-] [ucs=MISS] [xpc=-] [uct=-] [gz=-] [br=-] [tls=TLSv1.3] [cipher=TLS_AES_256_GCM_SHA384] [scheme=https] [eorigin=-] runningbrothers.com runningbrothers.com vps38426.inmotionhosting.com 2598
66.249.79.5 - - [16/Jun/2025:13:58:30 -0700] "GET /category/episode-078-start-a-small-scale-business-to-test-your-idea-ben-alexander-founder-of-balloon-distractions/feed/ HTTP/1.1" 502 157 "-" "Mozilla/5.0 (compatible; Googlebot/2.1; +http://www.google.com/bot.html)" [loc=US/Mountain View] [rt=0.000] [proto=HTTP/1.1:] [args=-] [ucs=MISS] [xpc=-] [uct=-] [gz=-] [br=-] [tls=TLSv1.3] [cipher=TLS_AES_256_GCM_SHA384] [scheme=https] [eorigin=-] definingsuccesspodcast.com definingsuccesspodcast.com vps38426.inmotionhosting.com 2592
66.249.79.5 - - [16/Jun/2025:13:58:30 -0700] "GET /category/episode-078-start-a-small-scale-business-to-test-your-idea-ben-alexander-founder-of-balloon-distractions/feed/ HTTP/1.1" 502 157 "-" "Mozilla/5.0 (compatible; Googlebot/2.1; +http://www.google.com/bot.html)" [loc=US/Mountain View] [rt=0.000] [proto=HTTP/1.1:] [args=-] [ucs=MISS] [xpc=-] [uct=-] [gz=-] [br=-] [tls=TLSv1.3] [cipher=TLS_AES_256_GCM_SHA384] [scheme=https] [eorigin=-] definingsuccesspodcast.com definingsuccesspodcast.com vps38426.inmotionhosting.com 2592
66.249.79.5 - - [16/Jun/2025:13:58:31 -0700] "GET /category/episode-87-the-importance-of-body-language-dr-nick-morgan-owner-of-public-words-and-author-of-power-cues/feed/ HTTP/1.1" 502 157 "-" "Mozilla/5.0 (compatible; Googlebot/2.1; +http://www.google.com/bot.html)" [loc=US/Mountain View] [rt=0.001] [proto=HTTP/1.1:] [args=-] [ucs=MISS] [xpc=-] [uct=-] [gz=-] [br=-] [tls=TLSv1.3] [cipher=TLS_AES_256_GCM_SHA384] [scheme=https] [eorigin=-] definingsuccesspodcast.com definingsuccesspodcast.com vps38426.inmotionhosting.com 2592
66.249.79.8 - - [16/Jun/2025:13:58:32 -0700] "GET /category/episode-88-being-present-with-people-dr-mollie-marti-director-of-the-community-resiliency-project-and-author-of-walking-with-justice/feed/ HTTP/1.1" 502 157 "-" "Mozilla/5.0 (compatible; Googlebot/2.1; +http://www.google.com/bot.html)" [loc=US/Mountain View] [rt=0.000] [proto=HTTP/1.1:] [args=-] [ucs=MISS] [xpc=-] [uct=-] [gz=-] [br=-] [tls=-] [cipher=-] [scheme=http] [eorigin=-] definingsuccesspodcast.com definingsuccesspodcast.com vps38426.inmotionhosting.com 2594
8.210.11.248 - - [16/Jun/2025:13:58:33 -0700] "GET /category/the-social-golf-course/ HTTP/1.1" 502 559 "-" "Mozilla/5.0 (Macintosh; Intel Mac OS X 10_15_7) AppleWebKit/537.36 (KHTML, like Gecko) Chrome/109.0.0.0 Safari/537.36" [loc=SG/Singapore] [rt=0.000] [proto=HTTP/1.1:] [args=-] [ucs=MISS] [xpc=-] [uct=-] [gz=-] [br=-] [tls=-] [cipher=-] [scheme=http] [eorigin=-] 19thholemedia.com 19thholemedia.com vps38426.inmotionhosting.com 2605
66.249.79.5 - - [16/Jun/2025:13:58:33 -0700] "GET /category/episode-89-use-a-media-kit-to-stand-out-farnoosh-brock-president-of-prolific-living/feed/ HTTP/1.1" 502 157 "-" "Mozilla/5.0 (compatible; Googlebot/2.1; +http://www.google.com/bot.html)" [loc=US/Mountain View] [rt=0.000] [proto=HTTP/1.1:] [args=-] [ucs=MISS] [xpc=-] [uct=-] [gz=-] [br=-] [tls=TLSv1.3] [cipher=TLS_AES_256_GCM_SHA384] [scheme=https] [eorigin=-] definingsuccesspodcast.com definingsuccesspodcast.com vps38426.inmotionhosting.com 2592
34.196.51.17 - - [16/Jun/2025:13:58:36 -0700] "HEAD / HTTP/1.1" 200 0 "https://19thholemedia.com/" "WPMUDEV Uptime Monitor 5.0 (https://wpmudev.com)" [loc=US/Ashburn] [rt=0.001] [proto=HTTP/1.1:] [args=-] [ucs=STALE] [xpc=STALE] [uct=-] [gz=-] [br=-] [tls=TLSv1.3] [cipher=TLS_AES_256_GCM_SHA384] [scheme=https] [eorigin=-] 19thholemedia.com 19thholemedia.com vps38426.inmotionhosting.com 2608
34.196.51.17 - - [16/Jun/2025:13:58:37 -0700] "HEAD / HTTP/1.1" 200 0 "http://ruschianana.com/" "WPMUDEV Uptime Monitor 5.0 (https://wpmudev.com)" [loc=US/Ashburn] [rt=0.000] [proto=HTTP/1.1:] [args=-] [ucs=STALE] [xpc=STALE] [uct=-] [gz=-] [br=-] [tls=-] [cipher=-] [scheme=http] [eorigin=-] ruschianana.com ruschianana.com vps38426.inmotionhosting.com 2610
34.196.51.17 - - [16/Jun/2025:13:58:37 -0700] "HEAD / HTTP/1.1" 502 0 "http://somersetchino.com/" "WPMUDEV Uptime Monitor 5.0 (https://wpmudev.com)" [loc=US/Ashburn] [rt=0.000] [proto=HTTP/1.1:] [args=-] [ucs=MISS] [xpc=-] [uct=-] [gz=-] [br=-] [tls=-] [cipher=-] [scheme=http] [eorigin=-] somersetchino.com somersetchino.com vps38426.inmotionhosting.com 2611
34.196.51.17 - - [16/Jun/2025:13:58:38 -0700] "HEAD / HTTP/1.1" 502 0 "https://welbornmedia.com/" "WPMUDEV Uptime Monitor 5.0 (https://wpmudev.com)" [loc=US/Ashburn] [rt=0.000] [proto=HTTP/1.1:] [args=-] [ucs=MISS] [xpc=-] [uct=-] [gz=-] [br=-] [tls=TLSv1.3] [cipher=TLS_AES_256_GCM_SHA384] [scheme=https] [eorigin=-] welbornmedia.com welbornmedia.com vps38426.inmotionhosting.com 2614
35.157.144.199 - - [16/Jun/2025:13:58:40 -0700] "HEAD / HTTP/1.1" 502 0 "http://somersetchino.com/" "WPMUDEV Uptime Monitor 5.0 (https://wpmudev.com)" [loc=DE/Frankfurt am Main] [rt=0.000] [proto=HTTP/1.1:] [args=-] [ucs=MISS] [xpc=-] [uct=-] [gz=-] [br=-] [tls=-] [cipher=-] [scheme=http] [eorigin=-] somersetchino.com somersetchino.com vps38426.inmotionhosting.com 2616
35.157.144.199 - - [16/Jun/2025:13:58:40 -0700] "HEAD / HTTP/1.1" 502 0 "https://welbornmedia.com/" "WPMUDEV Uptime Monitor 5.0 (https://wpmudev.com)" [loc=DE/Frankfurt am Main] [rt=0.000] [proto=HTTP/1.1:] [args=-] [ucs=MISS] [xpc=-] [uct=-] [gz=-] [br=-] [tls=TLSv1.3] [cipher=TLS_AES_256_GCM_SHA384] [scheme=https] [eorigin=-] welbornmedia.com welbornmedia.com vps38426.inmotionhosting.com 2618
52.164.120.48 - - [16/Jun/2025:13:58:42 -0700] "GET /inputs.php HTTP/1.1" 502 157 "-" "-" [loc=IE/Dublin] [rt=0.000] [proto=HTTP/1.1:] [args=-] [ucs=MISS] [xpc=-] [uct=-] [gz=-] [br=-] [tls=-] [cipher=-] [scheme=http] [eorigin=-] wieeac.org wieeac.org vps38426.inmotionhosting.com 2620
52.164.120.48 - - [16/Jun/2025:13:58:42 -0700] "GET /baxa1.php HTTP/1.1" 502 157 "-" "-" [loc=IE/Dublin] [rt=0.000] [proto=HTTP/1.1:] [args=-] [ucs=MISS] [xpc=-] [uct=-] [gz=-] [br=-] [tls=-] [cipher=-] [scheme=http] [eorigin=-] wieeac.org wieeac.org vps38426.inmotionhosting.com 2620
52.164.120.48 - - [16/Jun/2025:13:58:43 -0700] "GET /aa.php HTTP/1.1" 502 157 "-" "-" [loc=IE/Dublin] [rt=0.001] [proto=HTTP/1.1:] [args=-] [ucs=MISS] [xpc=-] [uct=-] [gz=-] [br=-] [tls=-] [cipher=-] [scheme=http] [eorigin=-] wieeac.org wieeac.org vps38426.inmotionhosting.com 2620
52.164.120.48 - - [16/Jun/2025:13:58:43 -0700] "GET /wikindex.php HTTP/1.1" 502 157 "-" "-" [loc=IE/Dublin] [rt=0.000] [proto=HTTP/1.1:] [args=-] [ucs=MISS] [xpc=-] [uct=-] [gz=-] [br=-] [tls=-] [cipher=-] [scheme=http] [eorigin=-] wieeac.org wieeac.org vps38426.inmotionhosting.com 2620
52.164.120.48 - - [16/Jun/2025:13:58:43 -0700] "GET /wp-2019.php HTTP/1.1" 502 157 "-" "-" [loc=IE/Dublin] [rt=0.000] [proto=HTTP/1.1:] [args=-] [ucs=MISS] [xpc=-] [uct=-] [gz=-] [br=-] [tls=-] [cipher=-] [scheme=http] [eorigin=-] wieeac.org wieeac.org vps38426.inmotionhosting.com 2620
52.164.120.48 - - [16/Jun/2025:13:58:43 -0700] "GET /doc.php HTTP/1.1" 502 157 "-" "-" [loc=IE/Dublin] [rt=0.000] [proto=HTTP/1.1:] [args=-] [ucs=MISS] [xpc=-] [uct=-] [gz=-] [br=-] [tls=-] [cipher=-] [scheme=http] [eorigin=-] wieeac.org wieeac.org vps38426.inmotionhosting.com 2620
52.164.120.48 - - [16/Jun/2025:13:58:43 -0700] "GET /wp-commentin.php HTTP/1.1" 502 157 "-" "-" [loc=IE/Dublin] [rt=0.000] [proto=HTTP/1.1:] [args=-] [ucs=MISS] [xpc=-] [uct=-] [gz=-] [br=-] [tls=-] [cipher=-] [scheme=http] [eorigin=-] wieeac.org wieeac.org vps38426.inmotionhosting.com 2620
52.164.120.48 - - [16/Jun/2025:13:58:43 -0700] "GET /ioxi-o.php HTTP/1.1" 502 157 "-" "-" [loc=IE/Dublin] [rt=0.000] [proto=HTTP/1.1:] [args=-] [ucs=MISS] [xpc=-] [uct=-] [gz=-] [br=-] [tls=-] [cipher=-] [scheme=http] [eorigin=-] wieeac.org wieeac.org vps38426.inmotionhosting.com 2620
52.164.120.48 - - [16/Jun/2025:13:58:43 -0700] "GET /xleetshell.php HTTP/1.1" 502 157 "-" "-" [loc=IE/Dublin] [rt=0.000] [proto=HTTP/1.1:] [args=-] [ucs=MISS] [xpc=-] [uct=-] [gz=-] [br=-] [tls=-] [cipher=-] [scheme=http] [eorigin=-] wieeac.org wieeac.org vps38426.inmotionhosting.com 2620
52.164.120.48 - - [16/Jun/2025:13:58:43 -0700] "GET /options.php HTTP/1.1" 502 157 "-" "-" [loc=IE/Dublin] [rt=0.000] [proto=HTTP/1.1:] [args=-] [ucs=MISS] [xpc=-] [uct=-] [gz=-] [br=-] [tls=-] [cipher=-] [scheme=http] [eorigin=-] wieeac.org wieeac.org vps38426.inmotionhosting.com 2620
52.164.120.48 - - [16/Jun/2025:13:58:44 -0700] "GET /xl.php HTTP/1.1" 502 157 "-" "-" [loc=IE/Dublin] [rt=0.000] [proto=HTTP/1.1:] [args=-] [ucs=MISS] [xpc=-] [uct=-] [gz=-] [br=-] [tls=-] [cipher=-] [scheme=http] [eorigin=-] wieeac.org wieeac.org vps38426.inmotionhosting.com 2620
52.164.120.48 - - [16/Jun/2025:13:58:44 -0700] "GET /makeasmtp.php HTTP/1.1" 502 157 "-" "-" [loc=IE/Dublin] [rt=0.000] [proto=HTTP/1.1:] [args=-] [ucs=MISS] [xpc=-] [uct=-] [gz=-] [br=-] [tls=-] [cipher=-] [scheme=http] [eorigin=-] wieeac.org wieeac.org vps38426.inmotionhosting.com 2620
52.164.120.48 - - [16/Jun/2025:13:58:44 -0700] "GET /chosen HTTP/1.1" 502 157 "-" "-" [loc=IE/Dublin] [rt=0.000] [proto=HTTP/1.1:] [args=-] [ucs=MISS] [xpc=-] [uct=-] [gz=-] [br=-] [tls=-] [cipher=-] [scheme=http] [eorigin=-] wieeac.org wieeac.org vps38426.inmotionhosting.com 2620
52.164.120.48 - - [16/Jun/2025:13:58:44 -0700] "GET /ge.php HTTP/1.1" 502 157 "-" "-" [loc=IE/Dublin] [rt=0.001] [proto=HTTP/1.1:] [args=-] [ucs=MISS] [xpc=-] [uct=-] [gz=-] [br=-] [tls=-] [cipher=-] [scheme=http] [eorigin=-] wieeac.org wieeac.org vps38426.inmotionhosting.com 2620
52.164.120.48 - - [16/Jun/2025:13:58:44 -0700] "GET /xx.php HTTP/1.1" 502 157 "-" "-" [loc=IE/Dublin] [rt=0.000] [proto=HTTP/1.1:] [args=-] [ucs=MISS] [xpc=-] [uct=-] [gz=-] [br=-] [tls=-] [cipher=-] [scheme=http] [eorigin=-] wieeac.org wieeac.org vps38426.inmotionhosting.com 2620
52.164.120.48 - - [16/Jun/2025:13:58:44 -0700] "GET /worksec.php HTTP/1.1" 502 157 "-" "-" [loc=IE/Dublin] [rt=0.000] [proto=HTTP/1.1:] [args=-] [ucs=MISS] [xpc=-] [uct=-] [gz=-] [br=-] [tls=-] [cipher=-] [scheme=http] [eorigin=-] wieeac.org wieeac.org vps38426.inmotionhosting.com 2620
52.164.120.48 - - [16/Jun/2025:13:58:44 -0700] "GET /wp-trackback.php HTTP/1.1" 502 157 "-" "-" [loc=IE/Dublin] [rt=0.000] [proto=HTTP/1.1:] [args=-] [ucs=MISS] [xpc=-] [uct=-] [gz=-] [br=-] [tls=-] [cipher=-] [scheme=http] [eorigin=-] wieeac.org wieeac.org vps38426.inmotionhosting.com 2620
52.164.120.48 - - [16/Jun/2025:13:58:45 -0700] "GET /defaults.php HTTP/1.1" 502 157 "-" "-" [loc=IE/Dublin] [rt=0.001] [proto=HTTP/1.1:] [args=-] [ucs=MISS] [xpc=-] [uct=-] [gz=-] [br=-] [tls=-] [cipher=-] [scheme=http] [eorigin=-] wieeac.org wieeac.org vps38426.inmotionhosting.com 2620
52.164.120.48 - - [16/Jun/2025:13:58:45 -0700] "GET /log.php HTTP/1.1" 502 157 "-" "-" [loc=IE/Dublin] [rt=0.000] [proto=HTTP/1.1:] [args=-] [ucs=MISS] [xpc=-] [uct=-] [gz=-] [br=-] [tls=-] [cipher=-] [scheme=http] [eorigin=-] wieeac.org wieeac.org vps38426.inmotionhosting.com 2620
52.164.120.48 - - [16/Jun/2025:13:58:45 -0700] "GET /wp-cron.php HTTP/1.1" 502 157 "-" "-" [loc=IE/Dublin] [rt=0.000] [proto=HTTP/1.1:] [args=-] [ucs=BYPASS] [xpc=-] [uct=-] [gz=-] [br=-] [tls=-] [cipher=-] [scheme=http] [eorigin=-] wieeac.org wieeac.org vps38426.inmotionhosting.com 2620
52.164.120.48 - - [16/Jun/2025:13:58:45 -0700] "GET /comfunctions.php HTTP/1.1" 502 157 "-" "-" [loc=IE/Dublin] [rt=0.001] [proto=HTTP/1.1:] [args=-] [ucs=MISS] [xpc=-] [uct=-] [gz=-] [br=-] [tls=-] [cipher=-] [scheme=http] [eorigin=-] wieeac.org wieeac.org vps38426.inmotionhosting.com 2620
52.164.120.48 - - [16/Jun/2025:13:58:45 -0700] "GET /ini.php HTTP/1.1" 502 157 "-" "-" [loc=IE/Dublin] [rt=0.000] [proto=HTTP/1.1:] [args=-] [ucs=MISS] [xpc=-] [uct=-] [gz=-] [br=-] [tls=-] [cipher=-] [scheme=http] [eorigin=-] wieeac.org wieeac.org vps38426.inmotionhosting.com 2620
52.164.120.48 - - [16/Jun/2025:13:58:45 -0700] "GET /custom-plugin.php HTTP/1.1" 502 157 "-" "-" [loc=IE/Dublin] [rt=0.000] [proto=HTTP/1.1:] [args=-] [ucs=MISS] [xpc=-] [uct=-] [gz=-] [br=-] [tls=-] [cipher=-] [scheme=http] [eorigin=-] wieeac.org wieeac.org vps38426.inmotionhosting.com 2620
52.164.120.48 - - [16/Jun/2025:13:58:45 -0700] "GET /moderation.php HTTP/1.1" 502 157 "-" "-" [loc=IE/Dublin] [rt=0.000] [proto=HTTP/1.1:] [args=-] [ucs=MISS] [xpc=-] [uct=-] [gz=-] [br=-] [tls=-] [cipher=-] [scheme=http] [eorigin=-] wieeac.org wieeac.org vps38426.inmotionhosting.com 2620
52.164.120.48 - - [16/Jun/2025:13:58:45 -0700] "GET /mar.php HTTP/1.1" 502 157 "-" "-" [loc=IE/Dublin] [rt=0.000] [proto=HTTP/1.1:] [args=-] [ucs=MISS] [xpc=-] [uct=-] [gz=-] [br=-] [tls=-] [cipher=-] [scheme=http] [eorigin=-] wieeac.org wieeac.org vps38426.inmotionhosting.com 2620
52.164.120.48 - - [16/Jun/2025:13:58:46 -0700] "GET /about.php HTTP/1.1" 502 157 "-" "-" [loc=IE/Dublin] [rt=0.000] [proto=HTTP/1.1:] [args=-] [ucs=MISS] [xpc=-] [uct=-] [gz=-] [br=-] [tls=-] [cipher=-] [scheme=http] [eorigin=-] wieeac.org wieeac.org vps38426.inmotionhosting.com 2620
52.164.120.48 - - [16/Jun/2025:13:58:46 -0700] "GET /login.php HTTP/1.1" 502 157 "-" "-" [loc=IE/Dublin] [rt=0.000] [proto=HTTP/1.1:] [args=-] [ucs=BYPASS] [xpc=-] [uct=-] [gz=-] [br=-] [tls=-] [cipher=-] [scheme=http] [eorigin=-] wieeac.org wieeac.org vps38426.inmotionhosting.com 2620
52.164.120.48 - - [16/Jun/2025:13:58:46 -0700] "GET /default.php HTTP/1.1" 502 157 "-" "-" [loc=IE/Dublin] [rt=0.000] [proto=HTTP/1.1:] [args=-] [ucs=MISS] [xpc=-] [uct=-] [gz=-] [br=-] [tls=-] [cipher=-] [scheme=http] [eorigin=-] wieeac.org wieeac.org vps38426.inmotionhosting.com 2620
52.164.120.48 - - [16/Jun/2025:13:58:46 -0700] "GET /mini.php HTTP/1.1" 502 157 "-" "-" [loc=IE/Dublin] [rt=0.000] [proto=HTTP/1.1:] [args=-] [ucs=MISS] [xpc=-] [uct=-] [gz=-] [br=-] [tls=-] [cipher=-] [scheme=http] [eorigin=-] wieeac.org wieeac.org vps38426.inmotionhosting.com 2620
52.164.120.48 - - [16/Jun/2025:13:58:46 -0700] "GET /1.php HTTP/1.1" 502 157 "-" "-" [loc=IE/Dublin] [rt=0.000] [proto=HTTP/1.1:] [args=-] [ucs=MISS] [xpc=-] [uct=-] [gz=-] [br=-] [tls=-] [cipher=-] [scheme=http] [eorigin=-] wieeac.org wieeac.org vps38426.inmotionhosting.com 2620
52.164.120.48 - - [16/Jun/2025:13:58:46 -0700] "GET /click.php HTTP/1.1" 502 157 "-" "-" [loc=IE/Dublin] [rt=0.000] [proto=HTTP/1.1:] [args=-] [ucs=MISS] [xpc=-] [uct=-] [gz=-] [br=-] [tls=-] [cipher=-] [scheme=http] [eorigin=-] wieeac.org wieeac.org vps38426.inmotionhosting.com 2620
52.164.120.48 - - [16/Jun/2025:13:58:46 -0700] "GET /wp-admin.php HTTP/1.1" 502 157 "-" "-" [loc=IE/Dublin] [rt=0.000] [proto=HTTP/1.1:] [args=-] [ucs=BYPASS] [xpc=-] [uct=-] [gz=-] [br=-] [tls=-] [cipher=-] [scheme=http] [eorigin=-] wieeac.org wieeac.org vps38426.inmotionhosting.com 2620
52.164.120.48 - - [16/Jun/2025:13:58:47 -0700] "GET /upload.php HTTP/1.1" 502 157 "-" "-" [loc=IE/Dublin] [rt=0.001] [proto=HTTP/1.1:] [args=-] [ucs=MISS] [xpc=-] [uct=-] [gz=-] [br=-] [tls=-] [cipher=-] [scheme=http] [eorigin=-] wieeac.org wieeac.org vps38426.inmotionhosting.com 2620
52.164.120.48 - - [16/Jun/2025:13:58:47 -0700] "GET /epinyins.php HTTP/1.1" 502 157 "-" "-" [loc=IE/Dublin] [rt=0.000] [proto=HTTP/1.1:] [args=-] [ucs=MISS] [xpc=-] [uct=-] [gz=-] [br=-] [tls=-] [cipher=-] [scheme=http] [eorigin=-] wieeac.org wieeac.org vps38426.inmotionhosting.com 2620
52.164.120.48 - - [16/Jun/2025:13:58:47 -0700] "GET /wso.php HTTP/1.1" 502 157 "-" "-" [loc=IE/Dublin] [rt=0.000] [proto=HTTP/1.1:] [args=-] [ucs=MISS] [xpc=-] [uct=-] [gz=-] [br=-] [tls=-] [cipher=-] [scheme=http] [eorigin=-] wieeac.org wieeac.org vps38426.inmotionhosting.com 2620
52.164.120.48 - - [16/Jun/2025:13:58:47 -0700] "GET /item.php HTTP/1.1" 502 157 "-" "-" [loc=IE/Dublin] [rt=0.000] [proto=HTTP/1.1:] [args=-] [ucs=MISS] [xpc=-] [uct=-] [gz=-] [br=-] [tls=-] [cipher=-] [scheme=http] [eorigin=-] wieeac.org wieeac.org vps38426.inmotionhosting.com 2620
52.164.120.48 - - [16/Jun/2025:13:58:47 -0700] "GET /as.php HTTP/1.1" 502 157 "-" "-" [loc=IE/Dublin] [rt=0.000] [proto=HTTP/1.1:] [args=-] [ucs=MISS] [xpc=-] [uct=-] [gz=-] [br=-] [tls=-] [cipher=-] [scheme=http] [eorigin=-] wieeac.org wieeac.org vps38426.inmotionhosting.com 2620
52.164.120.48 - - [16/Jun/2025:13:58:47 -0700] "GET /404.php HTTP/1.1" 502 157 "-" "-" [loc=IE/Dublin] [rt=0.001] [proto=HTTP/1.1:] [args=-] [ucs=MISS] [xpc=-] [uct=-] [gz=-] [br=-] [tls=-] [cipher=-] [scheme=http] [eorigin=-] wieeac.org wieeac.org vps38426.inmotionhosting.com 2620
66.249.79.5 - - [16/Jun/2025:13:58:47 -0700] "GET /category/episode-042-engagement-vs-automation-rick-mulready-from-the-inside-social-media-podcast/feed/ HTTP/1.1" 502 157 "-" "Mozilla/5.0 (compatible; Googlebot/2.1; +http://www.google.com/bot.html)" [loc=US/Mountain View] [rt=0.000] [proto=HTTP/1.1:] [args=-] [ucs=MISS] [xpc=-] [uct=-] [gz=-] [br=-] [tls=TLSv1.3] [cipher=TLS_AES_256_GCM_SHA384] [scheme=https] [eorigin=-] definingsuccesspodcast.com definingsuccesspodcast.com vps38426.inmotionhosting.com 2439
52.164.120.48 - - [16/Jun/2025:13:58:47 -0700] "GET /edit.php HTTP/1.1" 502 157 "-" "-" [loc=IE/Dublin] [rt=0.000] [proto=HTTP/1.1:] [args=-] [ucs=MISS] [xpc=-] [uct=-] [gz=-] [br=-] [tls=-] [cipher=-] [scheme=http] [eorigin=-] wieeac.org wieeac.org vps38426.inmotionhosting.com 2620
52.164.120.48 - - [16/Jun/2025:13:58:47 -0700] "GET /ws.php HTTP/1.1" 502 157 "-" "-" [loc=IE/Dublin] [rt=0.001] [proto=HTTP/1.1:] [args=-] [ucs=MISS] [xpc=-] [uct=-] [gz=-] [br=-] [tls=-] [cipher=-] [scheme=http] [eorigin=-] wieeac.org wieeac.org vps38426.inmotionhosting.com 2620
52.164.120.48 - - [16/Jun/2025:13:58:48 -0700] "GET /wso112233.php HTTP/1.1" 502 157 "-" "-" [loc=IE/Dublin] [rt=0.000] [proto=HTTP/1.1:] [args=-] [ucs=MISS] [xpc=-] [uct=-] [gz=-] [br=-] [tls=-] [cipher=-] [scheme=http] [eorigin=-] wieeac.org wieeac.org vps38426.inmotionhosting.com 2620
52.164.120.48 - - [16/Jun/2025:13:58:48 -0700] "GET /wp-config-sample.php HTTP/1.1" 502 157 "-" "-" [loc=IE/Dublin] [rt=0.000] [proto=HTTP/1.1:] [args=-] [ucs=MISS] [xpc=-] [uct=-] [gz=-] [br=-] [tls=-] [cipher=-] [scheme=http] [eorigin=-] wieeac.org wieeac.org vps38426.inmotionhosting.com 2620
52.164.120.48 - - [16/Jun/2025:13:58:48 -0700] "GET /moon.php HTTP/1.1" 502 157 "-" "-" [loc=IE/Dublin] [rt=0.000] [proto=HTTP/1.1:] [args=-] [ucs=MISS] [xpc=-] [uct=-] [gz=-] [br=-] [tls=-] [cipher=-] [scheme=http] [eorigin=-] wieeac.org wieeac.org vps38426.inmotionhosting.com 2620
52.164.120.48 - - [16/Jun/2025:13:58:48 -0700] "GET /db.php HTTP/1.1" 502 157 "-" "-" [loc=IE/Dublin] [rt=0.001] [proto=HTTP/1.1:] [args=-] [ucs=MISS] [xpc=-] [uct=-] [gz=-] [br=-] [tls=-] [cipher=-] [scheme=http] [eorigin=-] wieeac.org wieeac.org vps38426.inmotionhosting.com 2620
66.249.79.8 - - [16/Jun/2025:13:58:48 -0700] "GET /tag/scrapbook-industry/feed/ HTTP/1.1" 502 157 "-" "Mozilla/5.0 (compatible; Googlebot/2.1; +http://www.google.com/bot.html)" [loc=US/Mountain View] [rt=0.000] [proto=HTTP/1.1:] [args=-] [ucs=MISS] [xpc=-] [uct=-] [gz=-] [br=-] [tls=-] [cipher=-] [scheme=http] [eorigin=-] definingsuccesspodcast.com definingsuccesspodcast.com vps38426.inmotionhosting.com 2666
52.164.120.48 - - [16/Jun/2025:13:58:48 -0700] "GET /classwithtostring.php HTTP/1.1" 502 157 "-" "-" [loc=IE/Dublin] [rt=0.000] [proto=HTTP/1.1:] [args=-] [ucs=MISS] [xpc=-] [uct=-] [gz=-] [br=-] [tls=-] [cipher=-] [scheme=http] [eorigin=-] wieeac.org wieeac.org vps38426.inmotionhosting.com 2620
52.164.120.48 - - [16/Jun/2025:13:58:48 -0700] "GET /wp-login.php HTTP/1.1" 502 157 "-" "-" [loc=IE/Dublin] [rt=0.000] [proto=HTTP/1.1:] [args=-] [ucs=BYPASS] [xpc=-] [uct=-] [gz=-] [br=-] [tls=-] [cipher=-] [scheme=http] [eorigin=-] wieeac.org wieeac.org vps38426.inmotionhosting.com 2620
52.164.120.48 - - [16/Jun/2025:13:58:48 -0700] "GET /ok.php HTTP/1.1" 502 157 "-" "-" [loc=IE/Dublin] [rt=0.000] [proto=HTTP/1.1:] [args=-] [ucs=MISS] [xpc=-] [uct=-] [gz=-] [br=-] [tls=-] [cipher=-] [scheme=http] [eorigin=-] wieeac.org wieeac.org vps38426.inmotionhosting.com 2620
52.164.120.48 - - [16/Jun/2025:13:58:49 -0700] "GET /randkeyword.PhP7 HTTP/1.1" 502 157 "-" "-" [loc=IE/Dublin] [rt=0.000] [proto=HTTP/1.1:] [args=-] [ucs=MISS] [xpc=-] [uct=-] [gz=-] [br=-] [tls=-] [cipher=-] [scheme=http] [eorigin=-] wieeac.org wieeac.org vps38426.inmotionhosting.com 2620
52.164.120.48 - - [16/Jun/2025:13:58:49 -0700] "GET /lv.php HTTP/1.1" 502 157 "-" "-" [loc=IE/Dublin] [rt=0.000] [proto=HTTP/1.1:] [args=-] [ucs=MISS] [xpc=-] [uct=-] [gz=-] [br=-] [tls=-] [cipher=-] [scheme=http] [eorigin=-] wieeac.org wieeac.org vps38426.inmotionhosting.com 2620
52.164.120.48 - - [16/Jun/2025:13:58:49 -0700] "GET /test.php HTTP/1.1" 502 157 "-" "-" [loc=IE/Dublin] [rt=0.000] [proto=HTTP/1.1:] [args=-] [ucs=MISS] [xpc=-] [uct=-] [gz=-] [br=-] [tls=-] [cipher=-] [scheme=http] [eorigin=-] wieeac.org wieeac.org vps38426.inmotionhosting.com 2620
52.164.120.48 - - [16/Jun/2025:13:58:49 -0700] "GET /admin.php HTTP/1.1" 502 157 "-" "-" [loc=IE/Dublin] [rt=0.001] [proto=HTTP/1.1:] [args=-] [ucs=BYPASS] [xpc=-] [uct=-] [gz=-] [br=-] [tls=-] [cipher=-] [scheme=http] [eorigin=-] wieeac.org wieeac.org vps38426.inmotionhosting.com 2620
52.164.120.48 - - [16/Jun/2025:13:58:49 -0700] "GET /ova-tools.php HTTP/1.1" 502 157 "-" "-" [loc=IE/Dublin] [rt=0.000] [proto=HTTP/1.1:] [args=-] [ucs=MISS] [xpc=-] [uct=-] [gz=-] [br=-] [tls=-] [cipher=-] [scheme=http] [eorigin=-] wieeac.org wieeac.org vps38426.inmotionhosting.com 2620
52.164.120.48 - - [16/Jun/2025:13:58:49 -0700] "GET /wp-configs.php HTTP/1.1" 502 157 "-" "-" [loc=IE/Dublin] [rt=0.001] [proto=HTTP/1.1:] [args=-] [ucs=MISS] [xpc=-] [uct=-] [gz=-] [br=-] [tls=-] [cipher=-] [scheme=http] [eorigin=-] wieeac.org wieeac.org vps38426.inmotionhosting.com 2620
52.164.120.48 - - [16/Jun/2025:13:58:49 -0700] "GET /themes.php HTTP/1.1" 502 157 "-" "-" [loc=IE/Dublin] [rt=0.000] [proto=HTTP/1.1:] [args=-] [ucs=MISS] [xpc=-] [uct=-] [gz=-] [br=-] [tls=-] [cipher=-] [scheme=http] [eorigin=-] wieeac.org wieeac.org vps38426.inmotionhosting.com 2620
52.164.120.48 - - [16/Jun/2025:13:58:49 -0700] "GET /user.php HTTP/1.1" 502 157 "-" "-" [loc=IE/Dublin] [rt=0.000] [proto=HTTP/1.1:] [args=-] [ucs=BYPASS] [xpc=-] [uct=-] [gz=-] [br=-] [tls=-] [cipher=-] [scheme=http] [eorigin=-] wieeac.org wieeac.org vps38426.inmotionhosting.com 2620
52.164.120.48 - - [16/Jun/2025:13:58:50 -0700] "GET /index.php HTTP/1.1" 502 157 "-" "-" [loc=IE/Dublin] [rt=0.001] [proto=HTTP/1.1:] [args=-] [ucs=MISS] [xpc=-] [uct=-] [gz=-] [br=-] [tls=-] [cipher=-] [scheme=http] [eorigin=-] wieeac.org wieeac.org vps38426.inmotionhosting.com 2620
52.164.120.48 - - [16/Jun/2025:13:58:50 -0700] "GET /bak.php HTTP/1.1" 502 157 "-" "-" [loc=IE/Dublin] [rt=0.000] [proto=HTTP/1.1:] [args=-] [ucs=MISS] [xpc=-] [uct=-] [gz=-] [br=-] [tls=-] [cipher=-] [scheme=http] [eorigin=-] wieeac.org wieeac.org vps38426.inmotionhosting.com 2620
52.164.120.48 - - [16/Jun/2025:13:58:50 -0700] "GET /system_log.php HTTP/1.1" 502 157 "-" "-" [loc=IE/Dublin] [rt=0.000] [proto=HTTP/1.1:] [args=-] [ucs=MISS] [xpc=-] [uct=-] [gz=-] [br=-] [tls=-] [cipher=-] [scheme=http] [eorigin=-] wieeac.org wieeac.org vps38426.inmotionhosting.com 2620
52.164.120.48 - - [16/Jun/2025:13:58:50 -0700] "GET /wp-mail.php HTTP/1.1" 502 157 "-" "-" [loc=IE/Dublin] [rt=0.000] [proto=HTTP/1.1:] [args=-] [ucs=MISS] [xpc=-] [uct=-] [gz=-] [br=-] [tls=-] [cipher=-] [scheme=http] [eorigin=-] wieeac.org wieeac.org vps38426.inmotionhosting.com 2620
52.164.120.48 - - [16/Jun/2025:13:58:50 -0700] "GET /files.php HTTP/1.1" 502 157 "-" "-" [loc=IE/Dublin] [rt=0.000] [proto=HTTP/1.1:] [args=-] [ucs=MISS] [xpc=-] [uct=-] [gz=-] [br=-] [tls=-] [cipher=-] [scheme=http] [eorigin=-] wieeac.org wieeac.org vps38426.inmotionhosting.com 2620
52.164.120.48 - - [16/Jun/2025:13:58:50 -0700] "GET /k.php HTTP/1.1" 502 157 "-" "-" [loc=IE/Dublin] [rt=0.000] [proto=HTTP/1.1:] [args=-] [ucs=MISS] [xpc=-] [uct=-] [gz=-] [br=-] [tls=-] [cipher=-] [scheme=http] [eorigin=-] wieeac.org wieeac.org vps38426.inmotionhosting.com 2620
52.164.120.48 - - [16/Jun/2025:13:58:50 -0700] "GET /filemanager.php HTTP/1.1" 502 157 "-" "-" [loc=IE/Dublin] [rt=0.000] [proto=HTTP/1.1:] [args=-] [ucs=MISS] [xpc=-] [uct=-] [gz=-] [br=-] [tls=-] [cipher=-] [scheme=http] [eorigin=-] wieeac.org wieeac.org vps38426.inmotionhosting.com 2620
52.164.120.48 - - [16/Jun/2025:13:58:51 -0700] "GET /xmlrpc.php HTTP/1.1" 502 157 "-" "-" [loc=IE/Dublin] [rt=0.000] [proto=HTTP/1.1:] [args=-] [ucs=BYPASS] [xpc=-] [uct=-] [gz=-] [br=-] [tls=-] [cipher=-] [scheme=http] [eorigin=-] wieeac.org wieeac.org vps38426.inmotionhosting.com 2620
52.164.120.48 - - [16/Jun/2025:13:58:51 -0700] "GET /wp-back.php HTTP/1.1" 502 157 "-" "-" [loc=IE/Dublin] [rt=0.000] [proto=HTTP/1.1:] [args=-] [ucs=MISS] [xpc=-] [uct=-] [gz=-] [br=-] [tls=-] [cipher=-] [scheme=http] [eorigin=-] wieeac.org wieeac.org vps38426.inmotionhosting.com 2620
52.164.120.48 - - [16/Jun/2025:13:58:51 -0700] "GET /new.php HTTP/1.1" 502 157 "-" "-" [loc=IE/Dublin] [rt=0.000] [proto=HTTP/1.1:] [args=-] [ucs=MISS] [xpc=-] [uct=-] [gz=-] [br=-] [tls=-] [cipher=-] [scheme=http] [eorigin=-] wieeac.org wieeac.org vps38426.inmotionhosting.com 2620
52.164.120.48 - - [16/Jun/2025:13:58:51 -0700] "GET /radio.php HTTP/1.1" 502 157 "-" "-" [loc=IE/Dublin] [rt=0.000] [proto=HTTP/1.1:] [args=-] [ucs=MISS] [xpc=-] [uct=-] [gz=-] [br=-] [tls=-] [cipher=-] [scheme=http] [eorigin=-] wieeac.org wieeac.org vps38426.inmotionhosting.com 2620
52.164.120.48 - - [16/Jun/2025:13:58:51 -0700] "GET /ty.php HTTP/1.1" 502 157 "-" "-" [loc=IE/Dublin] [rt=0.000] [proto=HTTP/1.1:] [args=-] [ucs=MISS] [xpc=-] [uct=-] [gz=-] [br=-] [tls=-] [cipher=-] [scheme=http] [eorigin=-] wieeac.org wieeac.org vps38426.inmotionhosting.com 2620
52.164.120.48 - - [16/Jun/2025:13:58:51 -0700] "GET /baxa1.phP8 HTTP/1.1" 502 157 "-" "-" [loc=IE/Dublin] [rt=0.000] [proto=HTTP/1.1:] [args=-] [ucs=MISS] [xpc=-] [uct=-] [gz=-] [br=-] [tls=-] [cipher=-] [scheme=http] [eorigin=-] wieeac.org wieeac.org vps38426.inmotionhosting.com 2620
52.164.120.48 - - [16/Jun/2025:13:58:51 -0700] "GET /x.php HTTP/1.1" 502 157 "-" "-" [loc=IE/Dublin] [rt=0.000] [proto=HTTP/1.1:] [args=-] [ucs=MISS] [xpc=-] [uct=-] [gz=-] [br=-] [tls=-] [cipher=-] [scheme=http] [eorigin=-] wieeac.org wieeac.org vps38426.inmotionhosting.com 2620
52.164.120.48 - - [16/Jun/2025:13:58:51 -0700] "GET /link.php HTTP/1.1" 502 157 "-" "-" [loc=IE/Dublin] [rt=0.001] [proto=HTTP/1.1:] [args=-] [ucs=MISS] [xpc=-] [uct=-] [gz=-] [br=-] [tls=-] [cipher=-] [scheme=http] [eorigin=-] wieeac.org wieeac.org vps38426.inmotionhosting.com 2620
52.164.120.48 - - [16/Jun/2025:13:58:52 -0700] "GET /mail.php HTTP/1.1" 502 157 "-" "-" [loc=IE/Dublin] [rt=0.000] [proto=HTTP/1.1:] [args=-] [ucs=MISS] [xpc=-] [uct=-] [gz=-] [br=-] [tls=-] [cipher=-] [scheme=http] [eorigin=-] wieeac.org wieeac.org vps38426.inmotionhosting.com 2620
52.164.120.48 - - [16/Jun/2025:13:58:52 -0700] "GET /wp-load.php HTTP/1.1" 502 157 "-" "-" [loc=IE/Dublin] [rt=0.000] [proto=HTTP/1.1:] [args=-] [ucs=MISS] [xpc=-] [uct=-] [gz=-] [br=-] [tls=-] [cipher=-] [scheme=http] [eorigin=-] wieeac.org wieeac.org vps38426.inmotionhosting.com 2620
52.164.120.48 - - [16/Jun/2025:13:58:52 -0700] "GET /shell.php HTTP/1.1" 502 157 "-" "-" [loc=IE/Dublin] [rt=0.000] [proto=HTTP/1.1:] [args=-] [ucs=MISS] [xpc=-] [uct=-] [gz=-] [br=-] [tls=-] [cipher=-] [scheme=http] [eorigin=-] wieeac.org wieeac.org vps38426.inmotionhosting.com 2620
52.164.120.48 - - [16/Jun/2025:13:58:52 -0700] "GET /cong.php HTTP/1.1" 502 157 "-" "-" [loc=IE/Dublin] [rt=0.000] [proto=HTTP/1.1:] [args=-] [ucs=MISS] [xpc=-] [uct=-] [gz=-] [br=-] [tls=-] [cipher=-] [scheme=http] [eorigin=-] wieeac.org wieeac.org vps38426.inmotionhosting.com 2620
52.164.120.48 - - [16/Jun/2025:13:58:52 -0700] "GET /tools.php HTTP/1.1" 502 157 "-" "-" [loc=IE/Dublin] [rt=0.001] [proto=HTTP/1.1:] [args=-] [ucs=MISS] [xpc=-] [uct=-] [gz=-] [br=-] [tls=-] [cipher=-] [scheme=http] [eorigin=-] wieeac.org wieeac.org vps38426.inmotionhosting.com 2620
66.249.79.5 - - [16/Jun/2025:13:58:56 -0700] "GET /tag/forward-thinking/feed/ HTTP/1.1" 502 157 "-" "Mozilla/5.0 (compatible; Googlebot/2.1; +http://www.google.com/bot.html)" [loc=US/Mountain View] [rt=0.000] [proto=HTTP/1.1:] [args=-] [ucs=MISS] [xpc=-] [uct=-] [gz=-] [br=-] [tls=TLSv1.3] [cipher=TLS_AES_256_GCM_SHA384] [scheme=https] [eorigin=-] definingsuccesspodcast.com definingsuccesspodcast.com vps38426.inmotionhosting.com 2439
66.249.79.5 - - [16/Jun/2025:13:59:08 -0700] "GET /category/episode-070-dont-let-your-ego-get-in-the-way-virgil-herring-author-of-the-golf-journal/feed/ HTTP/1.1" 502 157 "-" "Mozilla/5.0 (compatible; Googlebot/2.1; +http://www.google.com/bot.html)" [loc=US/Mountain View] [rt=0.001] [proto=HTTP/1.1:] [args=-] [ucs=MISS] [xpc=-] [uct=-] [gz=-] [br=-] [tls=TLSv1.3] [cipher=TLS_AES_256_GCM_SHA384] [scheme=https] [eorigin=-] definingsuccesspodcast.com definingsuccesspodcast.com vps38426.inmotionhosting.com 2439
173.252.83.23 - - [16/Jun/2025:13:59:14 -0700] "GET /category/19th-hole-stories/ HTTP/2.0" 502 157 "-" "meta-externalagent/1.1 (+https://developers.facebook.com/docs/sharing/webmasters/crawler)" [loc=US/Pride] [rt=0.001] [proto=HTTP/2.0:h2] [args=-] [ucs=MISS] [xpc=-] [uct=-] [gz=-] [br=-] [tls=TLSv1.3] [cipher=TLS_AES_256_GCM_SHA384] [scheme=https] [eorigin=-] socalcharitygolf.com socalcharitygolf.com vps38426.inmotionhosting.com 2701
66.249.79.6 - - [16/Jun/2025:13:59:14 -0700] "GET /category/episode-031-everyone-has-a-success-story-rey-ybarra-author-of-conversations-with-shark-tank-winners/feed/ HTTP/1.1" 502 157 "-" "Mozilla/5.0 (compatible; Googlebot/2.1; +http://www.google.com/bot.html)" [loc=US/Mountain View] [rt=0.000] [proto=HTTP/1.1:] [args=-] [ucs=MISS] [xpc=-] [uct=-] [gz=-] [br=-] [tls=TLSv1.3] [cipher=TLS_AES_256_GCM_SHA384] [scheme=https] [eorigin=-] definingsuccesspodcast.com definingsuccesspodcast.com vps38426.inmotionhosting.com 2703
37.139.53.80 - - [16/Jun/2025:13:59:19 -0700] "GET /somerset-harvest/ HTTP/1.0" 502 559 "http://somersetchino.com/somerset-harvest/#comment-21071/" "Mozilla/5.0 (Windows NT 6.1; WOW64) AppleWebKit/537.36 (KHTML, like Gecko) Chrome/103.0.0.0 Safari/537.36" [loc=RU/St Petersburg] [rt=0.000] [proto=HTTP/1.0:] [args=-] [ucs=MISS] [xpc=-] [uct=-] [gz=-] [br=-] [tls=-] [cipher=-] [scheme=http] [eorigin=-] somersetchino.com somersetchino.com vps38426.inmotionhosting.com 2705
37.139.53.80 - - [16/Jun/2025:13:59:19 -0700] "GET / HTTP/1.0" 502 559 "http://somersetchino.com/" "Mozilla/5.0 (Windows NT 6.1; WOW64) AppleWebKit/537.36 (KHTML, like Gecko) Chrome/103.0.0.0 Safari/537.36" [loc=RU/St Petersburg] [rt=0.000] [proto=HTTP/1.0:] [args=-] [ucs=MISS] [xpc=-] [uct=-] [gz=-] [br=-] [tls=-] [cipher=-] [scheme=http] [eorigin=-] somersetchino.com somersetchino.com vps38426.inmotionhosting.com 2707
66.249.79.5 - - [16/Jun/2025:13:59:20 -0700] "GET /category/episode-81-twitter-and-relationship-building-john-sparks-owner-of-online-imageworks/feed/ HTTP/1.1" 502 157 "-" "Mozilla/5.0 (compatible; Googlebot/2.1; +http://www.google.com/bot.html)" [loc=US/Mountain View] [rt=0.000] [proto=HTTP/1.1:] [args=-] [ucs=MISS] [xpc=-] [uct=-] [gz=-] [br=-] [tls=TLSv1.3] [cipher=TLS_AES_256_GCM_SHA384] [scheme=https] [eorigin=-] definingsuccesspodcast.com definingsuccesspodcast.com vps38426.inmotionhosting.com 2439
135.234.64.229 - - [16/Jun/2025:13:59:24 -0700] "GET /contact/ HTTP/2.0" 502 559 "-" "Mozilla/5.0 (Macintosh; Intel Mac OS X 10_15_7) AppleWebKit/537.36 (KHTML, like Gecko) Chrome/131.0.0.0 Safari/537.36; compatible; OAI-SearchBot/1.0; +https://openai.com/searchbot" [loc=US/Naperville] [rt=0.000] [proto=HTTP/2.0:h2] [args=-] [ucs=MISS] [xpc=-] [uct=-] [gz=-] [br=-] [tls=TLSv1.3] [cipher=TLS_AES_256_GCM_SHA384] [scheme=https] [eorigin=-] ruschianana.com ruschianana.com vps38426.inmotionhosting.com 2710
66.249.79.5 - - [16/Jun/2025:13:59:27 -0700] "GET /category/episode-067-the-learning-experience-fred-shoemaker-from-extraordinary-golf/feed/ HTTP/1.1" 502 157 "-" "Mozilla/5.0 (compatible; Googlebot/2.1; +http://www.google.com/bot.html)" [loc=US/Mountain View] [rt=0.000] [proto=HTTP/1.1:] [args=-] [ucs=MISS] [xpc=-] [uct=-] [gz=-] [br=-] [tls=TLSv1.3] [cipher=TLS_AES_256_GCM_SHA384] [scheme=https] [eorigin=-] definingsuccesspodcast.com definingsuccesspodcast.com vps38426.inmotionhosting.com 2439
114.119.142.132 - - [16/Jun/2025:13:59:29 -0700] "GET /?s=%E5%A5%94%E9%A6%B3%E7%B7%9A%E4%B8%8A%E5%A8%9B%E6%A8%82-%E3%80%90%E2%9C%94%EF%B8%8F%E5%AE%98%E7%B6%B2DD86%C2%B7CC%E2%9C%94%EF%B8%8F%E3%80%91-%E6%96%B0%E5%8A%A0%E5%9D%A1%E8%81%96%E6%B7%98%E6%B2%99%E8%B3%AD%E5%A0%B4-%E5%A5%94%E9%A6%B3%E7%B7%9A%E4%B8%8A%E5%A8%9B%E6%A8%8283ql1-%E3%80%90%E2%9C%94%EF%B8%8F%E5%AE%98%E7%B6%B2DD86%C2%B7CC%E2%9C%94%EF%B8%8F%E3%80%91-%E6%96%B0%E5%8A%A0%E5%9D%A1%E8%81%96%E6%B7%98%E6%B2%99%E8%B3%AD%E5%A0%B4qhox-%E5%A5%94%E9%A6%B3%E7%B7%9A%E4%B8%8A%E5%A8%9B%E6%A8%82ko4ss-%E6%96%B0%E5%8A%A0%E5%9D%A1%E8%81%96%E6%B7%98%E6%B2%99%E8%B3%AD%E5%A0%B4db0s HTTP/1.1" 502 157 "https://guardianjetcenter.com/?s=%E5%A5%94%E9%A6%B3%E7%B7%9A%E4%B8%8A%E5%A8%9B%E6%A8%82-%E3%80%90%E2%9C%94%EF%B8%8F%E5%AE%98%E7%B6%B2DD86%C2%B7CC%E2%9C%94%EF%B8%8F%E3%80%91-%E6%96%B0%E5%8A%A0%E5%9D%A1%E8%81%96%E6%B7%98%E6%B2%99%E8%B3%AD%E5%A0%B4-%E5%A5%94%E9%A6%B3%E7%B7%9A%E4%B8%8A%E5%A8%9B%E6%A8%8283ql1-%E3%80%90%E2%9C%94%EF%B8%8F%E5%AE%98%E7%B6%B2DD86%C2%B7CC%E2%9C%94%EF%B8%8F%E3%80%91-%E6%96%B0%E5%8A%A0%E5%9D%A1%E8%81%96%E6%B7%98%E6%B2%99%E8%B3%AD%E5%A0%B4qhox-%E5%A5%94%E9%A6%B3%E7%B7%9A%E4%B8%8A%E5%A8%9B%E6%A8%82ko4ss-%E6%96%B0%E5%8A%A0%E5%9D%A1%E8%81%96%E6%B7%98%E6%B2%99%E8%B3%AD%E5%A0%B4db0s" "Mozilla/5.0 (Linux; Android 7.0;) AppleWebKit/537.36 (KHTML, like Gecko) Mobile Safari/537.36 (compatible; PetalBot;+https://webmaster.petalsearch.com/site/petalbot)" [loc=CN/-] [rt=0.000] [proto=HTTP/1.1:] [args=s=%E5%A5%94%E9%A6%B3%E7%B7%9A%E4%B8%8A%E5%A8%9B%E6%A8%82-%E3%80%90%E2%9C%94%EF%B8%8F%E5%AE%98%E7%B6%B2DD86%C2%B7CC%E2%9C%94%EF%B8%8F%E3%80%91-%E6%96%B0%E5%8A%A0%E5%9D%A1%E8%81%96%E6%B7%98%E6%B2%99%E8%B3%AD%E5%A0%B4-%E5%A5%94%E9%A6%B3%E7%B7%9A%E4%B8%8A%E5%A8%9B%E6%A8%8283ql1-%E3%80%90%E2%9C%94%EF%B8%8F%E5%AE%98%E7%B6%B2DD86%C2%B7CC%E2%9C%94%EF%B8%8F%E3%80%91-%E6%96%B0%E5%8A%A0%E5%9D%A1%E8%81%96%E6%B7%98%E6%B2%99%E8%B3%AD%E5%A0%B4qhox-%E5%A5%94%E9%A6%B3%E7%B7%9A%E4%B8%8A%E5%A8%9B%E6%A8%82ko4ss-%E6%96%B0%E5%8A%A0%E5%9D%A1%E8%81%96%E6%B7%98%E6%B2%99%E8%B3%AD%E5%A0%B4db0s] [ucs=MISS] [xpc=-] [uct=-] [gz=-] [br=-] [tls=TLSv1.3] [cipher=TLS_AES_256_GCM_SHA384] [scheme=https] [eorigin=-] guardianjetcenter.com.welbornwebsites.com guardianjetcenter.com vps38426.inmotionhosting.com 2712
49.51.203.164 - - [16/Jun/2025:13:59:29 -0700] "GET /category/episode-019-the-importance-of-learning-from-your-mistakes-brian-roberts-from-in-store-radio/ HTTP/1.1" 502 157 "-" "Mozilla/5.0 (iPhone; CPU iPhone OS 13_2_3 like Mac OS X) AppleWebKit/605.1.15 (KHTML, like Gecko) Version/13.0.3 Mobile/15E148 Safari/604.1" [loc=CN/Beijing] [rt=0.000] [proto=HTTP/1.1:] [args=-] [ucs=MISS] [xpc=-] [uct=-] [gz=-] [br=-] [tls=-] [cipher=-] [scheme=http] [eorigin=-] definingsuccesspodcast.com definingsuccesspodcast.com vps38426.inmotionhosting.com 2715
43.157.148.38 - - [16/Jun/2025:13:59:46 -0700] "GET /faqs/ HTTP/1.1" 502 157 "-" "Mozilla/5.0 (iPhone; CPU iPhone OS 13_2_3 like Mac OS X) AppleWebKit/605.1.15 (KHTML, like Gecko) Version/13.0.3 Mobile/15E148 Safari/604.1" [loc=JP/Tokyo] [rt=0.000] [proto=HTTP/1.1:] [args=-] [ucs=MISS] [xpc=-] [uct=-] [gz=-] [br=-] [tls=TLSv1.3] [cipher=TLS_AES_256_GCM_SHA384] [scheme=https] [eorigin=-] aace.care.welbornwebsites.com aace.care vps38426.inmotionhosting.com 2717
66.249.79.5 - - [16/Jun/2025:13:59:48 -0700] "GET /category/episode-033-be-of-service-to-others-chris-brogan-from-human-business-works/feed/ HTTP/1.1" 502 157 "-" "Mozilla/5.0 (compatible; Googlebot/2.1; +http://www.google.com/bot.html)" [loc=US/Mountain View] [rt=0.000] [proto=HTTP/1.1:] [args=-] [ucs=MISS] [xpc=-] [uct=-] [gz=-] [br=-] [tls=TLSv1.3] [cipher=TLS_AES_256_GCM_SHA384] [scheme=https] [eorigin=-] definingsuccesspodcast.com definingsuccesspodcast.com vps38426.inmotionhosting.com 2439
4.227.36.42 - - [16/Jun/2025:13:59:49 -0700] "GET /robots.txt HTTP/1.1" 502 157 "-" "Mozilla/5.0 AppleWebKit/537.36 (KHTML, like Gecko; compatible; GPTBot/1.2; +https://openai.com/gptbot)" [loc=US/-] [rt=0.000] [proto=HTTP/1.1:] [args=-] [ucs=MISS] [xpc=-] [uct=-] [gz=-] [br=-] [tls=-] [cipher=-] [scheme=http] [eorigin=-] ruschianana.com ruschianana.com vps38426.inmotionhosting.com 2720
47.119.16.237 - - [16/Jun/2025:13:59:51 -0700] "POST /xmlrpc.php HTTP/1.1" 502 559 "http://socialgolfcourse.com" "Mozilla/5.0 (Windows NT 10.0; Win64; x64) AppleWebKit/537.36 (KHTML, like Gecko) Chrome/112.0.5615.138 Safari/537.36 Edg/112.0.1722.68" [loc=CN/Hangzhou] [rt=0.000] [proto=HTTP/1.1:] [args=-] [ucs=-] [xpc=-] [uct=-] [gz=-] [br=-] [tls=-] [cipher=-] [scheme=http] [eorigin=-] socialgolfcourse.com socialgolfcourse.com vps38426.inmotionhosting.com 2722
34.196.51.17 - - [16/Jun/2025:13:59:53 -0700] "HEAD / HTTP/1.1" 502 0 "http://dunbarconstructioninc.com/" "WPMUDEV Uptime Monitor 5.0 (https://wpmudev.com)" [loc=US/Ashburn] [rt=0.000] [proto=HTTP/1.1:] [args=-] [ucs=MISS] [xpc=-] [uct=-] [gz=-] [br=-] [tls=-] [cipher=-] [scheme=http] [eorigin=-] dunbarconstructioninc.welbornwebsites.com dunbarconstructioninc.com vps38426.inmotionhosting.com 2724
35.157.144.199 - - [16/Jun/2025:13:59:55 -0700] "HEAD / HTTP/1.1" 502 0 "http://dunbarconstructioninc.com/" "WPMUDEV Uptime Monitor 5.0 (https://wpmudev.com)" [loc=DE/Frankfurt am Main] [rt=0.001] [proto=HTTP/1.1:] [args=-] [ucs=MISS] [xpc=-] [uct=-] [gz=-] [br=-] [tls=-] [cipher=-] [scheme=http] [eorigin=-] dunbarconstructioninc.welbornwebsites.com dunbarconstructioninc.com vps38426.inmotionhosting.com 2727
66.249.79.5 - - [16/Jun/2025:13:59:55 -0700] "GET /category/episode-064-pinterest-and-seo-host-of-oh-so-pinteresting-podcast-cynthia-sanchez/feed/ HTTP/1.1" 502 157 "-" "Mozilla/5.0 (compatible; Googlebot/2.1; +http://www.google.com/bot.html)" [loc=US/Mountain View] [rt=0.000] [proto=HTTP/1.1:] [args=-] [ucs=MISS] [xpc=-] [uct=-] [gz=-] [br=-] [tls=TLSv1.3] [cipher=TLS_AES_256_GCM_SHA384] [scheme=https] [eorigin=-] definingsuccesspodcast.com definingsuccesspodcast.com vps38426.inmotionhosting.com 2439
47.238.13.5 - - [16/Jun/2025:13:59:55 -0700] "GET /tag/golf/ HTTP/2.0" 502 559 "-" "Mozilla/5.0 (Macintosh; Intel Mac OS X 10_15_7) AppleWebKit/537.36 (KHTML, like Gecko) Chrome/109.0.0.0 Safari/537.36" [loc=US/San Mateo] [rt=0.000] [proto=HTTP/2.0:h2] [args=-] [ucs=MISS] [xpc=-] [uct=-] [gz=-] [br=-] [tls=TLSv1.3] [cipher=TLS_AES_256_GCM_SHA384] [scheme=https] [eorigin=-] definingsuccesspodcast.com definingsuccesspodcast.com vps38426.inmotionhosting.com 2726
66.249.79.5 - - [16/Jun/2025:13:59:56 -0700] "GET /tag/forward-thinking/feed/ HTTP/1.1" 502 157 "-" "Mozilla/5.0 (compatible; Googlebot/2.1; +http://www.google.com/bot.html)" [loc=US/Mountain View] [rt=0.000] [proto=HTTP/1.1:] [args=-] [ucs=MISS] [xpc=-] [uct=-] [gz=-] [br=-] [tls=TLSv1.3] [cipher=TLS_AES_256_GCM_SHA384] [scheme=https] [eorigin=-] definingsuccesspodcast.com definingsuccesspodcast.com vps38426.inmotionhosting.com 2439
114.119.151.50 - - [16/Jun/2025:13:59:56 -0700] "GET /tag/twitter-followers/ HTTP/1.1" 502 157 "http://definingsuccesspodcast.com/tag/online-imageworks" "Mozilla/5.0 (Linux; Android 7.0;) AppleWebKit/537.36 (KHTML, like Gecko) Mobile Safari/537.36 (compatible; PetalBot;+https://webmaster.petalsearch.com/site/petalbot)" [loc=CN/-] [rt=0.001] [proto=HTTP/1.1:] [args=-] [ucs=MISS] [xpc=-] [uct=-] [gz=-] [br=-] [tls=-] [cipher=-] [scheme=http] [eorigin=-] definingsuccesspodcast.com definingsuccesspodcast.com vps38426.inmotionhosting.com 2732
34.196.51.17 - - [16/Jun/2025:13:59:58 -0700] "HEAD / HTTP/1.1" 502 0 "https://larrywelborn.com/" "WPMUDEV Uptime Monitor 5.0 (https://wpmudev.com)" [loc=US/Ashburn] [rt=0.000] [proto=HTTP/1.1:] [args=-] [ucs=MISS] [xpc=-] [uct=-] [gz=-] [br=-] [tls=TLSv1.3] [cipher=TLS_AES_256_GCM_SHA384] [scheme=https] [eorigin=-] larrywelborn.com larrywelborn.com vps38426.inmotionhosting.com 2734
35.157.144.199 - - [16/Jun/2025:14:00:01 -0700] "HEAD / HTTP/1.1" 502 0 "https://larrywelborn.com/" "WPMUDEV Uptime Monitor 5.0 (https://wpmudev.com)" [loc=DE/Frankfurt am Main] [rt=0.000] [proto=HTTP/1.1:] [args=-] [ucs=MISS] [xpc=-] [uct=-] [gz=-] [br=-] [tls=TLSv1.3] [cipher=TLS_AES_256_GCM_SHA384] [scheme=https] [eorigin=-] larrywelborn.com larrywelborn.com vps38426.inmotionhosting.com 2736
66.249.79.6 - - [16/Jun/2025:14:00:02 -0700] "GET /category/episode-96-outside-your-comfort-zone-niveen-salem-multi-level-marketing-and-former-chevron-executive/feed/ HTTP/1.1" 502 157 "-" "Mozilla/5.0 (compatible; Googlebot/2.1; +http://www.google.com/bot.html)" [loc=US/Mountain View] [rt=0.001] [proto=HTTP/1.1:] [args=-] [ucs=MISS] [xpc=-] [uct=-] [gz=-] [br=-] [tls=TLSv1.3] [cipher=TLS_AES_256_GCM_SHA384] [scheme=https] [eorigin=-] definingsuccesspodcast.com definingsuccesspodcast.com vps38426.inmotionhosting.com 2738
