20.171.207.88 - - [18/Jun/2025:14:42:53 -0700] "GET /dm-sso-endpoint/1750130431/?dm_action=domainmap-setup-cdsso HTTP/1.1" 502 157 "-" "Mozilla/5.0 AppleWebKit/537.36 (KHTML, like Gecko; compatible; GPTBot/1.2; +https://openai.com/gptbot)" [loc=US/-] [rt=0.000] [proto=HTTP/1.1:] [args=dm_action=domainmap-setup-cdsso] [ucs=MISS] [xpc=-] [uct=-] [gz=-] [br=-] [tls=-] [cipher=-] [scheme=http] [eorigin=-] welbornweb.com welbornweb.com vps38426.inmotionhosting.com 139
66.249.79.5 - - [18/Jun/2025:14:42:54 -0700] "GET /category/episode-078-start-a-small-scale-business-to-test-your-idea-ben-alexander-founder-of-balloon-distractions/feed/ HTTP/1.1" 502 157 "-" "Mozilla/5.0 (compatible; Googlebot/2.1; +http://www.google.com/bot.html)" [loc=US/Mountain View] [rt=0.001] [proto=HTTP/1.1:] [args=-] [ucs=MISS] [xpc=-] [uct=-] [gz=-] [br=-] [tls=TLSv1.3] [cipher=TLS_AES_256_GCM_SHA384] [scheme=https] [eorigin=-] definingsuccesspodcast.com definingsuccesspodcast.com vps38426.inmotionhosting.com 663
66.249.79.5 - - [18/Jun/2025:14:42:56 -0700] "GET /category/episode-067-the-learning-experience-fred-shoemaker-from-extraordinary-golf/feed/ HTTP/1.1" 502 157 "-" "Mozilla/5.0 (compatible; Googlebot/2.1; +http://www.google.com/bot.html)" [loc=US/Mountain View] [rt=0.000] [proto=HTTP/1.1:] [args=-] [ucs=MISS] [xpc=-] [uct=-] [gz=-] [br=-] [tls=TLSv1.3] [cipher=TLS_AES_256_GCM_SHA384] [scheme=https] [eorigin=-] definingsuccesspodcast.com definingsuccesspodcast.com vps38426.inmotionhosting.com 663
20.171.207.88 - - [18/Jun/2025:14:42:57 -0700] "GET /dm-sso-endpoint/1750114611/?dm_action=domainmap-setup-cdsso HTTP/1.1" 502 157 "-" "Mozilla/5.0 AppleWebKit/537.36 (KHTML, like Gecko; compatible; GPTBot/1.2; +https://openai.com/gptbot)" [loc=US/-] [rt=0.000] [proto=HTTP/1.1:] [args=dm_action=domainmap-setup-cdsso] [ucs=MISS] [xpc=-] [uct=-] [gz=-] [br=-] [tls=-] [cipher=-] [scheme=http] [eorigin=-] welbornweb.com welbornweb.com vps38426.inmotionhosting.com 139
66.249.79.5 - - [18/Jun/2025:14:42:59 -0700] "GET /category/episode-81-twitter-and-relationship-building-john-sparks-owner-of-online-imageworks/feed/ HTTP/1.1" 502 157 "-" "Mozilla/5.0 (compatible; Googlebot/2.1; +http://www.google.com/bot.html)" [loc=US/Mountain View] [rt=0.000] [proto=HTTP/1.1:] [args=-] [ucs=MISS] [xpc=-] [uct=-] [gz=-] [br=-] [tls=TLSv1.3] [cipher=TLS_AES_256_GCM_SHA384] [scheme=https] [eorigin=-] definingsuccesspodcast.com definingsuccesspodcast.com vps38426.inmotionhosting.com 663
20.171.207.88 - - [18/Jun/2025:14:43:00 -0700] "GET /dm-sso-endpoint/1750117312/?dm_action=domainmap-setup-cdsso HTTP/1.1" 502 157 "-" "Mozilla/5.0 AppleWebKit/537.36 (KHTML, like Gecko; compatible; GPTBot/1.2; +https://openai.com/gptbot)" [loc=US/-] [rt=0.000] [proto=HTTP/1.1:] [args=dm_action=domainmap-setup-cdsso] [ucs=MISS] [xpc=-] [uct=-] [gz=-] [br=-] [tls=-] [cipher=-] [scheme=http] [eorigin=-] welbornweb.com welbornweb.com vps38426.inmotionhosting.com 139
20.171.207.88 - - [18/Jun/2025:14:43:04 -0700] "GET /dm-sso-endpoint/1750133411/?dm_action=domainmap-setup-cdsso HTTP/1.1" 502 157 "-" "Mozilla/5.0 AppleWebKit/537.36 (KHTML, like Gecko; compatible; GPTBot/1.2; +https://openai.com/gptbot)" [loc=US/-] [rt=0.000] [proto=HTTP/1.1:] [args=dm_action=domainmap-setup-cdsso] [ucs=MISS] [xpc=-] [uct=-] [gz=-] [br=-] [tls=-] [cipher=-] [scheme=http] [eorigin=-] welbornweb.com welbornweb.com vps38426.inmotionhosting.com 139
20.171.207.88 - - [18/Jun/2025:14:43:07 -0700] "GET /dm-sso-endpoint/1750118838/?dm_action=domainmap-setup-cdsso HTTP/1.1" 502 157 "-" "Mozilla/5.0 AppleWebKit/537.36 (KHTML, like Gecko; compatible; GPTBot/1.2; +https://openai.com/gptbot)" [loc=US/-] [rt=0.000] [proto=HTTP/1.1:] [args=dm_action=domainmap-setup-cdsso] [ucs=MISS] [xpc=-] [uct=-] [gz=-] [br=-] [tls=-] [cipher=-] [scheme=http] [eorigin=-] welbornweb.com welbornweb.com vps38426.inmotionhosting.com 139
98.159.226.226 - - [18/Jun/2025:14:43:08 -0700] "GET /april-at-chino-rotary-honduras-water-project-teacher-mini-grants-craft-talks-and-big-brothers-big-sisters/ HTTP/1.0" 502 559 "https://chinorotary.org/april-at-chino-rotary-honduras-water-project-teacher-mini-grants-craft-talks-and-big-brothers-big-sisters/" "Mozilla/5.0 (Windows NT 10.0; Win64; x64) AppleWebKit/537.36 (KHTML, like Gecko) Chrome/131.0.0.0 Safari/537.36 Avast/131.0.0.0" [loc=US/Edison] [rt=0.000] [proto=HTTP/1.0:] [args=-] [ucs=MISS] [xpc=-] [uct=-] [gz=-] [br=-] [tls=TLSv1.2] [cipher=ECDHE-RSA-AES256-GCM-SHA384] [scheme=https] [eorigin=-] chinorotary.welbornweb.com chinorotary.org vps38426.inmotionhosting.com 689
98.159.226.228 - - [18/Jun/2025:14:43:09 -0700] "GET / HTTP/1.0" 502 559 "https://chinorotary.org/" "Mozilla/5.0 (Windows NT 10.0; Win64; x64) AppleWebKit/537.36 (KHTML, like Gecko) Chrome/131.0.0.0 Safari/537.36 Avast/131.0.0.0" [loc=US/Edison] [rt=0.000] [proto=HTTP/1.0:] [args=-] [ucs=MISS] [xpc=-] [uct=-] [gz=-] [br=-] [tls=TLSv1.2] [cipher=ECDHE-RSA-AES256-GCM-SHA384] [scheme=https] [eorigin=-] chinorotary.welbornweb.com chinorotary.org vps38426.inmotionhosting.com 691
34.236.41.241 - - [18/Jun/2025:14:43:10 -0700] "GET /calendar/2025-04-19/ HTTP/1.1" 502 559 "-" "Mozilla/5.0 AppleWebKit/537.36 (KHTML, like Gecko; compatible; Amazonbot/0.1; +https://developer.amazon.com/support/amazonbot) Chrome/119.0.6045.214 Safari/537.36" [loc=US/Ashburn] [rt=0.000] [proto=HTTP/1.1:] [args=-] [ucs=MISS] [xpc=-] [uct=-] [gz=-] [br=-] [tls=TLSv1.2] [cipher=ECDHE-RSA-AES256-GCM-SHA384] [scheme=https] [eorigin=-] welbornweb.com rcrotary.org vps38426.inmotionhosting.com 693
20.171.207.88 - - [18/Jun/2025:14:43:11 -0700] "GET /dm-sso-endpoint/1750121447/?dm_action=domainmap-setup-cdsso HTTP/1.1" 502 157 "-" "Mozilla/5.0 AppleWebKit/537.36 (KHTML, like Gecko; compatible; GPTBot/1.2; +https://openai.com/gptbot)" [loc=US/-] [rt=0.000] [proto=HTTP/1.1:] [args=dm_action=domainmap-setup-cdsso] [ucs=MISS] [xpc=-] [uct=-] [gz=-] [br=-] [tls=-] [cipher=-] [scheme=http] [eorigin=-] welbornweb.com welbornweb.com vps38426.inmotionhosting.com 139
185.191.171.13 - - [18/Jun/2025:14:43:13 -0700] "GET /528/ironman-training-week-4-master-procrastinator/ HTTP/1.1" 502 157 "-" "Mozilla/5.0 (compatible; SemrushBot/7~bl; +http://www.semrush.com/bot.html)" [loc=MD/-] [rt=0.000] [proto=HTTP/1.1:] [args=-] [ucs=MISS] [xpc=-] [uct=-] [gz=-] [br=-] [tls=-] [cipher=-] [scheme=http] [eorigin=-] runningbrothers.com runningbrothers.com vps38426.inmotionhosting.com 696
66.249.79.6 - - [18/Jun/2025:14:43:14 -0700] "GET /category/episode-033-be-of-service-to-others-chris-brogan-from-human-business-works/feed/ HTTP/1.1" 502 157 "-" "Mozilla/5.0 (compatible; Googlebot/2.1; +http://www.google.com/bot.html)" [loc=US/Mountain View] [rt=0.001] [proto=HTTP/1.1:] [args=-] [ucs=MISS] [xpc=-] [uct=-] [gz=-] [br=-] [tls=TLSv1.3] [cipher=TLS_AES_256_GCM_SHA384] [scheme=https] [eorigin=-] definingsuccesspodcast.com definingsuccesspodcast.com vps38426.inmotionhosting.com 698
20.171.207.88 - - [18/Jun/2025:14:43:14 -0700] "GET /dm-sso-endpoint/1750134517/?dm_action=domainmap-setup-cdsso HTTP/1.1" 502 157 "-" "Mozilla/5.0 AppleWebKit/537.36 (KHTML, like Gecko; compatible; GPTBot/1.2; +https://openai.com/gptbot)" [loc=US/-] [rt=0.000] [proto=HTTP/1.1:] [args=dm_action=domainmap-setup-cdsso] [ucs=MISS] [xpc=-] [uct=-] [gz=-] [br=-] [tls=-] [cipher=-] [scheme=http] [eorigin=-] welbornweb.com welbornweb.com vps38426.inmotionhosting.com 139
20.171.207.88 - - [18/Jun/2025:14:43:18 -0700] "GET /dm-sso-endpoint/1750122720/?dm_action=domainmap-setup-cdsso HTTP/1.1" 502 157 "-" "Mozilla/5.0 AppleWebKit/537.36 (KHTML, like Gecko; compatible; GPTBot/1.2; +https://openai.com/gptbot)" [loc=US/-] [rt=0.000] [proto=HTTP/1.1:] [args=dm_action=domainmap-setup-cdsso] [ucs=MISS] [xpc=-] [uct=-] [gz=-] [br=-] [tls=-] [cipher=-] [scheme=http] [eorigin=-] welbornweb.com welbornweb.com vps38426.inmotionhosting.com 139
20.171.207.88 - - [18/Jun/2025:14:43:21 -0700] "GET /dm-sso-endpoint/1750128141/?dm_action=domainmap-setup-cdsso HTTP/1.1" 502 157 "-" "Mozilla/5.0 AppleWebKit/537.36 (KHTML, like Gecko; compatible; GPTBot/1.2; +https://openai.com/gptbot)" [loc=US/-] [rt=0.001] [proto=HTTP/1.1:] [args=dm_action=domainmap-setup-cdsso] [ucs=MISS] [xpc=-] [uct=-] [gz=-] [br=-] [tls=-] [cipher=-] [scheme=http] [eorigin=-] welbornweb.com welbornweb.com vps38426.inmotionhosting.com 139
51.255.51.138 - - [18/Jun/2025:14:43:23 -0700] "POST /xmlrpc.php HTTP/1.1" 502 559 "http://ruschianana.com" "Mozilla/5.0 (Windows NT 10.0; Win64; x64) AppleWebKit/537.36 (KHTML, like Gecko) Chrome/114.0.5735.199 Safari/537.36 Edg/114.0.1823.67" [loc=FR/-] [rt=0.000] [proto=HTTP/1.1:] [args=-] [ucs=-] [xpc=-] [uct=-] [gz=-] [br=-] [tls=-] [cipher=-] [scheme=http] [eorigin=-] ruschianana.com ruschianana.com vps38426.inmotionhosting.com 703
20.171.207.88 - - [18/Jun/2025:14:43:25 -0700] "GET /dm-sso-endpoint/1750122566/?dm_action=domainmap-setup-cdsso HTTP/1.1" 502 157 "-" "Mozilla/5.0 AppleWebKit/537.36 (KHTML, like Gecko; compatible; GPTBot/1.2; +https://openai.com/gptbot)" [loc=US/-] [rt=0.000] [proto=HTTP/1.1:] [args=dm_action=domainmap-setup-cdsso] [ucs=MISS] [xpc=-] [uct=-] [gz=-] [br=-] [tls=-] [cipher=-] [scheme=http] [eorigin=-] welbornweb.com welbornweb.com vps38426.inmotionhosting.com 139
20.171.207.88 - - [18/Jun/2025:14:43:28 -0700] "GET /dm-sso-endpoint/1750118875/?dm_action=domainmap-setup-cdsso HTTP/1.1" 502 157 "-" "Mozilla/5.0 AppleWebKit/537.36 (KHTML, like Gecko; compatible; GPTBot/1.2; +https://openai.com/gptbot)" [loc=US/-] [rt=0.000] [proto=HTTP/1.1:] [args=dm_action=domainmap-setup-cdsso] [ucs=MISS] [xpc=-] [uct=-] [gz=-] [br=-] [tls=-] [cipher=-] [scheme=http] [eorigin=-] welbornweb.com welbornweb.com vps38426.inmotionhosting.com 139
66.249.79.8 - - [18/Jun/2025:14:43:30 -0700] "GET /tag/sifteo-cubes/feed/ HTTP/1.1" 502 157 "-" "Mozilla/5.0 (compatible; Googlebot/2.1; +http://www.google.com/bot.html)" [loc=US/Mountain View] [rt=0.000] [proto=HTTP/1.1:] [args=-] [ucs=MISS] [xpc=-] [uct=-] [gz=-] [br=-] [tls=-] [cipher=-] [scheme=http] [eorigin=-] definingsuccesspodcast.com definingsuccesspodcast.com vps38426.inmotionhosting.com 708
34.196.51.17 - - [18/Jun/2025:14:43:30 -0700] "HEAD / HTTP/1.1" 502 0 "https://welbornmedia.com/" "WPMUDEV Uptime Monitor 5.0 (https://wpmudev.com)" [loc=US/Ashburn] [rt=0.000] [proto=HTTP/1.1:] [args=-] [ucs=MISS] [xpc=-] [uct=-] [gz=-] [br=-] [tls=TLSv1.3] [cipher=TLS_AES_256_GCM_SHA384] [scheme=https] [eorigin=-] welbornmedia.com welbornmedia.com vps38426.inmotionhosting.com 707
34.196.51.17 - - [18/Jun/2025:14:43:31 -0700] "HEAD / HTTP/1.1" 502 0 "http://somersetchino.com/" "WPMUDEV Uptime Monitor 5.0 (https://wpmudev.com)" [loc=US/Ashburn] [rt=0.000] [proto=HTTP/1.1:] [args=-] [ucs=MISS] [xpc=-] [uct=-] [gz=-] [br=-] [tls=-] [cipher=-] [scheme=http] [eorigin=-] somersetchino.com somersetchino.com vps38426.inmotionhosting.com 711
20.171.207.88 - - [18/Jun/2025:14:43:32 -0700] "GET /dm-sso-endpoint/1750116226/?dm_action=domainmap-setup-cdsso HTTP/1.1" 502 157 "-" "Mozilla/5.0 AppleWebKit/537.36 (KHTML, like Gecko; compatible; GPTBot/1.2; +https://openai.com/gptbot)" [loc=US/-] [rt=0.000] [proto=HTTP/1.1:] [args=dm_action=domainmap-setup-cdsso] [ucs=MISS] [xpc=-] [uct=-] [gz=-] [br=-] [tls=-] [cipher=-] [scheme=http] [eorigin=-] welbornweb.com welbornweb.com vps38426.inmotionhosting.com 139
35.157.144.199 - - [18/Jun/2025:14:43:33 -0700] "HEAD / HTTP/1.1" 502 0 "http://somersetchino.com/" "WPMUDEV Uptime Monitor 5.0 (https://wpmudev.com)" [loc=DE/Frankfurt am Main] [rt=0.000] [proto=HTTP/1.1:] [args=-] [ucs=MISS] [xpc=-] [uct=-] [gz=-] [br=-] [tls=-] [cipher=-] [scheme=http] [eorigin=-] somersetchino.com somersetchino.com vps38426.inmotionhosting.com 714
66.249.79.5 - - [18/Jun/2025:14:43:33 -0700] "GET /category/episode-042-engagement-vs-automation-rick-mulready-from-the-inside-social-media-podcast/feed/ HTTP/1.1" 502 157 "-" "Mozilla/5.0 (compatible; Googlebot/2.1; +http://www.google.com/bot.html)" [loc=US/Mountain View] [rt=0.001] [proto=HTTP/1.1:] [args=-] [ucs=MISS] [xpc=-] [uct=-] [gz=-] [br=-] [tls=TLSv1.3] [cipher=TLS_AES_256_GCM_SHA384] [scheme=https] [eorigin=-] definingsuccesspodcast.com definingsuccesspodcast.com vps38426.inmotionhosting.com 716
35.157.144.199 - - [18/Jun/2025:14:43:34 -0700] "HEAD / HTTP/1.1" 502 0 "https://welbornmedia.com/" "WPMUDEV Uptime Monitor 5.0 (https://wpmudev.com)" [loc=DE/Frankfurt am Main] [rt=0.000] [proto=HTTP/1.1:] [args=-] [ucs=MISS] [xpc=-] [uct=-] [gz=-] [br=-] [tls=TLSv1.3] [cipher=TLS_AES_256_GCM_SHA384] [scheme=https] [eorigin=-] welbornmedia.com welbornmedia.com vps38426.inmotionhosting.com 718
20.171.207.88 - - [18/Jun/2025:14:43:35 -0700] "GET /dm-sso-endpoint/1750131104/?dm_action=domainmap-setup-cdsso HTTP/1.1" 502 157 "-" "Mozilla/5.0 AppleWebKit/537.36 (KHTML, like Gecko; compatible; GPTBot/1.2; +https://openai.com/gptbot)" [loc=US/-] [rt=0.000] [proto=HTTP/1.1:] [args=dm_action=domainmap-setup-cdsso] [ucs=MISS] [xpc=-] [uct=-] [gz=-] [br=-] [tls=-] [cipher=-] [scheme=http] [eorigin=-] welbornweb.com welbornweb.com vps38426.inmotionhosting.com 139
34.196.51.17 - - [18/Jun/2025:14:43:37 -0700] "HEAD / HTTP/1.1" 200 0 "https://19thholemedia.com/" "WPMUDEV Uptime Monitor 5.0 (https://wpmudev.com)" [loc=US/Ashburn] [rt=0.000] [proto=HTTP/1.1:] [args=-] [ucs=STALE] [xpc=STALE] [uct=-] [gz=-] [br=-] [tls=TLSv1.3] [cipher=TLS_AES_256_GCM_SHA384] [scheme=https] [eorigin=-] 19thholemedia.com 19thholemedia.com vps38426.inmotionhosting.com 721
66.249.79.5 - - [18/Jun/2025:14:43:37 -0700] "GET /category/episode-064-pinterest-and-seo-host-of-oh-so-pinteresting-podcast-cynthia-sanchez/feed/ HTTP/1.1" 502 157 "-" "Mozilla/5.0 (compatible; Googlebot/2.1; +http://www.google.com/bot.html)" [loc=US/Mountain View] [rt=0.000] [proto=HTTP/1.1:] [args=-] [ucs=MISS] [xpc=-] [uct=-] [gz=-] [br=-] [tls=TLSv1.3] [cipher=TLS_AES_256_GCM_SHA384] [scheme=https] [eorigin=-] definingsuccesspodcast.com definingsuccesspodcast.com vps38426.inmotionhosting.com 716
34.196.51.17 - - [18/Jun/2025:14:43:37 -0700] "HEAD / HTTP/1.1" 200 0 "http://ruschianana.com/" "WPMUDEV Uptime Monitor 5.0 (https://wpmudev.com)" [loc=US/Ashburn] [rt=0.000] [proto=HTTP/1.1:] [args=-] [ucs=STALE] [xpc=STALE] [uct=-] [gz=-] [br=-] [tls=-] [cipher=-] [scheme=http] [eorigin=-] ruschianana.com ruschianana.com vps38426.inmotionhosting.com 722
66.249.79.5 - - [18/Jun/2025:14:43:41 -0700] "GET /category/episode-031-everyone-has-a-success-story-rey-ybarra-author-of-conversations-with-shark-tank-winners/feed/ HTTP/1.1" 502 157 "-" "Mozilla/5.0 (compatible; Googlebot/2.1; +http://www.google.com/bot.html)" [loc=US/Mountain View] [rt=0.000] [proto=HTTP/1.1:] [args=-] [ucs=MISS] [xpc=-] [uct=-] [gz=-] [br=-] [tls=TLSv1.3] [cipher=TLS_AES_256_GCM_SHA384] [scheme=https] [eorigin=-] definingsuccesspodcast.com definingsuccesspodcast.com vps38426.inmotionhosting.com 716
20.171.207.88 - - [18/Jun/2025:14:43:41 -0700] "GET /dm-sso-endpoint/1750110795/?dm_action=domainmap-setup-cdsso HTTP/1.1" 502 157 "-" "Mozilla/5.0 AppleWebKit/537.36 (KHTML, like Gecko; compatible; GPTBot/1.2; +https://openai.com/gptbot)" [loc=US/-] [rt=0.001] [proto=HTTP/1.1:] [args=dm_action=domainmap-setup-cdsso] [ucs=MISS] [xpc=-] [uct=-] [gz=-] [br=-] [tls=-] [cipher=-] [scheme=http] [eorigin=-] welbornweb.com welbornweb.com vps38426.inmotionhosting.com 139
125.228.216.16 - - [18/Jun/2025:14:43:42 -0700] "GET /southern-california-charity-golf-classic-recap/ HTTP/1.1" 502 559 "-" "Mozilla/5.0 (X11; Linux x86_64) AppleWebKit/537.36 (KHTML, like Gecko) Chrome/114.0.0.0 Safari/537.36" [loc=TW/-] [rt=0.000] [proto=HTTP/1.1:] [args=-] [ucs=MISS] [xpc=-] [uct=-] [gz=-] [br=-] [tls=TLSv1.3] [cipher=TLS_AES_256_GCM_SHA384] [scheme=https] [eorigin=-] socalcharitygolf.com socalcharitygolf.com vps38426.inmotionhosting.com 728
66.249.79.5 - - [18/Jun/2025:14:43:43 -0700] "GET /category/episode-96-outside-your-comfort-zone-niveen-salem-multi-level-marketing-and-former-chevron-executive/feed/ HTTP/1.1" 502 157 "-" "Mozilla/5.0 (compatible; Googlebot/2.1; +http://www.google.com/bot.html)" [loc=US/Mountain View] [rt=0.000] [proto=HTTP/1.1:] [args=-] [ucs=MISS] [xpc=-] [uct=-] [gz=-] [br=-] [tls=TLSv1.3] [cipher=TLS_AES_256_GCM_SHA384] [scheme=https] [eorigin=-] definingsuccesspodcast.com definingsuccesspodcast.com vps38426.inmotionhosting.com 716
20.171.207.88 - - [18/Jun/2025:14:43:45 -0700] "GET /dm-sso-endpoint/1750115956/?dm_action=domainmap-setup-cdsso HTTP/1.1" 502 157 "-" "Mozilla/5.0 AppleWebKit/537.36 (KHTML, like Gecko; compatible; GPTBot/1.2; +https://openai.com/gptbot)" [loc=US/-] [rt=0.001] [proto=HTTP/1.1:] [args=dm_action=domainmap-setup-cdsso] [ucs=MISS] [xpc=-] [uct=-] [gz=-] [br=-] [tls=-] [cipher=-] [scheme=http] [eorigin=-] welbornweb.com welbornweb.com vps38426.inmotionhosting.com 139
20.171.207.88 - - [18/Jun/2025:14:43:48 -0700] "GET /dm-sso-endpoint/1750122081/?dm_action=domainmap-setup-cdsso HTTP/1.1" 502 157 "-" "Mozilla/5.0 AppleWebKit/537.36 (KHTML, like Gecko; compatible; GPTBot/1.2; +https://openai.com/gptbot)" [loc=US/-] [rt=0.000] [proto=HTTP/1.1:] [args=dm_action=domainmap-setup-cdsso] [ucs=MISS] [xpc=-] [uct=-] [gz=-] [br=-] [tls=-] [cipher=-] [scheme=http] [eorigin=-] welbornweb.com welbornweb.com vps38426.inmotionhosting.com 139
160.119.196.20 - - [18/Jun/2025:14:43:50 -0700] "POST /xmlrpc.php HTTP/1.1" 502 559 "http://dunbarconstructioninc.com" "Mozilla/5.0 (Windows NT 10.0; Win64; x64) AppleWebKit/537.36 (KHTML, like Gecko) Chrome/112.0.5615.138 Safari/537.36 Edg/112.0.1722.68" [loc=NG/-] [rt=0.000] [proto=HTTP/1.1:] [args=-] [ucs=-] [xpc=-] [uct=-] [gz=-] [br=-] [tls=-] [cipher=-] [scheme=http] [eorigin=-] dunbarconstructioninc.welbornwebsites.com dunbarconstructioninc.com vps38426.inmotionhosting.com 733
104.250.128.234 - - [18/Jun/2025:14:43:50 -0700] "POST /xmlrpc.php HTTP/1.1" 502 157 "http://ruschianana.com" "Mozilla/5.0 (Macintosh; Intel Mac OS X 10_15_7; rv:128.0) Gecko/20100101 Firefox/128.0" [loc=US/Los Angeles] [rt=0.000] [proto=HTTP/1.1:] [args=-] [ucs=-] [xpc=-] [uct=-] [gz=-] [br=-] [tls=-] [cipher=-] [scheme=http] [eorigin=-] ruschianana.com ruschianana.com vps38426.inmotionhosting.com 735
20.171.207.88 - - [18/Jun/2025:14:43:51 -0700] "GET /dm-sso-endpoint/1750137445/?dm_action=domainmap-setup-cdsso HTTP/1.1" 502 157 "-" "Mozilla/5.0 AppleWebKit/537.36 (KHTML, like Gecko; compatible; GPTBot/1.2; +https://openai.com/gptbot)" [loc=US/-] [rt=0.000] [proto=HTTP/1.1:] [args=dm_action=domainmap-setup-cdsso] [ucs=MISS] [xpc=-] [uct=-] [gz=-] [br=-] [tls=-] [cipher=-] [scheme=http] [eorigin=-] welbornweb.com welbornweb.com vps38426.inmotionhosting.com 139
66.249.79.5 - - [18/Jun/2025:14:43:52 -0700] "GET /category/episode-037-balancing-your-work-and-personal-life-alex-navas-from-alexnavas-com/feed/ HTTP/1.1" 502 157 "-" "Mozilla/5.0 (compatible; Googlebot/2.1; +http://www.google.com/bot.html)" [loc=US/Mountain View] [rt=0.000] [proto=HTTP/1.1:] [args=-] [ucs=MISS] [xpc=-] [uct=-] [gz=-] [br=-] [tls=TLSv1.3] [cipher=TLS_AES_256_GCM_SHA384] [scheme=https] [eorigin=-] definingsuccesspodcast.com definingsuccesspodcast.com vps38426.inmotionhosting.com 716
66.249.79.5 - - [18/Jun/2025:14:43:54 -0700] "GET /category/episode-078-start-a-small-scale-business-to-test-your-idea-ben-alexander-founder-of-balloon-distractions/feed/ HTTP/1.1" 502 157 "-" "Mozilla/5.0 (compatible; Googlebot/2.1; +http://www.google.com/bot.html)" [loc=US/Mountain View] [rt=0.000] [proto=HTTP/1.1:] [args=-] [ucs=MISS] [xpc=-] [uct=-] [gz=-] [br=-] [tls=TLSv1.3] [cipher=TLS_AES_256_GCM_SHA384] [scheme=https] [eorigin=-] definingsuccesspodcast.com definingsuccesspodcast.com vps38426.inmotionhosting.com 716
20.171.207.88 - - [18/Jun/2025:14:43:55 -0700] "GET /dm-sso-endpoint/1750137231/?dm_action=domainmap-setup-cdsso HTTP/1.1" 502 157 "-" "Mozilla/5.0 AppleWebKit/537.36 (KHTML, like Gecko; compatible; GPTBot/1.2; +https://openai.com/gptbot)" [loc=US/-] [rt=0.000] [proto=HTTP/1.1:] [args=dm_action=domainmap-setup-cdsso] [ucs=MISS] [xpc=-] [uct=-] [gz=-] [br=-] [tls=-] [cipher=-] [scheme=http] [eorigin=-] welbornweb.com welbornweb.com vps38426.inmotionhosting.com 139
20.171.207.88 - - [18/Jun/2025:14:43:59 -0700] "GET /dm-sso-endpoint/1750119105/?dm_action=domainmap-setup-cdsso HTTP/1.1" 502 157 "-" "Mozilla/5.0 AppleWebKit/537.36 (KHTML, like Gecko; compatible; GPTBot/1.2; +https://openai.com/gptbot)" [loc=US/-] [rt=0.000] [proto=HTTP/1.1:] [args=dm_action=domainmap-setup-cdsso] [ucs=MISS] [xpc=-] [uct=-] [gz=-] [br=-] [tls=-] [cipher=-] [scheme=http] [eorigin=-] welbornweb.com welbornweb.com vps38426.inmotionhosting.com 139
54.201.68.171 - - [18/Jun/2025:14:43:59 -0700] "GET / HTTP/1.1" 502 559 "-" "Mozilla/5.0 (Windows NT 10.0; Win64; x64) AppleWebKit/537.36 (KHTML, like Gecko) Chrome/113.0.0.0 Safari/537.36" [loc=US/Boardman] [rt=0.000] [proto=HTTP/1.1:] [args=-] [ucs=MISS] [xpc=-] [uct=-] [gz=-] [br=-] [tls=-] [cipher=-] [scheme=http] [eorigin=-] welbornmedia.com welbornmedia.com vps38426.inmotionhosting.com 742
66.249.79.5 - - [18/Jun/2025:14:43:59 -0700] "GET /category/episode-81-twitter-and-relationship-building-john-sparks-owner-of-online-imageworks/feed/ HTTP/1.1" 502 157 "-" "Mozilla/5.0 (compatible; Googlebot/2.1; +http://www.google.com/bot.html)" [loc=US/Mountain View] [rt=0.000] [proto=HTTP/1.1:] [args=-] [ucs=MISS] [xpc=-] [uct=-] [gz=-] [br=-] [tls=TLSv1.3] [cipher=TLS_AES_256_GCM_SHA384] [scheme=https] [eorigin=-] definingsuccesspodcast.com definingsuccesspodcast.com vps38426.inmotionhosting.com 716
18.237.152.35 - - [18/Jun/2025:14:43:59 -0700] "GET / HTTP/1.1" 502 559 "-" "Mozilla/5.0 (X11; Linux x86_64) AppleWebKit/537.36 (KHTML, like Gecko) Ubuntu Chromium/113.0.5669.208 Chrome/113.0.5669.208 Safari/537.36" [loc=US/Boardman] [rt=0.000] [proto=HTTP/1.1:] [args=-] [ucs=MISS] [xpc=-] [uct=-] [gz=-] [br=-] [tls=-] [cipher=-] [scheme=http] [eorigin=-] welbornmedia.com welbornmedia.com vps38426.inmotionhosting.com 745
54.201.68.171 - - [18/Jun/2025:14:43:59 -0700] "GET / HTTP/1.1" 502 559 "-" "Mozilla/5.0 (Windows NT 10.0; Win64; x64) AppleWebKit/537.36 (KHTML, like Gecko) Chrome/113.0.0.0 Safari/537.36" [loc=US/Boardman] [rt=0.001] [proto=HTTP/1.1:] [args=-] [ucs=MISS] [xpc=-] [uct=-] [gz=-] [br=-] [tls=TLSv1.3] [cipher=TLS_AES_256_GCM_SHA384] [scheme=https] [eorigin=-] welbornmedia.com welbornmedia.com vps38426.inmotionhosting.com 747
54.190.42.229 - - [18/Jun/2025:14:44:00 -0700] "GET / HTTP/1.1" 502 559 "-" "Mozilla/5.0 (X11; Linux x86_64) AppleWebKit/537.36 (KHTML, like Gecko) Ubuntu Chromium/113.0.5669.208 Chrome/113.0.5669.208 Safari/537.36" [loc=US/Boardman] [rt=0.000] [proto=HTTP/1.1:] [args=-] [ucs=MISS] [xpc=-] [uct=-] [gz=-] [br=-] [tls=TLSv1.3] [cipher=TLS_AES_256_GCM_SHA384] [scheme=https] [eorigin=-] welbornmedia.com welbornmedia.com vps38426.inmotionhosting.com 749
54.201.68.171 - - [18/Jun/2025:14:44:00 -0700] "GET / HTTP/1.1" 502 559 "-" "Mozilla/5.0 (Windows NT 10.0; Win64; x64) AppleWebKit/537.36 (KHTML, like Gecko) Chrome/113.0.0.0 Safari/537.36" [loc=US/Boardman] [rt=0.000] [proto=HTTP/1.1:] [args=-] [ucs=MISS] [xpc=-] [uct=-] [gz=-] [br=-] [tls=-] [cipher=-] [scheme=http] [eorigin=-] welbornmedia.com www.welbornmedia.com vps38426.inmotionhosting.com 751
18.246.4.91 - - [18/Jun/2025:14:44:00 -0700] "GET / HTTP/1.1" 502 559 "-" "Mozilla/5.0 (X11; Linux x86_64) AppleWebKit/537.36 (KHTML, like Gecko) Ubuntu Chromium/113.0.5669.208 Chrome/113.0.5669.208 Safari/537.36" [loc=US/Boardman] [rt=0.000] [proto=HTTP/1.1:] [args=-] [ucs=MISS] [xpc=-] [uct=-] [gz=-] [br=-] [tls=-] [cipher=-] [scheme=http] [eorigin=-] welbornmedia.com www.welbornmedia.com vps38426.inmotionhosting.com 753
54.201.68.171 - - [18/Jun/2025:14:44:00 -0700] "GET / HTTP/1.1" 502 559 "-" "Mozilla/5.0 (Windows NT 10.0; Win64; x64) AppleWebKit/537.36 (KHTML, like Gecko) Chrome/113.0.0.0 Safari/537.36" [loc=US/Boardman] [rt=0.001] [proto=HTTP/1.1:] [args=-] [ucs=MISS] [xpc=-] [uct=-] [gz=-] [br=-] [tls=TLSv1.3] [cipher=TLS_AES_256_GCM_SHA384] [scheme=https] [eorigin=-] welbornmedia.com www.welbornmedia.com vps38426.inmotionhosting.com 755
18.246.4.91 - - [18/Jun/2025:14:44:01 -0700] "GET / HTTP/1.1" 502 559 "-" "Mozilla/5.0 (X11; Linux x86_64) AppleWebKit/537.36 (KHTML, like Gecko) Ubuntu Chromium/113.0.5669.208 Chrome/113.0.5669.208 Safari/537.36" [loc=US/Boardman] [rt=0.001] [proto=HTTP/1.1:] [args=-] [ucs=MISS] [xpc=-] [uct=-] [gz=-] [br=-] [tls=TLSv1.3] [cipher=TLS_AES_256_GCM_SHA384] [scheme=https] [eorigin=-] welbornmedia.com www.welbornmedia.com vps38426.inmotionhosting.com 757
79.124.76.167 - - [18/Jun/2025:14:44:01 -0700] "POST /xmlrpc.php HTTP/1.1" 502 157 "http://ruschianana.com" "Mozilla/5.0 (Macintosh; Intel Mac OS X 10_15_7; rv:128.0) Gecko/20100101 Firefox/128.0" [loc=BG/-] [rt=0.000] [proto=HTTP/1.1:] [args=-] [ucs=-] [xpc=-] [uct=-] [gz=-] [br=-] [tls=-] [cipher=-] [scheme=http] [eorigin=-] ruschianana.com ruschianana.com vps38426.inmotionhosting.com 760
114.119.130.178 - - [18/Jun/2025:14:44:01 -0700] "GET /?s=%E5%A4%A7%E7%99%BC%E5%A8%9B%E6%A8%82-%E3%80%90%E2%9C%94%EF%B8%8F%E5%AE%98%E7%B6%B2DD86%C2%B7CC%E2%9C%94%EF%B8%8F%E3%80%91-%E6%BE%B3%E6%B4%B2%E8%80%81%E8%99%8E%E6%A9%9F%E6%8A%80%E5%B7%A7-%E5%A4%A7%E7%99%BC%E5%A8%9B%E6%A8%8298e93-%E3%80%90%E2%9C%94%EF%B8%8F%E5%AE%98%E7%B6%B2DD86%C2%B7CC%E2%9C%94%EF%B8%8F%E3%80%91-%E6%BE%B3%E6%B4%B2%E8%80%81%E8%99%8E%E6%A9%9F%E6%8A%80%E5%B7%A7c5b3-%E5%A4%A7%E7%99%BC%E5%A8%9B%E6%A8%82356ds-%E6%BE%B3%E6%B4%B2%E8%80%81%E8%99%8E%E6%A9%9F%E6%8A%80%E5%B7%A7l9r7 HTTP/1.1" 502 157 "https://definingsuccesspodcast.com/?s=%E5%A4%A7%E7%99%BC%E5%A8%9B%E6%A8%82-%E3%80%90%E2%9C%94%EF%B8%8F%E5%AE%98%E7%B6%B2DD86%C2%B7CC%E2%9C%94%EF%B8%8F%E3%80%91-%E6%BE%B3%E6%B4%B2%E8%80%81%E8%99%8E%E6%A9%9F%E6%8A%80%E5%B7%A7-%E5%A4%A7%E7%99%BC%E5%A8%9B%E6%A8%8298e93-%E3%80%90%E2%9C%94%EF%B8%8F%E5%AE%98%E7%B6%B2DD86%C2%B7CC%E2%9C%94%EF%B8%8F%E3%80%91-%E6%BE%B3%E6%B4%B2%E8%80%81%E8%99%8E%E6%A9%9F%E6%8A%80%E5%B7%A7c5b3-%E5%A4%A7%E7%99%BC%E5%A8%9B%E6%A8%82356ds-%E6%BE%B3%E6%B4%B2%E8%80%81%E8%99%8E%E6%A9%9F%E6%8A%80%E5%B7%A7l9r7" "Mozilla/5.0 (Linux; Android 7.0;) AppleWebKit/537.36 (KHTML, like Gecko) Mobile Safari/537.36 (compatible; PetalBot;+https://webmaster.petalsearch.com/site/petalbot)" [loc=CN/-] [rt=0.000] [proto=HTTP/1.1:] [args=s=%E5%A4%A7%E7%99%BC%E5%A8%9B%E6%A8%82-%E3%80%90%E2%9C%94%EF%B8%8F%E5%AE%98%E7%B6%B2DD86%C2%B7CC%E2%9C%94%EF%B8%8F%E3%80%91-%E6%BE%B3%E6%B4%B2%E8%80%81%E8%99%8E%E6%A9%9F%E6%8A%80%E5%B7%A7-%E5%A4%A7%E7%99%BC%E5%A8%9B%E6%A8%8298e93-%E3%80%90%E2%9C%94%EF%B8%8F%E5%AE%98%E7%B6%B2DD86%C2%B7CC%E2%9C%94%EF%B8%8F%E3%80%91-%E6%BE%B3%E6%B4%B2%E8%80%81%E8%99%8E%E6%A9%9F%E6%8A%80%E5%B7%A7c5b3-%E5%A4%A7%E7%99%BC%E5%A8%9B%E6%A8%82356ds-%E6%BE%B3%E6%B4%B2%E8%80%81%E8%99%8E%E6%A9%9F%E6%8A%80%E5%B7%A7l9r7] [ucs=MISS] [xpc=-] [uct=-] [gz=-] [br=-] [tls=TLSv1.3] [cipher=TLS_AES_256_GCM_SHA384] [scheme=https] [eorigin=-] definingsuccesspodcast.com definingsuccesspodcast.com vps38426.inmotionhosting.com 759
20.171.207.88 - - [18/Jun/2025:14:44:03 -0700] "GET /dm-sso-endpoint/1750112703/?dm_action=domainmap-setup-cdsso HTTP/1.1" 502 157 "-" "Mozilla/5.0 AppleWebKit/537.36 (KHTML, like Gecko; compatible; GPTBot/1.2; +https://openai.com/gptbot)" [loc=US/-] [rt=0.000] [proto=HTTP/1.1:] [args=dm_action=domainmap-setup-cdsso] [ucs=MISS] [xpc=-] [uct=-] [gz=-] [br=-] [tls=-] [cipher=-] [scheme=http] [eorigin=-] welbornweb.com welbornweb.com vps38426.inmotionhosting.com 139
216.244.66.249 - - [18/Jun/2025:14:44:06 -0700] "GET /robots.txt HTTP/1.1" 502 157 "-" "Mozilla/5.0 (compatible; DotBot/1.2; +https://opensiteexplorer.org/dotbot; help@moz.com)" [loc=US/Seattle] [rt=0.000] [proto=HTTP/1.1:] [args=-] [ucs=MISS] [xpc=-] [uct=-] [gz=-] [br=-] [tls=-] [cipher=-] [scheme=http] [eorigin=-] *.welbornweb.com rotary.welbornweb.com vps38426.inmotionhosting.com 764
20.171.207.88 - - [18/Jun/2025:14:44:07 -0700] "GET /dm-sso-endpoint/1750110767/?dm_action=domainmap-setup-cdsso HTTP/1.1" 502 157 "-" "Mozilla/5.0 AppleWebKit/537.36 (KHTML, like Gecko; compatible; GPTBot/1.2; +https://openai.com/gptbot)" [loc=US/-] [rt=0.000] [proto=HTTP/1.1:] [args=dm_action=domainmap-setup-cdsso] [ucs=MISS] [xpc=-] [uct=-] [gz=-] [br=-] [tls=-] [cipher=-] [scheme=http] [eorigin=-] welbornweb.com welbornweb.com vps38426.inmotionhosting.com 139
37.139.53.80 - - [18/Jun/2025:14:44:09 -0700] "GET /19th-hole-social-media-clients/arroyo-trabuco-golf/ HTTP/1.0" 502 559 "https://19thholemedia.com/19th-hole-social-media-clients/arroyo-trabuco-golf/#main/" "Mozilla/5.0 (Windows NT 10.0) AppleWebKit/537.36 (KHTML, like Gecko) Chrome/103.0.0.0 Safari/537.36" [loc=RU/St Petersburg] [rt=0.001] [proto=HTTP/1.0:] [args=-] [ucs=MISS] [xpc=-] [uct=-] [gz=-] [br=-] [tls=TLSv1.2] [cipher=ECDHE-RSA-AES256-GCM-SHA384] [scheme=https] [eorigin=-] 19thholemedia.com 19thholemedia.com vps38426.inmotionhosting.com 767
37.139.53.80 - - [18/Jun/2025:14:44:09 -0700] "GET / HTTP/1.0" 502 559 "https://19thholemedia.com/" "Mozilla/5.0 (Windows NT 10.0) AppleWebKit/537.36 (KHTML, like Gecko) Chrome/103.0.0.0 Safari/537.36" [loc=RU/St Petersburg] [rt=0.000] [proto=HTTP/1.0:] [args=-] [ucs=MISS] [xpc=-] [uct=-] [gz=-] [br=-] [tls=TLSv1.2] [cipher=ECDHE-RSA-AES256-GCM-SHA384] [scheme=https] [eorigin=-] 19thholemedia.com 19thholemedia.com vps38426.inmotionhosting.com 769
127.0.0.1 - - [18/Jun/2025:14:44:10 -0700] "GET / HTTP/1.0" 200 615 "-" "-" [loc=-/-] [rt=0.001] [proto=HTTP/1.0:] [args=-] [ucs=-] [xpc=-] [uct=-] [gz=-] [br=-] [tls=-] [cipher=-] [scheme=http] [eorigin=-] 127.0.0.1 - vps38426.inmotionhosting.com 771
127.0.0.1 - - [18/Jun/2025:14:44:10 -0700] "GET / HTTP/1.0" 200 615 "-" "-" [loc=-/-] [rt=0.001] [proto=HTTP/1.0:] [args=-] [ucs=-] [xpc=-] [uct=-] [gz=-] [br=-] [tls=-] [cipher=-] [scheme=http] [eorigin=-] 127.0.0.1 localhost vps38426.inmotionhosting.com 772
20.171.207.88 - - [18/Jun/2025:14:44:11 -0700] "GET /dm-sso-endpoint/1750120351/?dm_action=domainmap-setup-cdsso HTTP/1.1" 502 157 "-" "Mozilla/5.0 AppleWebKit/537.36 (KHTML, like Gecko; compatible; GPTBot/1.2; +https://openai.com/gptbot)" [loc=US/-] [rt=0.000] [proto=HTTP/1.1:] [args=dm_action=domainmap-setup-cdsso] [ucs=MISS] [xpc=-] [uct=-] [gz=-] [br=-] [tls=-] [cipher=-] [scheme=http] [eorigin=-] welbornweb.com welbornweb.com vps38426.inmotionhosting.com 139
66.249.79.6 - - [18/Jun/2025:14:44:14 -0700] "GET /category/episode-070-dont-let-your-ego-get-in-the-way-virgil-herring-author-of-the-golf-journal/feed/ HTTP/1.1" 502 157 "-" "Mozilla/5.0 (compatible; Googlebot/2.1; +http://www.google.com/bot.html)" [loc=US/Mountain View] [rt=0.000] [proto=HTTP/1.1:] [args=-] [ucs=MISS] [xpc=-] [uct=-] [gz=-] [br=-] [tls=TLSv1.3] [cipher=TLS_AES_256_GCM_SHA384] [scheme=https] [eorigin=-] definingsuccesspodcast.com definingsuccesspodcast.com vps38426.inmotionhosting.com 774
20.171.207.88 - - [18/Jun/2025:14:44:16 -0700] "GET /dm-sso-endpoint/1750122028/?dm_action=domainmap-setup-cdsso HTTP/1.1" 502 157 "-" "Mozilla/5.0 AppleWebKit/537.36 (KHTML, like Gecko; compatible; GPTBot/1.2; +https://openai.com/gptbot)" [loc=US/-] [rt=0.000] [proto=HTTP/1.1:] [args=dm_action=domainmap-setup-cdsso] [ucs=MISS] [xpc=-] [uct=-] [gz=-] [br=-] [tls=-] [cipher=-] [scheme=http] [eorigin=-] welbornweb.com welbornweb.com vps38426.inmotionhosting.com 139
66.249.79.7 - - [18/Jun/2025:14:44:16 -0700] "GET /category/episode-033-be-of-service-to-others-chris-brogan-from-human-business-works/feed/ HTTP/1.1" 502 157 "-" "Mozilla/5.0 (compatible; Googlebot/2.1; +http://www.google.com/bot.html)" [loc=US/Mountain View] [rt=0.000] [proto=HTTP/1.1:] [args=-] [ucs=MISS] [xpc=-] [uct=-] [gz=-] [br=-] [tls=TLSv1.3] [cipher=TLS_AES_256_GCM_SHA384] [scheme=https] [eorigin=-] definingsuccesspodcast.com definingsuccesspodcast.com vps38426.inmotionhosting.com 777
20.171.207.88 - - [18/Jun/2025:14:44:20 -0700] "GET /dm-sso-endpoint/1750115780/?dm_action=domainmap-setup-cdsso HTTP/1.1" 502 157 "-" "Mozilla/5.0 AppleWebKit/537.36 (KHTML, like Gecko; compatible; GPTBot/1.2; +https://openai.com/gptbot)" [loc=US/-] [rt=0.000] [proto=HTTP/1.1:] [args=dm_action=domainmap-setup-cdsso] [ucs=MISS] [xpc=-] [uct=-] [gz=-] [br=-] [tls=-] [cipher=-] [scheme=http] [eorigin=-] welbornweb.com welbornweb.com vps38426.inmotionhosting.com 139
20.171.207.88 - - [18/Jun/2025:14:44:24 -0700] "GET /dm-sso-endpoint/1750128588/?dm_action=domainmap-setup-cdsso HTTP/1.1" 502 157 "-" "Mozilla/5.0 AppleWebKit/537.36 (KHTML, like Gecko; compatible; GPTBot/1.2; +https://openai.com/gptbot)" [loc=US/-] [rt=0.000] [proto=HTTP/1.1:] [args=dm_action=domainmap-setup-cdsso] [ucs=MISS] [xpc=-] [uct=-] [gz=-] [br=-] [tls=-] [cipher=-] [scheme=http] [eorigin=-] welbornweb.com welbornweb.com vps38426.inmotionhosting.com 139
20.171.207.88 - - [18/Jun/2025:14:44:28 -0700] "GET /dm-sso-endpoint/1750110399/?dm_action=domainmap-setup-cdsso HTTP/1.1" 502 157 "-" "Mozilla/5.0 AppleWebKit/537.36 (KHTML, like Gecko; compatible; GPTBot/1.2; +https://openai.com/gptbot)" [loc=US/-] [rt=0.000] [proto=HTTP/1.1:] [args=dm_action=domainmap-setup-cdsso] [ucs=MISS] [xpc=-] [uct=-] [gz=-] [br=-] [tls=-] [cipher=-] [scheme=http] [eorigin=-] welbornweb.com welbornweb.com vps38426.inmotionhosting.com 139
20.171.207.88 - - [18/Jun/2025:14:44:31 -0700] "GET /dm-sso-endpoint/1750119411/?dm_action=domainmap-setup-cdsso HTTP/1.1" 502 157 "-" "Mozilla/5.0 AppleWebKit/537.36 (KHTML, like Gecko; compatible; GPTBot/1.2; +https://openai.com/gptbot)" [loc=US/-] [rt=0.001] [proto=HTTP/1.1:] [args=dm_action=domainmap-setup-cdsso] [ucs=MISS] [xpc=-] [uct=-] [gz=-] [br=-] [tls=-] [cipher=-] [scheme=http] [eorigin=-] welbornweb.com welbornweb.com vps38426.inmotionhosting.com 139
66.249.79.5 - - [18/Jun/2025:14:44:34 -0700] "GET /category/episode-042-engagement-vs-automation-rick-mulready-from-the-inside-social-media-podcast/feed/ HTTP/1.1" 502 157 "-" "Mozilla/5.0 (compatible; Googlebot/2.1; +http://www.google.com/bot.html)" [loc=US/Mountain View] [rt=0.001] [proto=HTTP/1.1:] [args=-] [ucs=MISS] [xpc=-] [uct=-] [gz=-] [br=-] [tls=TLSv1.3] [cipher=TLS_AES_256_GCM_SHA384] [scheme=https] [eorigin=-] definingsuccesspodcast.com definingsuccesspodcast.com vps38426.inmotionhosting.com 783
20.171.207.88 - - [18/Jun/2025:14:44:35 -0700] "GET /dm-sso-endpoint/1750130477/?dm_action=domainmap-setup-cdsso HTTP/1.1" 502 157 "-" "Mozilla/5.0 AppleWebKit/537.36 (KHTML, like Gecko; compatible; GPTBot/1.2; +https://openai.com/gptbot)" [loc=US/-] [rt=0.000] [proto=HTTP/1.1:] [args=dm_action=domainmap-setup-cdsso] [ucs=MISS] [xpc=-] [uct=-] [gz=-] [br=-] [tls=-] [cipher=-] [scheme=http] [eorigin=-] welbornweb.com welbornweb.com vps38426.inmotionhosting.com 139
66.249.79.6 - - [18/Jun/2025:14:44:37 -0700] "GET /category/episode-064-pinterest-and-seo-host-of-oh-so-pinteresting-podcast-cynthia-sanchez/feed/ HTTP/1.1" 502 157 "-" "Mozilla/5.0 (compatible; Googlebot/2.1; +http://www.google.com/bot.html)" [loc=US/Mountain View] [rt=0.001] [proto=HTTP/1.1:] [args=-] [ucs=MISS] [xpc=-] [uct=-] [gz=-] [br=-] [tls=TLSv1.3] [cipher=TLS_AES_256_GCM_SHA384] [scheme=https] [eorigin=-] definingsuccesspodcast.com definingsuccesspodcast.com vps38426.inmotionhosting.com 774
20.171.207.88 - - [18/Jun/2025:14:44:38 -0700] "GET /dm-sso-endpoint/1750112149/?dm_action=domainmap-setup-cdsso HTTP/1.1" 502 157 "-" "Mozilla/5.0 AppleWebKit/537.36 (KHTML, like Gecko; compatible; GPTBot/1.2; +https://openai.com/gptbot)" [loc=US/-] [rt=0.000] [proto=HTTP/1.1:] [args=dm_action=domainmap-setup-cdsso] [ucs=MISS] [xpc=-] [uct=-] [gz=-] [br=-] [tls=-] [cipher=-] [scheme=http] [eorigin=-] welbornweb.com welbornweb.com vps38426.inmotionhosting.com 139
207.105.69.2 - - [18/Jun/2025:14:44:40 -0700] "GET / HTTP/2.0" 502 559 "-" "Mozilla/5.0 (Windows NT 10.0; Win64; x64) AppleWebKit/537.36 (KHTML, like Gecko) Chrome/137.0.0.0 Safari/537.36" [loc=US/Chicago] [rt=0.000] [proto=HTTP/2.0:h2] [args=-] [ucs=MISS] [xpc=-] [uct=-] [gz=-] [br=-] [tls=TLSv1.3] [cipher=TLS_AES_256_GCM_SHA384] [scheme=https] [eorigin=-] guardianjetcenter.com.welbornwebsites.com guardianjetcenter.com vps38426.inmotionhosting.com 790
207.105.69.2 - - [18/Jun/2025:14:44:40 -0700] "GET /favicon.ico HTTP/2.0" 404 146 "https://guardianjetcenter.com/" "Mozilla/5.0 (Windows NT 10.0; Win64; x64) AppleWebKit/537.36 (KHTML, like Gecko) Chrome/137.0.0.0 Safari/537.36" [loc=US/Chicago] [rt=0.000] [proto=HTTP/2.0:h2] [args=-] [ucs=-] [xpc=-] [uct=-] [gz=-] [br=3.80] [tls=TLSv1.3] [cipher=TLS_AES_256_GCM_SHA384] [scheme=https] [eorigin=-] guardianjetcenter.com.welbornwebsites.com guardianjetcenter.com vps38426.inmotionhosting.com 790
66.249.79.5 - - [18/Jun/2025:14:44:41 -0700] "GET /category/episode-031-everyone-has-a-success-story-rey-ybarra-author-of-conversations-with-shark-tank-winners/feed/ HTTP/1.1" 502 157 "-" "Mozilla/5.0 (compatible; Googlebot/2.1; +http://www.google.com/bot.html)" [loc=US/Mountain View] [rt=0.000] [proto=HTTP/1.1:] [args=-] [ucs=MISS] [xpc=-] [uct=-] [gz=-] [br=-] [tls=TLSv1.3] [cipher=TLS_AES_256_GCM_SHA384] [scheme=https] [eorigin=-] definingsuccesspodcast.com definingsuccesspodcast.com vps38426.inmotionhosting.com 783
20.171.207.88 - - [18/Jun/2025:14:44:42 -0700] "GET /dm-sso-endpoint/1750116055/?dm_action=domainmap-setup-cdsso HTTP/1.1" 502 157 "-" "Mozilla/5.0 AppleWebKit/537.36 (KHTML, like Gecko; compatible; GPTBot/1.2; +https://openai.com/gptbot)" [loc=US/-] [rt=0.001] [proto=HTTP/1.1:] [args=dm_action=domainmap-setup-cdsso] [ucs=MISS] [xpc=-] [uct=-] [gz=-] [br=-] [tls=-] [cipher=-] [scheme=http] [eorigin=-] welbornweb.com welbornweb.com vps38426.inmotionhosting.com 139
66.249.79.5 - - [18/Jun/2025:14:44:43 -0700] "GET /category/episode-96-outside-your-comfort-zone-niveen-salem-multi-level-marketing-and-former-chevron-executive/feed/ HTTP/1.1" 502 157 "-" "Mozilla/5.0 (compatible; Googlebot/2.1; +http://www.google.com/bot.html)" [loc=US/Mountain View] [rt=0.001] [proto=HTTP/1.1:] [args=-] [ucs=MISS] [xpc=-] [uct=-] [gz=-] [br=-] [tls=TLSv1.3] [cipher=TLS_AES_256_GCM_SHA384] [scheme=https] [eorigin=-] definingsuccesspodcast.com definingsuccesspodcast.com vps38426.inmotionhosting.com 783
216.73.216.111 - - [18/Jun/2025:14:44:43 -0700] "GET /dm-sso-endpoint/1750265640/?dm_action=domainmap-setup-cdsso HTTP/1.1" 502 157 "-" "Mozilla/5.0 AppleWebKit/537.36 (KHTML, like Gecko; compatible; ClaudeBot/1.0; +claudebot@anthropic.com)" [loc=US/El Monte] [rt=0.000] [proto=HTTP/1.1:] [args=dm_action=domainmap-setup-cdsso] [ucs=MISS] [xpc=-] [uct=-] [gz=-] [br=-] [tls=-] [cipher=-] [scheme=http] [eorigin=-] welbornweb.com welbornweb.com vps38426.inmotionhosting.com 795
20.171.207.88 - - [18/Jun/2025:14:44:47 -0700] "GET /dm-sso-endpoint/1750127741/?dm_action=domainmap-setup-cdsso HTTP/1.1" 502 157 "-" "Mozilla/5.0 AppleWebKit/537.36 (KHTML, like Gecko; compatible; GPTBot/1.2; +https://openai.com/gptbot)" [loc=US/-] [rt=0.000] [proto=HTTP/1.1:] [args=dm_action=domainmap-setup-cdsso] [ucs=MISS] [xpc=-] [uct=-] [gz=-] [br=-] [tls=-] [cipher=-] [scheme=http] [eorigin=-] welbornweb.com welbornweb.com vps38426.inmotionhosting.com 139
34.196.51.17 - - [18/Jun/2025:14:44:48 -0700] "HEAD / HTTP/1.1" 502 0 "http://dunbarconstructioninc.com/" "WPMUDEV Uptime Monitor 5.0 (https://wpmudev.com)" [loc=US/Ashburn] [rt=0.000] [proto=HTTP/1.1:] [args=-] [ucs=MISS] [xpc=-] [uct=-] [gz=-] [br=-] [tls=-] [cipher=-] [scheme=http] [eorigin=-] dunbarconstructioninc.welbornwebsites.com dunbarconstructioninc.com vps38426.inmotionhosting.com 798
193.186.4.204 - - [18/Jun/2025:14:44:48 -0700] "GET / HTTP/2.0" 502 559 "https://www.google.com/" "Mozilla/5.0 (Windows NT 10.0; Win64; x64) AppleWebKit/537.36 (KHTML, like Gecko) Chrome/137.0.0.0 Safari/537.36" [loc=IE/-] [rt=0.001] [proto=HTTP/2.0:h2] [args=-] [ucs=MISS] [xpc=-] [uct=-] [gz=-] [br=-] [tls=TLSv1.3] [cipher=TLS_AES_256_GCM_SHA384] [scheme=https] [eorigin=-] guardianjetcenter.com.welbornwebsites.com guardianjetcenter.com vps38426.inmotionhosting.com 800
66.249.79.8 - - [18/Jun/2025:14:44:51 -0700] "GET /category/episode-81-twitter-and-relationship-building-john-sparks-owner-of-online-imageworks/feed/ HTTP/1.1" 502 157 "-" "Mozilla/5.0 (compatible; Googlebot/2.1; +http://www.google.com/bot.html)" [loc=US/Mountain View] [rt=0.001] [proto=HTTP/1.1:] [args=-] [ucs=MISS] [xpc=-] [uct=-] [gz=-] [br=-] [tls=-] [cipher=-] [scheme=http] [eorigin=-] definingsuccesspodcast.com definingsuccesspodcast.com vps38426.inmotionhosting.com 802
35.157.144.199 - - [18/Jun/2025:14:44:51 -0700] "HEAD / HTTP/1.1" 502 0 "http://dunbarconstructioninc.com/" "WPMUDEV Uptime Monitor 5.0 (https://wpmudev.com)" [loc=DE/Frankfurt am Main] [rt=0.000] [proto=HTTP/1.1:] [args=-] [ucs=MISS] [xpc=-] [uct=-] [gz=-] [br=-] [tls=-] [cipher=-] [scheme=http] [eorigin=-] dunbarconstructioninc.welbornwebsites.com dunbarconstructioninc.com vps38426.inmotionhosting.com 804
20.171.207.88 - - [18/Jun/2025:14:44:52 -0700] "GET /dm-sso-endpoint/1750110741/?dm_action=domainmap-setup-cdsso HTTP/1.1" 502 157 "-" "Mozilla/5.0 AppleWebKit/537.36 (KHTML, like Gecko; compatible; GPTBot/1.2; +https://openai.com/gptbot)" [loc=US/-] [rt=0.000] [proto=HTTP/1.1:] [args=dm_action=domainmap-setup-cdsso] [ucs=MISS] [xpc=-] [uct=-] [gz=-] [br=-] [tls=-] [cipher=-] [scheme=http] [eorigin=-] welbornweb.com welbornweb.com vps38426.inmotionhosting.com 139
34.196.51.17 - - [18/Jun/2025:14:44:53 -0700] "HEAD / HTTP/1.1" 502 0 "https://larrywelborn.com/" "WPMUDEV Uptime Monitor 5.0 (https://wpmudev.com)" [loc=US/Ashburn] [rt=0.000] [proto=HTTP/1.1:] [args=-] [ucs=MISS] [xpc=-] [uct=-] [gz=-] [br=-] [tls=TLSv1.3] [cipher=TLS_AES_256_GCM_SHA384] [scheme=https] [eorigin=-] larrywelborn.com larrywelborn.com vps38426.inmotionhosting.com 807
182.42.105.85 - - [18/Jun/2025:14:44:56 -0700] "GET /consulting/ HTTP/1.1" 502 157 "http://www.zebwelborn.com" "Mozilla/5.0 (iPhone; CPU iPhone OS 13_2_3 like Mac OS X) AppleWebKit/605.1.15 (KHTML, like Gecko) Version/13.0.3 Mobile/15E148 Safari/604.1" [loc=CN/Jinan] [rt=0.000] [proto=HTTP/1.1:] [args=-] [ucs=MISS] [xpc=-] [uct=-] [gz=-] [br=-] [tls=TLSv1.3] [cipher=TLS_AES_256_GCM_SHA384] [scheme=https] [eorigin=-] welbornmedia.com welbornmedia.com vps38426.inmotionhosting.com 809
20.171.207.88 - - [18/Jun/2025:14:44:56 -0700] "GET /dm-sso-endpoint/1750117655/?dm_action=domainmap-setup-cdsso HTTP/1.1" 502 157 "-" "Mozilla/5.0 AppleWebKit/537.36 (KHTML, like Gecko; compatible; GPTBot/1.2; +https://openai.com/gptbot)" [loc=US/-] [rt=0.001] [proto=HTTP/1.1:] [args=dm_action=domainmap-setup-cdsso] [ucs=MISS] [xpc=-] [uct=-] [gz=-] [br=-] [tls=-] [cipher=-] [scheme=http] [eorigin=-] welbornweb.com welbornweb.com vps38426.inmotionhosting.com 139
35.157.144.199 - - [18/Jun/2025:14:44:57 -0700] "HEAD / HTTP/1.1" 502 0 "https://larrywelborn.com/" "WPMUDEV Uptime Monitor 5.0 (https://wpmudev.com)" [loc=DE/Frankfurt am Main] [rt=0.000] [proto=HTTP/1.1:] [args=-] [ucs=MISS] [xpc=-] [uct=-] [gz=-] [br=-] [tls=TLSv1.3] [cipher=TLS_AES_256_GCM_SHA384] [scheme=https] [eorigin=-] larrywelborn.com larrywelborn.com vps38426.inmotionhosting.com 812
66.249.79.5 - - [18/Jun/2025:14:44:59 -0700] "GET /category/episode-81-twitter-and-relationship-building-john-sparks-owner-of-online-imageworks/feed/ HTTP/1.1" 502 157 "-" "Mozilla/5.0 (compatible; Googlebot/2.1; +http://www.google.com/bot.html)" [loc=US/Mountain View] [rt=0.000] [proto=HTTP/1.1:] [args=-] [ucs=MISS] [xpc=-] [uct=-] [gz=-] [br=-] [tls=TLSv1.3] [cipher=TLS_AES_256_GCM_SHA384] [scheme=https] [eorigin=-] definingsuccesspodcast.com definingsuccesspodcast.com vps38426.inmotionhosting.com 783
20.171.207.88 - - [18/Jun/2025:14:45:00 -0700] "GET /dm-sso-endpoint/1750110609/?dm_action=domainmap-setup-cdsso HTTP/1.1" 502 157 "-" "Mozilla/5.0 AppleWebKit/537.36 (KHTML, like Gecko; compatible; GPTBot/1.2; +https://openai.com/gptbot)" [loc=US/-] [rt=0.000] [proto=HTTP/1.1:] [args=dm_action=domainmap-setup-cdsso] [ucs=MISS] [xpc=-] [uct=-] [gz=-] [br=-] [tls=-] [cipher=-] [scheme=http] [eorigin=-] welbornweb.com welbornweb.com vps38426.inmotionhosting.com 139
20.171.207.88 - - [18/Jun/2025:14:45:04 -0700] "GET /dm-sso-endpoint/1750117615/?dm_action=domainmap-setup-cdsso HTTP/1.1" 502 157 "-" "Mozilla/5.0 AppleWebKit/537.36 (KHTML, like Gecko; compatible; GPTBot/1.2; +https://openai.com/gptbot)" [loc=US/-] [rt=0.000] [proto=HTTP/1.1:] [args=dm_action=domainmap-setup-cdsso] [ucs=MISS] [xpc=-] [uct=-] [gz=-] [br=-] [tls=-] [cipher=-] [scheme=http] [eorigin=-] welbornweb.com welbornweb.com vps38426.inmotionhosting.com 139
51.222.253.3 - - [18/Jun/2025:14:45:04 -0700] "GET /category/19th-hole-tournaments/ HTTP/2.0" 502 157 "-" "Mozilla/5.0 (compatible; AhrefsBot/7.0; +http://ahrefs.com/robot/)" [loc=FR/-] [rt=0.000] [proto=HTTP/2.0:h2] [args=-] [ucs=MISS] [xpc=-] [uct=-] [gz=-] [br=-] [tls=TLSv1.3] [cipher=TLS_AES_256_GCM_SHA384] [scheme=https] [eorigin=-] 19thholemedia.com 19thholemedia.com vps38426.inmotionhosting.com 819
66.249.79.6 - - [18/Jun/2025:14:45:04 -0700] "GET /category/episode-067-the-learning-experience-fred-shoemaker-from-extraordinary-golf/feed/ HTTP/1.1" 502 157 "-" "Mozilla/5.0 (compatible; Googlebot/2.1; +http://www.google.com/bot.html)" [loc=US/Mountain View] [rt=0.000] [proto=HTTP/1.1:] [args=-] [ucs=MISS] [xpc=-] [uct=-] [gz=-] [br=-] [tls=TLSv1.3] [cipher=TLS_AES_256_GCM_SHA384] [scheme=https] [eorigin=-] definingsuccesspodcast.com definingsuccesspodcast.com vps38426.inmotionhosting.com 774
20.171.207.88 - - [18/Jun/2025:14:45:07 -0700] "GET /dm-sso-endpoint/1750125799/?dm_action=domainmap-setup-cdsso HTTP/1.1" 502 157 "-" "Mozilla/5.0 AppleWebKit/537.36 (KHTML, like Gecko; compatible; GPTBot/1.2; +https://openai.com/gptbot)" [loc=US/-] [rt=0.000] [proto=HTTP/1.1:] [args=dm_action=domainmap-setup-cdsso] [ucs=MISS] [xpc=-] [uct=-] [gz=-] [br=-] [tls=-] [cipher=-] [scheme=http] [eorigin=-] welbornweb.com welbornweb.com vps38426.inmotionhosting.com 139
20.171.207.88 - - [18/Jun/2025:14:45:11 -0700] "GET /dm-sso-endpoint/1750114855/?dm_action=domainmap-setup-cdsso HTTP/1.1" 502 157 "-" "Mozilla/5.0 AppleWebKit/537.36 (KHTML, like Gecko; compatible; GPTBot/1.2; +https://openai.com/gptbot)" [loc=US/-] [rt=0.000] [proto=HTTP/1.1:] [args=dm_action=domainmap-setup-cdsso] [ucs=MISS] [xpc=-] [uct=-] [gz=-] [br=-] [tls=-] [cipher=-] [scheme=http] [eorigin=-] welbornweb.com welbornweb.com vps38426.inmotionhosting.com 139
66.249.79.5 - - [18/Jun/2025:14:45:14 -0700] "GET /category/episode-070-dont-let-your-ego-get-in-the-way-virgil-herring-author-of-the-golf-journal/feed/ HTTP/1.1" 502 157 "-" "Mozilla/5.0 (compatible; Googlebot/2.1; +http://www.google.com/bot.html)" [loc=US/Mountain View] [rt=0.000] [proto=HTTP/1.1:] [args=-] [ucs=MISS] [xpc=-] [uct=-] [gz=-] [br=-] [tls=TLSv1.3] [cipher=TLS_AES_256_GCM_SHA384] [scheme=https] [eorigin=-] definingsuccesspodcast.com definingsuccesspodcast.com vps38426.inmotionhosting.com 783
193.186.4.198 - - [18/Jun/2025:14:45:15 -0700] "GET / HTTP/2.0" 502 559 "https://www.google.com/" "Mozilla/5.0 (Windows NT 10.0; Win64; x64) AppleWebKit/537.36 (KHTML, like Gecko) Chrome/137.0.0.0 Safari/537.36" [loc=IE/-] [rt=0.000] [proto=HTTP/2.0:h2] [args=-] [ucs=MISS] [xpc=-] [uct=-] [gz=-] [br=-] [tls=TLSv1.3] [cipher=TLS_AES_256_GCM_SHA384] [scheme=https] [eorigin=-] guardianjetcenter.com.welbornwebsites.com guardianjetcenter.com vps38426.inmotionhosting.com 825
20.171.207.88 - - [18/Jun/2025:14:45:16 -0700] "GET /dm-sso-endpoint/1750122523/?dm_action=domainmap-setup-cdsso HTTP/1.1" 502 157 "-" "Mozilla/5.0 AppleWebKit/537.36 (KHTML, like Gecko; compatible; GPTBot/1.2; +https://openai.com/gptbot)" [loc=US/-] [rt=0.000] [proto=HTTP/1.1:] [args=dm_action=domainmap-setup-cdsso] [ucs=MISS] [xpc=-] [uct=-] [gz=-] [br=-] [tls=-] [cipher=-] [scheme=http] [eorigin=-] welbornweb.com welbornweb.com vps38426.inmotionhosting.com 139
66.249.79.6 - - [18/Jun/2025:14:45:16 -0700] "GET /category/episode-033-be-of-service-to-others-chris-brogan-from-human-business-works/feed/ HTTP/1.1" 502 157 "-" "Mozilla/5.0 (compatible; Googlebot/2.1; +http://www.google.com/bot.html)" [loc=US/Mountain View] [rt=0.001] [proto=HTTP/1.1:] [args=-] [ucs=MISS] [xpc=-] [uct=-] [gz=-] [br=-] [tls=TLSv1.3] [cipher=TLS_AES_256_GCM_SHA384] [scheme=https] [eorigin=-] definingsuccesspodcast.com definingsuccesspodcast.com vps38426.inmotionhosting.com 774
207.105.69.2 - - [18/Jun/2025:14:45:18 -0700] "GET / HTTP/2.0" 502 559 "https://www.google.com/" "Mozilla/5.0 (Windows NT 10.0; Win64; x64) AppleWebKit/537.36 (KHTML, like Gecko) Chrome/137.0.0.0 Safari/537.36" [loc=US/Chicago] [rt=0.000] [proto=HTTP/2.0:h2] [args=-] [ucs=MISS] [xpc=-] [uct=-] [gz=-] [br=-] [tls=TLSv1.3] [cipher=TLS_AES_256_GCM_SHA384] [scheme=https] [eorigin=-] guardianjetcenter.com.welbornwebsites.com guardianjetcenter.com vps38426.inmotionhosting.com 829
20.171.207.88 - - [18/Jun/2025:14:45:19 -0700] "GET /dm-sso-endpoint/1750117316/?dm_action=domainmap-setup-cdsso HTTP/1.1" 502 157 "-" "Mozilla/5.0 AppleWebKit/537.36 (KHTML, like Gecko; compatible; GPTBot/1.2; +https://openai.com/gptbot)" [loc=US/-] [rt=0.000] [proto=HTTP/1.1:] [args=dm_action=domainmap-setup-cdsso] [ucs=MISS] [xpc=-] [uct=-] [gz=-] [br=-] [tls=-] [cipher=-] [scheme=http] [eorigin=-] welbornweb.com welbornweb.com vps38426.inmotionhosting.com 139
66.249.79.5 - - [18/Jun/2025:14:45:22 -0700] "GET /category/episode-108-from-scarcity-to-abundance-ellory-wells/feed/ HTTP/1.1" 502 157 "-" "Mozilla/5.0 (compatible; Googlebot/2.1; +http://www.google.com/bot.html)" [loc=US/Mountain View] [rt=0.000] [proto=HTTP/1.1:] [args=-] [ucs=MISS] [xpc=-] [uct=-] [gz=-] [br=-] [tls=TLSv1.3] [cipher=TLS_AES_256_GCM_SHA384] [scheme=https] [eorigin=-] definingsuccesspodcast.com definingsuccesspodcast.com vps38426.inmotionhosting.com 783
