40.69.199.216 - - [16/Jun/2025:13:21:20 -0700] "GET /.well-known/acme-challenge/ HTTP/1.1" 403 153 "-" "-" [loc=IE/Dublin] [rt=0.000] [proto=HTTP/1.1:] [args=-] [ucs=-] [xpc=-] [uct=-] [gz=-] [br=-] [tls=-] [cipher=-] [scheme=http] [eorigin=-] cpanel.wieeac.org cpcontacts.wieeac.org vps38426.inmotionhosting.com 596
40.69.199.216 - - [16/Jun/2025:13:21:20 -0700] "GET /.well-known/ HTTP/1.1" 403 153 "-" "-" [loc=IE/Dublin] [rt=0.000] [proto=HTTP/1.1:] [args=-] [ucs=-] [xpc=-] [uct=-] [gz=-] [br=-] [tls=-] [cipher=-] [scheme=http] [eorigin=-] cpanel.wieeac.org cpcontacts.wieeac.org vps38426.inmotionhosting.com 596
40.69.199.216 - - [16/Jun/2025:13:21:20 -0700] "GET /cgi-bin/ HTTP/1.1" 200 37104 "-" "-" [loc=IE/Dublin] [rt=0.047] [proto=HTTP/1.1:] [args=-] [ucs=-] [xpc=-] [uct=0.000] [gz=-] [br=-] [tls=-] [cipher=-] [scheme=http] [eorigin=-] cpanel.wieeac.org cpcontacts.wieeac.org vps38426.inmotionhosting.com 596
40.69.199.216 - - [16/Jun/2025:13:21:21 -0700] "GET /ALFA_DATA/ HTTP/1.1" 200 37106 "-" "-" [loc=IE/Dublin] [rt=0.041] [proto=HTTP/1.1:] [args=-] [ucs=-] [xpc=-] [uct=0.000] [gz=-] [br=-] [tls=-] [cipher=-] [scheme=http] [eorigin=-] cpanel.wieeac.org cpcontacts.wieeac.org vps38426.inmotionhosting.com 596
40.69.199.216 - - [16/Jun/2025:13:21:21 -0700] "GET /.well-knownold/ HTTP/1.1" 200 37111 "-" "-" [loc=IE/Dublin] [rt=0.038] [proto=HTTP/1.1:] [args=-] [ucs=-] [xpc=-] [uct=0.000] [gz=-] [br=-] [tls=-] [cipher=-] [scheme=http] [eorigin=-] cpanel.wieeac.org cpcontacts.wieeac.org vps38426.inmotionhosting.com 596
40.69.199.216 - - [16/Jun/2025:13:21:21 -0700] "GET /.well-known/acme-challenge/ HTTP/1.1" 403 153 "-" "-" [loc=IE/Dublin] [rt=0.000] [proto=HTTP/1.1:] [args=-] [ucs=-] [xpc=-] [uct=-] [gz=-] [br=-] [tls=-] [cipher=-] [scheme=http] [eorigin=-] cpanel.wieeac.org cpcontacts.wieeac.org vps38426.inmotionhosting.com 596
40.69.199.216 - - [16/Jun/2025:13:21:21 -0700] "GET /.well-known/ HTTP/1.1" 403 153 "-" "-" [loc=IE/Dublin] [rt=0.000] [proto=HTTP/1.1:] [args=-] [ucs=-] [xpc=-] [uct=-] [gz=-] [br=-] [tls=-] [cipher=-] [scheme=http] [eorigin=-] cpanel.wieeac.org cpcontacts.wieeac.org vps38426.inmotionhosting.com 596
40.69.199.216 - - [16/Jun/2025:13:21:21 -0700] "GET /uploads/ HTTP/1.1" 200 37104 "-" "-" [loc=IE/Dublin] [rt=0.052] [proto=HTTP/1.1:] [args=-] [ucs=-] [xpc=-] [uct=0.000] [gz=-] [br=-] [tls=-] [cipher=-] [scheme=http] [eorigin=-] cpanel.wieeac.org cpcontacts.wieeac.org vps38426.inmotionhosting.com 596
40.69.199.216 - - [16/Jun/2025:13:21:21 -0700] "GET /upload/ HTTP/1.1" 200 37103 "-" "-" [loc=IE/Dublin] [rt=0.045] [proto=HTTP/1.1:] [args=-] [ucs=-] [xpc=-] [uct=0.000] [gz=-] [br=-] [tls=-] [cipher=-] [scheme=http] [eorigin=-] cpanel.wieeac.org cpcontacts.wieeac.org vps38426.inmotionhosting.com 596
40.69.199.216 - - [16/Jun/2025:13:21:22 -0700] "GET /admin/uploads/ HTTP/1.1" 200 37110 "-" "-" [loc=IE/Dublin] [rt=0.043] [proto=HTTP/1.1:] [args=-] [ucs=-] [xpc=-] [uct=0.000] [gz=-] [br=-] [tls=-] [cipher=-] [scheme=http] [eorigin=-] cpanel.wieeac.org cpcontacts.wieeac.org vps38426.inmotionhosting.com 596
66.249.79.5 - - [16/Jun/2025:13:21:22 -0700] "GET /category/episode-042-engagement-vs-automation-rick-mulready-from-the-inside-social-media-podcast/feed/ HTTP/1.1" 502 157 "-" "Mozilla/5.0 (compatible; Googlebot/2.1; +http://www.google.com/bot.html)" [loc=US/Mountain View] [rt=0.000] [proto=HTTP/1.1:] [args=-] [ucs=MISS] [xpc=-] [uct=-] [gz=-] [br=-] [tls=TLSv1.3] [cipher=TLS_AES_256_GCM_SHA384] [scheme=https] [eorigin=-] definingsuccesspodcast.com definingsuccesspodcast.com vps38426.inmotionhosting.com 454
40.69.199.216 - - [16/Jun/2025:13:21:22 -0700] "GET /Admin/uploads/ HTTP/1.1" 200 37110 "-" "-" [loc=IE/Dublin] [rt=0.039] [proto=HTTP/1.1:] [args=-] [ucs=-] [xpc=-] [uct=0.000] [gz=-] [br=-] [tls=-] [cipher=-] [scheme=http] [eorigin=-] cpanel.wieeac.org cpcontacts.wieeac.org vps38426.inmotionhosting.com 596
112.86.225.105 - - [16/Jun/2025:13:21:22 -0700] "GET / HTTP/1.1" 502 157 "-" "Sogou web spider/4.0(+http://www.sogou.com/docs/help/webmasters.htm#07)" [loc=CN/Nanjing] [rt=0.001] [proto=HTTP/1.1:] [args=-] [ucs=MISS] [xpc=-] [uct=-] [gz=-] [br=-] [tls=TLSv1.3] [cipher=TLS_AES_256_GCM_SHA384] [scheme=https] [eorigin=-] mvfarms.com mvfarms.com vps38426.inmotionhosting.com 642
40.69.199.216 - - [16/Jun/2025:13:21:22 -0700] "GET /admin/ HTTP/1.1" 200 37102 "-" "-" [loc=IE/Dublin] [rt=0.039] [proto=HTTP/1.1:] [args=-] [ucs=-] [xpc=-] [uct=0.000] [gz=-] [br=-] [tls=-] [cipher=-] [scheme=http] [eorigin=-] cpanel.wieeac.org cpcontacts.wieeac.org vps38426.inmotionhosting.com 596
40.69.199.216 - - [16/Jun/2025:13:21:22 -0700] "GET /vendor/phpunit/phpunit/src/Util/PHP/ HTTP/1.1" 200 37132 "-" "-" [loc=IE/Dublin] [rt=0.037] [proto=HTTP/1.1:] [args=-] [ucs=-] [xpc=-] [uct=0.000] [gz=-] [br=-] [tls=-] [cipher=-] [scheme=http] [eorigin=-] cpanel.wieeac.org cpcontacts.wieeac.org vps38426.inmotionhosting.com 596
40.69.199.216 - - [16/Jun/2025:13:21:22 -0700] "GET /upload/image/ HTTP/1.1" 200 37109 "-" "-" [loc=IE/Dublin] [rt=0.038] [proto=HTTP/1.1:] [args=-] [ucs=-] [xpc=-] [uct=0.000] [gz=-] [br=-] [tls=-] [cipher=-] [scheme=http] [eorigin=-] cpanel.wieeac.org cpcontacts.wieeac.org vps38426.inmotionhosting.com 596
40.69.199.216 - - [16/Jun/2025:13:21:22 -0700] "GET /assets/images/ HTTP/1.1" 200 37110 "-" "-" [loc=IE/Dublin] [rt=0.036] [proto=HTTP/1.1:] [args=-] [ucs=-] [xpc=-] [uct=0.001] [gz=-] [br=-] [tls=-] [cipher=-] [scheme=http] [eorigin=-] cpanel.wieeac.org cpcontacts.wieeac.org vps38426.inmotionhosting.com 596
40.69.199.216 - - [16/Jun/2025:13:21:23 -0700] "GET /Public/ioxi-o.php HTTP/1.1" 200 37113 "-" "-" [loc=IE/Dublin] [rt=0.037] [proto=HTTP/1.1:] [args=-] [ucs=-] [xpc=-] [uct=0.000] [gz=-] [br=-] [tls=-] [cipher=-] [scheme=http] [eorigin=-] cpanel.wieeac.org cpcontacts.wieeac.org vps38426.inmotionhosting.com 596
40.69.199.216 - - [16/Jun/2025:13:21:23 -0700] "GET /vendor/ HTTP/1.1" 200 37103 "-" "-" [loc=IE/Dublin] [rt=0.035] [proto=HTTP/1.1:] [args=-] [ucs=-] [xpc=-] [uct=0.000] [gz=-] [br=-] [tls=-] [cipher=-] [scheme=http] [eorigin=-] cpanel.wieeac.org cpcontacts.wieeac.org vps38426.inmotionhosting.com 596
40.69.199.216 - - [16/Jun/2025:13:21:23 -0700] "GET /local/ HTTP/1.1" 200 37102 "-" "-" [loc=IE/Dublin] [rt=0.037] [proto=HTTP/1.1:] [args=-] [ucs=-] [xpc=-] [uct=0.000] [gz=-] [br=-] [tls=-] [cipher=-] [scheme=http] [eorigin=-] cpanel.wieeac.org cpcontacts.wieeac.org vps38426.inmotionhosting.com 596
40.69.199.216 - - [16/Jun/2025:13:21:23 -0700] "GET /modules/ HTTP/1.1" 200 37104 "-" "-" [loc=IE/Dublin] [rt=0.037] [proto=HTTP/1.1:] [args=-] [ucs=-] [xpc=-] [uct=0.001] [gz=-] [br=-] [tls=-] [cipher=-] [scheme=http] [eorigin=-] cpanel.wieeac.org cpcontacts.wieeac.org vps38426.inmotionhosting.com 596
40.69.199.216 - - [16/Jun/2025:13:21:23 -0700] "GET /system/ HTTP/1.1" 200 37103 "-" "-" [loc=IE/Dublin] [rt=0.036] [proto=HTTP/1.1:] [args=-] [ucs=-] [xpc=-] [uct=0.000] [gz=-] [br=-] [tls=-] [cipher=-] [scheme=http] [eorigin=-] cpanel.wieeac.org cpcontacts.wieeac.org vps38426.inmotionhosting.com 596
40.69.199.216 - - [16/Jun/2025:13:21:23 -0700] "GET /template/ioxi-o.php HTTP/1.1" 200 37115 "-" "-" [loc=IE/Dublin] [rt=0.036] [proto=HTTP/1.1:] [args=-] [ucs=-] [xpc=-] [uct=0.000] [gz=-] [br=-] [tls=-] [cipher=-] [scheme=http] [eorigin=-] cpanel.wieeac.org cpcontacts.wieeac.org vps38426.inmotionhosting.com 596
40.69.199.216 - - [16/Jun/2025:13:21:24 -0700] "GET /shop/ HTTP/1.1" 200 37101 "-" "-" [loc=IE/Dublin] [rt=0.037] [proto=HTTP/1.1:] [args=-] [ucs=-] [xpc=-] [uct=0.000] [gz=-] [br=-] [tls=-] [cipher=-] [scheme=http] [eorigin=-] cpanel.wieeac.org cpcontacts.wieeac.org vps38426.inmotionhosting.com 596
40.69.199.216 - - [16/Jun/2025:13:21:24 -0700] "GET /files/ HTTP/1.1" 200 37102 "-" "-" [loc=IE/Dublin] [rt=0.048] [proto=HTTP/1.1:] [args=-] [ucs=-] [xpc=-] [uct=0.000] [gz=-] [br=-] [tls=-] [cipher=-] [scheme=http] [eorigin=-] cpanel.wieeac.org cpcontacts.wieeac.org vps38426.inmotionhosting.com 596
66.249.79.5 - - [16/Jun/2025:13:21:24 -0700] "GET /category/episode-070-dont-let-your-ego-get-in-the-way-virgil-herring-author-of-the-golf-journal/feed/ HTTP/1.1" 502 157 "-" "Mozilla/5.0 (compatible; Googlebot/2.1; +http://www.google.com/bot.html)" [loc=US/Mountain View] [rt=0.000] [proto=HTTP/1.1:] [args=-] [ucs=MISS] [xpc=-] [uct=-] [gz=-] [br=-] [tls=TLSv1.3] [cipher=TLS_AES_256_GCM_SHA384] [scheme=https] [eorigin=-] definingsuccesspodcast.com definingsuccesspodcast.com vps38426.inmotionhosting.com 454
40.69.199.216 - - [16/Jun/2025:13:21:24 -0700] "GET /admin/editor/ HTTP/1.1" 200 37109 "-" "-" [loc=IE/Dublin] [rt=0.038] [proto=HTTP/1.1:] [args=-] [ucs=-] [xpc=-] [uct=0.000] [gz=-] [br=-] [tls=-] [cipher=-] [scheme=http] [eorigin=-] cpanel.wieeac.org cpcontacts.wieeac.org vps38426.inmotionhosting.com 596
40.69.199.216 - - [16/Jun/2025:13:21:24 -0700] "GET /include/ HTTP/1.1" 200 37104 "-" "-" [loc=IE/Dublin] [rt=0.046] [proto=HTTP/1.1:] [args=-] [ucs=-] [xpc=-] [uct=0.000] [gz=-] [br=-] [tls=-] [cipher=-] [scheme=http] [eorigin=-] cpanel.wieeac.org cpcontacts.wieeac.org vps38426.inmotionhosting.com 596
40.69.199.216 - - [16/Jun/2025:13:21:24 -0700] "GET /Assets/ HTTP/1.1" 200 37103 "-" "-" [loc=IE/Dublin] [rt=0.037] [proto=HTTP/1.1:] [args=-] [ucs=-] [xpc=-] [uct=0.000] [gz=-] [br=-] [tls=-] [cipher=-] [scheme=http] [eorigin=-] cpanel.wieeac.org cpcontacts.wieeac.org vps38426.inmotionhosting.com 596
40.69.199.216 - - [16/Jun/2025:13:21:24 -0700] "GET /images/stories/ HTTP/1.1" 200 37111 "-" "-" [loc=IE/Dublin] [rt=0.050] [proto=HTTP/1.1:] [args=-] [ucs=-] [xpc=-] [uct=0.000] [gz=-] [br=-] [tls=-] [cipher=-] [scheme=http] [eorigin=-] cpanel.wieeac.org cpcontacts.wieeac.org vps38426.inmotionhosting.com 596
40.69.199.216 - - [16/Jun/2025:13:21:25 -0700] "GET /plugins/ioxi-o.php HTTP/1.1" 200 37114 "-" "-" [loc=IE/Dublin] [rt=0.035] [proto=HTTP/1.1:] [args=-] [ucs=-] [xpc=-] [uct=0.000] [gz=-] [br=-] [tls=-] [cipher=-] [scheme=http] [eorigin=-] cpanel.wieeac.org cpcontacts.wieeac.org vps38426.inmotionhosting.com 596
40.69.199.216 - - [16/Jun/2025:13:21:25 -0700] "GET /wp-includes/ioxi-o.php HTTP/1.1" 200 37118 "-" "-" [loc=IE/Dublin] [rt=0.040] [proto=HTTP/1.1:] [args=-] [ucs=-] [xpc=-] [uct=0.000] [gz=-] [br=-] [tls=-] [cipher=-] [scheme=http] [eorigin=-] cpanel.wieeac.org cpcontacts.wieeac.org vps38426.inmotionhosting.com 596
40.69.199.216 - - [16/Jun/2025:13:21:25 -0700] "GET /wp-includes/Text/Diff/Engine/ HTTP/1.1" 200 37125 "-" "-" [loc=IE/Dublin] [rt=0.037] [proto=HTTP/1.1:] [args=-] [ucs=-] [xpc=-] [uct=0.001] [gz=-] [br=-] [tls=-] [cipher=-] [scheme=http] [eorigin=-] cpanel.wieeac.org cpcontacts.wieeac.org vps38426.inmotionhosting.com 596
40.69.199.216 - - [16/Jun/2025:13:21:25 -0700] "GET /wp-includes/block-patterns/ HTTP/1.1" 200 37123 "-" "-" [loc=IE/Dublin] [rt=0.035] [proto=HTTP/1.1:] [args=-] [ucs=-] [xpc=-] [uct=0.000] [gz=-] [br=-] [tls=-] [cipher=-] [scheme=http] [eorigin=-] cpanel.wieeac.org cpcontacts.wieeac.org vps38426.inmotionhosting.com 596
40.69.199.216 - - [16/Jun/2025:13:21:25 -0700] "GET /wp-includes/Text/Diff/ HTTP/1.1" 200 37118 "-" "-" [loc=IE/Dublin] [rt=0.038] [proto=HTTP/1.1:] [args=-] [ucs=-] [xpc=-] [uct=0.000] [gz=-] [br=-] [tls=-] [cipher=-] [scheme=http] [eorigin=-] cpanel.wieeac.org cpcontacts.wieeac.org vps38426.inmotionhosting.com 596
40.69.199.216 - - [16/Jun/2025:13:21:25 -0700] "GET /wp-includes/block-supports/ HTTP/1.1" 200 37123 "-" "-" [loc=IE/Dublin] [rt=0.035] [proto=HTTP/1.1:] [args=-] [ucs=-] [xpc=-] [uct=0.000] [gz=-] [br=-] [tls=-] [cipher=-] [scheme=http] [eorigin=-] cpanel.wieeac.org cpcontacts.wieeac.org vps38426.inmotionhosting.com 596
40.69.199.216 - - [16/Jun/2025:13:21:26 -0700] "GET /wp-includes/blocks/ HTTP/1.1" 200 37115 "-" "-" [loc=IE/Dublin] [rt=0.034] [proto=HTTP/1.1:] [args=-] [ucs=-] [xpc=-] [uct=0.000] [gz=-] [br=-] [tls=-] [cipher=-] [scheme=http] [eorigin=-] cpanel.wieeac.org cpcontacts.wieeac.org vps38426.inmotionhosting.com 596
40.69.199.216 - - [16/Jun/2025:13:21:26 -0700] "GET /wp-includes/certificates/ HTTP/1.1" 200 37121 "-" "-" [loc=IE/Dublin] [rt=0.037] [proto=HTTP/1.1:] [args=-] [ucs=-] [xpc=-] [uct=0.000] [gz=-] [br=-] [tls=-] [cipher=-] [scheme=http] [eorigin=-] cpanel.wieeac.org cpcontacts.wieeac.org vps38426.inmotionhosting.com 596
66.249.79.5 - - [16/Jun/2025:13:21:26 -0700] "GET /category/episode-031-everyone-has-a-success-story-rey-ybarra-author-of-conversations-with-shark-tank-winners/feed/ HTTP/1.1" 502 157 "-" "Mozilla/5.0 (compatible; Googlebot/2.1; +http://www.google.com/bot.html)" [loc=US/Mountain View] [rt=0.001] [proto=HTTP/1.1:] [args=-] [ucs=MISS] [xpc=-] [uct=-] [gz=-] [br=-] [tls=TLSv1.3] [cipher=TLS_AES_256_GCM_SHA384] [scheme=https] [eorigin=-] definingsuccesspodcast.com definingsuccesspodcast.com vps38426.inmotionhosting.com 454
40.69.199.216 - - [16/Jun/2025:13:21:26 -0700] "GET /wp-includes/SimplePie/Cache/ HTTP/1.1" 200 37124 "-" "-" [loc=IE/Dublin] [rt=0.036] [proto=HTTP/1.1:] [args=-] [ucs=-] [xpc=-] [uct=0.001] [gz=-] [br=-] [tls=-] [cipher=-] [scheme=http] [eorigin=-] cpanel.wieeac.org cpcontacts.wieeac.org vps38426.inmotionhosting.com 596
40.69.199.216 - - [16/Jun/2025:13:21:26 -0700] "GET /wp-includes/SimplePie/Content/Type/ HTTP/1.1" 200 37131 "-" "-" [loc=IE/Dublin] [rt=0.038] [proto=HTTP/1.1:] [args=-] [ucs=-] [xpc=-] [uct=0.000] [gz=-] [br=-] [tls=-] [cipher=-] [scheme=http] [eorigin=-] cpanel.wieeac.org cpcontacts.wieeac.org vps38426.inmotionhosting.com 596
40.69.199.216 - - [16/Jun/2025:13:21:26 -0700] "GET /wp-includes/css/ HTTP/1.1" 200 37112 "-" "-" [loc=IE/Dublin] [rt=0.036] [proto=HTTP/1.1:] [args=-] [ucs=-] [xpc=-] [uct=0.000] [gz=-] [br=-] [tls=-] [cipher=-] [scheme=http] [eorigin=-] cpanel.wieeac.org cpcontacts.wieeac.org vps38426.inmotionhosting.com 596
40.69.199.216 - - [16/Jun/2025:13:21:26 -0700] "GET /wp-includes/SimplePie/Content/ HTTP/1.1" 200 37126 "-" "-" [loc=IE/Dublin] [rt=0.035] [proto=HTTP/1.1:] [args=-] [ucs=-] [xpc=-] [uct=0.000] [gz=-] [br=-] [tls=-] [cipher=-] [scheme=http] [eorigin=-] cpanel.wieeac.org cpcontacts.wieeac.org vps38426.inmotionhosting.com 596
40.69.199.216 - - [16/Jun/2025:13:21:27 -0700] "GET /wp-includes/rest-api/endpoints/ HTTP/1.1" 200 37127 "-" "-" [loc=IE/Dublin] [rt=0.040] [proto=HTTP/1.1:] [args=-] [ucs=-] [xpc=-] [uct=0.000] [gz=-] [br=-] [tls=-] [cipher=-] [scheme=http] [eorigin=-] cpanel.wieeac.org cpcontacts.wieeac.org vps38426.inmotionhosting.com 596
40.69.199.216 - - [16/Jun/2025:13:21:27 -0700] "GET /wp-includes/rest-api/fields/ HTTP/1.1" 200 37124 "-" "-" [loc=IE/Dublin] [rt=0.036] [proto=HTTP/1.1:] [args=-] [ucs=-] [xpc=-] [uct=0.001] [gz=-] [br=-] [tls=-] [cipher=-] [scheme=http] [eorigin=-] cpanel.wieeac.org cpcontacts.wieeac.org vps38426.inmotionhosting.com 596
40.69.199.216 - - [16/Jun/2025:13:21:27 -0700] "GET /wp-includes/Requests/Cookie/ HTTP/1.1" 200 37124 "-" "-" [loc=IE/Dublin] [rt=0.037] [proto=HTTP/1.1:] [args=-] [ucs=-] [xpc=-] [uct=0.001] [gz=-] [br=-] [tls=-] [cipher=-] [scheme=http] [eorigin=-] cpanel.wieeac.org cpcontacts.wieeac.org vps38426.inmotionhosting.com 596
40.69.199.216 - - [16/Jun/2025:13:21:27 -0700] "GET /wp-includes/Requests/Proxy/ HTTP/1.1" 200 37123 "-" "-" [loc=IE/Dublin] [rt=0.048] [proto=HTTP/1.1:] [args=-] [ucs=-] [xpc=-] [uct=0.000] [gz=-] [br=-] [tls=-] [cipher=-] [scheme=http] [eorigin=-] cpanel.wieeac.org cpcontacts.wieeac.org vps38426.inmotionhosting.com 596
40.69.199.216 - - [16/Jun/2025:13:21:27 -0700] "GET /wp-includes/Requests/Response/ HTTP/1.1" 200 37126 "-" "-" [loc=IE/Dublin] [rt=0.038] [proto=HTTP/1.1:] [args=-] [ucs=-] [xpc=-] [uct=0.000] [gz=-] [br=-] [tls=-] [cipher=-] [scheme=http] [eorigin=-] cpanel.wieeac.org cpcontacts.wieeac.org vps38426.inmotionhosting.com 596
40.69.199.216 - - [16/Jun/2025:13:21:27 -0700] "GET /wp-includes/Requests/Transport/ HTTP/1.1" 200 37127 "-" "-" [loc=IE/Dublin] [rt=0.035] [proto=HTTP/1.1:] [args=-] [ucs=-] [xpc=-] [uct=0.000] [gz=-] [br=-] [tls=-] [cipher=-] [scheme=http] [eorigin=-] cpanel.wieeac.org cpcontacts.wieeac.org vps38426.inmotionhosting.com 596
40.69.199.216 - - [16/Jun/2025:13:21:28 -0700] "GET /wp-includes/Requests/Utility/ HTTP/1.1" 200 37125 "-" "-" [loc=IE/Dublin] [rt=0.066] [proto=HTTP/1.1:] [args=-] [ucs=-] [xpc=-] [uct=0.001] [gz=-] [br=-] [tls=-] [cipher=-] [scheme=http] [eorigin=-] cpanel.wieeac.org cpcontacts.wieeac.org vps38426.inmotionhosting.com 596
40.69.199.216 - - [16/Jun/2025:13:21:28 -0700] "GET /wp-includes/js/codemirror/ HTTP/1.1" 200 37122 "-" "-" [loc=IE/Dublin] [rt=0.044] [proto=HTTP/1.1:] [args=-] [ucs=-] [xpc=-] [uct=0.000] [gz=-] [br=-] [tls=-] [cipher=-] [scheme=http] [eorigin=-] cpanel.wieeac.org cpcontacts.wieeac.org vps38426.inmotionhosting.com 596
40.69.199.216 - - [16/Jun/2025:13:21:28 -0700] "GET /wp-includes/Requests/Exception/HTTP/ HTTP/1.1" 200 37132 "-" "-" [loc=IE/Dublin] [rt=0.063] [proto=HTTP/1.1:] [args=-] [ucs=-] [xpc=-] [uct=0.000] [gz=-] [br=-] [tls=-] [cipher=-] [scheme=http] [eorigin=-] cpanel.wieeac.org cpcontacts.wieeac.org vps38426.inmotionhosting.com 596
170.106.82.209 - - [16/Jun/2025:13:21:28 -0700] "GET / HTTP/1.1" 444 0 "-" "Mozilla/5.0 (iPhone; CPU iPhone OS 13_2_3 like Mac OS X) AppleWebKit/605.1.15 (KHTML, like Gecko) Version/13.0.3 Mobile/15E148 Safari/604.1" [loc=CN/Beijing] [rt=0.000] [proto=HTTP/1.1:] [args=-] [ucs=-] [xpc=-] [uct=-] [gz=-] [br=-] [tls=-] [cipher=-] [scheme=http] [eorigin=-] _ 144.208.65.39 vps38426.inmotionhosting.com 688
40.69.199.216 - - [16/Jun/2025:13:21:28 -0700] "GET /wp-includes/js/crop/ HTTP/1.1" 200 37116 "-" "-" [loc=IE/Dublin] [rt=0.047] [proto=HTTP/1.1:] [args=-] [ucs=-] [xpc=-] [uct=0.000] [gz=-] [br=-] [tls=-] [cipher=-] [scheme=http] [eorigin=-] cpanel.wieeac.org cpcontacts.wieeac.org vps38426.inmotionhosting.com 596
34.196.51.17 - - [16/Jun/2025:13:21:28 -0700] "HEAD / HTTP/1.1" 502 0 "http://somersetchino.com/" "WPMUDEV Uptime Monitor 5.0 (https://wpmudev.com)" [loc=US/Ashburn] [rt=0.001] [proto=HTTP/1.1:] [args=-] [ucs=MISS] [xpc=-] [uct=-] [gz=-] [br=-] [tls=-] [cipher=-] [scheme=http] [eorigin=-] somersetchino.com somersetchino.com vps38426.inmotionhosting.com 693
40.69.199.216 - - [16/Jun/2025:13:21:28 -0700] "GET /wp-includes/images/crystal/ HTTP/1.1" 200 37123 "-" "-" [loc=IE/Dublin] [rt=0.037] [proto=HTTP/1.1:] [args=-] [ucs=-] [xpc=-] [uct=0.000] [gz=-] [br=-] [tls=-] [cipher=-] [scheme=http] [eorigin=-] cpanel.wieeac.org cpcontacts.wieeac.org vps38426.inmotionhosting.com 596
34.196.51.17 - - [16/Jun/2025:13:21:29 -0700] "HEAD / HTTP/1.1" 200 0 "https://19thholemedia.com/" "WPMUDEV Uptime Monitor 5.0 (https://wpmudev.com)" [loc=US/Ashburn] [rt=0.000] [proto=HTTP/1.1:] [args=-] [ucs=STALE] [xpc=STALE] [uct=-] [gz=-] [br=-] [tls=TLSv1.3] [cipher=TLS_AES_256_GCM_SHA384] [scheme=https] [eorigin=-] 19thholemedia.com 19thholemedia.com vps38426.inmotionhosting.com 692
40.69.199.216 - - [16/Jun/2025:13:21:29 -0700] "GET /wp-includes/images/media/ HTTP/1.1" 200 37121 "-" "-" [loc=IE/Dublin] [rt=0.038] [proto=HTTP/1.1:] [args=-] [ucs=-] [xpc=-] [uct=0.000] [gz=-] [br=-] [tls=-] [cipher=-] [scheme=http] [eorigin=-] cpanel.wieeac.org cpcontacts.wieeac.org vps38426.inmotionhosting.com 596
40.69.199.216 - - [16/Jun/2025:13:21:29 -0700] "GET /wp-includes/images/smilies/ HTTP/1.1" 200 37123 "-" "-" [loc=IE/Dublin] [rt=0.034] [proto=HTTP/1.1:] [args=-] [ucs=-] [xpc=-] [uct=0.000] [gz=-] [br=-] [tls=-] [cipher=-] [scheme=http] [eorigin=-] cpanel.wieeac.org cpcontacts.wieeac.org vps38426.inmotionhosting.com 596
34.196.51.17 - - [16/Jun/2025:13:21:29 -0700] "HEAD / HTTP/1.1" 502 0 "https://welbornmedia.com/" "WPMUDEV Uptime Monitor 5.0 (https://wpmudev.com)" [loc=US/Ashburn] [rt=0.000] [proto=HTTP/1.1:] [args=-] [ucs=MISS] [xpc=-] [uct=-] [gz=-] [br=-] [tls=TLSv1.3] [cipher=TLS_AES_256_GCM_SHA384] [scheme=https] [eorigin=-] welbornmedia.com welbornmedia.com vps38426.inmotionhosting.com 698
114.119.154.207 - - [16/Jun/2025:13:21:29 -0700] "GET /tag/michael-ghandour HTTP/1.1" 502 157 "https://definingsuccesspodcast.com/episodes/page/3" "Mozilla/5.0 (Linux; Android 7.0;) AppleWebKit/537.36 (KHTML, like Gecko) Mobile Safari/537.36 (compatible; PetalBot;+https://webmaster.petalsearch.com/site/petalbot)" [loc=CN/-] [rt=0.000] [proto=HTTP/1.1:] [args=-] [ucs=MISS] [xpc=-] [uct=-] [gz=-] [br=-] [tls=TLSv1.3] [cipher=TLS_AES_256_GCM_SHA384] [scheme=https] [eorigin=-] definingsuccesspodcast.com definingsuccesspodcast.com vps38426.inmotionhosting.com 690
40.69.199.216 - - [16/Jun/2025:13:21:29 -0700] "GET /wp-includes/images/wlw/ HTTP/1.1" 200 37119 "-" "-" [loc=IE/Dublin] [rt=0.046] [proto=HTTP/1.1:] [args=-] [ucs=-] [xpc=-] [uct=0.001] [gz=-] [br=-] [tls=-] [cipher=-] [scheme=http] [eorigin=-] cpanel.wieeac.org cpcontacts.wieeac.org vps38426.inmotionhosting.com 596
40.69.199.216 - - [16/Jun/2025:13:21:29 -0700] "GET /wp-includes/rest-api/search/ HTTP/1.1" 200 37124 "-" "-" [loc=IE/Dublin] [rt=0.041] [proto=HTTP/1.1:] [args=-] [ucs=-] [xpc=-] [uct=0.000] [gz=-] [br=-] [tls=-] [cipher=-] [scheme=http] [eorigin=-] cpanel.wieeac.org cpcontacts.wieeac.org vps38426.inmotionhosting.com 596
34.196.51.17 - - [16/Jun/2025:13:21:29 -0700] "HEAD / HTTP/1.1" 200 0 "http://ruschianana.com/" "WPMUDEV Uptime Monitor 5.0 (https://wpmudev.com)" [loc=US/Ashburn] [rt=0.000] [proto=HTTP/1.1:] [args=-] [ucs=STALE] [xpc=STALE] [uct=-] [gz=-] [br=-] [tls=-] [cipher=-] [scheme=http] [eorigin=-] ruschianana.com ruschianana.com vps38426.inmotionhosting.com 704
40.69.199.216 - - [16/Jun/2025:13:21:29 -0700] "GET /wp-includes/Requests/Exception/ HTTP/1.1" 200 37127 "-" "-" [loc=IE/Dublin] [rt=0.037] [proto=HTTP/1.1:] [args=-] [ucs=-] [xpc=-] [uct=0.000] [gz=-] [br=-] [tls=-] [cipher=-] [scheme=http] [eorigin=-] cpanel.wieeac.org cpcontacts.wieeac.org vps38426.inmotionhosting.com 596
40.69.199.216 - - [16/Jun/2025:13:21:29 -0700] "GET /wp-includes/Requests/Auth/ HTTP/1.1" 200 37122 "-" "-" [loc=IE/Dublin] [rt=0.038] [proto=HTTP/1.1:] [args=-] [ucs=-] [xpc=-] [uct=0.000] [gz=-] [br=-] [tls=-] [cipher=-] [scheme=http] [eorigin=-] cpanel.wieeac.org cpcontacts.wieeac.org vps38426.inmotionhosting.com 596
40.69.199.216 - - [16/Jun/2025:13:21:30 -0700] "GET /wp-includes/sodium_compat/src/ HTTP/1.1" 200 37126 "-" "-" [loc=IE/Dublin] [rt=0.051] [proto=HTTP/1.1:] [args=-] [ucs=-] [xpc=-] [uct=0.000] [gz=-] [br=-] [tls=-] [cipher=-] [scheme=http] [eorigin=-] cpanel.wieeac.org cpcontacts.wieeac.org vps38426.inmotionhosting.com 596
40.69.199.216 - - [16/Jun/2025:13:21:30 -0700] "GET /wp-includes/sitemaps/providers/ HTTP/1.1" 200 37127 "-" "-" [loc=IE/Dublin] [rt=0.038] [proto=HTTP/1.1:] [args=-] [ucs=-] [xpc=-] [uct=0.000] [gz=-] [br=-] [tls=-] [cipher=-] [scheme=http] [eorigin=-] cpanel.wieeac.org cpcontacts.wieeac.org vps38426.inmotionhosting.com 596
40.69.199.216 - - [16/Jun/2025:13:21:30 -0700] "GET /wp-includes/Text/Diff/Engine/Engine/ HTTP/1.1" 200 37132 "-" "-" [loc=IE/Dublin] [rt=0.045] [proto=HTTP/1.1:] [args=-] [ucs=-] [xpc=-] [uct=0.000] [gz=-] [br=-] [tls=-] [cipher=-] [scheme=http] [eorigin=-] cpanel.wieeac.org cpcontacts.wieeac.org vps38426.inmotionhosting.com 596
38.128.156.96 - - [16/Jun/2025:13:21:30 -0700] "GET / HTTP/1.1" 502 559 "-" "Mozilla/5.0 (Windows NT 10.0; Win64; x64) AppleWebKit/537.36 (KHTML, like Gecko) Chrome/120.0.0.0 Safari/537.36" [loc=US/-] [rt=0.001] [proto=HTTP/1.1:] [args=-] [ucs=MISS] [xpc=-] [uct=-] [gz=-] [br=-] [tls=TLSv1.3] [cipher=TLS_AES_256_GCM_SHA384] [scheme=https] [eorigin=-] welbornmedia.com mail.welbornmedia.com vps38426.inmotionhosting.com 710
40.69.199.216 - - [16/Jun/2025:13:21:30 -0700] "GET /wp-includes/customize/ HTTP/1.1" 200 37118 "-" "-" [loc=IE/Dublin] [rt=0.039] [proto=HTTP/1.1:] [args=-] [ucs=-] [xpc=-] [uct=0.000] [gz=-] [br=-] [tls=-] [cipher=-] [scheme=http] [eorigin=-] cpanel.wieeac.org cpcontacts.wieeac.org vps38426.inmotionhosting.com 596
172.121.223.151 - - [16/Jun/2025:13:21:30 -0700] "GET / HTTP/1.1" 502 157 "-" "Mozilla/5.0 (Windows; U; Windows NT 5.0; en-US; rv:1.4b) Gecko/20030516 Mozilla Firebird/0.6" [loc=US/San Jose] [rt=0.000] [proto=HTTP/1.1:] [args=-] [ucs=MISS] [xpc=-] [uct=-] [gz=-] [br=-] [tls=TLSv1.3] [cipher=TLS_AES_256_GCM_SHA384] [scheme=https] [eorigin=-] welbornmedia.com www.welbornmedia.com vps38426.inmotionhosting.com 713
38.128.156.96 - - [16/Jun/2025:13:21:30 -0700] "GET /robots.txt HTTP/1.1" 502 559 "-" "Mozilla/5.0 (Windows NT 10.0; Win64; x64) AppleWebKit/537.36 (KHTML, like Gecko) Chrome/120.0.0.0 Safari/537.36" [loc=US/-] [rt=0.001] [proto=HTTP/1.1:] [args=-] [ucs=MISS] [xpc=-] [uct=-] [gz=-] [br=-] [tls=TLSv1.3] [cipher=TLS_AES_256_GCM_SHA384] [scheme=https] [eorigin=-] welbornmedia.com mail.welbornmedia.com vps38426.inmotionhosting.com 717
172.121.223.241 - - [16/Jun/2025:13:21:30 -0700] "GET / HTTP/1.1" 200 12106 "-" "Mozilla/5.0 (compatible; Konqueror/3; Linux)" [loc=US/San Jose] [rt=0.042] [proto=HTTP/1.1:] [args=-] [ucs=-] [xpc=-] [uct=0.001] [gz=-] [br=-] [tls=TLSv1.3] [cipher=TLS_AES_256_GCM_SHA384] [scheme=https] [eorigin=-] cpanel.welbornmedia.com cpcalendars.welbornmedia.com vps38426.inmotionhosting.com 712
40.69.199.216 - - [16/Jun/2025:13:21:30 -0700] "GET /wp-includes/fonts/ HTTP/1.1" 200 37114 "-" "-" [loc=IE/Dublin] [rt=0.038] [proto=HTTP/1.1:] [args=-] [ucs=-] [xpc=-] [uct=0.000] [gz=-] [br=-] [tls=-] [cipher=-] [scheme=http] [eorigin=-] cpanel.wieeac.org cpcontacts.wieeac.org vps38426.inmotionhosting.com 596
38.128.156.96 - - [16/Jun/2025:13:21:30 -0700] "GET / HTTP/1.1" 502 559 "-" "Mozilla/5.0 (Windows NT 10.0; Win64; x64) AppleWebKit/537.36 (KHTML, like Gecko) Chrome/120.0.0.0 Safari/537.36" [loc=US/-] [rt=0.001] [proto=HTTP/1.1:] [args=-] [ucs=MISS] [xpc=-] [uct=-] [gz=-] [br=-] [tls=TLSv1.3] [cipher=TLS_AES_256_GCM_SHA384] [scheme=https] [eorigin=-] welbornmedia.com mail.welbornmedia.com vps38426.inmotionhosting.com 722
45.5.67.110 - - [16/Jun/2025:13:21:30 -0700] "GET / HTTP/1.1" 502 559 "-" "Mozilla/5.0 (Windows NT 10.0; Win64; x64) AppleWebKit/537.36 (KHTML, like Gecko) Chrome/120.0.0.0 Safari/537.36" [loc=US/Secaucus] [rt=0.000] [proto=HTTP/1.1:] [args=-] [ucs=MISS] [xpc=-] [uct=-] [gz=-] [br=-] [tls=TLSv1.3] [cipher=TLS_AES_256_GCM_SHA384] [scheme=https] [eorigin=-] welbornmedia.com welbornmedia.com vps38426.inmotionhosting.com 715
40.69.199.216 - - [16/Jun/2025:13:21:30 -0700] "GET /wp-includes/html-api/ HTTP/1.1" 200 37117 "-" "-" [loc=IE/Dublin] [rt=0.050] [proto=HTTP/1.1:] [args=-] [ucs=-] [xpc=-] [uct=0.001] [gz=-] [br=-] [tls=-] [cipher=-] [scheme=http] [eorigin=-] cpanel.wieeac.org cpcontacts.wieeac.org vps38426.inmotionhosting.com 596
40.69.199.216 - - [16/Jun/2025:13:21:31 -0700] "GET /wp-includes/ID3/ HTTP/1.1" 200 37112 "-" "-" [loc=IE/Dublin] [rt=0.042] [proto=HTTP/1.1:] [args=-] [ucs=-] [xpc=-] [uct=0.000] [gz=-] [br=-] [tls=-] [cipher=-] [scheme=http] [eorigin=-] cpanel.wieeac.org cpcontacts.wieeac.org vps38426.inmotionhosting.com 596
172.121.223.151 - - [16/Jun/2025:13:21:31 -0700] "GET /robots.txt HTTP/1.1" 502 157 "-" "Mozilla/5.0 (Windows; U; Windows NT 5.0; en-US; rv:1.4b) Gecko/20030516 Mozilla Firebird/0.6" [loc=US/San Jose] [rt=0.000] [proto=HTTP/1.1:] [args=-] [ucs=MISS] [xpc=-] [uct=-] [gz=-] [br=-] [tls=TLSv1.3] [cipher=TLS_AES_256_GCM_SHA384] [scheme=https] [eorigin=-] welbornmedia.com www.welbornmedia.com vps38426.inmotionhosting.com 726
40.69.199.216 - - [16/Jun/2025:13:21:31 -0700] "GET /wp-includes/images/ HTTP/1.1" 200 37115 "-" "-" [loc=IE/Dublin] [rt=0.037] [proto=HTTP/1.1:] [args=-] [ucs=-] [xpc=-] [uct=0.000] [gz=-] [br=-] [tls=-] [cipher=-] [scheme=http] [eorigin=-] cpanel.wieeac.org cpcontacts.wieeac.org vps38426.inmotionhosting.com 596
40.69.199.216 - - [16/Jun/2025:13:21:31 -0700] "GET /wp-includes/IXR/ HTTP/1.1" 200 37112 "-" "-" [loc=IE/Dublin] [rt=0.050] [proto=HTTP/1.1:] [args=-] [ucs=-] [xpc=-] [uct=0.000] [gz=-] [br=-] [tls=-] [cipher=-] [scheme=http] [eorigin=-] cpanel.wieeac.org cpcontacts.wieeac.org vps38426.inmotionhosting.com 596
45.5.67.110 - - [16/Jun/2025:13:21:31 -0700] "GET /robots.txt HTTP/1.1" 502 559 "-" "Mozilla/5.0 (Windows NT 10.0; Win64; x64) AppleWebKit/537.36 (KHTML, like Gecko) Chrome/120.0.0.0 Safari/537.36" [loc=US/Secaucus] [rt=0.000] [proto=HTTP/1.1:] [args=-] [ucs=MISS] [xpc=-] [uct=-] [gz=-] [br=-] [tls=TLSv1.3] [cipher=TLS_AES_256_GCM_SHA384] [scheme=https] [eorigin=-] welbornmedia.com welbornmedia.com vps38426.inmotionhosting.com 729
40.69.199.216 - - [16/Jun/2025:13:21:31 -0700] "GET /wp-includes/js/ HTTP/1.1" 200 37111 "-" "-" [loc=IE/Dublin] [rt=0.037] [proto=HTTP/1.1:] [args=-] [ucs=-] [xpc=-] [uct=0.000] [gz=-] [br=-] [tls=-] [cipher=-] [scheme=http] [eorigin=-] cpanel.wieeac.org cpcontacts.wieeac.org vps38426.inmotionhosting.com 596
172.121.223.241 - - [16/Jun/2025:13:21:31 -0700] "GET /robots.txt HTTP/1.1" 200 46 "https://cpcalendars.welbornmedia.com/" "Mozilla/5.0 (compatible; Konqueror/3; Linux)" [loc=US/San Jose] [rt=0.006] [proto=HTTP/1.1:] [args=-] [ucs=-] [xpc=-] [uct=0.001] [gz=-] [br=-] [tls=TLSv1.3] [cipher=TLS_AES_256_GCM_SHA384] [scheme=https] [eorigin=-] cpanel.welbornmedia.com cpcalendars.welbornmedia.com vps38426.inmotionhosting.com 731
172.121.223.151 - - [16/Jun/2025:13:21:31 -0700] "GET / HTTP/1.1" 502 157 "-" "Mozilla/5.0 (Windows; U; Windows NT 5.0; en-US; rv:1.4b) Gecko/20030516 Mozilla Firebird/0.6" [loc=US/San Jose] [rt=0.001] [proto=HTTP/1.1:] [args=-] [ucs=MISS] [xpc=-] [uct=-] [gz=-] [br=-] [tls=TLSv1.3] [cipher=TLS_AES_256_GCM_SHA384] [scheme=https] [eorigin=-] welbornmedia.com www.welbornmedia.com vps38426.inmotionhosting.com 732
40.69.199.216 - - [16/Jun/2025:13:21:31 -0700] "GET /wp-includes/php-compat/ HTTP/1.1" 200 37119 "-" "-" [loc=IE/Dublin] [rt=0.054] [proto=HTTP/1.1:] [args=-] [ucs=-] [xpc=-] [uct=0.001] [gz=-] [br=-] [tls=-] [cipher=-] [scheme=http] [eorigin=-] cpanel.wieeac.org cpcontacts.wieeac.org vps38426.inmotionhosting.com 596
40.69.199.216 - - [16/Jun/2025:13:21:32 -0700] "GET /wp-includes/PHPMailer/ HTTP/1.1" 200 37118 "-" "-" [loc=IE/Dublin] [rt=0.040] [proto=HTTP/1.1:] [args=-] [ucs=-] [xpc=-] [uct=0.001] [gz=-] [br=-] [tls=-] [cipher=-] [scheme=http] [eorigin=-] cpanel.wieeac.org cpcontacts.wieeac.org vps38426.inmotionhosting.com 596
40.69.199.216 - - [16/Jun/2025:13:21:32 -0700] "GET /wp-includes/pomo/ HTTP/1.1" 200 37113 "-" "-" [loc=IE/Dublin] [rt=0.044] [proto=HTTP/1.1:] [args=-] [ucs=-] [xpc=-] [uct=0.001] [gz=-] [br=-] [tls=-] [cipher=-] [scheme=http] [eorigin=-] cpanel.wieeac.org cpcontacts.wieeac.org vps38426.inmotionhosting.com 596
172.121.223.241 - - [16/Jun/2025:13:21:32 -0700] "GET / HTTP/1.1" 200 12109 "-" "Mozilla/5.0 (compatible; Konqueror/3; Linux)" [loc=US/San Jose] [rt=0.053] [proto=HTTP/1.1:] [args=-] [ucs=-] [xpc=-] [uct=0.000] [gz=-] [br=-] [tls=TLSv1.3] [cipher=TLS_AES_256_GCM_SHA384] [scheme=https] [eorigin=-] cpanel.welbornmedia.com cpcalendars.welbornmedia.com vps38426.inmotionhosting.com 740
45.5.67.110 - - [16/Jun/2025:13:21:32 -0700] "GET / HTTP/1.1" 502 559 "-" "Mozilla/5.0 (Windows NT 10.0; Win64; x64) AppleWebKit/537.36 (KHTML, like Gecko) Chrome/120.0.0.0 Safari/537.36" [loc=US/Secaucus] [rt=0.001] [proto=HTTP/1.1:] [args=-] [ucs=MISS] [xpc=-] [uct=-] [gz=-] [br=-] [tls=TLSv1.3] [cipher=TLS_AES_256_GCM_SHA384] [scheme=https] [eorigin=-] welbornmedia.com welbornmedia.com vps38426.inmotionhosting.com 741
35.157.144.199 - - [16/Jun/2025:13:21:32 -0700] "HEAD / HTTP/1.1" 502 0 "https://welbornmedia.com/" "WPMUDEV Uptime Monitor 5.0 (https://wpmudev.com)" [loc=DE/Frankfurt am Main] [rt=0.001] [proto=HTTP/1.1:] [args=-] [ucs=MISS] [xpc=-] [uct=-] [gz=-] [br=-] [tls=TLSv1.3] [cipher=TLS_AES_256_GCM_SHA384] [scheme=https] [eorigin=-] welbornmedia.com welbornmedia.com vps38426.inmotionhosting.com 739
40.69.199.216 - - [16/Jun/2025:13:21:32 -0700] "GET /wp-includes/random_compat/ HTTP/1.1" 200 37122 "-" "-" [loc=IE/Dublin] [rt=0.041] [proto=HTTP/1.1:] [args=-] [ucs=-] [xpc=-] [uct=0.000] [gz=-] [br=-] [tls=-] [cipher=-] [scheme=http] [eorigin=-] cpanel.wieeac.org cpcontacts.wieeac.org vps38426.inmotionhosting.com 596
40.69.199.216 - - [16/Jun/2025:13:21:32 -0700] "GET /wp-includes/Requests/ HTTP/1.1" 200 37117 "-" "-" [loc=IE/Dublin] [rt=0.043] [proto=HTTP/1.1:] [args=-] [ucs=-] [xpc=-] [uct=0.000] [gz=-] [br=-] [tls=-] [cipher=-] [scheme=http] [eorigin=-] cpanel.wieeac.org cpcontacts.wieeac.org vps38426.inmotionhosting.com 596
35.157.144.199 - - [16/Jun/2025:13:21:32 -0700] "HEAD / HTTP/1.1" 502 0 "http://somersetchino.com/" "WPMUDEV Uptime Monitor 5.0 (https://wpmudev.com)" [loc=DE/Frankfurt am Main] [rt=0.000] [proto=HTTP/1.1:] [args=-] [ucs=MISS] [xpc=-] [uct=-] [gz=-] [br=-] [tls=-] [cipher=-] [scheme=http] [eorigin=-] somersetchino.com somersetchino.com vps38426.inmotionhosting.com 749
40.69.199.216 - - [16/Jun/2025:13:21:32 -0700] "GET /wp-includes/rest-api/ HTTP/1.1" 200 37117 "-" "-" [loc=IE/Dublin] [rt=0.036] [proto=HTTP/1.1:] [args=-] [ucs=-] [xpc=-] [uct=0.000] [gz=-] [br=-] [tls=-] [cipher=-] [scheme=http] [eorigin=-] cpanel.wieeac.org cpcontacts.wieeac.org vps38426.inmotionhosting.com 596
40.69.199.216 - - [16/Jun/2025:13:21:32 -0700] "GET /wp-includes/SimplePie/ HTTP/1.1" 200 37118 "-" "-" [loc=IE/Dublin] [rt=0.041] [proto=HTTP/1.1:] [args=-] [ucs=-] [xpc=-] [uct=0.000] [gz=-] [br=-] [tls=-] [cipher=-] [scheme=http] [eorigin=-] cpanel.wieeac.org cpcontacts.wieeac.org vps38426.inmotionhosting.com 596
172.121.223.241 - - [16/Jun/2025:13:21:32 -0700] "GET /robots.txt HTTP/1.1" 200 46 "https://cpcalendars.welbornmedia.com/" "Mozilla/5.0 (compatible; Konqueror/3; Linux)" [loc=US/San Jose] [rt=0.006] [proto=HTTP/1.1:] [args=-] [ucs=-] [xpc=-] [uct=0.001] [gz=-] [br=-] [tls=TLSv1.3] [cipher=TLS_AES_256_GCM_SHA384] [scheme=https] [eorigin=-] cpanel.welbornmedia.com cpcalendars.welbornmedia.com vps38426.inmotionhosting.com 751
40.69.199.216 - - [16/Jun/2025:13:21:33 -0700] "GET /wp-includes/sitemaps/ HTTP/1.1" 200 37117 "-" "-" [loc=IE/Dublin] [rt=0.040] [proto=HTTP/1.1:] [args=-] [ucs=-] [xpc=-] [uct=0.001] [gz=-] [br=-] [tls=-] [cipher=-] [scheme=http] [eorigin=-] cpanel.wieeac.org cpcontacts.wieeac.org vps38426.inmotionhosting.com 596
45.5.67.110 - - [16/Jun/2025:13:21:33 -0700] "GET /robots.txt HTTP/1.1" 502 559 "-" "Mozilla/5.0 (Windows NT 10.0; Win64; x64) AppleWebKit/537.36 (KHTML, like Gecko) Chrome/120.0.0.0 Safari/537.36" [loc=US/Secaucus] [rt=0.000] [proto=HTTP/1.1:] [args=-] [ucs=MISS] [xpc=-] [uct=-] [gz=-] [br=-] [tls=TLSv1.3] [cipher=TLS_AES_256_GCM_SHA384] [scheme=https] [eorigin=-] welbornmedia.com welbornmedia.com vps38426.inmotionhosting.com 753
40.69.199.216 - - [16/Jun/2025:13:21:33 -0700] "GET /wp-includes/sodium_compat/ HTTP/1.1" 200 37122 "-" "-" [loc=IE/Dublin] [rt=0.037] [proto=HTTP/1.1:] [args=-] [ucs=-] [xpc=-] [uct=0.000] [gz=-] [br=-] [tls=-] [cipher=-] [scheme=http] [eorigin=-] cpanel.wieeac.org cpcontacts.wieeac.org vps38426.inmotionhosting.com 596
40.69.199.216 - - [16/Jun/2025:13:21:33 -0700] "GET /wp-includes/style-engine/ HTTP/1.1" 200 37121 "-" "-" [loc=IE/Dublin] [rt=0.039] [proto=HTTP/1.1:] [args=-] [ucs=-] [xpc=-] [uct=0.000] [gz=-] [br=-] [tls=-] [cipher=-] [scheme=http] [eorigin=-] cpanel.wieeac.org cpcontacts.wieeac.org vps38426.inmotionhosting.com 596
172.121.223.241 - - [16/Jun/2025:13:21:33 -0700] "GET /?locale=es_419 HTTP/1.1" 200 12272 "-" "Mozilla/5.0 (compatible; Konqueror/3; Linux)" [loc=US/San Jose] [rt=0.099] [proto=HTTP/1.1:] [args=locale=es_419] [ucs=-] [xpc=-] [uct=0.000] [gz=-] [br=-] [tls=TLSv1.3] [cipher=TLS_AES_256_GCM_SHA384] [scheme=https] [eorigin=-] cpanel.welbornmedia.com cpcalendars.welbornmedia.com vps38426.inmotionhosting.com 758
40.69.199.216 - - [16/Jun/2025:13:21:33 -0700] "GET /wp-includes/Text/ HTTP/1.1" 200 37113 "-" "-" [loc=IE/Dublin] [rt=0.038] [proto=HTTP/1.1:] [args=-] [ucs=-] [xpc=-] [uct=0.000] [gz=-] [br=-] [tls=-] [cipher=-] [scheme=http] [eorigin=-] cpanel.wieeac.org cpcontacts.wieeac.org vps38426.inmotionhosting.com 596
45.5.67.110 - - [16/Jun/2025:13:21:33 -0700] "GET /robots.txt HTTP/1.1" 502 559 "-" "Mozilla/5.0 (Windows NT 10.0; Win64; x64) AppleWebKit/537.36 (KHTML, like Gecko) Chrome/120.0.0.0 Safari/537.36" [loc=US/Secaucus] [rt=0.000] [proto=HTTP/1.1:] [args=-] [ucs=MISS] [xpc=-] [uct=-] [gz=-] [br=-] [tls=TLSv1.3] [cipher=TLS_AES_256_GCM_SHA384] [scheme=https] [eorigin=-] welbornmedia.com welbornmedia.com vps38426.inmotionhosting.com 762
40.69.199.216 - - [16/Jun/2025:13:21:33 -0700] "GET /wp-includes/theme-compat/ HTTP/1.1" 200 37121 "-" "-" [loc=IE/Dublin] [rt=0.036] [proto=HTTP/1.1:] [args=-] [ucs=-] [xpc=-] [uct=0.000] [gz=-] [br=-] [tls=-] [cipher=-] [scheme=http] [eorigin=-] cpanel.wieeac.org cpcontacts.wieeac.org vps38426.inmotionhosting.com 596
40.69.199.216 - - [16/Jun/2025:13:21:33 -0700] "GET /wp-includes/widgets/ HTTP/1.1" 200 37116 "-" "-" [loc=IE/Dublin] [rt=0.037] [proto=HTTP/1.1:] [args=-] [ucs=-] [xpc=-] [uct=0.000] [gz=-] [br=-] [tls=-] [cipher=-] [scheme=http] [eorigin=-] cpanel.wieeac.org cpcontacts.wieeac.org vps38426.inmotionhosting.com 596
40.69.199.216 - - [16/Jun/2025:13:21:34 -0700] "GET /wp-admin/css/colors/ectoplasm/ HTTP/1.1" 200 37126 "-" "-" [loc=IE/Dublin] [rt=0.047] [proto=HTTP/1.1:] [args=-] [ucs=-] [xpc=-] [uct=0.000] [gz=-] [br=-] [tls=-] [cipher=-] [scheme=http] [eorigin=-] cpanel.wieeac.org cpcontacts.wieeac.org vps38426.inmotionhosting.com 596
172.121.223.241 - - [16/Jun/2025:13:21:34 -0700] "GET /robots.txt HTTP/1.1" 200 46 "https://cpcalendars.welbornmedia.com/?locale=es_419" "Mozilla/5.0 (compatible; Konqueror/3; Linux)" [loc=US/San Jose] [rt=0.005] [proto=HTTP/1.1:] [args=-] [ucs=-] [xpc=-] [uct=0.001] [gz=-] [br=-] [tls=TLSv1.3] [cipher=TLS_AES_256_GCM_SHA384] [scheme=https] [eorigin=-] cpanel.welbornmedia.com cpcalendars.welbornmedia.com vps38426.inmotionhosting.com 767
40.69.199.216 - - [16/Jun/2025:13:21:34 -0700] "GET /wp-admin/css/colors/ HTTP/1.1" 200 37116 "-" "-" [loc=IE/Dublin] [rt=0.040] [proto=HTTP/1.1:] [args=-] [ucs=-] [xpc=-] [uct=0.000] [gz=-] [br=-] [tls=-] [cipher=-] [scheme=http] [eorigin=-] cpanel.wieeac.org cpcontacts.wieeac.org vps38426.inmotionhosting.com 596
45.5.67.110 - - [16/Jun/2025:13:21:34 -0700] "GET /robots.txt HTTP/1.1" 502 559 "-" "Mozilla/5.0 (Windows NT 10.0; Win64; x64) AppleWebKit/537.36 (KHTML, like Gecko) Chrome/120.0.0.0 Safari/537.36" [loc=US/Secaucus] [rt=0.001] [proto=HTTP/1.1:] [args=-] [ucs=MISS] [xpc=-] [uct=-] [gz=-] [br=-] [tls=TLSv1.3] [cipher=TLS_AES_256_GCM_SHA384] [scheme=https] [eorigin=-] welbornmedia.com welbornmedia.com vps38426.inmotionhosting.com 769
40.69.199.216 - - [16/Jun/2025:13:21:34 -0700] "GET /admin/images/slider/ HTTP/1.1" 200 37116 "-" "-" [loc=IE/Dublin] [rt=0.041] [proto=HTTP/1.1:] [args=-] [ucs=-] [xpc=-] [uct=0.000] [gz=-] [br=-] [tls=-] [cipher=-] [scheme=http] [eorigin=-] cpanel.wieeac.org cpcontacts.wieeac.org vps38426.inmotionhosting.com 596
40.69.199.216 - - [16/Jun/2025:13:21:34 -0700] "GET /admin/fckeditor/editor/filemanager/ HTTP/1.1" 200 37131 "-" "-" [loc=IE/Dublin] [rt=0.039] [proto=HTTP/1.1:] [args=-] [ucs=-] [xpc=-] [uct=0.001] [gz=-] [br=-] [tls=-] [cipher=-] [scheme=http] [eorigin=-] cpanel.wieeac.org cpcontacts.wieeac.org vps38426.inmotionhosting.com 596
172.121.223.241 - - [16/Jun/2025:13:21:34 -0700] "GET /?locale=pt HTTP/1.1" 200 12137 "-" "Mozilla/5.0 (compatible; Konqueror/3; Linux)" [loc=US/San Jose] [rt=0.047] [proto=HTTP/1.1:] [args=locale=pt] [ucs=-] [xpc=-] [uct=0.000] [gz=-] [br=-] [tls=TLSv1.3] [cipher=TLS_AES_256_GCM_SHA384] [scheme=https] [eorigin=-] cpanel.welbornmedia.com cpcalendars.welbornmedia.com vps38426.inmotionhosting.com 774
40.69.199.216 - - [16/Jun/2025:13:21:34 -0700] "GET /sites/default/files/ HTTP/1.1" 200 37116 "-" "-" [loc=IE/Dublin] [rt=0.035] [proto=HTTP/1.1:] [args=-] [ucs=-] [xpc=-] [uct=0.001] [gz=-] [br=-] [tls=-] [cipher=-] [scheme=http] [eorigin=-] cpanel.wieeac.org cpcontacts.wieeac.org vps38426.inmotionhosting.com 596
40.69.199.216 - - [16/Jun/2025:13:21:34 -0700] "GET /admin/controller/extension/extension/ HTTP/1.1" 200 37133 "-" "-" [loc=IE/Dublin] [rt=0.035] [proto=HTTP/1.1:] [args=-] [ucs=-] [xpc=-] [uct=0.001] [gz=-] [br=-] [tls=-] [cipher=-] [scheme=http] [eorigin=-] cpanel.wieeac.org cpcontacts.wieeac.org vps38426.inmotionhosting.com 596
45.5.67.110 - - [16/Jun/2025:13:21:35 -0700] "GET /robots.txt HTTP/1.1" 502 559 "-" "Mozilla/5.0 (Windows NT 10.0; Win64; x64) AppleWebKit/537.36 (KHTML, like Gecko) Chrome/120.0.0.0 Safari/537.36" [loc=US/Secaucus] [rt=0.001] [proto=HTTP/1.1:] [args=-] [ucs=MISS] [xpc=-] [uct=-] [gz=-] [br=-] [tls=TLSv1.3] [cipher=TLS_AES_256_GCM_SHA384] [scheme=https] [eorigin=-] welbornmedia.com welbornmedia.com vps38426.inmotionhosting.com 777
40.69.199.216 - - [16/Jun/2025:13:21:35 -0700] "GET /modules/mod_simplefileuploadv1.3/elements/ HTTP/1.1" 200 37138 "-" "-" [loc=IE/Dublin] [rt=0.041] [proto=HTTP/1.1:] [args=-] [ucs=-] [xpc=-] [uct=0.000] [gz=-] [br=-] [tls=-] [cipher=-] [scheme=http] [eorigin=-] cpanel.wieeac.org cpcontacts.wieeac.org vps38426.inmotionhosting.com 596
40.69.199.216 - - [16/Jun/2025:13:21:35 -0700] "GET /components/ HTTP/1.1" 200 37107 "-" "-" [loc=IE/Dublin] [rt=0.050] [proto=HTTP/1.1:] [args=-] [ucs=-] [xpc=-] [uct=0.000] [gz=-] [br=-] [tls=-] [cipher=-] [scheme=http] [eorigin=-] cpanel.wieeac.org cpcontacts.wieeac.org vps38426.inmotionhosting.com 596
172.121.223.241 - - [16/Jun/2025:13:21:35 -0700] "GET /robots.txt HTTP/1.1" 200 46 "https://cpcalendars.welbornmedia.com/?locale=pt" "Mozilla/5.0 (compatible; Konqueror/3; Linux)" [loc=US/San Jose] [rt=0.005] [proto=HTTP/1.1:] [args=-] [ucs=-] [xpc=-] [uct=0.000] [gz=-] [br=-] [tls=TLSv1.3] [cipher=TLS_AES_256_GCM_SHA384] [scheme=https] [eorigin=-] cpanel.welbornmedia.com cpcalendars.welbornmedia.com vps38426.inmotionhosting.com 782
40.69.199.216 - - [16/Jun/2025:13:21:35 -0700] "GET /admin/uploads/images/ HTTP/1.1" 200 37117 "-" "-" [loc=IE/Dublin] [rt=0.037] [proto=HTTP/1.1:] [args=-] [ucs=-] [xpc=-] [uct=0.000] [gz=-] [br=-] [tls=-] [cipher=-] [scheme=http] [eorigin=-] cpanel.wieeac.org cpcontacts.wieeac.org vps38426.inmotionhosting.com 596
40.69.199.216 - - [16/Jun/2025:13:21:35 -0700] "GET /wp-includes/js/ HTTP/1.1" 200 37111 "-" "-" [loc=IE/Dublin] [rt=0.035] [proto=HTTP/1.1:] [args=-] [ucs=-] [xpc=-] [uct=0.000] [gz=-] [br=-] [tls=-] [cipher=-] [scheme=http] [eorigin=-] cpanel.wieeac.org cpcontacts.wieeac.org vps38426.inmotionhosting.com 596
40.69.199.216 - - [16/Jun/2025:13:21:35 -0700] "GET /wp-includes/pomo/ HTTP/1.1" 200 37113 "-" "-" [loc=IE/Dublin] [rt=0.036] [proto=HTTP/1.1:] [args=-] [ucs=-] [xpc=-] [uct=0.000] [gz=-] [br=-] [tls=-] [cipher=-] [scheme=http] [eorigin=-] cpanel.wieeac.org cpcontacts.wieeac.org vps38426.inmotionhosting.com 596
172.121.223.241 - - [16/Jun/2025:13:21:35 -0700] "GET /?locale=id HTTP/1.1" 200 12163 "-" "Mozilla/5.0 (compatible; Konqueror/3; Linux)" [loc=US/San Jose] [rt=0.053] [proto=HTTP/1.1:] [args=locale=id] [ucs=-] [xpc=-] [uct=0.000] [gz=-] [br=-] [tls=TLSv1.3] [cipher=TLS_AES_256_GCM_SHA384] [scheme=https] [eorigin=-] cpanel.welbornmedia.com cpcalendars.welbornmedia.com vps38426.inmotionhosting.com 787
40.69.199.216 - - [16/Jun/2025:13:21:35 -0700] "GET /wp-includes/rest-api/ HTTP/1.1" 200 37117 "-" "-" [loc=IE/Dublin] [rt=0.041] [proto=HTTP/1.1:] [args=-] [ucs=-] [xpc=-] [uct=0.000] [gz=-] [br=-] [tls=-] [cipher=-] [scheme=http] [eorigin=-] cpanel.wieeac.org cpcontacts.wieeac.org vps38426.inmotionhosting.com 596
40.69.199.216 - - [16/Jun/2025:13:21:36 -0700] "GET /wp-includes/widgets/ HTTP/1.1" 200 37116 "-" "-" [loc=IE/Dublin] [rt=0.036] [proto=HTTP/1.1:] [args=-] [ucs=-] [xpc=-] [uct=0.000] [gz=-] [br=-] [tls=-] [cipher=-] [scheme=http] [eorigin=-] cpanel.wieeac.org cpcontacts.wieeac.org vps38426.inmotionhosting.com 596
40.69.199.216 - - [16/Jun/2025:13:21:36 -0700] "GET /wp-admin/css/ HTTP/1.1" 200 37109 "-" "-" [loc=IE/Dublin] [rt=0.045] [proto=HTTP/1.1:] [args=-] [ucs=-] [xpc=-] [uct=0.000] [gz=-] [br=-] [tls=-] [cipher=-] [scheme=http] [eorigin=-] cpanel.wieeac.org cpcontacts.wieeac.org vps38426.inmotionhosting.com 596
40.69.199.216 - - [16/Jun/2025:13:21:36 -0700] "GET /wp-admin/ioxi-o.php HTTP/1.1" 200 37115 "-" "-" [loc=IE/Dublin] [rt=0.036] [proto=HTTP/1.1:] [args=-] [ucs=-] [xpc=-] [uct=0.000] [gz=-] [br=-] [tls=-] [cipher=-] [scheme=http] [eorigin=-] cpanel.wieeac.org cpcontacts.wieeac.org vps38426.inmotionhosting.com 596
172.121.223.241 - - [16/Jun/2025:13:21:36 -0700] "GET /robots.txt HTTP/1.1" 200 46 "https://cpcalendars.welbornmedia.com/?locale=id" "Mozilla/5.0 (compatible; Konqueror/3; Linux)" [loc=US/San Jose] [rt=0.005] [proto=HTTP/1.1:] [args=-] [ucs=-] [xpc=-] [uct=0.000] [gz=-] [br=-] [tls=TLSv1.3] [cipher=TLS_AES_256_GCM_SHA384] [scheme=https] [eorigin=-] cpanel.welbornmedia.com cpcalendars.welbornmedia.com vps38426.inmotionhosting.com 793
40.69.199.216 - - [16/Jun/2025:13:21:36 -0700] "GET /wp-admin/maint/ HTTP/1.1" 200 37111 "-" "-" [loc=IE/Dublin] [rt=0.044] [proto=HTTP/1.1:] [args=-] [ucs=-] [xpc=-] [uct=0.000] [gz=-] [br=-] [tls=-] [cipher=-] [scheme=http] [eorigin=-] cpanel.wieeac.org cpcontacts.wieeac.org vps38426.inmotionhosting.com 596
40.69.199.216 - - [16/Jun/2025:13:21:36 -0700] "GET /wp-admin/meta/ HTTP/1.1" 200 37110 "-" "-" [loc=IE/Dublin] [rt=0.037] [proto=HTTP/1.1:] [args=-] [ucs=-] [xpc=-] [uct=0.000] [gz=-] [br=-] [tls=-] [cipher=-] [scheme=http] [eorigin=-] cpanel.wieeac.org cpcontacts.wieeac.org vps38426.inmotionhosting.com 596
40.69.199.216 - - [16/Jun/2025:13:21:36 -0700] "GET /wp-admin/network/ HTTP/1.1" 200 37113 "-" "-" [loc=IE/Dublin] [rt=0.034] [proto=HTTP/1.1:] [args=-] [ucs=-] [xpc=-] [uct=0.000] [gz=-] [br=-] [tls=-] [cipher=-] [scheme=http] [eorigin=-] cpanel.wieeac.org cpcontacts.wieeac.org vps38426.inmotionhosting.com 596
172.121.223.241 - - [16/Jun/2025:13:21:37 -0700] "GET /?locale=nl HTTP/1.1" 200 12247 "-" "Mozilla/5.0 (compatible; Konqueror/3; Linux)" [loc=US/San Jose] [rt=0.053] [proto=HTTP/1.1:] [args=locale=nl] [ucs=-] [xpc=-] [uct=0.000] [gz=-] [br=-] [tls=TLSv1.3] [cipher=TLS_AES_256_GCM_SHA384] [scheme=https] [eorigin=-] cpanel.welbornmedia.com cpcalendars.welbornmedia.com vps38426.inmotionhosting.com 798
40.69.199.216 - - [16/Jun/2025:13:21:37 -0700] "GET /wp-admin/user/ HTTP/1.1" 200 37110 "-" "-" [loc=IE/Dublin] [rt=0.034] [proto=HTTP/1.1:] [args=-] [ucs=-] [xpc=-] [uct=0.000] [gz=-] [br=-] [tls=-] [cipher=-] [scheme=http] [eorigin=-] cpanel.wieeac.org cpcontacts.wieeac.org vps38426.inmotionhosting.com 596
40.69.199.216 - - [16/Jun/2025:13:21:37 -0700] "GET /wp-content/ HTTP/1.1" 200 37107 "-" "-" [loc=IE/Dublin] [rt=0.037] [proto=HTTP/1.1:] [args=-] [ucs=-] [xpc=-] [uct=0.000] [gz=-] [br=-] [tls=-] [cipher=-] [scheme=http] [eorigin=-] cpanel.wieeac.org cpcontacts.wieeac.org vps38426.inmotionhosting.com 596
40.69.199.216 - - [16/Jun/2025:13:21:37 -0700] "GET /wp-content/plugins/ HTTP/1.1" 200 37115 "-" "-" [loc=IE/Dublin] [rt=0.042] [proto=HTTP/1.1:] [args=-] [ucs=-] [xpc=-] [uct=0.000] [gz=-] [br=-] [tls=-] [cipher=-] [scheme=http] [eorigin=-] cpanel.wieeac.org cpcontacts.wieeac.org vps38426.inmotionhosting.com 596
40.69.199.216 - - [16/Jun/2025:13:21:37 -0700] "GET /wp-content/themes/ HTTP/1.1" 200 37114 "-" "-" [loc=IE/Dublin] [rt=0.034] [proto=HTTP/1.1:] [args=-] [ucs=-] [xpc=-] [uct=0.000] [gz=-] [br=-] [tls=-] [cipher=-] [scheme=http] [eorigin=-] cpanel.wieeac.org cpcontacts.wieeac.org vps38426.inmotionhosting.com 596
172.121.223.241 - - [16/Jun/2025:13:21:37 -0700] "GET /robots.txt HTTP/1.1" 200 46 "https://cpcalendars.welbornmedia.com/?locale=nl" "Mozilla/5.0 (compatible; Konqueror/3; Linux)" [loc=US/San Jose] [rt=0.005] [proto=HTTP/1.1:] [args=-] [ucs=-] [xpc=-] [uct=0.001] [gz=-] [br=-] [tls=TLSv1.3] [cipher=TLS_AES_256_GCM_SHA384] [scheme=https] [eorigin=-] cpanel.welbornmedia.com cpcalendars.welbornmedia.com vps38426.inmotionhosting.com 804
40.69.199.216 - - [16/Jun/2025:13:21:37 -0700] "GET /wp-admin/includes/ HTTP/1.1" 200 37114 "-" "-" [loc=IE/Dublin] [rt=0.038] [proto=HTTP/1.1:] [args=-] [ucs=-] [xpc=-] [uct=0.000] [gz=-] [br=-] [tls=-] [cipher=-] [scheme=http] [eorigin=-] cpanel.wieeac.org cpcontacts.wieeac.org vps38426.inmotionhosting.com 596
40.69.199.216 - - [16/Jun/2025:13:21:37 -0700] "GET /wp-admin/ HTTP/1.1" 200 37105 "-" "-" [loc=IE/Dublin] [rt=0.042] [proto=HTTP/1.1:] [args=-] [ucs=-] [xpc=-] [uct=0.000] [gz=-] [br=-] [tls=-] [cipher=-] [scheme=http] [eorigin=-] cpanel.wieeac.org cpcontacts.wieeac.org vps38426.inmotionhosting.com 596
40.69.199.216 - - [16/Jun/2025:13:21:38 -0700] "GET /wp-content/upgrade/ HTTP/1.1" 200 37115 "-" "-" [loc=IE/Dublin] [rt=0.033] [proto=HTTP/1.1:] [args=-] [ucs=-] [xpc=-] [uct=0.000] [gz=-] [br=-] [tls=-] [cipher=-] [scheme=http] [eorigin=-] cpanel.wieeac.org cpcontacts.wieeac.org vps38426.inmotionhosting.com 596
172.121.223.241 - - [16/Jun/2025:13:21:38 -0700] "GET /?locale=da HTTP/1.1" 200 12205 "-" "Mozilla/5.0 (compatible; Konqueror/3; Linux)" [loc=US/San Jose] [rt=0.099] [proto=HTTP/1.1:] [args=locale=da] [ucs=-] [xpc=-] [uct=0.001] [gz=-] [br=-] [tls=TLSv1.3] [cipher=TLS_AES_256_GCM_SHA384] [scheme=https] [eorigin=-] cpanel.welbornmedia.com cpcalendars.welbornmedia.com vps38426.inmotionhosting.com 808
172.121.223.241 - - [16/Jun/2025:13:21:38 -0700] "GET /robots.txt HTTP/1.1" 200 46 "https://cpcalendars.welbornmedia.com/?locale=da" "Mozilla/5.0 (compatible; Konqueror/3; Linux)" [loc=US/San Jose] [rt=0.004] [proto=HTTP/1.1:] [args=-] [ucs=-] [xpc=-] [uct=0.000] [gz=-] [br=-] [tls=TLSv1.3] [cipher=TLS_AES_256_GCM_SHA384] [scheme=https] [eorigin=-] cpanel.welbornmedia.com cpcalendars.welbornmedia.com vps38426.inmotionhosting.com 812
172.121.223.241 - - [16/Jun/2025:13:21:39 -0700] "GET /?locale=sv HTTP/1.1" 200 12219 "-" "Mozilla/5.0 (compatible; Konqueror/3; Linux)" [loc=US/San Jose] [rt=0.082] [proto=HTTP/1.1:] [args=locale=sv] [ucs=-] [xpc=-] [uct=0.000] [gz=-] [br=-] [tls=TLSv1.3] [cipher=TLS_AES_256_GCM_SHA384] [scheme=https] [eorigin=-] cpanel.welbornmedia.com cpcalendars.welbornmedia.com vps38426.inmotionhosting.com 814
