34.196.51.17 - - [16/Jun/2025:13:19:05 -0700] "HEAD / HTTP/1.1" 502 0 "http://somersetchino.com/" "WPMUDEV Uptime Monitor 5.0 (https://wpmudev.com)" [loc=US/Ashburn] [rt=0.000] [proto=HTTP/1.1:] [args=-] [ucs=MISS] [xpc=-] [uct=-] [gz=-] [br=-] [tls=-] [cipher=-] [scheme=http] [eorigin=-] somersetchino.com somersetchino.com vps38426.inmotionhosting.com 486
47.82.60.57 - - [16/Jun/2025:13:19:05 -0700] "GET / HTTP/1.1" 502 559 "https://aace.care/" "Mozilla/5.0 (Windows NT 10.0; Win64; x64) AppleWebKit/537.36 (KHTML, like Gecko) Chrome/114.0.0.0 Safari/537.36 Edg/114.0.1823.43" [loc=US/San Mateo] [rt=0.000] [proto=HTTP/1.1:] [args=-] [ucs=MISS] [xpc=-] [uct=-] [gz=-] [br=-] [tls=TLSv1.3] [cipher=TLS_AES_256_GCM_SHA384] [scheme=https] [eorigin=-] aace.care.welbornwebsites.com aace.care vps38426.inmotionhosting.com 485
34.196.51.17 - - [16/Jun/2025:13:19:06 -0700] "HEAD / HTTP/1.1" 502 0 "https://welbornmedia.com/" "WPMUDEV Uptime Monitor 5.0 (https://wpmudev.com)" [loc=US/Ashburn] [rt=0.001] [proto=HTTP/1.1:] [args=-] [ucs=MISS] [xpc=-] [uct=-] [gz=-] [br=-] [tls=TLSv1.3] [cipher=TLS_AES_256_GCM_SHA384] [scheme=https] [eorigin=-] welbornmedia.com welbornmedia.com vps38426.inmotionhosting.com 488
34.196.51.17 - - [16/Jun/2025:13:19:06 -0700] "HEAD / HTTP/1.1" 200 0 "https://19thholemedia.com/" "WPMUDEV Uptime Monitor 5.0 (https://wpmudev.com)" [loc=US/Ashburn] [rt=0.001] [proto=HTTP/1.1:] [args=-] [ucs=STALE] [xpc=STALE] [uct=-] [gz=-] [br=-] [tls=TLSv1.3] [cipher=TLS_AES_256_GCM_SHA384] [scheme=https] [eorigin=-] 19thholemedia.com 19thholemedia.com vps38426.inmotionhosting.com 489
35.157.144.199 - - [16/Jun/2025:13:19:08 -0700] "HEAD / HTTP/1.1" 502 0 "http://somersetchino.com/" "WPMUDEV Uptime Monitor 5.0 (https://wpmudev.com)" [loc=DE/Frankfurt am Main] [rt=0.001] [proto=HTTP/1.1:] [args=-] [ucs=MISS] [xpc=-] [uct=-] [gz=-] [br=-] [tls=-] [cipher=-] [scheme=http] [eorigin=-] somersetchino.com somersetchino.com vps38426.inmotionhosting.com 493
66.249.79.5 - - [16/Jun/2025:13:19:10 -0700] "GET /category/episode-064-pinterest-and-seo-host-of-oh-so-pinteresting-podcast-cynthia-sanchez/feed/ HTTP/1.1" 502 157 "-" "Mozilla/5.0 (compatible; Googlebot/2.1; +http://www.google.com/bot.html)" [loc=US/Mountain View] [rt=0.001] [proto=HTTP/1.1:] [args=-] [ucs=MISS] [xpc=-] [uct=-] [gz=-] [br=-] [tls=TLSv1.3] [cipher=TLS_AES_256_GCM_SHA384] [scheme=https] [eorigin=-] definingsuccesspodcast.com definingsuccesspodcast.com vps38426.inmotionhosting.com 454
35.157.144.199 - - [16/Jun/2025:13:19:11 -0700] "HEAD / HTTP/1.1" 502 0 "https://welbornmedia.com/" "WPMUDEV Uptime Monitor 5.0 (https://wpmudev.com)" [loc=DE/Frankfurt am Main] [rt=0.000] [proto=HTTP/1.1:] [args=-] [ucs=MISS] [xpc=-] [uct=-] [gz=-] [br=-] [tls=TLSv1.3] [cipher=TLS_AES_256_GCM_SHA384] [scheme=https] [eorigin=-] welbornmedia.com welbornmedia.com vps38426.inmotionhosting.com 496
66.249.79.5 - - [16/Jun/2025:13:19:15 -0700] "GET /category/episode-81-twitter-and-relationship-building-john-sparks-owner-of-online-imageworks/feed/ HTTP/1.1" 502 157 "-" "Mozilla/5.0 (compatible; Googlebot/2.1; +http://www.google.com/bot.html)" [loc=US/Mountain View] [rt=0.000] [proto=HTTP/1.1:] [args=-] [ucs=MISS] [xpc=-] [uct=-] [gz=-] [br=-] [tls=TLSv1.3] [cipher=TLS_AES_256_GCM_SHA384] [scheme=https] [eorigin=-] definingsuccesspodcast.com definingsuccesspodcast.com vps38426.inmotionhosting.com 454
34.174.218.0 - - [16/Jun/2025:13:19:18 -0700] "GET /wp-content/uploads/2016/01/GolfChat-300x52.jpg HTTP/1.1" 200 10586 "-" "Mozilla/5.0 (Windows NT 10.0; Win64; x64) AppleWebKit/537.36 (KHTML, like Gecko) Chrome/123.0.0.0 Safari/537.36 Edg/123.0.0.0" [loc=US/Houston] [rt=0.000] [proto=HTTP/1.1:] [args=-] [ucs=-] [xpc=STATIC/TYPE] [uct=-] [gz=-] [br=-] [tls=-] [cipher=-] [scheme=http] [eorigin=-] golfchat.org www.golfchat.org vps38426.inmotionhosting.com 499
66.249.79.5 - - [16/Jun/2025:13:19:24 -0700] "GET /category/episode-070-dont-let-your-ego-get-in-the-way-virgil-herring-author-of-the-golf-journal/feed/ HTTP/1.1" 502 157 "-" "Mozilla/5.0 (compatible; Googlebot/2.1; +http://www.google.com/bot.html)" [loc=US/Mountain View] [rt=0.000] [proto=HTTP/1.1:] [args=-] [ucs=MISS] [xpc=-] [uct=-] [gz=-] [br=-] [tls=TLSv1.3] [cipher=TLS_AES_256_GCM_SHA384] [scheme=https] [eorigin=-] definingsuccesspodcast.com definingsuccesspodcast.com vps38426.inmotionhosting.com 454
66.249.79.5 - - [16/Jun/2025:13:19:26 -0700] "GET /category/episode-031-everyone-has-a-success-story-rey-ybarra-author-of-conversations-with-shark-tank-winners/feed/ HTTP/1.1" 502 157 "-" "Mozilla/5.0 (compatible; Googlebot/2.1; +http://www.google.com/bot.html)" [loc=US/Mountain View] [rt=0.000] [proto=HTTP/1.1:] [args=-] [ucs=MISS] [xpc=-] [uct=-] [gz=-] [br=-] [tls=TLSv1.3] [cipher=TLS_AES_256_GCM_SHA384] [scheme=https] [eorigin=-] definingsuccesspodcast.com definingsuccesspodcast.com vps38426.inmotionhosting.com 454
66.249.79.5 - - [16/Jun/2025:13:19:28 -0700] "GET /category/episode-033-be-of-service-to-others-chris-brogan-from-human-business-works/feed/ HTTP/1.1" 502 157 "-" "Mozilla/5.0 (compatible; Googlebot/2.1; +http://www.google.com/bot.html)" [loc=US/Mountain View] [rt=0.000] [proto=HTTP/1.1:] [args=-] [ucs=MISS] [xpc=-] [uct=-] [gz=-] [br=-] [tls=TLSv1.3] [cipher=TLS_AES_256_GCM_SHA384] [scheme=https] [eorigin=-] definingsuccesspodcast.com definingsuccesspodcast.com vps38426.inmotionhosting.com 454
66.249.79.5 - - [16/Jun/2025:13:19:30 -0700] "GET /category/episode-067-the-learning-experience-fred-shoemaker-from-extraordinary-golf/feed/ HTTP/1.1" 502 157 "-" "Mozilla/5.0 (compatible; Googlebot/2.1; +http://www.google.com/bot.html)" [loc=US/Mountain View] [rt=0.000] [proto=HTTP/1.1:] [args=-] [ucs=MISS] [xpc=-] [uct=-] [gz=-] [br=-] [tls=TLSv1.3] [cipher=TLS_AES_256_GCM_SHA384] [scheme=https] [eorigin=-] definingsuccesspodcast.com definingsuccesspodcast.com vps38426.inmotionhosting.com 454
52.66.169.57 - - [16/Jun/2025:13:19:32 -0700] "GET / HTTP/1.1" 502 559 "-" "Mozilla/5.0 (Windows NT 10.0; Win64; x64) AppleWebKit/537.36 (KHTML, like Gecko) Chrome/80.0.3987.149 Safari/537.36" [loc=IN/Mumbai] [rt=0.000] [proto=HTTP/1.1:] [args=-] [ucs=MISS] [xpc=-] [uct=-] [gz=-] [br=-] [tls=-] [cipher=-] [scheme=http] [eorigin=-] chinorotary.welbornweb.com chinorotary.org vps38426.inmotionhosting.com 505
66.249.79.5 - - [16/Jun/2025:13:19:32 -0700] "GET /feed/ HTTP/1.1" 200 125524 "-" "Mozilla/5.0 (compatible; Googlebot/2.1; +http://www.google.com/bot.html)" [loc=US/Mountain View] [rt=0.073] [proto=HTTP/1.1:] [args=-] [ucs=STALE] [xpc=STALE] [uct=-] [gz=-] [br=-] [tls=TLSv1.3] [cipher=TLS_AES_256_GCM_SHA384] [scheme=https] [eorigin=-] definingsuccesspodcast.com definingsuccesspodcast.com vps38426.inmotionhosting.com 454
52.66.169.57 - - [16/Jun/2025:13:19:32 -0700] "GET / HTTP/1.1" 502 559 "-" "Mozilla/5.0 (Windows NT 10.0; Win64; x64) AppleWebKit/537.36 (KHTML, like Gecko) Chrome/80.0.3987.149 Safari/537.36" [loc=IN/Mumbai] [rt=0.272] [proto=HTTP/1.1:] [args=-] [ucs=MISS] [xpc=-] [uct=-] [gz=-] [br=-] [tls=-] [cipher=-] [scheme=http] [eorigin=-] chinorotary.welbornweb.com chinorotary.org vps38426.inmotionhosting.com 505
52.66.169.57 - - [16/Jun/2025:13:19:32 -0700] "GET /wp-includes/wlwmanifest.xml HTTP/1.1" 502 559 "-" "Mozilla/5.0 (Windows NT 10.0; Win64; x64) AppleWebKit/537.36 (KHTML, like Gecko) Chrome/80.0.3987.149 Safari/537.36" [loc=IN/Mumbai] [rt=0.263] [proto=HTTP/1.1:] [args=-] [ucs=MISS] [xpc=-] [uct=-] [gz=-] [br=-] [tls=-] [cipher=-] [scheme=http] [eorigin=-] chinorotary.welbornweb.com chinorotary.org vps38426.inmotionhosting.com 505
52.66.169.57 - - [16/Jun/2025:13:19:32 -0700] "GET /xmlrpc.php?rsd HTTP/1.1" 502 559 "-" "Mozilla/5.0 (Windows NT 10.0; Win64; x64) AppleWebKit/537.36 (KHTML, like Gecko) Chrome/80.0.3987.149 Safari/537.36" [loc=IN/Mumbai] [rt=0.316] [proto=HTTP/1.1:] [args=rsd] [ucs=BYPASS] [xpc=-] [uct=-] [gz=-] [br=-] [tls=-] [cipher=-] [scheme=http] [eorigin=-] chinorotary.welbornweb.com chinorotary.org vps38426.inmotionhosting.com 505
52.66.169.57 - - [16/Jun/2025:13:19:33 -0700] "GET / HTTP/1.1" 502 559 "-" "Mozilla/5.0 (Windows NT 10.0; Win64; x64) AppleWebKit/537.36 (KHTML, like Gecko) Chrome/80.0.3987.149 Safari/537.36" [loc=IN/Mumbai] [rt=0.262] [proto=HTTP/1.1:] [args=-] [ucs=MISS] [xpc=-] [uct=-] [gz=-] [br=-] [tls=-] [cipher=-] [scheme=http] [eorigin=-] chinorotary.welbornweb.com chinorotary.org vps38426.inmotionhosting.com 505
52.66.169.57 - - [16/Jun/2025:13:19:33 -0700] "GET /blog/wp-includes/wlwmanifest.xml HTTP/1.1" 502 559 "-" "Mozilla/5.0 (Windows NT 10.0; Win64; x64) AppleWebKit/537.36 (KHTML, like Gecko) Chrome/80.0.3987.149 Safari/537.36" [loc=IN/Mumbai] [rt=0.263] [proto=HTTP/1.1:] [args=-] [ucs=MISS] [xpc=-] [uct=-] [gz=-] [br=-] [tls=-] [cipher=-] [scheme=http] [eorigin=-] chinorotary.welbornweb.com chinorotary.org vps38426.inmotionhosting.com 505
52.66.169.57 - - [16/Jun/2025:13:19:33 -0700] "GET /web/wp-includes/wlwmanifest.xml HTTP/1.1" 502 559 "-" "Mozilla/5.0 (Windows NT 10.0; Win64; x64) AppleWebKit/537.36 (KHTML, like Gecko) Chrome/80.0.3987.149 Safari/537.36" [loc=IN/Mumbai] [rt=0.262] [proto=HTTP/1.1:] [args=-] [ucs=MISS] [xpc=-] [uct=-] [gz=-] [br=-] [tls=-] [cipher=-] [scheme=http] [eorigin=-] chinorotary.welbornweb.com chinorotary.org vps38426.inmotionhosting.com 505
52.66.169.57 - - [16/Jun/2025:13:19:34 -0700] "GET /wordpress/wp-includes/wlwmanifest.xml HTTP/1.1" 502 559 "-" "Mozilla/5.0 (Windows NT 10.0; Win64; x64) AppleWebKit/537.36 (KHTML, like Gecko) Chrome/80.0.3987.149 Safari/537.36" [loc=IN/Mumbai] [rt=0.263] [proto=HTTP/1.1:] [args=-] [ucs=MISS] [xpc=-] [uct=-] [gz=-] [br=-] [tls=-] [cipher=-] [scheme=http] [eorigin=-] chinorotary.welbornweb.com chinorotary.org vps38426.inmotionhosting.com 505
52.66.169.57 - - [16/Jun/2025:13:19:34 -0700] "GET /website/wp-includes/wlwmanifest.xml HTTP/1.1" 502 559 "-" "Mozilla/5.0 (Windows NT 10.0; Win64; x64) AppleWebKit/537.36 (KHTML, like Gecko) Chrome/80.0.3987.149 Safari/537.36" [loc=IN/Mumbai] [rt=0.262] [proto=HTTP/1.1:] [args=-] [ucs=MISS] [xpc=-] [uct=-] [gz=-] [br=-] [tls=-] [cipher=-] [scheme=http] [eorigin=-] chinorotary.welbornweb.com chinorotary.org vps38426.inmotionhosting.com 505
52.66.169.57 - - [16/Jun/2025:13:19:34 -0700] "GET /wp/wp-includes/wlwmanifest.xml HTTP/1.1" 502 559 "-" "Mozilla/5.0 (Windows NT 10.0; Win64; x64) AppleWebKit/537.36 (KHTML, like Gecko) Chrome/80.0.3987.149 Safari/537.36" [loc=IN/Mumbai] [rt=0.263] [proto=HTTP/1.1:] [args=-] [ucs=MISS] [xpc=-] [uct=-] [gz=-] [br=-] [tls=-] [cipher=-] [scheme=http] [eorigin=-] chinorotary.welbornweb.com chinorotary.org vps38426.inmotionhosting.com 505
52.66.169.57 - - [16/Jun/2025:13:19:34 -0700] "GET /news/wp-includes/wlwmanifest.xml HTTP/1.1" 502 559 "-" "Mozilla/5.0 (Windows NT 10.0; Win64; x64) AppleWebKit/537.36 (KHTML, like Gecko) Chrome/80.0.3987.149 Safari/537.36" [loc=IN/Mumbai] [rt=0.262] [proto=HTTP/1.1:] [args=-] [ucs=MISS] [xpc=-] [uct=-] [gz=-] [br=-] [tls=-] [cipher=-] [scheme=http] [eorigin=-] chinorotary.welbornweb.com chinorotary.org vps38426.inmotionhosting.com 505
52.66.169.57 - - [16/Jun/2025:13:19:35 -0700] "GET /2018/wp-includes/wlwmanifest.xml HTTP/1.1" 502 559 "-" "Mozilla/5.0 (Windows NT 10.0; Win64; x64) AppleWebKit/537.36 (KHTML, like Gecko) Chrome/80.0.3987.149 Safari/537.36" [loc=IN/Mumbai] [rt=0.264] [proto=HTTP/1.1:] [args=-] [ucs=MISS] [xpc=-] [uct=-] [gz=-] [br=-] [tls=-] [cipher=-] [scheme=http] [eorigin=-] chinorotary.welbornweb.com chinorotary.org vps38426.inmotionhosting.com 505
52.66.169.57 - - [16/Jun/2025:13:19:35 -0700] "GET /2019/wp-includes/wlwmanifest.xml HTTP/1.1" 502 559 "-" "Mozilla/5.0 (Windows NT 10.0; Win64; x64) AppleWebKit/537.36 (KHTML, like Gecko) Chrome/80.0.3987.149 Safari/537.36" [loc=IN/Mumbai] [rt=0.263] [proto=HTTP/1.1:] [args=-] [ucs=MISS] [xpc=-] [uct=-] [gz=-] [br=-] [tls=-] [cipher=-] [scheme=http] [eorigin=-] chinorotary.welbornweb.com chinorotary.org vps38426.inmotionhosting.com 505
178.20.45.128 - - [16/Jun/2025:13:19:35 -0700] "GET /do-golfers-use-social-media/?unapproved=563948&moderation-hash=ba13fdf9d1a3ca95251aa574b85ce713 HTTP/1.0" 502 559 "https://welbornmedia.com/do-golfers-use-social-media/?unapproved=563948&moderation-hash=ba13fdf9d1a3ca95251aa574b85ce713#comment-563948" "Mozilla/5.0 (Windows NT 10.0; Win64; x64) AppleWebKit/537.36 (KHTML, like Gecko) Chrome/131.0.0.0 Safari/537.36 Avast/131.0.0.0" [loc=RU/-] [rt=0.000] [proto=HTTP/1.0:] [args=unapproved=563948&moderation-hash=ba13fdf9d1a3ca95251aa574b85ce713] [ucs=MISS] [xpc=-] [uct=-] [gz=-] [br=-] [tls=TLSv1.2] [cipher=ECDHE-RSA-AES256-GCM-SHA384] [scheme=https] [eorigin=-] welbornmedia.com welbornmedia.com vps38426.inmotionhosting.com 517
52.66.169.57 - - [16/Jun/2025:13:19:35 -0700] "GET /shop/wp-includes/wlwmanifest.xml HTTP/1.1" 502 559 "-" "Mozilla/5.0 (Windows NT 10.0; Win64; x64) AppleWebKit/537.36 (KHTML, like Gecko) Chrome/80.0.3987.149 Safari/537.36" [loc=IN/Mumbai] [rt=0.263] [proto=HTTP/1.1:] [args=-] [ucs=MISS] [xpc=-] [uct=-] [gz=-] [br=-] [tls=-] [cipher=-] [scheme=http] [eorigin=-] chinorotary.welbornweb.com chinorotary.org vps38426.inmotionhosting.com 505
52.66.169.57 - - [16/Jun/2025:13:19:35 -0700] "GET /wp1/wp-includes/wlwmanifest.xml HTTP/1.1" 502 559 "-" "Mozilla/5.0 (Windows NT 10.0; Win64; x64) AppleWebKit/537.36 (KHTML, like Gecko) Chrome/80.0.3987.149 Safari/537.36" [loc=IN/Mumbai] [rt=0.262] [proto=HTTP/1.1:] [args=-] [ucs=MISS] [xpc=-] [uct=-] [gz=-] [br=-] [tls=-] [cipher=-] [scheme=http] [eorigin=-] chinorotary.welbornweb.com chinorotary.org vps38426.inmotionhosting.com 505
178.20.45.128 - - [16/Jun/2025:13:19:36 -0700] "GET / HTTP/1.0" 502 559 "https://welbornmedia.com/" "Mozilla/5.0 (Windows NT 10.0; Win64; x64) AppleWebKit/537.36 (KHTML, like Gecko) Chrome/131.0.0.0 Safari/537.36 Avast/131.0.0.0" [loc=RU/-] [rt=0.000] [proto=HTTP/1.0:] [args=-] [ucs=MISS] [xpc=-] [uct=-] [gz=-] [br=-] [tls=TLSv1.2] [cipher=ECDHE-RSA-AES256-GCM-SHA384] [scheme=https] [eorigin=-] welbornmedia.com welbornmedia.com vps38426.inmotionhosting.com 522
52.66.169.57 - - [16/Jun/2025:13:19:36 -0700] "GET /test/wp-includes/wlwmanifest.xml HTTP/1.1" 502 559 "-" "Mozilla/5.0 (Windows NT 10.0; Win64; x64) AppleWebKit/537.36 (KHTML, like Gecko) Chrome/80.0.3987.149 Safari/537.36" [loc=IN/Mumbai] [rt=0.263] [proto=HTTP/1.1:] [args=-] [ucs=MISS] [xpc=-] [uct=-] [gz=-] [br=-] [tls=-] [cipher=-] [scheme=http] [eorigin=-] chinorotary.welbornweb.com chinorotary.org vps38426.inmotionhosting.com 505
52.66.169.57 - - [16/Jun/2025:13:19:36 -0700] "GET /media/wp-includes/wlwmanifest.xml HTTP/1.1" 502 559 "-" "Mozilla/5.0 (Windows NT 10.0; Win64; x64) AppleWebKit/537.36 (KHTML, like Gecko) Chrome/80.0.3987.149 Safari/537.36" [loc=IN/Mumbai] [rt=0.262] [proto=HTTP/1.1:] [args=-] [ucs=MISS] [xpc=-] [uct=-] [gz=-] [br=-] [tls=-] [cipher=-] [scheme=http] [eorigin=-] chinorotary.welbornweb.com chinorotary.org vps38426.inmotionhosting.com 505
52.66.169.57 - - [16/Jun/2025:13:19:36 -0700] "GET /wp2/wp-includes/wlwmanifest.xml HTTP/1.1" 502 559 "-" "Mozilla/5.0 (Windows NT 10.0; Win64; x64) AppleWebKit/537.36 (KHTML, like Gecko) Chrome/80.0.3987.149 Safari/537.36" [loc=IN/Mumbai] [rt=0.263] [proto=HTTP/1.1:] [args=-] [ucs=MISS] [xpc=-] [uct=-] [gz=-] [br=-] [tls=-] [cipher=-] [scheme=http] [eorigin=-] chinorotary.welbornweb.com chinorotary.org vps38426.inmotionhosting.com 505
52.66.169.57 - - [16/Jun/2025:13:19:36 -0700] "GET /site/wp-includes/wlwmanifest.xml HTTP/1.1" 502 559 "-" "Mozilla/5.0 (Windows NT 10.0; Win64; x64) AppleWebKit/537.36 (KHTML, like Gecko) Chrome/80.0.3987.149 Safari/537.36" [loc=IN/Mumbai] [rt=0.340] [proto=HTTP/1.1:] [args=-] [ucs=MISS] [xpc=-] [uct=-] [gz=-] [br=-] [tls=-] [cipher=-] [scheme=http] [eorigin=-] chinorotary.welbornweb.com chinorotary.org vps38426.inmotionhosting.com 505
52.66.169.57 - - [16/Jun/2025:13:19:37 -0700] "GET /cms/wp-includes/wlwmanifest.xml HTTP/1.1" 502 559 "-" "Mozilla/5.0 (Windows NT 10.0; Win64; x64) AppleWebKit/537.36 (KHTML, like Gecko) Chrome/80.0.3987.149 Safari/537.36" [loc=IN/Mumbai] [rt=0.262] [proto=HTTP/1.1:] [args=-] [ucs=MISS] [xpc=-] [uct=-] [gz=-] [br=-] [tls=-] [cipher=-] [scheme=http] [eorigin=-] chinorotary.welbornweb.com chinorotary.org vps38426.inmotionhosting.com 505
52.66.169.57 - - [16/Jun/2025:13:19:37 -0700] "GET /sito/wp-includes/wlwmanifest.xml HTTP/1.1" 502 559 "-" "Mozilla/5.0 (Windows NT 10.0; Win64; x64) AppleWebKit/537.36 (KHTML, like Gecko) Chrome/80.0.3987.149 Safari/537.36" [loc=IN/Mumbai] [rt=0.263] [proto=HTTP/1.1:] [args=-] [ucs=MISS] [xpc=-] [uct=-] [gz=-] [br=-] [tls=-] [cipher=-] [scheme=http] [eorigin=-] chinorotary.welbornweb.com chinorotary.org vps38426.inmotionhosting.com 505
52.66.169.57 - - [16/Jun/2025:13:19:37 -0700] "" 400 0 "-" "-" [loc=IN/Mumbai] [rt=0.262] [proto=-:] [args=-] [ucs=-] [xpc=-] [uct=-] [gz=-] [br=-] [tls=-] [cipher=-] [scheme=http] [eorigin=-] _ - vps38426.inmotionhosting.com 505
66.249.79.8 - - [16/Jun/2025:13:19:41 -0700] "GET /category/episode-99-going-after-your-goals-jake-bramante-founder-of-hike734-com-and-national-park-guide-creator/feed/ HTTP/1.1" 502 157 "-" "Mozilla/5.0 (compatible; Googlebot/2.1; +http://www.google.com/bot.html)" [loc=US/Mountain View] [rt=0.000] [proto=HTTP/1.1:] [args=-] [ucs=MISS] [xpc=-] [uct=-] [gz=-] [br=-] [tls=-] [cipher=-] [scheme=http] [eorigin=-] definingsuccesspodcast.com definingsuccesspodcast.com vps38426.inmotionhosting.com 531
47.82.61.22 - - [16/Jun/2025:13:19:43 -0700] "GET / HTTP/1.1" 502 559 "https://somersetchino.com/" "Mozilla/5.0 (Windows NT 10.0; Win64; x64) AppleWebKit/537.36 (KHTML, like Gecko) Chrome/114.0.0.0 Safari/537.36 Edg/114.0.1823.43" [loc=US/San Mateo] [rt=0.000] [proto=HTTP/1.1:] [args=-] [ucs=MISS] [xpc=-] [uct=-] [gz=-] [br=-] [tls=TLSv1.3] [cipher=TLS_AES_256_GCM_SHA384] [scheme=https] [eorigin=-] somersetchino.com somersetchino.com vps38426.inmotionhosting.com 533
195.178.110.75 - - [16/Jun/2025:13:19:43 -0700] "GET / HTTP/1.1" 502 559 "-" "Mozilla/5.0 (Linux; Android 6.0; LG-D850 Build/MRA58K) AppleWebKit/537.36 (KHTML, like Gecko) Chrome/53.0.2785.97 Mobile Safari/537.36" [loc=-/-] [rt=0.000] [proto=HTTP/1.1:] [args=-] [ucs=MISS] [xpc=-] [uct=-] [gz=-] [br=-] [tls=TLSv1.3] [cipher=TLS_AES_256_GCM_SHA384] [scheme=https] [eorigin=-] aace.welbornwebsites.com aace.welbornwebsites.com vps38426.inmotionhosting.com 535
114.119.145.123 - - [16/Jun/2025:13:19:43 -0700] "GET /?s=50%E4%BB%A5%E5%85%A7%E5%A5%BD%E7%94%A8%E7%9A%84%E5%B9%B3%E5%83%B9%E8%80%B3%E6%A9%9F-%E3%80%90%E2%9C%94%EF%B8%8F%E6%8E%A8%E8%96%A6BB87%C2%B7CC%E2%9C%94%EF%B8%8F%E3%80%91-%E6%80%8E%E6%A8%A3%E6%89%8D%E8%83%BD%E8%A6%8B%E5%88%B0him-50%E4%BB%A5%E5%85%A7%E5%A5%BD%E7%94%A8%E7%9A%84%E5%B9%B3%E5%83%B9%E8%80%B3%E6%A9%9F41ffx-%E3%80%90%E2%9C%94%EF%B8%8F%E6%8E%A8%E8%96%A6BB87%C2%B7CC%E2%9C%94%EF%B8%8F%E3%80%91-%E6%80%8E%E6%A8%A3%E6%89%8D%E8%83%BD%E8%A6%8B%E5%88%B0him9kyh-50%E4%BB%A5%E5%85%A7%E5%A5%BD%E7%94%A8%E7%9A%84%E5%B9%B3%E5%83%B9%E8%80%B3%E6%A9%9Fn0a06-%E6%80%8E%E6%A8%A3%E6%89%8D%E8%83%BD%E8%A6%8B%E5%88%B0him2cjy HTTP/1.1" 502 157 "https://definingsuccesspodcast.com/?s=50%E4%BB%A5%E5%85%A7%E5%A5%BD%E7%94%A8%E7%9A%84%E5%B9%B3%E5%83%B9%E8%80%B3%E6%A9%9F-%E3%80%90%E2%9C%94%EF%B8%8F%E6%8E%A8%E8%96%A6BB87%C2%B7CC%E2%9C%94%EF%B8%8F%E3%80%91-%E6%80%8E%E6%A8%A3%E6%89%8D%E8%83%BD%E8%A6%8B%E5%88%B0him-50%E4%BB%A5%E5%85%A7%E5%A5%BD%E7%94%A8%E7%9A%84%E5%B9%B3%E5%83%B9%E8%80%B3%E6%A9%9F41ffx-%E3%80%90%E2%9C%94%EF%B8%8F%E6%8E%A8%E8%96%A6BB87%C2%B7CC%E2%9C%94%EF%B8%8F%E3%80%91-%E6%80%8E%E6%A8%A3%E6%89%8D%E8%83%BD%E8%A6%8B%E5%88%B0him9kyh-50%E4%BB%A5%E5%85%A7%E5%A5%BD%E7%94%A8%E7%9A%84%E5%B9%B3%E5%83%B9%E8%80%B3%E6%A9%9Fn0a06-%E6%80%8E%E6%A8%A3%E6%89%8D%E8%83%BD%E8%A6%8B%E5%88%B0him2cjy" "Mozilla/5.0 (Linux; Android 7.0;) AppleWebKit/537.36 (KHTML, like Gecko) Mobile Safari/537.36 (compatible; PetalBot;+https://webmaster.petalsearch.com/site/petalbot)" [loc=CN/-] [rt=0.001] [proto=HTTP/1.1:] [args=s=50%E4%BB%A5%E5%85%A7%E5%A5%BD%E7%94%A8%E7%9A%84%E5%B9%B3%E5%83%B9%E8%80%B3%E6%A9%9F-%E3%80%90%E2%9C%94%EF%B8%8F%E6%8E%A8%E8%96%A6BB87%C2%B7CC%E2%9C%94%EF%B8%8F%E3%80%91-%E6%80%8E%E6%A8%A3%E6%89%8D%E8%83%BD%E8%A6%8B%E5%88%B0him-50%E4%BB%A5%E5%85%A7%E5%A5%BD%E7%94%A8%E7%9A%84%E5%B9%B3%E5%83%B9%E8%80%B3%E6%A9%9F41ffx-%E3%80%90%E2%9C%94%EF%B8%8F%E6%8E%A8%E8%96%A6BB87%C2%B7CC%E2%9C%94%EF%B8%8F%E3%80%91-%E6%80%8E%E6%A8%A3%E6%89%8D%E8%83%BD%E8%A6%8B%E5%88%B0him9kyh-50%E4%BB%A5%E5%85%A7%E5%A5%BD%E7%94%A8%E7%9A%84%E5%B9%B3%E5%83%B9%E8%80%B3%E6%A9%9Fn0a06-%E6%80%8E%E6%A8%A3%E6%89%8D%E8%83%BD%E8%A6%8B%E5%88%B0him2cjy] [ucs=MISS] [xpc=-] [uct=-] [gz=-] [br=-] [tls=TLSv1.3] [cipher=TLS_AES_256_GCM_SHA384] [scheme=https] [eorigin=-] definingsuccesspodcast.com definingsuccesspodcast.com vps38426.inmotionhosting.com 534
66.249.79.5 - - [16/Jun/2025:13:19:45 -0700] "GET /category/episode-010-the-business-breakthrough-john-lee-dumas-from-entrepreneuronfire-com/feed/ HTTP/1.1" 502 157 "-" "Mozilla/5.0 (compatible; Googlebot/2.1; +http://www.google.com/bot.html)" [loc=US/Mountain View] [rt=0.000] [proto=HTTP/1.1:] [args=-] [ucs=MISS] [xpc=-] [uct=-] [gz=-] [br=-] [tls=TLSv1.3] [cipher=TLS_AES_256_GCM_SHA384] [scheme=https] [eorigin=-] definingsuccesspodcast.com definingsuccesspodcast.com vps38426.inmotionhosting.com 454
66.249.79.5 - - [16/Jun/2025:13:19:50 -0700] "GET /category/episode-078-start-a-small-scale-business-to-test-your-idea-ben-alexander-founder-of-balloon-distractions/feed/ HTTP/1.1" 502 157 "-" "Mozilla/5.0 (compatible; Googlebot/2.1; +http://www.google.com/bot.html)" [loc=US/Mountain View] [rt=0.000] [proto=HTTP/1.1:] [args=-] [ucs=MISS] [xpc=-] [uct=-] [gz=-] [br=-] [tls=TLSv1.3] [cipher=TLS_AES_256_GCM_SHA384] [scheme=https] [eorigin=-] definingsuccesspodcast.com definingsuccesspodcast.com vps38426.inmotionhosting.com 454
112.86.225.51 - - [16/Jun/2025:13:20:02 -0700] "GET / HTTP/1.1" 502 157 "-" "Sogou web spider/4.0(+http://www.sogou.com/docs/help/webmasters.htm#07)" [loc=CN/Nanjing] [rt=0.000] [proto=HTTP/1.1:] [args=-] [ucs=MISS] [xpc=-] [uct=-] [gz=-] [br=-] [tls=-] [cipher=-] [scheme=http] [eorigin=-] welbornmedia.com welbornmedia.com vps38426.inmotionhosting.com 543
66.249.79.6 - - [16/Jun/2025:13:20:03 -0700] "GET /category/shark-tank/feed/ HTTP/1.1" 502 157 "-" "Mozilla/5.0 (compatible; Googlebot/2.1; +http://www.google.com/bot.html)" [loc=US/Mountain View] [rt=0.001] [proto=HTTP/1.1:] [args=-] [ucs=MISS] [xpc=-] [uct=-] [gz=-] [br=-] [tls=TLSv1.3] [cipher=TLS_AES_256_GCM_SHA384] [scheme=https] [eorigin=-] definingsuccesspodcast.com definingsuccesspodcast.com vps38426.inmotionhosting.com 545
66.249.79.6 - - [16/Jun/2025:13:20:10 -0700] "GET /category/episode-064-pinterest-and-seo-host-of-oh-so-pinteresting-podcast-cynthia-sanchez/feed/ HTTP/1.1" 502 157 "-" "Mozilla/5.0 (compatible; Googlebot/2.1; +http://www.google.com/bot.html)" [loc=US/Mountain View] [rt=0.000] [proto=HTTP/1.1:] [args=-] [ucs=MISS] [xpc=-] [uct=-] [gz=-] [br=-] [tls=TLSv1.3] [cipher=TLS_AES_256_GCM_SHA384] [scheme=https] [eorigin=-] definingsuccesspodcast.com definingsuccesspodcast.com vps38426.inmotionhosting.com 545
66.249.79.5 - - [16/Jun/2025:13:20:16 -0700] "GET /category/episode-81-twitter-and-relationship-building-john-sparks-owner-of-online-imageworks/feed/ HTTP/1.1" 502 157 "-" "Mozilla/5.0 (compatible; Googlebot/2.1; +http://www.google.com/bot.html)" [loc=US/Mountain View] [rt=0.000] [proto=HTTP/1.1:] [args=-] [ucs=MISS] [xpc=-] [uct=-] [gz=-] [br=-] [tls=TLSv1.3] [cipher=TLS_AES_256_GCM_SHA384] [scheme=https] [eorigin=-] definingsuccesspodcast.com definingsuccesspodcast.com vps38426.inmotionhosting.com 454
66.249.79.5 - - [16/Jun/2025:13:20:19 -0700] "GET /category/episode-96-outside-your-comfort-zone-niveen-salem-multi-level-marketing-and-former-chevron-executive/feed/ HTTP/1.1" 502 157 "-" "Mozilla/5.0 (compatible; Googlebot/2.1; +http://www.google.com/bot.html)" [loc=US/Mountain View] [rt=0.000] [proto=HTTP/1.1:] [args=-] [ucs=MISS] [xpc=-] [uct=-] [gz=-] [br=-] [tls=TLSv1.3] [cipher=TLS_AES_256_GCM_SHA384] [scheme=https] [eorigin=-] definingsuccesspodcast.com definingsuccesspodcast.com vps38426.inmotionhosting.com 454
66.249.79.5 - - [16/Jun/2025:13:20:21 -0700] "GET /category/episode-042-engagement-vs-automation-rick-mulready-from-the-inside-social-media-podcast/feed/ HTTP/1.1" 502 157 "-" "Mozilla/5.0 (compatible; Googlebot/2.1; +http://www.google.com/bot.html)" [loc=US/Mountain View] [rt=0.000] [proto=HTTP/1.1:] [args=-] [ucs=MISS] [xpc=-] [uct=-] [gz=-] [br=-] [tls=TLSv1.3] [cipher=TLS_AES_256_GCM_SHA384] [scheme=https] [eorigin=-] definingsuccesspodcast.com definingsuccesspodcast.com vps38426.inmotionhosting.com 454
66.249.79.5 - - [16/Jun/2025:13:20:24 -0700] "GET /category/episode-070-dont-let-your-ego-get-in-the-way-virgil-herring-author-of-the-golf-journal/feed/ HTTP/1.1" 502 157 "-" "Mozilla/5.0 (compatible; Googlebot/2.1; +http://www.google.com/bot.html)" [loc=US/Mountain View] [rt=0.000] [proto=HTTP/1.1:] [args=-] [ucs=MISS] [xpc=-] [uct=-] [gz=-] [br=-] [tls=TLSv1.3] [cipher=TLS_AES_256_GCM_SHA384] [scheme=https] [eorigin=-] definingsuccesspodcast.com definingsuccesspodcast.com vps38426.inmotionhosting.com 454
111.68.6.194 - - [16/Jun/2025:13:20:24 -0700] "GET /include/ckeditor/plugins/smiley/images/angel_smile.gif HTTP/1.1" 404 124 "-" "Mozilla/5.0 (Windows NT 10.0; WOW64; rv:48.0) Gecko/20100101 Firefox/48.0" [loc=HK/-] [rt=0.000] [proto=HTTP/1.1:] [args=-] [ucs=-] [xpc=-] [uct=-] [gz=1.35] [br=-] [tls=-] [cipher=-] [scheme=http] [eorigin=-] welbornweb.com www.rcrotary.org vps38426.inmotionhosting.com 552
111.68.6.194 - - [16/Jun/2025:13:20:24 -0700] "GET /css/album.css HTTP/1.1" 404 124 "-" "Mozilla/5.0 (Windows NT 10.0; WOW64; rv:48.0) Gecko/20100101 Firefox/48.0" [loc=HK/-] [rt=0.000] [proto=HTTP/1.1:] [args=-] [ucs=-] [xpc=-] [uct=-] [gz=1.35] [br=-] [tls=-] [cipher=-] [scheme=http] [eorigin=-] welbornweb.com www.rcrotary.org vps38426.inmotionhosting.com 553
66.249.79.5 - - [16/Jun/2025:13:20:26 -0700] "GET /category/episode-031-everyone-has-a-success-story-rey-ybarra-author-of-conversations-with-shark-tank-winners/feed/ HTTP/1.1" 502 157 "-" "Mozilla/5.0 (compatible; Googlebot/2.1; +http://www.google.com/bot.html)" [loc=US/Mountain View] [rt=0.000] [proto=HTTP/1.1:] [args=-] [ucs=MISS] [xpc=-] [uct=-] [gz=-] [br=-] [tls=TLSv1.3] [cipher=TLS_AES_256_GCM_SHA384] [scheme=https] [eorigin=-] definingsuccesspodcast.com definingsuccesspodcast.com vps38426.inmotionhosting.com 454
72.14.199.100 - - [16/Jun/2025:13:20:27 -0700] "GET /category/episode-042-engagement-vs-automation-rick-mulready-from-the-inside-social-media-podcast/feed/ HTTP/1.1" 502 157 "-" "Google-Podcast" [loc=US/Southport] [rt=0.000] [proto=HTTP/1.1:] [args=-] [ucs=MISS] [xpc=-] [uct=-] [gz=-] [br=-] [tls=TLSv1.3] [cipher=TLS_AES_256_GCM_SHA384] [scheme=https] [eorigin=-] definingsuccesspodcast.com definingsuccesspodcast.com vps38426.inmotionhosting.com 555
114.119.141.133 - - [16/Jun/2025:13:20:30 -0700] "GET /category/facebook/ HTTP/1.1" 502 157 "https://welbornmedia.com/facebook-for-business-online-courses" "Mozilla/5.0 (Linux; Android 7.0;) AppleWebKit/537.36 (KHTML, like Gecko) Mobile Safari/537.36 (compatible; PetalBot;+https://webmaster.petalsearch.com/site/petalbot)" [loc=CN/-] [rt=0.001] [proto=HTTP/1.1:] [args=-] [ucs=MISS] [xpc=-] [uct=-] [gz=-] [br=-] [tls=TLSv1.3] [cipher=TLS_AES_256_GCM_SHA384] [scheme=https] [eorigin=-] welbornmedia.com welbornmedia.com vps38426.inmotionhosting.com 557
66.249.79.5 - - [16/Jun/2025:13:20:30 -0700] "GET /category/episode-067-the-learning-experience-fred-shoemaker-from-extraordinary-golf/feed/ HTTP/1.1" 502 157 "-" "Mozilla/5.0 (compatible; Googlebot/2.1; +http://www.google.com/bot.html)" [loc=US/Mountain View] [rt=0.000] [proto=HTTP/1.1:] [args=-] [ucs=MISS] [xpc=-] [uct=-] [gz=-] [br=-] [tls=TLSv1.3] [cipher=TLS_AES_256_GCM_SHA384] [scheme=https] [eorigin=-] definingsuccesspodcast.com definingsuccesspodcast.com vps38426.inmotionhosting.com 454
34.196.51.17 - - [16/Jun/2025:13:20:32 -0700] "HEAD / HTTP/1.1" 502 0 "http://dunbarconstructioninc.com/" "WPMUDEV Uptime Monitor 5.0 (https://wpmudev.com)" [loc=US/Ashburn] [rt=0.000] [proto=HTTP/1.1:] [args=-] [ucs=MISS] [xpc=-] [uct=-] [gz=-] [br=-] [tls=-] [cipher=-] [scheme=http] [eorigin=-] dunbarconstructioninc.welbornwebsites.com dunbarconstructioninc.com vps38426.inmotionhosting.com 560
66.249.79.5 - - [16/Jun/2025:13:20:34 -0700] "GET /category/episode-037-balancing-your-work-and-personal-life-alex-navas-from-alexnavas-com/feed/ HTTP/1.1" 502 157 "-" "Mozilla/5.0 (compatible; Googlebot/2.1; +http://www.google.com/bot.html)" [loc=US/Mountain View] [rt=0.001] [proto=HTTP/1.1:] [args=-] [ucs=MISS] [xpc=-] [uct=-] [gz=-] [br=-] [tls=TLSv1.3] [cipher=TLS_AES_256_GCM_SHA384] [scheme=https] [eorigin=-] definingsuccesspodcast.com definingsuccesspodcast.com vps38426.inmotionhosting.com 454
35.157.144.199 - - [16/Jun/2025:13:20:37 -0700] "HEAD / HTTP/1.1" 502 0 "http://dunbarconstructioninc.com/" "WPMUDEV Uptime Monitor 5.0 (https://wpmudev.com)" [loc=DE/Frankfurt am Main] [rt=0.000] [proto=HTTP/1.1:] [args=-] [ucs=MISS] [xpc=-] [uct=-] [gz=-] [br=-] [tls=-] [cipher=-] [scheme=http] [eorigin=-] dunbarconstructioninc.welbornwebsites.com dunbarconstructioninc.com vps38426.inmotionhosting.com 564
34.196.51.17 - - [16/Jun/2025:13:20:38 -0700] "HEAD / HTTP/1.1" 502 0 "https://larrywelborn.com/" "WPMUDEV Uptime Monitor 5.0 (https://wpmudev.com)" [loc=US/Ashburn] [rt=0.001] [proto=HTTP/1.1:] [args=-] [ucs=MISS] [xpc=-] [uct=-] [gz=-] [br=-] [tls=TLSv1.3] [cipher=TLS_AES_256_GCM_SHA384] [scheme=https] [eorigin=-] larrywelborn.com larrywelborn.com vps38426.inmotionhosting.com 563
34.93.16.66 - - [16/Jun/2025:13:20:38 -0700] "POST /xmlrpc.php HTTP/2.0" 502 157 "https://rcrotary.org" "Mozilla/5.0 (Macintosh; Intel Mac OS X 14_4_1) AppleWebKit/605.1.15 (KHTML, like Gecko) Version/17.3.1 Safari/605.1.15" [loc=US/Houston] [rt=0.001] [proto=HTTP/2.0:h2] [args=-] [ucs=-] [xpc=-] [uct=-] [gz=-] [br=-] [tls=TLSv1.3] [cipher=TLS_AES_256_GCM_SHA384] [scheme=https] [eorigin=-] welbornweb.com rcrotary.org vps38426.inmotionhosting.com 565
66.249.79.8 - - [16/Jun/2025:13:20:41 -0700] "GET /category/episode-99-going-after-your-goals-jake-bramante-founder-of-hike734-com-and-national-park-guide-creator/feed/ HTTP/1.1" 502 157 "-" "Mozilla/5.0 (compatible; Googlebot/2.1; +http://www.google.com/bot.html)" [loc=US/Mountain View] [rt=0.000] [proto=HTTP/1.1:] [args=-] [ucs=MISS] [xpc=-] [uct=-] [gz=-] [br=-] [tls=-] [cipher=-] [scheme=http] [eorigin=-] definingsuccesspodcast.com definingsuccesspodcast.com vps38426.inmotionhosting.com 569
35.157.144.199 - - [16/Jun/2025:13:20:42 -0700] "HEAD / HTTP/1.1" 502 0 "https://larrywelborn.com/" "WPMUDEV Uptime Monitor 5.0 (https://wpmudev.com)" [loc=DE/Frankfurt am Main] [rt=0.001] [proto=HTTP/1.1:] [args=-] [ucs=MISS] [xpc=-] [uct=-] [gz=-] [br=-] [tls=TLSv1.3] [cipher=TLS_AES_256_GCM_SHA384] [scheme=https] [eorigin=-] larrywelborn.com larrywelborn.com vps38426.inmotionhosting.com 571
66.249.79.5 - - [16/Jun/2025:13:20:45 -0700] "GET /category/episode-010-the-business-breakthrough-john-lee-dumas-from-entrepreneuronfire-com/feed/ HTTP/1.1" 502 157 "-" "Mozilla/5.0 (compatible; Googlebot/2.1; +http://www.google.com/bot.html)" [loc=US/Mountain View] [rt=0.000] [proto=HTTP/1.1:] [args=-] [ucs=MISS] [xpc=-] [uct=-] [gz=-] [br=-] [tls=TLSv1.3] [cipher=TLS_AES_256_GCM_SHA384] [scheme=https] [eorigin=-] definingsuccesspodcast.com definingsuccesspodcast.com vps38426.inmotionhosting.com 454
34.206.223.22 - - [16/Jun/2025:13:20:49 -0700] "POST /xmlrpc.php HTTP/2.0" 502 157 "https://larrywelborn.com" "Mozilla/5.0 (Macintosh; Intel Mac OS X 14_4_1) AppleWebKit/605.1.15 (KHTML, like Gecko) Version/17.3.1 Safari/605.1.15" [loc=US/Ashburn] [rt=0.000] [proto=HTTP/2.0:h2] [args=-] [ucs=-] [xpc=-] [uct=-] [gz=-] [br=-] [tls=TLSv1.3] [cipher=TLS_AES_256_GCM_SHA384] [scheme=https] [eorigin=-] larrywelborn.com larrywelborn.com vps38426.inmotionhosting.com 574
66.249.79.5 - - [16/Jun/2025:13:20:50 -0700] "GET /category/episode-078-start-a-small-scale-business-to-test-your-idea-ben-alexander-founder-of-balloon-distractions/feed/ HTTP/1.1" 502 157 "-" "Mozilla/5.0 (compatible; Googlebot/2.1; +http://www.google.com/bot.html)" [loc=US/Mountain View] [rt=0.000] [proto=HTTP/1.1:] [args=-] [ucs=MISS] [xpc=-] [uct=-] [gz=-] [br=-] [tls=TLSv1.3] [cipher=TLS_AES_256_GCM_SHA384] [scheme=https] [eorigin=-] definingsuccesspodcast.com definingsuccesspodcast.com vps38426.inmotionhosting.com 454
66.249.79.5 - - [16/Jun/2025:13:20:55 -0700] "GET /category/episode-033-be-of-service-to-others-chris-brogan-from-human-business-works/feed/ HTTP/1.1" 502 157 "-" "Mozilla/5.0 (compatible; Googlebot/2.1; +http://www.google.com/bot.html)" [loc=US/Mountain View] [rt=0.000] [proto=HTTP/1.1:] [args=-] [ucs=MISS] [xpc=-] [uct=-] [gz=-] [br=-] [tls=TLSv1.3] [cipher=TLS_AES_256_GCM_SHA384] [scheme=https] [eorigin=-] definingsuccesspodcast.com definingsuccesspodcast.com vps38426.inmotionhosting.com 454
43.166.128.187 - - [16/Jun/2025:13:21:01 -0700] "GET /dm-sso-endpoint/1750103940/?dm_action=domainmap-setup-cdsso HTTP/1.1" 502 157 "-" "Mozilla/5.0 (iPhone; CPU iPhone OS 13_2_3 like Mac OS X) AppleWebKit/605.1.15 (KHTML, like Gecko) Version/13.0.3 Mobile/15E148 Safari/604.1" [loc=JP/Tokyo] [rt=0.000] [proto=HTTP/1.1:] [args=dm_action=domainmap-setup-cdsso] [ucs=MISS] [xpc=-] [uct=-] [gz=-] [br=-] [tls=-] [cipher=-] [scheme=http] [eorigin=-] welbornweb.com welbornweb.com vps38426.inmotionhosting.com 578
66.249.79.7 - - [16/Jun/2025:13:21:03 -0700] "GET /category/shark-tank/feed/ HTTP/1.1" 502 157 "-" "Mozilla/5.0 (compatible; Googlebot/2.1; +http://www.google.com/bot.html)" [loc=US/Mountain View] [rt=0.001] [proto=HTTP/1.1:] [args=-] [ucs=MISS] [xpc=-] [uct=-] [gz=-] [br=-] [tls=TLSv1.3] [cipher=TLS_AES_256_GCM_SHA384] [scheme=https] [eorigin=-] definingsuccesspodcast.com definingsuccesspodcast.com vps38426.inmotionhosting.com 581
91.142.73.116 - - [16/Jun/2025:13:21:06 -0700] "GET /southern-california-charity-golf-classic-recap/ HTTP/1.0" 502 559 "https://socalcharitygolf.com/southern-california-charity-golf-classic-recap/" "Mozilla/5.0 (Windows NT 10.0; Win64; x64) AppleWebKit/537.36 (KHTML, like Gecko) Chrome/131.0.0.0 Safari/537.36 Avast/131.0.0.0" [loc=RU/-] [rt=0.000] [proto=HTTP/1.0:] [args=-] [ucs=MISS] [xpc=-] [uct=-] [gz=-] [br=-] [tls=TLSv1.2] [cipher=ECDHE-RSA-AES256-GCM-SHA384] [scheme=https] [eorigin=-] socalcharitygolf.com socalcharitygolf.com vps38426.inmotionhosting.com 583
43.166.128.187 - - [16/Jun/2025:13:21:06 -0700] "GET /join-us-for-the-rotary-club-of-chino-golf-tournament/ HTTP/1.1" 502 157 "-" "Mozilla/5.0 (iPhone; CPU iPhone OS 13_2_3 like Mac OS X) AppleWebKit/605.1.15 (KHTML, like Gecko) Version/13.0.3 Mobile/15E148 Safari/604.1" [loc=JP/Tokyo] [rt=0.000] [proto=HTTP/1.1:] [args=-] [ucs=MISS] [xpc=-] [uct=-] [gz=-] [br=-] [tls=TLSv1.3] [cipher=TLS_AES_256_GCM_SHA384] [scheme=https] [eorigin=-] chinorotary.welbornweb.com chinorotary.org vps38426.inmotionhosting.com 580
91.142.73.116 - - [16/Jun/2025:13:21:06 -0700] "GET / HTTP/1.0" 502 559 "https://socalcharitygolf.com/" "Mozilla/5.0 (Windows NT 10.0; Win64; x64) AppleWebKit/537.36 (KHTML, like Gecko) Chrome/131.0.0.0 Safari/537.36 Avast/131.0.0.0" [loc=RU/-] [rt=0.000] [proto=HTTP/1.0:] [args=-] [ucs=MISS] [xpc=-] [uct=-] [gz=-] [br=-] [tls=TLSv1.2] [cipher=ECDHE-RSA-AES256-GCM-SHA384] [scheme=https] [eorigin=-] socalcharitygolf.com socalcharitygolf.com vps38426.inmotionhosting.com 586
43.153.96.79 - - [16/Jun/2025:13:21:10 -0700] "GET / HTTP/1.1" 502 157 "http://www.welbornsocialmedia.com" "Mozilla/5.0 (iPhone; CPU iPhone OS 13_2_3 like Mac OS X) AppleWebKit/605.1.15 (KHTML, like Gecko) Version/13.0.3 Mobile/15E148 Safari/604.1" [loc=JP/Tokyo] [rt=0.000] [proto=HTTP/1.1:] [args=-] [ucs=MISS] [xpc=-] [uct=-] [gz=-] [br=-] [tls=-] [cipher=-] [scheme=http] [eorigin=-] welbornmedia.com welbornmedia.com vps38426.inmotionhosting.com 588
66.249.79.6 - - [16/Jun/2025:13:21:11 -0700] "GET /category/episode-108-from-scarcity-to-abundance-ellory-wells/feed/ HTTP/1.1" 502 157 "-" "Mozilla/5.0 (compatible; Googlebot/2.1; +http://www.google.com/bot.html)" [loc=US/Mountain View] [rt=0.001] [proto=HTTP/1.1:] [args=-] [ucs=MISS] [xpc=-] [uct=-] [gz=-] [br=-] [tls=TLSv1.3] [cipher=TLS_AES_256_GCM_SHA384] [scheme=https] [eorigin=-] definingsuccesspodcast.com definingsuccesspodcast.com vps38426.inmotionhosting.com 590
66.249.79.5 - - [16/Jun/2025:13:21:13 -0700] "GET /category/episode-87-the-importance-of-body-language-dr-nick-morgan-owner-of-public-words-and-author-of-power-cues/feed/ HTTP/1.1" 502 157 "-" "Mozilla/5.0 (compatible; Googlebot/2.1; +http://www.google.com/bot.html)" [loc=US/Mountain View] [rt=0.001] [proto=HTTP/1.1:] [args=-] [ucs=MISS] [xpc=-] [uct=-] [gz=-] [br=-] [tls=TLSv1.3] [cipher=TLS_AES_256_GCM_SHA384] [scheme=https] [eorigin=-] definingsuccesspodcast.com definingsuccesspodcast.com vps38426.inmotionhosting.com 454
17.241.75.212 - - [16/Jun/2025:13:21:13 -0700] "GET /robots.txt HTTP/1.1" 502 157 "-" "Mozilla/5.0 (Macintosh; Intel Mac OS X 10_15_7) AppleWebKit/605.1.15 (KHTML, like Gecko) Version/17.4 Safari/605.1.15 (Applebot/0.1; +http://www.apple.com/go/applebot)" [loc=US/Cupertino] [rt=0.000] [proto=HTTP/1.1:] [args=-] [ucs=MISS] [xpc=-] [uct=-] [gz=-] [br=-] [tls=TLSv1.3] [cipher=TLS_AES_256_GCM_SHA384] [scheme=https] [eorigin=-] welbornmedia.com welbornmedia.com vps38426.inmotionhosting.com 593
17.241.75.212 - - [16/Jun/2025:13:21:14 -0700] "GET /tag/womens-english-national-football-team/ HTTP/1.1" 502 157 "-" "Mozilla/5.0 (Macintosh; Intel Mac OS X 10_15_7) AppleWebKit/605.1.15 (KHTML, like Gecko) Version/17.4 Safari/605.1.15 (Applebot/0.1; +http://www.apple.com/go/applebot)" [loc=US/Cupertino] [rt=0.000] [proto=HTTP/1.1:] [args=-] [ucs=MISS] [xpc=-] [uct=-] [gz=-] [br=-] [tls=TLSv1.3] [cipher=TLS_AES_256_GCM_SHA384] [scheme=https] [eorigin=-] welbornmedia.com welbornmedia.com vps38426.inmotionhosting.com 593
40.69.199.216 - - [16/Jun/2025:13:21:17 -0700] "GET /wp-content/uploads/ HTTP/1.1" 200 37115 "-" "-" [loc=IE/Dublin] [rt=0.166] [proto=HTTP/1.1:] [args=-] [ucs=-] [xpc=-] [uct=0.000] [gz=-] [br=-] [tls=-] [cipher=-] [scheme=http] [eorigin=-] cpanel.wieeac.org cpcontacts.wieeac.org vps38426.inmotionhosting.com 596
40.69.199.216 - - [16/Jun/2025:13:21:17 -0700] "GET /wp-includes/ HTTP/1.1" 200 37108 "-" "-" [loc=IE/Dublin] [rt=0.049] [proto=HTTP/1.1:] [args=-] [ucs=-] [xpc=-] [uct=0.000] [gz=-] [br=-] [tls=-] [cipher=-] [scheme=http] [eorigin=-] cpanel.wieeac.org cpcontacts.wieeac.org vps38426.inmotionhosting.com 596
40.69.199.216 - - [16/Jun/2025:13:21:17 -0700] "GET /wp-includes/css/ HTTP/1.1" 200 37112 "-" "-" [loc=IE/Dublin] [rt=0.037] [proto=HTTP/1.1:] [args=-] [ucs=-] [xpc=-] [uct=0.000] [gz=-] [br=-] [tls=-] [cipher=-] [scheme=http] [eorigin=-] cpanel.wieeac.org cpcontacts.wieeac.org vps38426.inmotionhosting.com 596
40.69.199.216 - - [16/Jun/2025:13:21:17 -0700] "GET /wp-includes/ID3/ HTTP/1.1" 200 37112 "-" "-" [loc=IE/Dublin] [rt=0.037] [proto=HTTP/1.1:] [args=-] [ucs=-] [xpc=-] [uct=0.000] [gz=-] [br=-] [tls=-] [cipher=-] [scheme=http] [eorigin=-] cpanel.wieeac.org cpcontacts.wieeac.org vps38426.inmotionhosting.com 596
40.69.199.216 - - [16/Jun/2025:13:21:17 -0700] "GET /wp-includes/IXR/ HTTP/1.1" 200 37112 "-" "-" [loc=IE/Dublin] [rt=0.036] [proto=HTTP/1.1:] [args=-] [ucs=-] [xpc=-] [uct=0.000] [gz=-] [br=-] [tls=-] [cipher=-] [scheme=http] [eorigin=-] cpanel.wieeac.org cpcontacts.wieeac.org vps38426.inmotionhosting.com 596
40.69.199.216 - - [16/Jun/2025:13:21:17 -0700] "GET /wp-includes/Requests/ HTTP/1.1" 200 37117 "-" "-" [loc=IE/Dublin] [rt=0.038] [proto=HTTP/1.1:] [args=-] [ucs=-] [xpc=-] [uct=0.000] [gz=-] [br=-] [tls=-] [cipher=-] [scheme=http] [eorigin=-] cpanel.wieeac.org cpcontacts.wieeac.org vps38426.inmotionhosting.com 596
40.69.199.216 - - [16/Jun/2025:13:21:18 -0700] "GET /wp-includes/SimplePie/ HTTP/1.1" 200 37118 "-" "-" [loc=IE/Dublin] [rt=0.038] [proto=HTTP/1.1:] [args=-] [ucs=-] [xpc=-] [uct=0.000] [gz=-] [br=-] [tls=-] [cipher=-] [scheme=http] [eorigin=-] cpanel.wieeac.org cpcontacts.wieeac.org vps38426.inmotionhosting.com 596
40.69.199.216 - - [16/Jun/2025:13:21:18 -0700] "GET /wp-includes/Text/ HTTP/1.1" 200 37113 "-" "-" [loc=IE/Dublin] [rt=0.042] [proto=HTTP/1.1:] [args=-] [ucs=-] [xpc=-] [uct=0.000] [gz=-] [br=-] [tls=-] [cipher=-] [scheme=http] [eorigin=-] cpanel.wieeac.org cpcontacts.wieeac.org vps38426.inmotionhosting.com 596
40.69.199.216 - - [16/Jun/2025:13:21:18 -0700] "GET /wp-content/mu-plugins-old/ HTTP/1.1" 200 37122 "-" "-" [loc=IE/Dublin] [rt=0.046] [proto=HTTP/1.1:] [args=-] [ucs=-] [xpc=-] [uct=0.000] [gz=-] [br=-] [tls=-] [cipher=-] [scheme=http] [eorigin=-] cpanel.wieeac.org cpcontacts.wieeac.org vps38426.inmotionhosting.com 596
40.69.199.216 - - [16/Jun/2025:13:21:18 -0700] "GET /wp-content/themes/classic/inc/ HTTP/1.1" 200 37126 "-" "-" [loc=IE/Dublin] [rt=0.045] [proto=HTTP/1.1:] [args=-] [ucs=-] [xpc=-] [uct=0.001] [gz=-] [br=-] [tls=-] [cipher=-] [scheme=http] [eorigin=-] cpanel.wieeac.org cpcontacts.wieeac.org vps38426.inmotionhosting.com 596
40.69.199.216 - - [16/Jun/2025:13:21:18 -0700] "GET /wp-content/plugins/ninja-forms/ HTTP/1.1" 200 37127 "-" "-" [loc=IE/Dublin] [rt=0.037] [proto=HTTP/1.1:] [args=-] [ucs=-] [xpc=-] [uct=0.000] [gz=-] [br=-] [tls=-] [cipher=-] [scheme=http] [eorigin=-] cpanel.wieeac.org cpcontacts.wieeac.org vps38426.inmotionhosting.com 596
172.121.220.91 - - [16/Jun/2025:13:21:18 -0700] "HEAD / HTTP/1.1" 200 0 "-" "Mozilla/5.0 (iPhone; CPU iPhone OS 17_0 like Mac OS X) AppleWebKit/605.1.15 (KHTML, like Gecko) Version/17.0 Mobile/15E148 Safari/604.1 OPX/2.1.0" [loc=US/San Jose] [rt=0.038] [proto=HTTP/1.1:] [args=-] [ucs=-] [xpc=-] [uct=0.000] [gz=-] [br=-] [tls=TLSv1.3] [cipher=TLS_AES_256_GCM_SHA384] [scheme=https] [eorigin=-] cpanel.welbornmedia.com cpcalendars.welbornmedia.com vps38426.inmotionhosting.com 605
104.168.124.246 - - [16/Jun/2025:13:21:18 -0700] "HEAD / HTTP/1.1" 502 0 "-" "Mozilla/5.0 (iPhone; CPU iPhone OS 17_3 like Mac OS X) AppleWebKit/605.1.15 (KHTML, like Gecko) CriOS/122.0.6261.62 Mobile/15E148 Safari/604.1" [loc=US/Buffalo] [rt=0.000] [proto=HTTP/1.1:] [args=-] [ucs=MISS] [xpc=-] [uct=-] [gz=-] [br=-] [tls=TLSv1.3] [cipher=TLS_AES_256_GCM_SHA384] [scheme=https] [eorigin=-] welbornmedia.com welbornmedia.com vps38426.inmotionhosting.com 607
40.69.199.216 - - [16/Jun/2025:13:21:18 -0700] "GET /wp-content/mu-plugins/ HTTP/1.1" 200 37118 "-" "-" [loc=IE/Dublin] [rt=0.050] [proto=HTTP/1.1:] [args=-] [ucs=-] [xpc=-] [uct=0.000] [gz=-] [br=-] [tls=-] [cipher=-] [scheme=http] [eorigin=-] cpanel.wieeac.org cpcontacts.wieeac.org vps38426.inmotionhosting.com 596
172.121.219.200 - - [16/Jun/2025:13:21:18 -0700] "HEAD / HTTP/1.1" 502 0 "-" "Mozilla/5.0 (Macintosh; Intel Mac OS X 13_6) AppleWebKit/605.1.15 (KHTML, like Gecko) Version/17.0 Safari/605.1.15" [loc=US/San Jose] [rt=0.000] [proto=HTTP/1.1:] [args=-] [ucs=-] [xpc=-] [uct=-] [gz=-] [br=-] [tls=TLSv1.3] [cipher=TLS_AES_256_GCM_SHA384] [scheme=https] [eorigin=-] webdisk.welbornmedia.com webdisk.welbornmedia.com vps38426.inmotionhosting.com 609
172.121.219.72 - - [16/Jun/2025:13:21:18 -0700] "HEAD / HTTP/1.1" 502 0 "-" "Mozilla/5.0 (iPhone; CPU iPhone OS 17_0 like Mac OS X) AppleWebKit/605.1.15 (KHTML, like Gecko) Version/17.0 Mobile/15E148 Safari/604.1 OPX/2.1.0" [loc=US/San Jose] [rt=0.000] [proto=HTTP/1.1:] [args=-] [ucs=MISS] [xpc=-] [uct=-] [gz=-] [br=-] [tls=TLSv1.3] [cipher=TLS_AES_256_GCM_SHA384] [scheme=https] [eorigin=-] welbornmedia.com mail.welbornmedia.com vps38426.inmotionhosting.com 610
172.121.222.45 - - [16/Jun/2025:13:21:19 -0700] "HEAD / HTTP/1.1" 502 0 "-" "Mozilla/5.0 (Windows NT 10.0; Win64; x64) AppleWebKit/537.36 (KHTML, like Gecko) Chrome/121.0.0.0 Safari/537.36 Edg/121.0.0.0" [loc=US/San Jose] [rt=0.001] [proto=HTTP/1.1:] [args=-] [ucs=MISS] [xpc=-] [uct=-] [gz=-] [br=-] [tls=TLSv1.3] [cipher=TLS_AES_256_GCM_SHA384] [scheme=https] [eorigin=-] welbornmedia.com www.welbornmedia.com vps38426.inmotionhosting.com 611
40.69.199.216 - - [16/Jun/2025:13:21:19 -0700] "GET /wp-includes/Text/Diff/Renderer/ HTTP/1.1" 200 37127 "-" "-" [loc=IE/Dublin] [rt=0.038] [proto=HTTP/1.1:] [args=-] [ucs=-] [xpc=-] [uct=0.000] [gz=-] [br=-] [tls=-] [cipher=-] [scheme=http] [eorigin=-] cpanel.wieeac.org cpcontacts.wieeac.org vps38426.inmotionhosting.com 596
40.69.199.216 - - [16/Jun/2025:13:21:19 -0700] "GET /wp-includes/blocks/ HTTP/1.1" 200 37115 "-" "-" [loc=IE/Dublin] [rt=0.037] [proto=HTTP/1.1:] [args=-] [ucs=-] [xpc=-] [uct=0.000] [gz=-] [br=-] [tls=-] [cipher=-] [scheme=http] [eorigin=-] cpanel.wieeac.org cpcontacts.wieeac.org vps38426.inmotionhosting.com 596
172.121.220.91 - - [16/Jun/2025:13:21:19 -0700] "GET / HTTP/1.1" 200 12106 "-" "Mozilla/5.0 (iPhone; CPU iPhone OS 17_0 like Mac OS X) AppleWebKit/605.1.15 (KHTML, like Gecko) Version/17.0 Mobile/15E148 Safari/604.1 OPX/2.1.0" [loc=US/San Jose] [rt=0.048] [proto=HTTP/1.1:] [args=-] [ucs=-] [xpc=-] [uct=0.000] [gz=-] [br=-] [tls=TLSv1.3] [cipher=TLS_AES_256_GCM_SHA384] [scheme=https] [eorigin=-] cpanel.welbornmedia.com cpcalendars.welbornmedia.com vps38426.inmotionhosting.com 617
40.69.199.216 - - [16/Jun/2025:13:21:19 -0700] "GET /wp-includes/certificates/ HTTP/1.1" 200 37121 "-" "-" [loc=IE/Dublin] [rt=0.035] [proto=HTTP/1.1:] [args=-] [ucs=-] [xpc=-] [uct=0.000] [gz=-] [br=-] [tls=-] [cipher=-] [scheme=http] [eorigin=-] cpanel.wieeac.org cpcontacts.wieeac.org vps38426.inmotionhosting.com 596
172.121.219.200 - - [16/Jun/2025:13:21:19 -0700] "GET / HTTP/1.1" 502 157 "-" "Mozilla/5.0 (Macintosh; Intel Mac OS X 13_6) AppleWebKit/605.1.15 (KHTML, like Gecko) Version/17.0 Safari/605.1.15" [loc=US/San Jose] [rt=0.000] [proto=HTTP/1.1:] [args=-] [ucs=-] [xpc=-] [uct=-] [gz=-] [br=-] [tls=TLSv1.3] [cipher=TLS_AES_256_GCM_SHA384] [scheme=https] [eorigin=-] webdisk.welbornmedia.com webdisk.welbornmedia.com vps38426.inmotionhosting.com 622
172.121.219.72 - - [16/Jun/2025:13:21:19 -0700] "GET / HTTP/1.1" 502 157 "-" "Mozilla/5.0 (iPhone; CPU iPhone OS 17_0 like Mac OS X) AppleWebKit/605.1.15 (KHTML, like Gecko) Version/17.0 Mobile/15E148 Safari/604.1 OPX/2.1.0" [loc=US/San Jose] [rt=0.001] [proto=HTTP/1.1:] [args=-] [ucs=MISS] [xpc=-] [uct=-] [gz=-] [br=-] [tls=TLSv1.3] [cipher=TLS_AES_256_GCM_SHA384] [scheme=https] [eorigin=-] welbornmedia.com mail.welbornmedia.com vps38426.inmotionhosting.com 623
104.168.124.246 - - [16/Jun/2025:13:21:19 -0700] "GET / HTTP/1.1" 502 157 "-" "Mozilla/5.0 (iPhone; CPU iPhone OS 17_3 like Mac OS X) AppleWebKit/605.1.15 (KHTML, like Gecko) CriOS/122.0.6261.62 Mobile/15E148 Safari/604.1" [loc=US/Buffalo] [rt=0.000] [proto=HTTP/1.1:] [args=-] [ucs=MISS] [xpc=-] [uct=-] [gz=-] [br=-] [tls=TLSv1.3] [cipher=TLS_AES_256_GCM_SHA384] [scheme=https] [eorigin=-] welbornmedia.com welbornmedia.com vps38426.inmotionhosting.com 621
172.121.222.45 - - [16/Jun/2025:13:21:19 -0700] "GET / HTTP/1.1" 502 559 "-" "Mozilla/5.0 (Windows NT 10.0; Win64; x64) AppleWebKit/537.36 (KHTML, like Gecko) Chrome/121.0.0.0 Safari/537.36 Edg/121.0.0.0" [loc=US/San Jose] [rt=0.000] [proto=HTTP/1.1:] [args=-] [ucs=MISS] [xpc=-] [uct=-] [gz=-] [br=-] [tls=TLSv1.3] [cipher=TLS_AES_256_GCM_SHA384] [scheme=https] [eorigin=-] welbornmedia.com www.welbornmedia.com vps38426.inmotionhosting.com 624
40.69.199.216 - - [16/Jun/2025:13:21:19 -0700] "GET /wp-includes/customize/ HTTP/1.1" 200 37118 "-" "-" [loc=IE/Dublin] [rt=0.047] [proto=HTTP/1.1:] [args=-] [ucs=-] [xpc=-] [uct=0.000] [gz=-] [br=-] [tls=-] [cipher=-] [scheme=http] [eorigin=-] cpanel.wieeac.org cpcontacts.wieeac.org vps38426.inmotionhosting.com 596
40.69.199.216 - - [16/Jun/2025:13:21:19 -0700] "GET /wp-includes/fonts/ HTTP/1.1" 200 37114 "-" "-" [loc=IE/Dublin] [rt=0.048] [proto=HTTP/1.1:] [args=-] [ucs=-] [xpc=-] [uct=0.000] [gz=-] [br=-] [tls=-] [cipher=-] [scheme=http] [eorigin=-] cpanel.wieeac.org cpcontacts.wieeac.org vps38426.inmotionhosting.com 596
40.69.199.216 - - [16/Jun/2025:13:21:19 -0700] "GET /wp-includes//aaa.php HTTP/1.1" 200 37115 "-" "-" [loc=IE/Dublin] [rt=0.050] [proto=HTTP/1.1:] [args=-] [ucs=-] [xpc=-] [uct=0.000] [gz=-] [br=-] [tls=-] [cipher=-] [scheme=http] [eorigin=-] cpanel.wieeac.org cpcontacts.wieeac.org vps38426.inmotionhosting.com 596
40.69.199.216 - - [16/Jun/2025:13:21:20 -0700] "GET /.well-known/ HTTP/1.1" 403 153 "-" "-" [loc=IE/Dublin] [rt=0.000] [proto=HTTP/1.1:] [args=-] [ucs=-] [xpc=-] [uct=-] [gz=-] [br=-] [tls=-] [cipher=-] [scheme=http] [eorigin=-] cpanel.wieeac.org cpcontacts.wieeac.org vps38426.inmotionhosting.com 596
66.249.79.5 - - [16/Jun/2025:13:21:20 -0700] "GET /category/episode-96-outside-your-comfort-zone-niveen-salem-multi-level-marketing-and-former-chevron-executive/feed/ HTTP/1.1" 502 157 "-" "Mozilla/5.0 (compatible; Googlebot/2.1; +http://www.google.com/bot.html)" [loc=US/Mountain View] [rt=0.000] [proto=HTTP/1.1:] [args=-] [ucs=MISS] [xpc=-] [uct=-] [gz=-] [br=-] [tls=TLSv1.3] [cipher=TLS_AES_256_GCM_SHA384] [scheme=https] [eorigin=-] definingsuccesspodcast.com definingsuccesspodcast.com vps38426.inmotionhosting.com 454
40.69.199.216 - - [16/Jun/2025:13:21:20 -0700] "GET /ALFA_DATA/ HTTP/1.1" 200 37106 "-" "-" [loc=IE/Dublin] [rt=0.040] [proto=HTTP/1.1:] [args=-] [ucs=-] [xpc=-] [uct=0.000] [gz=-] [br=-] [tls=-] [cipher=-] [scheme=http] [eorigin=-] cpanel.wieeac.org cpcontacts.wieeac.org vps38426.inmotionhosting.com 596
40.69.199.216 - - [16/Jun/2025:13:21:20 -0700] "GET /.well-knownold/ HTTP/1.1" 200 37111 "-" "-" [loc=IE/Dublin] [rt=0.037] [proto=HTTP/1.1:] [args=-] [ucs=-] [xpc=-] [uct=0.000] [gz=-] [br=-] [tls=-] [cipher=-] [scheme=http] [eorigin=-] cpanel.wieeac.org cpcontacts.wieeac.org vps38426.inmotionhosting.com 596
