20.171.207.88 - - [18/Jun/2025:14:40:24 -0700] "GET /dm-sso-endpoint/1750126095/?dm_action=domainmap-setup-cdsso HTTP/1.1" 502 157 "-" "Mozilla/5.0 AppleWebKit/537.36 (KHTML, like Gecko; compatible; GPTBot/1.2; +https://openai.com/gptbot)" [loc=US/-] [rt=0.000] [proto=HTTP/1.1:] [args=dm_action=domainmap-setup-cdsso] [ucs=MISS] [xpc=-] [uct=-] [gz=-] [br=-] [tls=-] [cipher=-] [scheme=http] [eorigin=-] welbornweb.com welbornweb.com vps38426.inmotionhosting.com 139
66.249.79.6 - - [18/Jun/2025:14:40:26 -0700] "GET /category/episode-81-twitter-and-relationship-building-john-sparks-owner-of-online-imageworks/feed/ HTTP/1.1" 502 157 "-" "Mozilla/5.0 (compatible; Googlebot/2.1; +http://www.google.com/bot.html)" [loc=US/Mountain View] [rt=0.000] [proto=HTTP/1.1:] [args=-] [ucs=MISS] [xpc=-] [uct=-] [gz=-] [br=-] [tls=TLSv1.3] [cipher=TLS_AES_256_GCM_SHA384] [scheme=https] [eorigin=-] definingsuccesspodcast.com definingsuccesspodcast.com vps38426.inmotionhosting.com 524
20.171.207.88 - - [18/Jun/2025:14:40:28 -0700] "GET /dm-sso-endpoint/1750124578/?dm_action=domainmap-setup-cdsso HTTP/1.1" 502 157 "-" "Mozilla/5.0 AppleWebKit/537.36 (KHTML, like Gecko; compatible; GPTBot/1.2; +https://openai.com/gptbot)" [loc=US/-] [rt=0.000] [proto=HTTP/1.1:] [args=dm_action=domainmap-setup-cdsso] [ucs=MISS] [xpc=-] [uct=-] [gz=-] [br=-] [tls=-] [cipher=-] [scheme=http] [eorigin=-] welbornweb.com welbornweb.com vps38426.inmotionhosting.com 139
66.249.79.8 - - [18/Jun/2025:14:40:29 -0700] "GET /tag/sifteo-cubes/feed/ HTTP/1.1" 502 157 "-" "Mozilla/5.0 (compatible; Googlebot/2.1; +http://www.google.com/bot.html)" [loc=US/Mountain View] [rt=0.000] [proto=HTTP/1.1:] [args=-] [ucs=MISS] [xpc=-] [uct=-] [gz=-] [br=-] [tls=-] [cipher=-] [scheme=http] [eorigin=-] definingsuccesspodcast.com definingsuccesspodcast.com vps38426.inmotionhosting.com 529
66.249.79.8 - - [18/Jun/2025:14:40:30 -0700] "GET /tag/dresden/feed/ HTTP/1.1" 502 157 "-" "Mozilla/5.0 (compatible; Googlebot/2.1; +http://www.google.com/bot.html)" [loc=US/Mountain View] [rt=0.000] [proto=HTTP/1.1:] [args=-] [ucs=MISS] [xpc=-] [uct=-] [gz=-] [br=-] [tls=-] [cipher=-] [scheme=http] [eorigin=-] definingsuccesspodcast.com definingsuccesspodcast.com vps38426.inmotionhosting.com 529
20.171.207.88 - - [18/Jun/2025:14:40:31 -0700] "GET /dm-sso-endpoint/1750128594/?dm_action=domainmap-setup-cdsso HTTP/1.1" 502 157 "-" "Mozilla/5.0 AppleWebKit/537.36 (KHTML, like Gecko; compatible; GPTBot/1.2; +https://openai.com/gptbot)" [loc=US/-] [rt=0.000] [proto=HTTP/1.1:] [args=dm_action=domainmap-setup-cdsso] [ucs=MISS] [xpc=-] [uct=-] [gz=-] [br=-] [tls=-] [cipher=-] [scheme=http] [eorigin=-] welbornweb.com welbornweb.com vps38426.inmotionhosting.com 139
34.196.51.17 - - [18/Jun/2025:14:40:31 -0700] "HEAD / HTTP/1.1" 502 0 "http://dunbarconstructioninc.com/" "WPMUDEV Uptime Monitor 5.0 (https://wpmudev.com)" [loc=US/Ashburn] [rt=0.000] [proto=HTTP/1.1:] [args=-] [ucs=MISS] [xpc=-] [uct=-] [gz=-] [br=-] [tls=-] [cipher=-] [scheme=http] [eorigin=-] dunbarconstructioninc.welbornwebsites.com dunbarconstructioninc.com vps38426.inmotionhosting.com 533
206.168.34.75 - - [18/Jun/2025:14:40:34 -0700] "GET / HTTP/1.1" 502 157 "-" "Mozilla/5.0 (compatible; CensysInspect/1.1; +https://about.censys.io/)" [loc=US/Boulder] [rt=0.000] [proto=HTTP/1.1:] [args=-] [ucs=MISS] [xpc=-] [uct=-] [gz=-] [br=-] [tls=TLSv1.3] [cipher=TLS_AES_256_GCM_SHA384] [scheme=https] [eorigin=-] shellroofing.welbornwebsites.com www.shellroofing.welbornwebsites.com vps38426.inmotionhosting.com 535
20.171.207.88 - - [18/Jun/2025:14:40:35 -0700] "GET /dm-sso-endpoint/1750140523/?dm_action=domainmap-setup-cdsso HTTP/1.1" 502 157 "-" "Mozilla/5.0 AppleWebKit/537.36 (KHTML, like Gecko; compatible; GPTBot/1.2; +https://openai.com/gptbot)" [loc=US/-] [rt=0.000] [proto=HTTP/1.1:] [args=dm_action=domainmap-setup-cdsso] [ucs=MISS] [xpc=-] [uct=-] [gz=-] [br=-] [tls=-] [cipher=-] [scheme=http] [eorigin=-] welbornweb.com welbornweb.com vps38426.inmotionhosting.com 139
35.157.144.199 - - [18/Jun/2025:14:40:35 -0700] "HEAD / HTTP/1.1" 502 0 "http://dunbarconstructioninc.com/" "WPMUDEV Uptime Monitor 5.0 (https://wpmudev.com)" [loc=DE/Frankfurt am Main] [rt=0.000] [proto=HTTP/1.1:] [args=-] [ucs=MISS] [xpc=-] [uct=-] [gz=-] [br=-] [tls=-] [cipher=-] [scheme=http] [eorigin=-] dunbarconstructioninc.welbornwebsites.com dunbarconstructioninc.com vps38426.inmotionhosting.com 538
216.73.216.13 - - [18/Jun/2025:14:40:38 -0700] "GET /robots.txt HTTP/1.1" 502 157 "-" "Mozilla/5.0 AppleWebKit/537.36 (KHTML, like Gecko; compatible; ClaudeBot/1.0; +claudebot@anthropic.com)" [loc=US/El Monte] [rt=0.000] [proto=HTTP/1.1:] [args=-] [ucs=MISS] [xpc=-] [uct=-] [gz=-] [br=-] [tls=-] [cipher=-] [scheme=http] [eorigin=-] golfchat.org www.golfchat.org vps38426.inmotionhosting.com 541
20.171.207.88 - - [18/Jun/2025:14:40:38 -0700] "GET /dm-sso-endpoint/1750136546/?dm_action=domainmap-setup-cdsso HTTP/1.1" 502 157 "-" "Mozilla/5.0 AppleWebKit/537.36 (KHTML, like Gecko; compatible; GPTBot/1.2; +https://openai.com/gptbot)" [loc=US/-] [rt=0.000] [proto=HTTP/1.1:] [args=dm_action=domainmap-setup-cdsso] [ucs=MISS] [xpc=-] [uct=-] [gz=-] [br=-] [tls=-] [cipher=-] [scheme=http] [eorigin=-] welbornweb.com welbornweb.com vps38426.inmotionhosting.com 139
34.196.51.17 - - [18/Jun/2025:14:40:39 -0700] "HEAD / HTTP/1.1" 502 0 "https://larrywelborn.com/" "WPMUDEV Uptime Monitor 5.0 (https://wpmudev.com)" [loc=US/Ashburn] [rt=0.000] [proto=HTTP/1.1:] [args=-] [ucs=MISS] [xpc=-] [uct=-] [gz=-] [br=-] [tls=TLSv1.3] [cipher=TLS_AES_256_GCM_SHA384] [scheme=https] [eorigin=-] larrywelborn.com larrywelborn.com vps38426.inmotionhosting.com 543
20.171.207.88 - - [18/Jun/2025:14:40:42 -0700] "GET /dm-sso-endpoint/1750123336/?dm_action=domainmap-setup-cdsso HTTP/1.1" 502 157 "-" "Mozilla/5.0 AppleWebKit/537.36 (KHTML, like Gecko; compatible; GPTBot/1.2; +https://openai.com/gptbot)" [loc=US/-] [rt=0.000] [proto=HTTP/1.1:] [args=dm_action=domainmap-setup-cdsso] [ucs=MISS] [xpc=-] [uct=-] [gz=-] [br=-] [tls=-] [cipher=-] [scheme=http] [eorigin=-] welbornweb.com welbornweb.com vps38426.inmotionhosting.com 139
35.157.144.199 - - [18/Jun/2025:14:40:43 -0700] "HEAD / HTTP/1.1" 502 0 "https://larrywelborn.com/" "WPMUDEV Uptime Monitor 5.0 (https://wpmudev.com)" [loc=DE/Frankfurt am Main] [rt=0.000] [proto=HTTP/1.1:] [args=-] [ucs=MISS] [xpc=-] [uct=-] [gz=-] [br=-] [tls=TLSv1.3] [cipher=TLS_AES_256_GCM_SHA384] [scheme=https] [eorigin=-] larrywelborn.com larrywelborn.com vps38426.inmotionhosting.com 547
37.139.53.80 - - [18/Jun/2025:14:40:45 -0700] "GET /do-golfers-use-social-media/?unapproved=593733&moderation-hash=973e848c62a073fa52707a546d3a9aed HTTP/1.0" 502 559 "https://welbornmedia.com/do-golfers-use-social-media/?unapproved=593733&moderation-hash=973e848c62a073fa52707a546d3a9aed#comment-593733" "Mozilla/5.0 (Windows NT 6.1; WOW64) AppleWebKit/537.36 (KHTML, like Gecko) Chrome/103.0.0.0 Safari/537.36" [loc=RU/St Petersburg] [rt=0.000] [proto=HTTP/1.0:] [args=unapproved=593733&moderation-hash=973e848c62a073fa52707a546d3a9aed] [ucs=MISS] [xpc=-] [uct=-] [gz=-] [br=-] [tls=TLSv1.2] [cipher=ECDHE-RSA-AES256-GCM-SHA384] [scheme=https] [eorigin=-] welbornmedia.com welbornmedia.com vps38426.inmotionhosting.com 550
20.171.207.88 - - [18/Jun/2025:14:40:45 -0700] "GET /dm-sso-endpoint/1750151755/?dm_action=domainmap-setup-cdsso HTTP/1.1" 502 157 "-" "Mozilla/5.0 AppleWebKit/537.36 (KHTML, like Gecko; compatible; GPTBot/1.2; +https://openai.com/gptbot)" [loc=US/-] [rt=0.000] [proto=HTTP/1.1:] [args=dm_action=domainmap-setup-cdsso] [ucs=MISS] [xpc=-] [uct=-] [gz=-] [br=-] [tls=-] [cipher=-] [scheme=http] [eorigin=-] welbornweb.com welbornweb.com vps38426.inmotionhosting.com 139
37.139.53.80 - - [18/Jun/2025:14:40:45 -0700] "GET / HTTP/1.0" 502 559 "https://welbornmedia.com/" "Mozilla/5.0 (Windows NT 6.1; WOW64) AppleWebKit/537.36 (KHTML, like Gecko) Chrome/103.0.0.0 Safari/537.36" [loc=RU/St Petersburg] [rt=0.000] [proto=HTTP/1.0:] [args=-] [ucs=MISS] [xpc=-] [uct=-] [gz=-] [br=-] [tls=TLSv1.2] [cipher=ECDHE-RSA-AES256-GCM-SHA384] [scheme=https] [eorigin=-] welbornmedia.com welbornmedia.com vps38426.inmotionhosting.com 552
20.171.207.88 - - [18/Jun/2025:14:40:49 -0700] "GET /dm-sso-endpoint/1750115116/?dm_action=domainmap-setup-cdsso HTTP/1.1" 502 157 "-" "Mozilla/5.0 AppleWebKit/537.36 (KHTML, like Gecko; compatible; GPTBot/1.2; +https://openai.com/gptbot)" [loc=US/-] [rt=0.000] [proto=HTTP/1.1:] [args=dm_action=domainmap-setup-cdsso] [ucs=MISS] [xpc=-] [uct=-] [gz=-] [br=-] [tls=-] [cipher=-] [scheme=http] [eorigin=-] welbornweb.com welbornweb.com vps38426.inmotionhosting.com 139
66.249.79.5 - - [18/Jun/2025:14:40:49 -0700] "GET /category/episode-033-be-of-service-to-others-chris-brogan-from-human-business-works/feed/ HTTP/1.1" 502 157 "-" "Mozilla/5.0 (compatible; Googlebot/2.1; +http://www.google.com/bot.html)" [loc=US/Mountain View] [rt=0.000] [proto=HTTP/1.1:] [args=-] [ucs=MISS] [xpc=-] [uct=-] [gz=-] [br=-] [tls=TLSv1.3] [cipher=TLS_AES_256_GCM_SHA384] [scheme=https] [eorigin=-] definingsuccesspodcast.com definingsuccesspodcast.com vps38426.inmotionhosting.com 557
68.183.106.79 - - [18/Jun/2025:14:40:49 -0700] "POST /xmlrpc.php HTTP/1.1" 502 157 "-" "Mozilla/5.0 (X11; Ubuntu; Linux x86_64; rv:85.0) Gecko/20100101 Firefox/91.0" [loc=US/San Marcos] [rt=0.066] [proto=HTTP/1.1:] [args=-] [ucs=-] [xpc=-] [uct=-] [gz=-] [br=-] [tls=TLSv1.2] [cipher=ECDHE-RSA-AES256-GCM-SHA384] [scheme=https] [eorigin=-] somersetchino.com somersetchino.com vps38426.inmotionhosting.com 559
66.249.79.5 - - [18/Jun/2025:14:40:50 -0700] "GET /tag/overcome-technology-obsession/feed/ HTTP/1.1" 502 157 "-" "Mozilla/5.0 (compatible; Googlebot/2.1; +http://www.google.com/bot.html)" [loc=US/Mountain View] [rt=0.000] [proto=HTTP/1.1:] [args=-] [ucs=MISS] [xpc=-] [uct=-] [gz=-] [br=-] [tls=TLSv1.3] [cipher=TLS_AES_256_GCM_SHA384] [scheme=https] [eorigin=-] definingsuccesspodcast.com definingsuccesspodcast.com vps38426.inmotionhosting.com 557
20.171.207.88 - - [18/Jun/2025:14:40:52 -0700] "GET /dm-sso-endpoint/1750125155/?dm_action=domainmap-setup-cdsso HTTP/1.1" 502 157 "-" "Mozilla/5.0 AppleWebKit/537.36 (KHTML, like Gecko; compatible; GPTBot/1.2; +https://openai.com/gptbot)" [loc=US/-] [rt=0.001] [proto=HTTP/1.1:] [args=dm_action=domainmap-setup-cdsso] [ucs=MISS] [xpc=-] [uct=-] [gz=-] [br=-] [tls=-] [cipher=-] [scheme=http] [eorigin=-] welbornweb.com welbornweb.com vps38426.inmotionhosting.com 139
66.249.79.5 - - [18/Jun/2025:14:40:54 -0700] "GET /category/episode-078-start-a-small-scale-business-to-test-your-idea-ben-alexander-founder-of-balloon-distractions/feed/ HTTP/1.1" 502 157 "-" "Mozilla/5.0 (compatible; Googlebot/2.1; +http://www.google.com/bot.html)" [loc=US/Mountain View] [rt=0.000] [proto=HTTP/1.1:] [args=-] [ucs=MISS] [xpc=-] [uct=-] [gz=-] [br=-] [tls=TLSv1.3] [cipher=TLS_AES_256_GCM_SHA384] [scheme=https] [eorigin=-] definingsuccesspodcast.com definingsuccesspodcast.com vps38426.inmotionhosting.com 557
20.171.207.88 - - [18/Jun/2025:14:40:56 -0700] "GET /dm-sso-endpoint/1750115050/?dm_action=domainmap-setup-cdsso HTTP/1.1" 502 157 "-" "Mozilla/5.0 AppleWebKit/537.36 (KHTML, like Gecko; compatible; GPTBot/1.2; +https://openai.com/gptbot)" [loc=US/-] [rt=0.000] [proto=HTTP/1.1:] [args=dm_action=domainmap-setup-cdsso] [ucs=MISS] [xpc=-] [uct=-] [gz=-] [br=-] [tls=-] [cipher=-] [scheme=http] [eorigin=-] welbornweb.com welbornweb.com vps38426.inmotionhosting.com 139
66.249.79.5 - - [18/Jun/2025:14:40:56 -0700] "GET /category/episode-067-the-learning-experience-fred-shoemaker-from-extraordinary-golf/feed/ HTTP/1.1" 502 157 "-" "Mozilla/5.0 (compatible; Googlebot/2.1; +http://www.google.com/bot.html)" [loc=US/Mountain View] [rt=0.000] [proto=HTTP/1.1:] [args=-] [ucs=MISS] [xpc=-] [uct=-] [gz=-] [br=-] [tls=TLSv1.3] [cipher=TLS_AES_256_GCM_SHA384] [scheme=https] [eorigin=-] definingsuccesspodcast.com definingsuccesspodcast.com vps38426.inmotionhosting.com 557
75.119.144.123 - - [18/Jun/2025:14:40:57 -0700] "POST /xmlrpc.php HTTP/1.1" 502 157 "http://ruschianana.com" "Mozilla/5.0 (Macintosh; Intel Mac OS X 14.5) AppleWebKit/618.3.5 (KHTML, like Gecko) Version/17.4 Safari/618.3.5" [loc=US/-] [rt=0.001] [proto=HTTP/1.1:] [args=-] [ucs=-] [xpc=-] [uct=-] [gz=-] [br=-] [tls=-] [cipher=-] [scheme=http] [eorigin=-] ruschianana.com ruschianana.com vps38426.inmotionhosting.com 567
20.171.207.88 - - [18/Jun/2025:14:40:59 -0700] "GET /dm-sso-endpoint/1750115131/?dm_action=domainmap-setup-cdsso HTTP/1.1" 502 157 "-" "Mozilla/5.0 AppleWebKit/537.36 (KHTML, like Gecko; compatible; GPTBot/1.2; +https://openai.com/gptbot)" [loc=US/-] [rt=0.000] [proto=HTTP/1.1:] [args=dm_action=domainmap-setup-cdsso] [ucs=MISS] [xpc=-] [uct=-] [gz=-] [br=-] [tls=-] [cipher=-] [scheme=http] [eorigin=-] welbornweb.com welbornweb.com vps38426.inmotionhosting.com 139
40.77.167.131 - - [18/Jun/2025:14:40:59 -0700] "GET /?s=2024 HTTP/2.0" 502 559 "-" "Mozilla/5.0 AppleWebKit/537.36 (KHTML, like Gecko; compatible; bingbot/2.0; +http://www.bing.com/bingbot.htm) Chrome/116.0.1938.76 Safari/537.36" [loc=US/Boydton] [rt=0.001] [proto=HTTP/2.0:h2] [args=s=2024] [ucs=MISS] [xpc=-] [uct=-] [gz=-] [br=-] [tls=TLSv1.3] [cipher=TLS_AES_256_GCM_SHA384] [scheme=https] [eorigin=-] welbornmedia.com welbornmedia.com vps38426.inmotionhosting.com 573
121.144.120.196 - - [18/Jun/2025:14:40:59 -0700] "POST /xmlrpc.php HTTP/1.1" 502 157 "-" "Mozilla/5.0 (X11; Ubuntu; Linux x86_64; rv:85.0) Gecko/20100101 Firefox/91.0" [loc=KR/Haeundae] [rt=0.138] [proto=HTTP/1.1:] [args=-] [ucs=-] [xpc=-] [uct=-] [gz=-] [br=-] [tls=TLSv1.2] [cipher=ECDHE-RSA-AES256-GCM-SHA384] [scheme=https] [eorigin=-] guardianjetcenter.com.welbornwebsites.com guardianjetcenter.com vps38426.inmotionhosting.com 569
103.191.76.181 - - [18/Jun/2025:14:41:01 -0700] "POST /xmlrpc.php HTTP/1.1" 502 157 "http://ruschianana.com" "Mozilla/5.0 (Macintosh; Intel Mac OS X 10_15_7; rv:126.0) Gecko/20100101 Firefox/126.0" [loc=-/-] [rt=0.000] [proto=HTTP/1.1:] [args=-] [ucs=-] [xpc=-] [uct=-] [gz=-] [br=-] [tls=-] [cipher=-] [scheme=http] [eorigin=-] ruschianana.com ruschianana.com vps38426.inmotionhosting.com 575
20.171.207.88 - - [18/Jun/2025:14:41:03 -0700] "GET /dm-sso-endpoint/1750120730/?dm_action=domainmap-setup-cdsso HTTP/1.1" 502 157 "-" "Mozilla/5.0 AppleWebKit/537.36 (KHTML, like Gecko; compatible; GPTBot/1.2; +https://openai.com/gptbot)" [loc=US/-] [rt=0.000] [proto=HTTP/1.1:] [args=dm_action=domainmap-setup-cdsso] [ucs=MISS] [xpc=-] [uct=-] [gz=-] [br=-] [tls=-] [cipher=-] [scheme=http] [eorigin=-] welbornweb.com welbornweb.com vps38426.inmotionhosting.com 139
66.249.79.7 - - [18/Jun/2025:14:41:06 -0700] "GET /category/episode-070-dont-let-your-ego-get-in-the-way-virgil-herring-author-of-the-golf-journal/feed/ HTTP/1.1" 502 157 "-" "Mozilla/5.0 (compatible; Googlebot/2.1; +http://www.google.com/bot.html)" [loc=US/Mountain View] [rt=0.000] [proto=HTTP/1.1:] [args=-] [ucs=MISS] [xpc=-] [uct=-] [gz=-] [br=-] [tls=TLSv1.3] [cipher=TLS_AES_256_GCM_SHA384] [scheme=https] [eorigin=-] definingsuccesspodcast.com definingsuccesspodcast.com vps38426.inmotionhosting.com 578
20.171.207.88 - - [18/Jun/2025:14:41:06 -0700] "GET /dm-sso-endpoint/1750119554/?dm_action=domainmap-setup-cdsso HTTP/1.1" 502 157 "-" "Mozilla/5.0 AppleWebKit/537.36 (KHTML, like Gecko; compatible; GPTBot/1.2; +https://openai.com/gptbot)" [loc=US/-] [rt=0.000] [proto=HTTP/1.1:] [args=dm_action=domainmap-setup-cdsso] [ucs=MISS] [xpc=-] [uct=-] [gz=-] [br=-] [tls=-] [cipher=-] [scheme=http] [eorigin=-] welbornweb.com welbornweb.com vps38426.inmotionhosting.com 139
20.171.207.88 - - [18/Jun/2025:14:41:10 -0700] "GET /dm-sso-endpoint/1750116198/?dm_action=domainmap-setup-cdsso HTTP/1.1" 502 157 "-" "Mozilla/5.0 AppleWebKit/537.36 (KHTML, like Gecko; compatible; GPTBot/1.2; +https://openai.com/gptbot)" [loc=US/-] [rt=0.000] [proto=HTTP/1.1:] [args=dm_action=domainmap-setup-cdsso] [ucs=MISS] [xpc=-] [uct=-] [gz=-] [br=-] [tls=-] [cipher=-] [scheme=http] [eorigin=-] welbornweb.com welbornweb.com vps38426.inmotionhosting.com 139
114.119.145.123 - - [18/Jun/2025:14:41:13 -0700] "GET /?s=%E5%A4%A9%E5%A4%A9%E5%BE%B7%E5%B7%9E%E4%B8%8B%E8%BC%89-%E3%80%90%E2%9C%94%EF%B8%8F%E6%8E%A8%E8%96%A6DD96%C2%B7CC%E2%9C%94%EF%B8%8F%E3%80%91-ziboba-%E5%A4%A9%E5%A4%A9%E5%BE%B7%E5%B7%9E%E4%B8%8B%E8%BC%89i5p5v-%E3%80%90%E2%9C%94%EF%B8%8F%E6%8E%A8%E8%96%A6DD96%C2%B7CC%E2%9C%94%EF%B8%8F%E3%80%91-zibobahzyt-%E5%A4%A9%E5%A4%A9%E5%BE%B7%E5%B7%9E%E4%B8%8B%E8%BC%896dgi0-zibobauvca HTTP/1.1" 502 157 "https://definingsuccesspodcast.com/?s=%E5%A4%A9%E5%A4%A9%E5%BE%B7%E5%B7%9E%E4%B8%8B%E8%BC%89-%E3%80%90%E2%9C%94%EF%B8%8F%E6%8E%A8%E8%96%A6DD96%C2%B7CC%E2%9C%94%EF%B8%8F%E3%80%91-ziboba-%E5%A4%A9%E5%A4%A9%E5%BE%B7%E5%B7%9E%E4%B8%8B%E8%BC%89i5p5v-%E3%80%90%E2%9C%94%EF%B8%8F%E6%8E%A8%E8%96%A6DD96%C2%B7CC%E2%9C%94%EF%B8%8F%E3%80%91-zibobahzyt-%E5%A4%A9%E5%A4%A9%E5%BE%B7%E5%B7%9E%E4%B8%8B%E8%BC%896dgi0-zibobauvca" "Mozilla/5.0 (Linux; Android 7.0;) AppleWebKit/537.36 (KHTML, like Gecko) Mobile Safari/537.36 (compatible; PetalBot;+https://webmaster.petalsearch.com/site/petalbot)" [loc=CN/-] [rt=0.000] [proto=HTTP/1.1:] [args=s=%E5%A4%A9%E5%A4%A9%E5%BE%B7%E5%B7%9E%E4%B8%8B%E8%BC%89-%E3%80%90%E2%9C%94%EF%B8%8F%E6%8E%A8%E8%96%A6DD96%C2%B7CC%E2%9C%94%EF%B8%8F%E3%80%91-ziboba-%E5%A4%A9%E5%A4%A9%E5%BE%B7%E5%B7%9E%E4%B8%8B%E8%BC%89i5p5v-%E3%80%90%E2%9C%94%EF%B8%8F%E6%8E%A8%E8%96%A6DD96%C2%B7CC%E2%9C%94%EF%B8%8F%E3%80%91-zibobahzyt-%E5%A4%A9%E5%A4%A9%E5%BE%B7%E5%B7%9E%E4%B8%8B%E8%BC%896dgi0-zibobauvca] [ucs=MISS] [xpc=-] [uct=-] [gz=-] [br=-] [tls=TLSv1.3] [cipher=TLS_AES_256_GCM_SHA384] [scheme=https] [eorigin=-] definingsuccesspodcast.com definingsuccesspodcast.com vps38426.inmotionhosting.com 583
20.171.207.88 - - [18/Jun/2025:14:41:13 -0700] "GET /dm-sso-endpoint/1750119571/?dm_action=domainmap-setup-cdsso HTTP/1.1" 502 157 "-" "Mozilla/5.0 AppleWebKit/537.36 (KHTML, like Gecko; compatible; GPTBot/1.2; +https://openai.com/gptbot)" [loc=US/-] [rt=0.000] [proto=HTTP/1.1:] [args=dm_action=domainmap-setup-cdsso] [ucs=MISS] [xpc=-] [uct=-] [gz=-] [br=-] [tls=-] [cipher=-] [scheme=http] [eorigin=-] welbornweb.com welbornweb.com vps38426.inmotionhosting.com 139
85.208.96.196 - - [18/Jun/2025:14:41:14 -0700] "GET /tag/us-open/ HTTP/1.1" 502 157 "-" "Mozilla/5.0 (compatible; SemrushBot/7~bl; +http://www.semrush.com/bot.html)" [loc=-/-] [rt=0.000] [proto=HTTP/1.1:] [args=-] [ucs=MISS] [xpc=-] [uct=-] [gz=-] [br=-] [tls=TLSv1.3] [cipher=TLS_AES_256_GCM_SHA384] [scheme=https] [eorigin=-] golfchat.org www.golfchat.org vps38426.inmotionhosting.com 586
20.171.207.88 - - [18/Jun/2025:14:41:17 -0700] "GET /dm-sso-endpoint/1750117097/?dm_action=domainmap-setup-cdsso HTTP/1.1" 502 157 "-" "Mozilla/5.0 AppleWebKit/537.36 (KHTML, like Gecko; compatible; GPTBot/1.2; +https://openai.com/gptbot)" [loc=US/-] [rt=0.000] [proto=HTTP/1.1:] [args=dm_action=domainmap-setup-cdsso] [ucs=MISS] [xpc=-] [uct=-] [gz=-] [br=-] [tls=-] [cipher=-] [scheme=http] [eorigin=-] welbornweb.com welbornweb.com vps38426.inmotionhosting.com 139
206.168.34.75 - - [18/Jun/2025:14:41:17 -0700] "GET /favicon.ico HTTP/1.1" 404 124 "-" "Mozilla/5.0 (compatible; CensysInspect/1.1; +https://about.censys.io/)" [loc=US/Boulder] [rt=0.000] [proto=HTTP/1.1:] [args=-] [ucs=-] [xpc=-] [uct=-] [gz=1.35] [br=-] [tls=TLSv1.3] [cipher=TLS_AES_256_GCM_SHA384] [scheme=https] [eorigin=-] shellroofing.welbornwebsites.com www.shellroofing.welbornwebsites.com vps38426.inmotionhosting.com 581
20.171.207.88 - - [18/Jun/2025:14:41:20 -0700] "GET /dm-sso-endpoint/1750122572/?dm_action=domainmap-setup-cdsso HTTP/1.1" 502 157 "-" "Mozilla/5.0 AppleWebKit/537.36 (KHTML, like Gecko; compatible; GPTBot/1.2; +https://openai.com/gptbot)" [loc=US/-] [rt=0.000] [proto=HTTP/1.1:] [args=dm_action=domainmap-setup-cdsso] [ucs=MISS] [xpc=-] [uct=-] [gz=-] [br=-] [tls=-] [cipher=-] [scheme=http] [eorigin=-] welbornweb.com welbornweb.com vps38426.inmotionhosting.com 139
51.222.253.12 - - [18/Jun/2025:14:41:21 -0700] "GET /the-book/ HTTP/2.0" 502 157 "-" "Mozilla/5.0 (compatible; AhrefsBot/7.0; +http://ahrefs.com/robot/)" [loc=FR/-] [rt=0.001] [proto=HTTP/2.0:h2] [args=-] [ucs=MISS] [xpc=-] [uct=-] [gz=-] [br=-] [tls=TLSv1.3] [cipher=TLS_AES_256_GCM_SHA384] [scheme=https] [eorigin=-] socialgolfcourse.com socialgolfcourse.com vps38426.inmotionhosting.com 591
20.171.207.88 - - [18/Jun/2025:14:41:24 -0700] "GET /dm-sso-endpoint/1750115477/?dm_action=domainmap-setup-cdsso HTTP/1.1" 502 157 "-" "Mozilla/5.0 AppleWebKit/537.36 (KHTML, like Gecko; compatible; GPTBot/1.2; +https://openai.com/gptbot)" [loc=US/-] [rt=0.000] [proto=HTTP/1.1:] [args=dm_action=domainmap-setup-cdsso] [ucs=MISS] [xpc=-] [uct=-] [gz=-] [br=-] [tls=-] [cipher=-] [scheme=http] [eorigin=-] welbornweb.com welbornweb.com vps38426.inmotionhosting.com 139
192.254.229.36 - - [18/Jun/2025:14:41:27 -0700] "POST /xmlrpc.php HTTP/1.1" 502 559 "http://dunbarconstructioninc.com" "Mozilla/5.0 (Macintosh; Intel Mac OS X 13_3) AppleWebKit/537.36 (KHTML, like Gecko) Chrome/126.0.0.0 Safari/537.36" [loc=US/Houston] [rt=0.001] [proto=HTTP/1.1:] [args=-] [ucs=-] [xpc=-] [uct=-] [gz=-] [br=-] [tls=-] [cipher=-] [scheme=http] [eorigin=-] dunbarconstructioninc.welbornwebsites.com dunbarconstructioninc.com vps38426.inmotionhosting.com 594
20.171.207.88 - - [18/Jun/2025:14:41:27 -0700] "GET /dm-sso-endpoint/1750134104/?dm_action=domainmap-setup-cdsso HTTP/1.1" 502 157 "-" "Mozilla/5.0 AppleWebKit/537.36 (KHTML, like Gecko; compatible; GPTBot/1.2; +https://openai.com/gptbot)" [loc=US/-] [rt=0.000] [proto=HTTP/1.1:] [args=dm_action=domainmap-setup-cdsso] [ucs=MISS] [xpc=-] [uct=-] [gz=-] [br=-] [tls=-] [cipher=-] [scheme=http] [eorigin=-] welbornweb.com welbornweb.com vps38426.inmotionhosting.com 139
91.99.69.85 - - [18/Jun/2025:14:41:28 -0700] "POST /xmlrpc.php HTTP/1.1" 502 157 "http://ruschianana.com" "Mozilla/5.0 (Macintosh; Intel Mac OS X 10_15_7; rv:126.0) Gecko/20100101 Firefox/126.0" [loc=IR/-] [rt=0.000] [proto=HTTP/1.1:] [args=-] [ucs=-] [xpc=-] [uct=-] [gz=-] [br=-] [tls=-] [cipher=-] [scheme=http] [eorigin=-] ruschianana.com ruschianana.com vps38426.inmotionhosting.com 597
34.196.51.17 - - [18/Jun/2025:14:41:29 -0700] "HEAD / HTTP/1.1" 200 0 "http://ruschianana.com/" "WPMUDEV Uptime Monitor 5.0 (https://wpmudev.com)" [loc=US/Ashburn] [rt=0.000] [proto=HTTP/1.1:] [args=-] [ucs=STALE] [xpc=STALE] [uct=-] [gz=-] [br=-] [tls=-] [cipher=-] [scheme=http] [eorigin=-] ruschianana.com ruschianana.com vps38426.inmotionhosting.com 599
34.196.51.17 - - [18/Jun/2025:14:41:29 -0700] "HEAD / HTTP/1.1" 200 0 "https://19thholemedia.com/" "WPMUDEV Uptime Monitor 5.0 (https://wpmudev.com)" [loc=US/Ashburn] [rt=0.000] [proto=HTTP/1.1:] [args=-] [ucs=STALE] [xpc=STALE] [uct=-] [gz=-] [br=-] [tls=TLSv1.3] [cipher=TLS_AES_256_GCM_SHA384] [scheme=https] [eorigin=-] 19thholemedia.com 19thholemedia.com vps38426.inmotionhosting.com 600
34.196.51.17 - - [18/Jun/2025:14:41:29 -0700] "HEAD / HTTP/1.1" 502 0 "http://somersetchino.com/" "WPMUDEV Uptime Monitor 5.0 (https://wpmudev.com)" [loc=US/Ashburn] [rt=0.000] [proto=HTTP/1.1:] [args=-] [ucs=MISS] [xpc=-] [uct=-] [gz=-] [br=-] [tls=-] [cipher=-] [scheme=http] [eorigin=-] somersetchino.com somersetchino.com vps38426.inmotionhosting.com 604
66.249.79.1 - - [18/Jun/2025:14:41:29 -0700] "GET /tag/sifteo-cubes/feed/ HTTP/1.1" 502 157 "-" "Mozilla/5.0 (compatible; Googlebot/2.1; +http://www.google.com/bot.html)" [loc=US/Mountain View] [rt=0.000] [proto=HTTP/1.1:] [args=-] [ucs=MISS] [xpc=-] [uct=-] [gz=-] [br=-] [tls=-] [cipher=-] [scheme=http] [eorigin=-] definingsuccesspodcast.com definingsuccesspodcast.com vps38426.inmotionhosting.com 606
34.196.51.17 - - [18/Jun/2025:14:41:30 -0700] "HEAD / HTTP/1.1" 502 0 "https://welbornmedia.com/" "WPMUDEV Uptime Monitor 5.0 (https://wpmudev.com)" [loc=US/Ashburn] [rt=0.001] [proto=HTTP/1.1:] [args=-] [ucs=MISS] [xpc=-] [uct=-] [gz=-] [br=-] [tls=TLSv1.3] [cipher=TLS_AES_256_GCM_SHA384] [scheme=https] [eorigin=-] welbornmedia.com welbornmedia.com vps38426.inmotionhosting.com 601
20.171.207.88 - - [18/Jun/2025:14:41:31 -0700] "GET /dm-sso-endpoint/1750117180/?dm_action=domainmap-setup-cdsso HTTP/1.1" 502 157 "-" "Mozilla/5.0 AppleWebKit/537.36 (KHTML, like Gecko; compatible; GPTBot/1.2; +https://openai.com/gptbot)" [loc=US/-] [rt=0.000] [proto=HTTP/1.1:] [args=dm_action=domainmap-setup-cdsso] [ucs=MISS] [xpc=-] [uct=-] [gz=-] [br=-] [tls=-] [cipher=-] [scheme=http] [eorigin=-] welbornweb.com welbornweb.com vps38426.inmotionhosting.com 139
35.157.144.199 - - [18/Jun/2025:14:41:32 -0700] "HEAD / HTTP/1.1" 502 0 "http://somersetchino.com/" "WPMUDEV Uptime Monitor 5.0 (https://wpmudev.com)" [loc=DE/Frankfurt am Main] [rt=0.000] [proto=HTTP/1.1:] [args=-] [ucs=MISS] [xpc=-] [uct=-] [gz=-] [br=-] [tls=-] [cipher=-] [scheme=http] [eorigin=-] somersetchino.com somersetchino.com vps38426.inmotionhosting.com 610
173.247.245.44 - - [18/Jun/2025:14:41:32 -0700] "POST /xmlrpc.php HTTP/1.1" 502 559 "http://ruschianana.com" "Mozilla/5.0 (Macintosh; Intel Mac OS X 10_15_7) AppleWebKit/537.36 (KHTML, like Gecko) Chrome/116.0.5845.96 Safari/537.36" [loc=US/Santa Monica] [rt=0.000] [proto=HTTP/1.1:] [args=-] [ucs=-] [xpc=-] [uct=-] [gz=-] [br=-] [tls=-] [cipher=-] [scheme=http] [eorigin=-] ruschianana.com ruschianana.com vps38426.inmotionhosting.com 613
35.157.144.199 - - [18/Jun/2025:14:41:32 -0700] "HEAD / HTTP/1.1" 502 0 "https://welbornmedia.com/" "WPMUDEV Uptime Monitor 5.0 (https://wpmudev.com)" [loc=DE/Frankfurt am Main] [rt=0.000] [proto=HTTP/1.1:] [args=-] [ucs=MISS] [xpc=-] [uct=-] [gz=-] [br=-] [tls=TLSv1.3] [cipher=TLS_AES_256_GCM_SHA384] [scheme=https] [eorigin=-] welbornmedia.com welbornmedia.com vps38426.inmotionhosting.com 612
66.249.79.5 - - [18/Jun/2025:14:41:33 -0700] "GET /category/episode-042-engagement-vs-automation-rick-mulready-from-the-inside-social-media-podcast/feed/ HTTP/1.1" 502 157 "-" "Mozilla/5.0 (compatible; Googlebot/2.1; +http://www.google.com/bot.html)" [loc=US/Mountain View] [rt=0.000] [proto=HTTP/1.1:] [args=-] [ucs=MISS] [xpc=-] [uct=-] [gz=-] [br=-] [tls=TLSv1.3] [cipher=TLS_AES_256_GCM_SHA384] [scheme=https] [eorigin=-] definingsuccesspodcast.com definingsuccesspodcast.com vps38426.inmotionhosting.com 616
20.171.207.88 - - [18/Jun/2025:14:41:36 -0700] "GET /dm-sso-endpoint/1750119881/?dm_action=domainmap-setup-cdsso HTTP/1.1" 502 157 "-" "Mozilla/5.0 AppleWebKit/537.36 (KHTML, like Gecko; compatible; GPTBot/1.2; +https://openai.com/gptbot)" [loc=US/-] [rt=0.000] [proto=HTTP/1.1:] [args=dm_action=domainmap-setup-cdsso] [ucs=MISS] [xpc=-] [uct=-] [gz=-] [br=-] [tls=-] [cipher=-] [scheme=http] [eorigin=-] welbornweb.com welbornweb.com vps38426.inmotionhosting.com 139
66.249.79.5 - - [18/Jun/2025:14:41:36 -0700] "GET /category/episode-064-pinterest-and-seo-host-of-oh-so-pinteresting-podcast-cynthia-sanchez/feed/ HTTP/1.1" 502 157 "-" "Mozilla/5.0 (compatible; Googlebot/2.1; +http://www.google.com/bot.html)" [loc=US/Mountain View] [rt=0.000] [proto=HTTP/1.1:] [args=-] [ucs=MISS] [xpc=-] [uct=-] [gz=-] [br=-] [tls=TLSv1.3] [cipher=TLS_AES_256_GCM_SHA384] [scheme=https] [eorigin=-] definingsuccesspodcast.com definingsuccesspodcast.com vps38426.inmotionhosting.com 616
206.168.34.75 - - [18/Jun/2025:14:41:38 -0700] "GET /wiki HTTP/1.1" 502 157 "-" "Mozilla/5.0 (compatible; CensysInspect/1.1; +https://about.censys.io/)" [loc=US/Boulder] [rt=0.000] [proto=HTTP/1.1:] [args=-] [ucs=MISS] [xpc=-] [uct=-] [gz=-] [br=-] [tls=TLSv1.3] [cipher=TLS_AES_256_GCM_SHA384] [scheme=https] [eorigin=-] shellroofing.welbornwebsites.com www.shellroofing.welbornwebsites.com vps38426.inmotionhosting.com 618
20.171.207.88 - - [18/Jun/2025:14:41:39 -0700] "GET /dm-sso-endpoint/1750115718/?dm_action=domainmap-setup-cdsso HTTP/1.1" 502 157 "-" "Mozilla/5.0 AppleWebKit/537.36 (KHTML, like Gecko; compatible; GPTBot/1.2; +https://openai.com/gptbot)" [loc=US/-] [rt=0.000] [proto=HTTP/1.1:] [args=dm_action=domainmap-setup-cdsso] [ucs=MISS] [xpc=-] [uct=-] [gz=-] [br=-] [tls=-] [cipher=-] [scheme=http] [eorigin=-] welbornweb.com welbornweb.com vps38426.inmotionhosting.com 139
66.249.79.5 - - [18/Jun/2025:14:41:40 -0700] "GET /category/episode-031-everyone-has-a-success-story-rey-ybarra-author-of-conversations-with-shark-tank-winners/feed/ HTTP/1.1" 502 157 "-" "Mozilla/5.0 (compatible; Googlebot/2.1; +http://www.google.com/bot.html)" [loc=US/Mountain View] [rt=0.000] [proto=HTTP/1.1:] [args=-] [ucs=MISS] [xpc=-] [uct=-] [gz=-] [br=-] [tls=TLSv1.3] [cipher=TLS_AES_256_GCM_SHA384] [scheme=https] [eorigin=-] definingsuccesspodcast.com definingsuccesspodcast.com vps38426.inmotionhosting.com 616
66.249.79.5 - - [18/Jun/2025:14:41:42 -0700] "GET /category/episode-96-outside-your-comfort-zone-niveen-salem-multi-level-marketing-and-former-chevron-executive/feed/ HTTP/1.1" 502 157 "-" "Mozilla/5.0 (compatible; Googlebot/2.1; +http://www.google.com/bot.html)" [loc=US/Mountain View] [rt=0.000] [proto=HTTP/1.1:] [args=-] [ucs=MISS] [xpc=-] [uct=-] [gz=-] [br=-] [tls=TLSv1.3] [cipher=TLS_AES_256_GCM_SHA384] [scheme=https] [eorigin=-] definingsuccesspodcast.com definingsuccesspodcast.com vps38426.inmotionhosting.com 616
38.242.218.188 - - [18/Jun/2025:14:41:42 -0700] "POST /xmlrpc.php HTTP/2.0" 502 157 "https://guardianjetcenter.com" "Mozilla/5.0 (Macintosh; Intel Mac OS X 14_4_1) AppleWebKit/605.1.15 (KHTML, like Gecko) Version/17.3.1 Safari/605.1.15" [loc=US/-] [rt=0.000] [proto=HTTP/2.0:h2] [args=-] [ucs=-] [xpc=-] [uct=-] [gz=-] [br=-] [tls=TLSv1.3] [cipher=TLS_AES_256_GCM_SHA384] [scheme=https] [eorigin=-] guardianjetcenter.com.welbornwebsites.com guardianjetcenter.com vps38426.inmotionhosting.com 624
20.171.207.88 - - [18/Jun/2025:14:41:43 -0700] "GET /dm-sso-endpoint/1750138807/?dm_action=domainmap-setup-cdsso HTTP/1.1" 502 157 "-" "Mozilla/5.0 AppleWebKit/537.36 (KHTML, like Gecko; compatible; GPTBot/1.2; +https://openai.com/gptbot)" [loc=US/-] [rt=0.000] [proto=HTTP/1.1:] [args=dm_action=domainmap-setup-cdsso] [ucs=MISS] [xpc=-] [uct=-] [gz=-] [br=-] [tls=-] [cipher=-] [scheme=http] [eorigin=-] welbornweb.com welbornweb.com vps38426.inmotionhosting.com 139
20.171.207.88 - - [18/Jun/2025:14:41:47 -0700] "GET /dm-sso-endpoint/1750130540/?dm_action=domainmap-setup-cdsso HTTP/1.1" 502 157 "-" "Mozilla/5.0 AppleWebKit/537.36 (KHTML, like Gecko; compatible; GPTBot/1.2; +https://openai.com/gptbot)" [loc=US/-] [rt=0.000] [proto=HTTP/1.1:] [args=dm_action=domainmap-setup-cdsso] [ucs=MISS] [xpc=-] [uct=-] [gz=-] [br=-] [tls=-] [cipher=-] [scheme=http] [eorigin=-] welbornweb.com welbornweb.com vps38426.inmotionhosting.com 139
66.249.79.5 - - [18/Jun/2025:14:41:49 -0700] "GET /category/episode-033-be-of-service-to-others-chris-brogan-from-human-business-works/feed/ HTTP/1.1" 502 157 "-" "Mozilla/5.0 (compatible; Googlebot/2.1; +http://www.google.com/bot.html)" [loc=US/Mountain View] [rt=0.001] [proto=HTTP/1.1:] [args=-] [ucs=MISS] [xpc=-] [uct=-] [gz=-] [br=-] [tls=TLSv1.3] [cipher=TLS_AES_256_GCM_SHA384] [scheme=https] [eorigin=-] definingsuccesspodcast.com definingsuccesspodcast.com vps38426.inmotionhosting.com 616
20.171.207.88 - - [18/Jun/2025:14:41:50 -0700] "GET /dm-sso-endpoint/1750145785/?dm_action=domainmap-setup-cdsso HTTP/1.1" 502 157 "-" "Mozilla/5.0 AppleWebKit/537.36 (KHTML, like Gecko; compatible; GPTBot/1.2; +https://openai.com/gptbot)" [loc=US/-] [rt=0.000] [proto=HTTP/1.1:] [args=dm_action=domainmap-setup-cdsso] [ucs=MISS] [xpc=-] [uct=-] [gz=-] [br=-] [tls=-] [cipher=-] [scheme=http] [eorigin=-] welbornweb.com welbornweb.com vps38426.inmotionhosting.com 139
20.171.207.88 - - [18/Jun/2025:14:41:54 -0700] "GET /dm-sso-endpoint/1750117434/?dm_action=domainmap-setup-cdsso HTTP/1.1" 502 157 "-" "Mozilla/5.0 AppleWebKit/537.36 (KHTML, like Gecko; compatible; GPTBot/1.2; +https://openai.com/gptbot)" [loc=US/-] [rt=0.000] [proto=HTTP/1.1:] [args=dm_action=domainmap-setup-cdsso] [ucs=MISS] [xpc=-] [uct=-] [gz=-] [br=-] [tls=-] [cipher=-] [scheme=http] [eorigin=-] welbornweb.com welbornweb.com vps38426.inmotionhosting.com 139
66.249.79.5 - - [18/Jun/2025:14:41:54 -0700] "GET /category/episode-078-start-a-small-scale-business-to-test-your-idea-ben-alexander-founder-of-balloon-distractions/feed/ HTTP/1.1" 502 157 "-" "Mozilla/5.0 (compatible; Googlebot/2.1; +http://www.google.com/bot.html)" [loc=US/Mountain View] [rt=0.001] [proto=HTTP/1.1:] [args=-] [ucs=MISS] [xpc=-] [uct=-] [gz=-] [br=-] [tls=TLSv1.3] [cipher=TLS_AES_256_GCM_SHA384] [scheme=https] [eorigin=-] definingsuccesspodcast.com definingsuccesspodcast.com vps38426.inmotionhosting.com 616
66.249.79.5 - - [18/Jun/2025:14:41:56 -0700] "GET /category/episode-067-the-learning-experience-fred-shoemaker-from-extraordinary-golf/feed/ HTTP/1.1" 502 157 "-" "Mozilla/5.0 (compatible; Googlebot/2.1; +http://www.google.com/bot.html)" [loc=US/Mountain View] [rt=0.000] [proto=HTTP/1.1:] [args=-] [ucs=MISS] [xpc=-] [uct=-] [gz=-] [br=-] [tls=TLSv1.3] [cipher=TLS_AES_256_GCM_SHA384] [scheme=https] [eorigin=-] definingsuccesspodcast.com definingsuccesspodcast.com vps38426.inmotionhosting.com 616
20.171.207.88 - - [18/Jun/2025:14:41:57 -0700] "GET /dm-sso-endpoint/1750114535/?dm_action=domainmap-setup-cdsso HTTP/1.1" 502 157 "-" "Mozilla/5.0 AppleWebKit/537.36 (KHTML, like Gecko; compatible; GPTBot/1.2; +https://openai.com/gptbot)" [loc=US/-] [rt=0.000] [proto=HTTP/1.1:] [args=dm_action=domainmap-setup-cdsso] [ucs=MISS] [xpc=-] [uct=-] [gz=-] [br=-] [tls=-] [cipher=-] [scheme=http] [eorigin=-] welbornweb.com welbornweb.com vps38426.inmotionhosting.com 139
20.171.207.88 - - [18/Jun/2025:14:42:01 -0700] "GET /dm-sso-endpoint/1750117446/?dm_action=domainmap-setup-cdsso HTTP/1.1" 502 157 "-" "Mozilla/5.0 AppleWebKit/537.36 (KHTML, like Gecko; compatible; GPTBot/1.2; +https://openai.com/gptbot)" [loc=US/-] [rt=0.000] [proto=HTTP/1.1:] [args=dm_action=domainmap-setup-cdsso] [ucs=MISS] [xpc=-] [uct=-] [gz=-] [br=-] [tls=-] [cipher=-] [scheme=http] [eorigin=-] welbornweb.com welbornweb.com vps38426.inmotionhosting.com 139
20.171.207.88 - - [18/Jun/2025:14:42:04 -0700] "GET /dm-sso-endpoint/1750110874/?dm_action=domainmap-setup-cdsso HTTP/1.1" 502 157 "-" "Mozilla/5.0 AppleWebKit/537.36 (KHTML, like Gecko; compatible; GPTBot/1.2; +https://openai.com/gptbot)" [loc=US/-] [rt=0.000] [proto=HTTP/1.1:] [args=dm_action=domainmap-setup-cdsso] [ucs=MISS] [xpc=-] [uct=-] [gz=-] [br=-] [tls=-] [cipher=-] [scheme=http] [eorigin=-] welbornweb.com welbornweb.com vps38426.inmotionhosting.com 139
195.7.5.237 - - [18/Jun/2025:14:42:06 -0700] "POST /xmlrpc.php HTTP/2.0" 502 559 "https://rcrotary.org" "Mozilla/5.0 (Windows NT 10.0; Win64; x64) AppleWebKit/537.36 (KHTML, like Gecko) Chrome/126.0.0.0 Safari/537.36" [loc=-/-] [rt=0.000] [proto=HTTP/2.0:h2] [args=-] [ucs=-] [xpc=-] [uct=-] [gz=-] [br=-] [tls=TLSv1.3] [cipher=TLS_AES_256_GCM_SHA384] [scheme=https] [eorigin=-] welbornweb.com rcrotary.org vps38426.inmotionhosting.com 637
66.249.79.7 - - [18/Jun/2025:14:42:06 -0700] "GET /category/episode-070-dont-let-your-ego-get-in-the-way-virgil-herring-author-of-the-golf-journal/feed/ HTTP/1.1" 502 157 "-" "Mozilla/5.0 (compatible; Googlebot/2.1; +http://www.google.com/bot.html)" [loc=US/Mountain View] [rt=0.000] [proto=HTTP/1.1:] [args=-] [ucs=MISS] [xpc=-] [uct=-] [gz=-] [br=-] [tls=TLSv1.3] [cipher=TLS_AES_256_GCM_SHA384] [scheme=https] [eorigin=-] definingsuccesspodcast.com definingsuccesspodcast.com vps38426.inmotionhosting.com 639
20.171.207.88 - - [18/Jun/2025:14:42:08 -0700] "GET /dm-sso-endpoint/1750125040/?dm_action=domainmap-setup-cdsso HTTP/1.1" 502 157 "-" "Mozilla/5.0 AppleWebKit/537.36 (KHTML, like Gecko; compatible; GPTBot/1.2; +https://openai.com/gptbot)" [loc=US/-] [rt=0.000] [proto=HTTP/1.1:] [args=dm_action=domainmap-setup-cdsso] [ucs=MISS] [xpc=-] [uct=-] [gz=-] [br=-] [tls=-] [cipher=-] [scheme=http] [eorigin=-] welbornweb.com welbornweb.com vps38426.inmotionhosting.com 139
103.26.237.102 - - [18/Jun/2025:14:42:09 -0700] "POST /xmlrpc.php HTTP/1.1" 502 157 "-" "Mozilla/5.0 (X11; Ubuntu; Linux x86_64; rv:85.0) Gecko/20100101 Firefox/91.0" [loc=AU/Sydney] [rt=0.177] [proto=HTTP/1.1:] [args=-] [ucs=-] [xpc=-] [uct=-] [gz=-] [br=-] [tls=TLSv1.2] [cipher=ECDHE-RSA-AES256-GCM-SHA384] [scheme=https] [eorigin=-] larrywelborn.com larrywelborn.com vps38426.inmotionhosting.com 642
20.171.207.88 - - [18/Jun/2025:14:42:11 -0700] "GET /dm-sso-endpoint/1750112578/?dm_action=domainmap-setup-cdsso HTTP/1.1" 502 157 "-" "Mozilla/5.0 AppleWebKit/537.36 (KHTML, like Gecko; compatible; GPTBot/1.2; +https://openai.com/gptbot)" [loc=US/-] [rt=0.000] [proto=HTTP/1.1:] [args=dm_action=domainmap-setup-cdsso] [ucs=MISS] [xpc=-] [uct=-] [gz=-] [br=-] [tls=-] [cipher=-] [scheme=http] [eorigin=-] welbornweb.com welbornweb.com vps38426.inmotionhosting.com 139
20.171.207.88 - - [18/Jun/2025:14:42:15 -0700] "GET /dm-sso-endpoint/1750137751/?dm_action=domainmap-setup-cdsso HTTP/1.1" 502 157 "-" "Mozilla/5.0 AppleWebKit/537.36 (KHTML, like Gecko; compatible; GPTBot/1.2; +https://openai.com/gptbot)" [loc=US/-] [rt=0.000] [proto=HTTP/1.1:] [args=dm_action=domainmap-setup-cdsso] [ucs=MISS] [xpc=-] [uct=-] [gz=-] [br=-] [tls=-] [cipher=-] [scheme=http] [eorigin=-] welbornweb.com welbornweb.com vps38426.inmotionhosting.com 139
20.171.207.88 - - [18/Jun/2025:14:42:18 -0700] "GET /dm-sso-endpoint/1750114752/?dm_action=domainmap-setup-cdsso HTTP/1.1" 502 157 "-" "Mozilla/5.0 AppleWebKit/537.36 (KHTML, like Gecko; compatible; GPTBot/1.2; +https://openai.com/gptbot)" [loc=US/-] [rt=0.000] [proto=HTTP/1.1:] [args=dm_action=domainmap-setup-cdsso] [ucs=MISS] [xpc=-] [uct=-] [gz=-] [br=-] [tls=-] [cipher=-] [scheme=http] [eorigin=-] welbornweb.com welbornweb.com vps38426.inmotionhosting.com 139
20.171.207.88 - - [18/Jun/2025:14:42:22 -0700] "GET /dm-sso-endpoint/1750137457/?dm_action=domainmap-setup-cdsso HTTP/1.1" 502 157 "-" "Mozilla/5.0 AppleWebKit/537.36 (KHTML, like Gecko; compatible; GPTBot/1.2; +https://openai.com/gptbot)" [loc=US/-] [rt=0.000] [proto=HTTP/1.1:] [args=dm_action=domainmap-setup-cdsso] [ucs=MISS] [xpc=-] [uct=-] [gz=-] [br=-] [tls=-] [cipher=-] [scheme=http] [eorigin=-] welbornweb.com welbornweb.com vps38426.inmotionhosting.com 139
185.191.171.15 - - [18/Jun/2025:14:42:22 -0700] "GET /tag/body-language-expert/ HTTP/1.1" 502 157 "-" "Mozilla/5.0 (compatible; SemrushBot/7~bl; +http://www.semrush.com/bot.html)" [loc=MD/-] [rt=0.000] [proto=HTTP/1.1:] [args=-] [ucs=MISS] [xpc=-] [uct=-] [gz=-] [br=-] [tls=TLSv1.3] [cipher=TLS_AES_256_GCM_SHA384] [scheme=https] [eorigin=-] definingsuccesspodcast.com definingsuccesspodcast.com vps38426.inmotionhosting.com 648
216.73.216.173 - - [18/Jun/2025:14:42:23 -0700] "GET /calendar/category/hands-on/2022-06-27 HTTP/2.0" 502 157 "-" "Mozilla/5.0 AppleWebKit/537.36 (KHTML, like Gecko; compatible; ClaudeBot/1.0; +claudebot@anthropic.com)" [loc=US/El Monte] [rt=0.000] [proto=HTTP/2.0:h2] [args=-] [ucs=MISS] [xpc=-] [uct=-] [gz=-] [br=-] [tls=TLSv1.3] [cipher=TLS_AES_256_GCM_SHA384] [scheme=https] [eorigin=-] chinorotary.welbornweb.com chinorotary.org vps38426.inmotionhosting.com 650
20.171.207.88 - - [18/Jun/2025:14:42:25 -0700] "GET /dm-sso-endpoint/1750130637/?dm_action=domainmap-setup-cdsso HTTP/1.1" 502 157 "-" "Mozilla/5.0 AppleWebKit/537.36 (KHTML, like Gecko; compatible; GPTBot/1.2; +https://openai.com/gptbot)" [loc=US/-] [rt=0.000] [proto=HTTP/1.1:] [args=dm_action=domainmap-setup-cdsso] [ucs=MISS] [xpc=-] [uct=-] [gz=-] [br=-] [tls=-] [cipher=-] [scheme=http] [eorigin=-] welbornweb.com welbornweb.com vps38426.inmotionhosting.com 139
185.191.171.18 - - [18/Jun/2025:14:42:26 -0700] "GET /tag/golfer/ HTTP/1.1" 502 157 "-" "Mozilla/5.0 (compatible; SemrushBot/7~bl; +http://www.semrush.com/bot.html)" [loc=MD/-] [rt=0.000] [proto=HTTP/1.1:] [args=-] [ucs=MISS] [xpc=-] [uct=-] [gz=-] [br=-] [tls=TLSv1.3] [cipher=TLS_AES_256_GCM_SHA384] [scheme=https] [eorigin=-] 19thholemedia.com 19thholemedia.com vps38426.inmotionhosting.com 653
20.171.207.88 - - [18/Jun/2025:14:42:29 -0700] "GET /dm-sso-endpoint/1750131418/?dm_action=domainmap-setup-cdsso HTTP/1.1" 502 157 "-" "Mozilla/5.0 AppleWebKit/537.36 (KHTML, like Gecko; compatible; GPTBot/1.2; +https://openai.com/gptbot)" [loc=US/-] [rt=0.000] [proto=HTTP/1.1:] [args=dm_action=domainmap-setup-cdsso] [ucs=MISS] [xpc=-] [uct=-] [gz=-] [br=-] [tls=-] [cipher=-] [scheme=http] [eorigin=-] welbornweb.com welbornweb.com vps38426.inmotionhosting.com 139
66.249.79.1 - - [18/Jun/2025:14:42:29 -0700] "GET /tag/sifteo-cubes/feed/ HTTP/1.1" 502 157 "-" "Mozilla/5.0 (compatible; Googlebot/2.1; +http://www.google.com/bot.html)" [loc=US/Mountain View] [rt=0.000] [proto=HTTP/1.1:] [args=-] [ucs=MISS] [xpc=-] [uct=-] [gz=-] [br=-] [tls=-] [cipher=-] [scheme=http] [eorigin=-] definingsuccesspodcast.com definingsuccesspodcast.com vps38426.inmotionhosting.com 656
20.171.207.88 - - [18/Jun/2025:14:42:32 -0700] "GET /dm-sso-endpoint/1750115672/?dm_action=domainmap-setup-cdsso HTTP/1.1" 502 157 "-" "Mozilla/5.0 AppleWebKit/537.36 (KHTML, like Gecko; compatible; GPTBot/1.2; +https://openai.com/gptbot)" [loc=US/-] [rt=0.001] [proto=HTTP/1.1:] [args=dm_action=domainmap-setup-cdsso] [ucs=MISS] [xpc=-] [uct=-] [gz=-] [br=-] [tls=-] [cipher=-] [scheme=http] [eorigin=-] welbornweb.com welbornweb.com vps38426.inmotionhosting.com 139
66.249.79.6 - - [18/Jun/2025:14:42:33 -0700] "GET /category/episode-042-engagement-vs-automation-rick-mulready-from-the-inside-social-media-podcast/feed/ HTTP/1.1" 502 157 "-" "Mozilla/5.0 (compatible; Googlebot/2.1; +http://www.google.com/bot.html)" [loc=US/Mountain View] [rt=0.000] [proto=HTTP/1.1:] [args=-] [ucs=MISS] [xpc=-] [uct=-] [gz=-] [br=-] [tls=TLSv1.3] [cipher=TLS_AES_256_GCM_SHA384] [scheme=https] [eorigin=-] definingsuccesspodcast.com definingsuccesspodcast.com vps38426.inmotionhosting.com 659
20.171.207.88 - - [18/Jun/2025:14:42:36 -0700] "GET /dm-sso-endpoint/1750119675/?dm_action=domainmap-setup-cdsso HTTP/1.1" 502 157 "-" "Mozilla/5.0 AppleWebKit/537.36 (KHTML, like Gecko; compatible; GPTBot/1.2; +https://openai.com/gptbot)" [loc=US/-] [rt=0.000] [proto=HTTP/1.1:] [args=dm_action=domainmap-setup-cdsso] [ucs=MISS] [xpc=-] [uct=-] [gz=-] [br=-] [tls=-] [cipher=-] [scheme=http] [eorigin=-] welbornweb.com welbornweb.com vps38426.inmotionhosting.com 139
66.249.79.5 - - [18/Jun/2025:14:42:37 -0700] "GET /category/episode-064-pinterest-and-seo-host-of-oh-so-pinteresting-podcast-cynthia-sanchez/feed/ HTTP/1.1" 502 157 "-" "Mozilla/5.0 (compatible; Googlebot/2.1; +http://www.google.com/bot.html)" [loc=US/Mountain View] [rt=0.001] [proto=HTTP/1.1:] [args=-] [ucs=MISS] [xpc=-] [uct=-] [gz=-] [br=-] [tls=TLSv1.3] [cipher=TLS_AES_256_GCM_SHA384] [scheme=https] [eorigin=-] definingsuccesspodcast.com definingsuccesspodcast.com vps38426.inmotionhosting.com 663
114.119.139.202 - - [18/Jun/2025:14:42:37 -0700] "GET /?s=%E5%A4%A7%E8%A5%BF%E6%B4%8B%E5%9F%8E%E6%BC%94%E5%94%B1%E4%BC%9A2022-%E3%80%90%E2%9C%94%EF%B8%8F%E6%8E%A8%E8%8D%90AC68%C2%B7CC%E2%9C%94%EF%B8%8F%E3%80%91-nba%E8%A7%86%E5%B1%8F%E7%9B%B4%E6%92%AD-%E5%A4%A7%E8%A5%BF%E6%B4%8B%E5%9F%8E%E6%BC%94%E5%94%B1%E4%BC%9A2022ajf3r-%E3%80%90%E2%9C%94%EF%B8%8F%E6%8E%A8%E8%8D%90AC68%C2%B7CC%E2%9C%94%EF%B8%8F%E3%80%91-nba%E8%A7%86%E5%B1%8F%E7%9B%B4%E6%92%AD89gg-%E5%A4%A7%E8%A5%BF%E6%B4%8B%E5%9F%8E%E6%BC%94%E5%94%B1%E4%BC%9A2022zk9t9-nba%E8%A7%86%E5%B1%8F%E7%9B%B4%E6%92%AD8m8m HTTP/1.1" 502 157 "https://definingsuccesspodcast.com/?s=%E5%A4%A7%E8%A5%BF%E6%B4%8B%E5%9F%8E%E6%BC%94%E5%94%B1%E4%BC%9A2022-%E3%80%90%E2%9C%94%EF%B8%8F%E6%8E%A8%E8%8D%90AC68%C2%B7CC%E2%9C%94%EF%B8%8F%E3%80%91-nba%E8%A7%86%E5%B1%8F%E7%9B%B4%E6%92%AD-%E5%A4%A7%E8%A5%BF%E6%B4%8B%E5%9F%8E%E6%BC%94%E5%94%B1%E4%BC%9A2022ajf3r-%E3%80%90%E2%9C%94%EF%B8%8F%E6%8E%A8%E8%8D%90AC68%C2%B7CC%E2%9C%94%EF%B8%8F%E3%80%91-nba%E8%A7%86%E5%B1%8F%E7%9B%B4%E6%92%AD89gg-%E5%A4%A7%E8%A5%BF%E6%B4%8B%E5%9F%8E%E6%BC%94%E5%94%B1%E4%BC%9A2022zk9t9-nba%E8%A7%86%E5%B1%8F%E7%9B%B4%E6%92%AD8m8m" "Mozilla/5.0 (Linux; Android 7.0;) AppleWebKit/537.36 (KHTML, like Gecko) Mobile Safari/537.36 (compatible; PetalBot;+https://webmaster.petalsearch.com/site/petalbot)" [loc=CN/-] [rt=0.000] [proto=HTTP/1.1:] [args=s=%E5%A4%A7%E8%A5%BF%E6%B4%8B%E5%9F%8E%E6%BC%94%E5%94%B1%E4%BC%9A2022-%E3%80%90%E2%9C%94%EF%B8%8F%E6%8E%A8%E8%8D%90AC68%C2%B7CC%E2%9C%94%EF%B8%8F%E3%80%91-nba%E8%A7%86%E5%B1%8F%E7%9B%B4%E6%92%AD-%E5%A4%A7%E8%A5%BF%E6%B4%8B%E5%9F%8E%E6%BC%94%E5%94%B1%E4%BC%9A2022ajf3r-%E3%80%90%E2%9C%94%EF%B8%8F%E6%8E%A8%E8%8D%90AC68%C2%B7CC%E2%9C%94%EF%B8%8F%E3%80%91-nba%E8%A7%86%E5%B1%8F%E7%9B%B4%E6%92%AD89gg-%E5%A4%A7%E8%A5%BF%E6%B4%8B%E5%9F%8E%E6%BC%94%E5%94%B1%E4%BC%9A2022zk9t9-nba%E8%A7%86%E5%B1%8F%E7%9B%B4%E6%92%AD8m8m] [ucs=MISS] [xpc=-] [uct=-] [gz=-] [br=-] [tls=TLSv1.3] [cipher=TLS_AES_256_GCM_SHA384] [scheme=https] [eorigin=-] definingsuccesspodcast.com definingsuccesspodcast.com vps38426.inmotionhosting.com 662
20.171.207.88 - - [18/Jun/2025:14:42:39 -0700] "GET /dm-sso-endpoint/1750115301/?dm_action=domainmap-setup-cdsso HTTP/1.1" 502 157 "-" "Mozilla/5.0 AppleWebKit/537.36 (KHTML, like Gecko; compatible; GPTBot/1.2; +https://openai.com/gptbot)" [loc=US/-] [rt=0.000] [proto=HTTP/1.1:] [args=dm_action=domainmap-setup-cdsso] [ucs=MISS] [xpc=-] [uct=-] [gz=-] [br=-] [tls=-] [cipher=-] [scheme=http] [eorigin=-] welbornweb.com welbornweb.com vps38426.inmotionhosting.com 139
34.196.51.17 - - [18/Jun/2025:14:42:39 -0700] "HEAD / HTTP/1.1" 502 0 "http://dunbarconstructioninc.com/" "WPMUDEV Uptime Monitor 5.0 (https://wpmudev.com)" [loc=US/Ashburn] [rt=0.000] [proto=HTTP/1.1:] [args=-] [ucs=MISS] [xpc=-] [uct=-] [gz=-] [br=-] [tls=-] [cipher=-] [scheme=http] [eorigin=-] dunbarconstructioninc.welbornwebsites.com dunbarconstructioninc.com vps38426.inmotionhosting.com 666
66.249.79.5 - - [18/Jun/2025:14:42:41 -0700] "GET /category/episode-031-everyone-has-a-success-story-rey-ybarra-author-of-conversations-with-shark-tank-winners/feed/ HTTP/1.1" 502 157 "-" "Mozilla/5.0 (compatible; Googlebot/2.1; +http://www.google.com/bot.html)" [loc=US/Mountain View] [rt=0.000] [proto=HTTP/1.1:] [args=-] [ucs=MISS] [xpc=-] [uct=-] [gz=-] [br=-] [tls=TLSv1.3] [cipher=TLS_AES_256_GCM_SHA384] [scheme=https] [eorigin=-] definingsuccesspodcast.com definingsuccesspodcast.com vps38426.inmotionhosting.com 663
66.249.79.5 - - [18/Jun/2025:14:42:43 -0700] "GET /category/episode-96-outside-your-comfort-zone-niveen-salem-multi-level-marketing-and-former-chevron-executive/feed/ HTTP/1.1" 502 157 "-" "Mozilla/5.0 (compatible; Googlebot/2.1; +http://www.google.com/bot.html)" [loc=US/Mountain View] [rt=0.000] [proto=HTTP/1.1:] [args=-] [ucs=MISS] [xpc=-] [uct=-] [gz=-] [br=-] [tls=TLSv1.3] [cipher=TLS_AES_256_GCM_SHA384] [scheme=https] [eorigin=-] definingsuccesspodcast.com definingsuccesspodcast.com vps38426.inmotionhosting.com 663
20.171.207.88 - - [18/Jun/2025:14:42:43 -0700] "GET /dm-sso-endpoint/1750115898/?dm_action=domainmap-setup-cdsso HTTP/1.1" 502 157 "-" "Mozilla/5.0 AppleWebKit/537.36 (KHTML, like Gecko; compatible; GPTBot/1.2; +https://openai.com/gptbot)" [loc=US/-] [rt=0.000] [proto=HTTP/1.1:] [args=dm_action=domainmap-setup-cdsso] [ucs=MISS] [xpc=-] [uct=-] [gz=-] [br=-] [tls=-] [cipher=-] [scheme=http] [eorigin=-] welbornweb.com welbornweb.com vps38426.inmotionhosting.com 139
34.196.51.17 - - [18/Jun/2025:14:42:44 -0700] "HEAD / HTTP/1.1" 502 0 "https://larrywelborn.com/" "WPMUDEV Uptime Monitor 5.0 (https://wpmudev.com)" [loc=US/Ashburn] [rt=0.001] [proto=HTTP/1.1:] [args=-] [ucs=MISS] [xpc=-] [uct=-] [gz=-] [br=-] [tls=TLSv1.3] [cipher=TLS_AES_256_GCM_SHA384] [scheme=https] [eorigin=-] larrywelborn.com larrywelborn.com vps38426.inmotionhosting.com 672
35.157.144.199 - - [18/Jun/2025:14:42:45 -0700] "HEAD / HTTP/1.1" 502 0 "http://dunbarconstructioninc.com/" "WPMUDEV Uptime Monitor 5.0 (https://wpmudev.com)" [loc=DE/Frankfurt am Main] [rt=0.000] [proto=HTTP/1.1:] [args=-] [ucs=MISS] [xpc=-] [uct=-] [gz=-] [br=-] [tls=-] [cipher=-] [scheme=http] [eorigin=-] dunbarconstructioninc.welbornwebsites.com dunbarconstructioninc.com vps38426.inmotionhosting.com 674
66.249.79.5 - - [18/Jun/2025:14:42:46 -0700] "GET /feed/ HTTP/1.1" 200 125524 "-" "Mozilla/5.0 (compatible; Googlebot/2.1; +http://www.google.com/bot.html)" [loc=US/Mountain View] [rt=0.073] [proto=HTTP/1.1:] [args=-] [ucs=STALE] [xpc=STALE] [uct=-] [gz=-] [br=-] [tls=TLSv1.3] [cipher=TLS_AES_256_GCM_SHA384] [scheme=https] [eorigin=-] definingsuccesspodcast.com definingsuccesspodcast.com vps38426.inmotionhosting.com 663
20.171.207.88 - - [18/Jun/2025:14:42:46 -0700] "GET /dm-sso-endpoint/1750114478/?dm_action=domainmap-setup-cdsso HTTP/1.1" 502 157 "-" "Mozilla/5.0 AppleWebKit/537.36 (KHTML, like Gecko; compatible; GPTBot/1.2; +https://openai.com/gptbot)" [loc=US/-] [rt=0.000] [proto=HTTP/1.1:] [args=dm_action=domainmap-setup-cdsso] [ucs=MISS] [xpc=-] [uct=-] [gz=-] [br=-] [tls=-] [cipher=-] [scheme=http] [eorigin=-] welbornweb.com welbornweb.com vps38426.inmotionhosting.com 139
35.157.144.199 - - [18/Jun/2025:14:42:49 -0700] "HEAD / HTTP/1.1" 502 0 "https://larrywelborn.com/" "WPMUDEV Uptime Monitor 5.0 (https://wpmudev.com)" [loc=DE/Frankfurt am Main] [rt=0.000] [proto=HTTP/1.1:] [args=-] [ucs=MISS] [xpc=-] [uct=-] [gz=-] [br=-] [tls=TLSv1.3] [cipher=TLS_AES_256_GCM_SHA384] [scheme=https] [eorigin=-] larrywelborn.com larrywelborn.com vps38426.inmotionhosting.com 678
20.171.207.88 - - [18/Jun/2025:14:42:50 -0700] "GET /dm-sso-endpoint/1750121042/?dm_action=domainmap-setup-cdsso HTTP/1.1" 502 157 "-" "Mozilla/5.0 AppleWebKit/537.36 (KHTML, like Gecko; compatible; GPTBot/1.2; +https://openai.com/gptbot)" [loc=US/-] [rt=0.000] [proto=HTTP/1.1:] [args=dm_action=domainmap-setup-cdsso] [ucs=MISS] [xpc=-] [uct=-] [gz=-] [br=-] [tls=-] [cipher=-] [scheme=http] [eorigin=-] welbornweb.com welbornweb.com vps38426.inmotionhosting.com 139
