61.3.50.189 - - [09/Sep/2026:06:45:49 -0700] "POST /xmlrpc.php HTTP/1.1" 405 415 "-" "Jetpack by WordPress.com (Jetpack 12.0; WordPress 6.3)"
61.3.50.189 - - [09/Sep/2026:06:45:59 -0700] "POST /xmlrpc.php HTTP/1.1" 405 415 "-" "WordPress.com; https://wordpress.com"
144.208.65.39 - - [09/Sep/2026:06:46:10 -0700] "POST /wp-cron.php?doing_wp_cron=1788961570.9318900108337402343750 HTTP/1.1" 200 - "-" "WordPress/7.1; https://aace.care"
61.3.50.189 - - [09/Sep/2026:06:46:10 -0700] "POST /xmlrpc.php HTTP/1.1" 405 415 "-" "Jetpack/12.5; WordPress/6.3; http://site37620062.com"
61.3.50.189 - - [09/Sep/2026:06:46:20 -0700] "POST /xmlrpc.php HTTP/1.1" 405 415 "-" "WordPress.com; https://wordpress.com"
61.3.50.189 - - [09/Sep/2026:06:46:31 -0700] "POST /xmlrpc.php HTTP/1.1" 405 415 "-" "Jetpack by WordPress.com"
62.60.130.230 - - [09/Sep/2026:06:46:36 -0700] "GET /wp-includes/id3/license.txt HTTP/1.1" 404 69100 "-" "Mozilla/5.0 (Windows NT 10.0; Win64; x64) AppleWebKit/537.36 (KHTML, like Gecko) Chrome/126.0.0.0 Safari/537.36"
62.60.130.230 - - [09/Sep/2026:06:46:37 -0700] "POST /wp-includes/id3/license.txt/?rest_route=/batch/v1 HTTP/1.1" 404 69100 "-" "Mozilla/5.0"
62.60.130.230 - - [09/Sep/2026:06:46:40 -0700] "POST /wp-includes/id3/license.txt/wp-json/batch/v1 HTTP/1.1" 404 69100 "-" "Mozilla/5.0"
61.3.50.189 - - [09/Sep/2026:06:46:42 -0700] "POST /xmlrpc.php HTTP/1.1" 405 415 "-" "Jetpack by WordPress.com (Jetpack 12.5; WordPress 6.2)"
62.60.130.230 - - [09/Sep/2026:06:46:43 -0700] "GET /wp-includes/id3/wp-admin/admin-ajax.php?action=wdpsso_step1&redirect= HTTP/1.1" 500 2595 "-" "Mozilla/5.0 (Windows NT 10.0; Win64; x64) AppleWebKit/537.36 (KHTML, like Gecko) Chrome/125.0.0.0 Safari/537.36"
62.60.130.230 - - [09/Sep/2026:06:46:47 -0700] "GET /wp-includes/id3/license.txt/wp-admin/admin-ajax.php HTTP/1.1" 500 2595 "-" "Mozilla/5.0 (Windows NT 10.0; Win64; x64; rv:128.0) Gecko/20100101 Firefox/128.0"
62.60.130.230 - - [09/Sep/2026:06:46:48 -0700] "POST /wp-includes/id3/license.txt/wp-admin/admin-ajax.php?meta-box-loader=1 HTTP/1.1" 500 150 "-" "Mozilla/5.0 (X11; Linux x86_64) AppleWebKit/537.36 (KHTML, like Gecko) Chrome/125.0.0.0 Safari/537.36"
62.60.130.230 - - [09/Sep/2026:06:46:51 -0700] "GET /wp-includes/id3/wp-admin/admin-ajax.php?action=wdpsso_step1&redirect= HTTP/1.1" 500 2595 "-" "Mozilla/5.0 (X11; Linux x86_64; rv:127.0) Gecko/20100101 Firefox/127.0"
61.3.50.189 - - [09/Sep/2026:06:46:52 -0700] "POST /xmlrpc.php HTTP/1.1" 500 - "-" "Jetpack/13.0; WordPress/6.3; http://site67436940.com"
62.60.130.230 - - [09/Sep/2026:06:46:52 -0700] "GET /wp-includes/id3/license.txt/ HTTP/1.1" 404 69100 "-" "Mozilla/5.0 (X11; Linux x86_64; rv:127.0) Gecko/20100101 Firefox/127.0"
62.60.130.230 - - [09/Sep/2026:06:46:54 -0700] "GET /wp-includes/id3/license.txt/wp-login.php HTTP/1.1" 500 2595 "-" "Mozilla/5.0"
61.3.50.189 - - [09/Sep/2026:06:47:03 -0700] "POST /xmlrpc.php HTTP/1.1" 405 415 "-" "WordPress.com; https://wordpress.com"
144.208.65.39 - - [09/Sep/2026:06:47:14 -0700] "POST /wp-cron.php?doing_wp_cron=1788961634.6446108818054199218750 HTTP/1.1" 200 - "-" "WordPress/7.1; https://aace.care"
61.3.50.189 - - [09/Sep/2026:06:47:14 -0700] "POST /xmlrpc.php HTTP/1.1" 405 415 "-" "Jetpack by WordPress.com"
61.3.50.189 - - [09/Sep/2026:06:47:24 -0700] "POST /xmlrpc.php HTTP/1.1" 405 415 "-" "Jetpack by WordPress.com (Jetpack 12.5; WordPress 6.1)"
94.154.43.164 - - [09/Sep/2026:06:47:27 -0700] "GET /.env.local HTTP/1.1" 404 69100 "-" "Mozilla/5.0 (Windows NT 10.0; Win64; x64) AppleWebKit/537.36 (KHTML, like Gecko) Chrome/147.0.0.0 Safari/537.36"
61.3.50.189 - - [09/Sep/2026:06:47:35 -0700] "POST /xmlrpc.php HTTP/1.1" 405 415 "-" "Jetpack by WordPress.com (Jetpack 12.5; WordPress 6.4)"
61.3.50.189 - - [09/Sep/2026:06:47:46 -0700] "POST /xmlrpc.php HTTP/1.1" 405 415 "-" "WordPress.com; https://wordpress.com"
61.3.50.189 - - [09/Sep/2026:06:47:56 -0700] "POST /xmlrpc.php HTTP/1.1" 405 415 "-" "Jetpack/12.0; WordPress/6.4; http://site87207624.com"
61.3.50.189 - - [09/Sep/2026:06:48:08 -0700] "POST /xmlrpc.php HTTP/1.1" 500 - "-" "Jetpack/12.1; WordPress/6.1; http://site80421601.com"
144.208.65.39 - - [09/Sep/2026:06:48:18 -0700] "POST /wp-cron.php?doing_wp_cron=1788961698.6534628868103027343750 HTTP/1.1" 200 - "-" "WordPress/7.1; https://aace.care"
61.3.50.189 - - [09/Sep/2026:06:48:18 -0700] "POST /xmlrpc.php HTTP/1.1" 405 415 "-" "Jetpack by WordPress.com (Jetpack 12.0; WordPress 6.2)"
61.3.50.189 - - [09/Sep/2026:06:48:29 -0700] "POST /xmlrpc.php HTTP/1.1" 405 415 "-" "Jetpack/12.1; WordPress/6.4; http://site20441770.com"
61.3.50.189 - - [09/Sep/2026:06:48:39 -0700] "POST /xmlrpc.php HTTP/1.1" 405 415 "-" "Jetpack by WordPress.com (Jetpack 12.0; WordPress 6.3)"
61.3.50.189 - - [09/Sep/2026:06:48:49 -0700] "POST /xmlrpc.php HTTP/1.1" 405 415 "-" "Jetpack by WordPress.com (Jetpack 12.0; WordPress 6.2)"
61.3.50.189 - - [09/Sep/2026:06:49:00 -0700] "POST /xmlrpc.php HTTP/1.1" 405 415 "-" "Jetpack/12.0; WordPress/6.4; http://site86376365.com"
61.3.50.189 - - [09/Sep/2026:06:49:11 -0700] "POST /xmlrpc.php HTTP/1.1" 405 415 "-" "Jetpack/12.5; WordPress/6.4; http://site85868347.com"
61.3.50.189 - - [09/Sep/2026:06:49:22 -0700] "POST /xmlrpc.php HTTP/1.1" 500 - "-" "Jetpack/12.1; WordPress/6.1; http://site79786251.com"
61.3.50.189 - - [09/Sep/2026:06:49:33 -0700] "POST /xmlrpc.php HTTP/1.1" 500 - "-" "Jetpack by WordPress.com"
144.208.65.39 - - [09/Sep/2026:06:49:43 -0700] "POST /wp-cron.php?doing_wp_cron=1788961783.7969200611114501953125 HTTP/1.1" 200 - "-" "WordPress/7.1; https://aace.care"
61.3.50.189 - - [09/Sep/2026:06:49:43 -0700] "POST /xmlrpc.php HTTP/1.1" 405 415 "-" "Jetpack/12.0; WordPress/6.4; http://site98694822.com"
61.3.50.189 - - [09/Sep/2026:06:49:53 -0700] "POST /xmlrpc.php HTTP/1.1" 405 415 "-" "Jetpack by WordPress.com (Jetpack 13.0; WordPress 6.3)"
61.3.50.189 - - [09/Sep/2026:06:50:04 -0700] "POST /xmlrpc.php HTTP/1.1" 405 415 "-" "Jetpack by WordPress.com (Jetpack 12.5; WordPress 6.1)"
61.3.50.189 - - [09/Sep/2026:06:50:15 -0700] "POST /xmlrpc.php HTTP/1.1" 405 415 "-" "WordPress.com; https://wordpress.com"
61.3.50.189 - - [09/Sep/2026:06:50:25 -0700] "POST /xmlrpc.php HTTP/1.1" 405 415 "-" "Jetpack/12.5; WordPress/6.4; http://site90247218.com"
61.3.50.189 - - [09/Sep/2026:06:50:36 -0700] "POST /xmlrpc.php HTTP/1.1" 405 415 "-" "Jetpack by WordPress.com"
144.208.65.39 - - [09/Sep/2026:06:50:47 -0700] "POST /wp-cron.php?doing_wp_cron=1788961847.5657179355621337890625 HTTP/1.1" 200 - "-" "WordPress/7.1; https://aace.care"
61.3.50.189 - - [09/Sep/2026:06:50:47 -0700] "POST /xmlrpc.php HTTP/1.1" 405 415 "-" "WordPress.com; https://wordpress.com"
61.3.50.189 - - [09/Sep/2026:06:50:57 -0700] "POST /xmlrpc.php HTTP/1.1" 405 415 "-" "Jetpack by WordPress.com (Jetpack 13.0; WordPress 6.3)"
61.3.50.189 - - [09/Sep/2026:06:51:08 -0700] "POST /xmlrpc.php HTTP/1.1" 405 415 "-" "Jetpack/12.5; WordPress/6.2; http://site33143906.com"
61.3.50.189 - - [09/Sep/2026:06:51:19 -0700] "POST /xmlrpc.php HTTP/1.1" 405 415 "-" "WordPress.com; https://wordpress.com"
61.3.50.189 - - [09/Sep/2026:06:51:30 -0700] "POST /xmlrpc.php HTTP/1.1" 500 - "-" "Jetpack/12.1; WordPress/6.4; http://site40333091.com"
61.3.50.189 - - [09/Sep/2026:06:51:40 -0700] "POST /xmlrpc.php HTTP/1.1" 405 415 "-" "Jetpack by WordPress.com"
144.208.65.39 - - [09/Sep/2026:06:51:51 -0700] "POST /wp-cron.php?doing_wp_cron=1788961911.8608679771423339843750 HTTP/1.1" 200 - "-" "WordPress/7.1; https://aace.care"
61.3.50.189 - - [09/Sep/2026:06:51:51 -0700] "POST /xmlrpc.php HTTP/1.1" 405 415 "-" "WordPress.com; https://wordpress.com"
61.3.50.189 - - [09/Sep/2026:06:52:01 -0700] "POST /xmlrpc.php HTTP/1.1" 405 415 "-" "WordPress.com; https://wordpress.com"
61.3.50.189 - - [09/Sep/2026:06:52:12 -0700] "POST /xmlrpc.php HTTP/1.1" 405 415 "-" "Jetpack by WordPress.com"
61.3.50.189 - - [09/Sep/2026:06:52:23 -0700] "POST /xmlrpc.php HTTP/1.1" 405 415 "-" "Jetpack by WordPress.com"
61.3.50.189 - - [09/Sep/2026:06:52:34 -0700] "POST /xmlrpc.php HTTP/1.1" 500 - "-" "Jetpack by WordPress.com (Jetpack 13.0; WordPress 6.2)"
61.3.50.189 - - [09/Sep/2026:06:52:44 -0700] "POST /xmlrpc.php HTTP/1.1" 405 415 "-" "Jetpack/12.1; WordPress/6.3; http://site88731043.com"
144.208.65.39 - - [09/Sep/2026:06:52:55 -0700] "POST /wp-cron.php?doing_wp_cron=1788961975.3069169521331787109375 HTTP/1.1" 200 - "-" "WordPress/7.1; https://aace.care"
61.3.50.189 - - [09/Sep/2026:06:52:54 -0700] "POST /xmlrpc.php HTTP/1.1" 405 415 "-" "Jetpack by WordPress.com (Jetpack 12.1; WordPress 6.1)"
61.3.50.189 - - [09/Sep/2026:06:53:05 -0700] "POST /xmlrpc.php HTTP/1.1" 405 415 "-" "WordPress.com; https://wordpress.com"
61.3.50.189 - - [09/Sep/2026:06:53:16 -0700] "POST /xmlrpc.php HTTP/1.1" 405 415 "-" "Jetpack/12.0; WordPress/6.1; http://site61706251.com"
61.3.50.189 - - [09/Sep/2026:06:53:26 -0700] "POST /xmlrpc.php HTTP/1.1" 405 415 "-" "Jetpack by WordPress.com (Jetpack 12.1; WordPress 6.3)"
61.3.50.189 - - [09/Sep/2026:06:53:37 -0700] "POST /xmlrpc.php HTTP/1.1" 405 415 "-" "Jetpack by WordPress.com"
61.3.50.189 - - [09/Sep/2026:06:53:47 -0700] "POST /xmlrpc.php HTTP/1.1" 405 415 "-" "Jetpack/12.5; WordPress/6.3; http://site38146131.com"
144.208.65.39 - - [09/Sep/2026:06:53:59 -0700] "POST /wp-cron.php?doing_wp_cron=1788962039.0224230289459228515625 HTTP/1.1" 200 - "-" "WordPress/7.1; https://aace.care"
61.3.50.189 - - [09/Sep/2026:06:53:58 -0700] "POST /xmlrpc.php HTTP/1.1" 405 415 "-" "Jetpack by WordPress.com"
61.3.50.189 - - [09/Sep/2026:06:54:09 -0700] "POST /xmlrpc.php HTTP/1.1" 405 415 "-" "Jetpack/12.1; WordPress/6.4; http://site32507251.com"
61.3.50.189 - - [09/Sep/2026:06:54:19 -0700] "POST /xmlrpc.php HTTP/1.1" 405 415 "-" "WordPress.com; https://wordpress.com"
61.3.50.189 - - [09/Sep/2026:06:54:30 -0700] "POST /xmlrpc.php HTTP/1.1" 405 415 "-" "Jetpack/12.5; WordPress/6.1; http://site31871967.com"
61.3.50.189 - - [09/Sep/2026:06:54:41 -0700] "POST /xmlrpc.php HTTP/1.1" 405 415 "-" "WordPress.com; https://wordpress.com"
61.3.50.189 - - [09/Sep/2026:06:54:51 -0700] "POST /xmlrpc.php HTTP/1.1" 405 415 "-" "Jetpack/12.0; WordPress/6.3; http://site42177399.com"
144.208.65.39 - - [09/Sep/2026:06:55:03 -0700] "POST /wp-cron.php?doing_wp_cron=1788962103.2223970890045166015625 HTTP/1.1" 200 - "-" "WordPress/7.1; https://aace.care"
61.3.50.189 - - [09/Sep/2026:06:55:02 -0700] "POST /xmlrpc.php HTTP/1.1" 405 415 "-" "Jetpack/12.1; WordPress/6.2; http://site50709548.com"
61.3.50.189 - - [09/Sep/2026:06:55:13 -0700] "POST /xmlrpc.php HTTP/1.1" 405 415 "-" "Jetpack by WordPress.com (Jetpack 12.1; WordPress 6.3)"
61.3.50.189 - - [09/Sep/2026:06:55:23 -0700] "POST /xmlrpc.php HTTP/1.1" 405 415 "-" "Jetpack/12.0; WordPress/6.2; http://site79008312.com"
61.3.50.189 - - [09/Sep/2026:06:55:34 -0700] "POST /xmlrpc.php HTTP/1.1" 405 415 "-" "WordPress.com; https://wordpress.com"
61.3.50.189 - - [09/Sep/2026:06:55:45 -0700] "POST /xmlrpc.php HTTP/1.1" 405 415 "-" "WordPress.com; https://wordpress.com"
61.3.50.189 - - [09/Sep/2026:06:55:56 -0700] "POST /xmlrpc.php HTTP/1.1" 405 415 "-" "Jetpack by WordPress.com (Jetpack 13.0; WordPress 6.2)"
144.208.65.39 - - [09/Sep/2026:06:56:06 -0700] "POST /wp-cron.php?doing_wp_cron=1788962166.9868569374084472656250 HTTP/1.1" 200 - "-" "WordPress/7.1; https://aace.care"
61.3.50.189 - - [09/Sep/2026:06:56:06 -0700] "POST /xmlrpc.php HTTP/1.1" 405 415 "-" "WordPress.com; https://wordpress.com"
61.3.50.189 - - [09/Sep/2026:06:56:17 -0700] "POST /xmlrpc.php HTTP/1.1" 405 415 "-" "Jetpack by WordPress.com (Jetpack 12.0; WordPress 6.2)"
122.14.226.39 - - [09/Sep/2026:06:56:52 -0700] "GET /robots.txt HTTP/1.1" 500 2704 "-" "Mozilla/5.0 (Linux; Android 5.0) AppleWebKit/537.36 (KHTML, like Gecko) Mobile Safari/537.36 (compatible; Bytespider; https://zhanzhang.toutiao.com/)"
5.83.213.66 - - [09/Sep/2026:06:58:51 -0700] "POST /xmlrpc.php HTTP/1.1" 500 - "-" "Jetpack by WordPress.com"
57.141.0.55 - - [09/Sep/2026:07:09:31 -0700] "GET / HTTP/1.1" 500 2704 "-" "Mozilla/5.0 (Windows NT 10.0; Win64; x64) AppleWebKit/537.36 (KHTML, like Gecko) Chrome/145.0.0.0 Safari/537.36 (compatible; meta-externalads/1.1 (+https://developers.facebook.com/docs/sharing/webmasters/crawler))"
43.162.109.249 - - [09/Sep/2026:07:11:42 -0700] "GET / HTTP/1.1" 500 2704 "http://www.aacehomecareinc.com" "Mozilla/5.0 (iPhone; CPU iPhone OS 13_2_3 like Mac OS X) AppleWebKit/605.1.15 (KHTML, like Gecko) Version/13.0.3 Mobile/15E148 Safari/604.1"
65.108.125.189 - - [09/Sep/2026:07:36:07 -0700] "GET / HTTP/1.1" 500 2704 "-" "Mozilla/5.0 (Macintosh; Intel Mac OS X 10_15_7) AppleWebKit/537.36 (KHTML, like Gecko) Chrome/126.0.0.0 Safari/537.36"
69.165.68.12 - - [09/Sep/2026:07:42:52 -0700] "GET /index.php?rest_route=/wp/v2/posts&per_page=100&_fields=id%2Ccomment_status&page=1 HTTP/1.1" 500 2704 "https://aace.care.welbornwebsites.com" "Mozilla/5.0 (iPhone; CPU iPhone OS 18_3_2 like Mac OS X) AppleWebKit/605.1.15 (KHTML, like Gecko) Version/18.3.1 Mobile/15E148 Safari/604.1"
144.208.65.39 - - [09/Sep/2026:07:42:58 -0700] "POST /wp-cron.php?doing_wp_cron=1788964978.4560189247131347656250 HTTP/1.1" 200 - "-" "WordPress/7.1; https://aace.care"
69.165.68.12 - - [09/Sep/2026:07:42:57 -0700] "GET /index.php?rest_route=/wp/v2/posts&per_page=100&_fields=id%2Ccomment_status&page=1 HTTP/1.1" 200 71 "https://aace.care.welbornwebsites.com" "Mozilla/5.0 (iPhone; CPU iPhone OS 18_3_2 like Mac OS X) AppleWebKit/605.1.15 (KHTML, like Gecko) Version/18.3.1 Mobile/15E148 Safari/604.1"
69.165.68.12 - - [09/Sep/2026:07:42:58 -0700] "POST /wp-comments-post.php HTTP/1.1" 302 - "https://aace.care.welbornwebsites.com" "Mozilla/5.0 (iPhone; CPU iPhone OS 18_3_2 like Mac OS X) AppleWebKit/605.1.15 (KHTML, like Gecko) Version/18.3.1 Mobile/15E148 Safari/604.1"
158.173.21.233 - - [09/Sep/2026:07:48:42 -0700] "GET /contact/ HTTP/1.0" 500 2704 "https://aace.care/contact/" "Mozilla/5.0 (Windows NT 10.0; Win64; x64) AppleWebKit/537.36 (KHTML, like Gecko) Chrome/129.0.0.0 Safari/537.36"
144.208.65.39 - - [09/Sep/2026:07:48:44 -0700] "POST /wp-cron.php?doing_wp_cron=1788965324.0159339904785156250000 HTTP/1.1" 200 - "-" "WordPress/7.1; https://aace.care"
158.173.21.233 - - [09/Sep/2026:07:48:43 -0700] "GET / HTTP/1.0" 200 107109 "https://aace.care/" "Mozilla/5.0 (Windows NT 10.0; Win64; x64) AppleWebKit/537.36 (KHTML, like Gecko) Chrome/129.0.0.0 Safari/537.36"
158.173.21.233 - - [09/Sep/2026:07:48:45 -0700] "GET /contact/ HTTP/1.0" 200 84092 "https://aace.care/contact/" "Mozilla/5.0 (Windows NT 10.0; Win64; x64) AppleWebKit/537.36 (KHTML, like Gecko) Chrome/129.0.0.0 Safari/537.36"
158.173.21.233 - - [09/Sep/2026:07:48:47 -0700] "POST /contact/ HTTP/1.0" 200 84617 "https://aace.care/contact/" "Mozilla/5.0 (Windows NT 10.0; Win64; x64) AppleWebKit/537.36 (KHTML, like Gecko) Chrome/129.0.0.0 Safari/537.36"
199.45.154.126 - - [09/Sep/2026:07:57:02 -0700] "GET /wp-json/?_fields=name,description,home,gmt_offset,timezone_string,namespaces HTTP/1.1" 500 2704 "-" "Mozilla/5.0 (compatible; CensysInspect/1.1; +https://about.censys.io/)"
51.8.102.73 - - [09/Sep/2026:07:58:29 -0700] "GET /robots.txt HTTP/1.1" 500 2704 "-" "Mozilla/5.0 (Macintosh; Intel Mac OS X 10_15_7) AppleWebKit/537.36 (KHTML, like Gecko) Chrome/131.0.0.0 Safari/537.36; compatible; OAI-SearchBot/1.0; +https://openai.com/searchbot"
144.208.65.39 - - [09/Sep/2026:07:58:30 -0700] "POST /wp-cron.php?doing_wp_cron=1788965910.4980030059814453125000 HTTP/1.1" 200 - "-" "WordPress/7.1; https://aace.care"
51.8.102.29 - - [09/Sep/2026:07:58:29 -0700] "GET /robots.txt HTTP/1.1" 200 110 "-" "Mozilla/5.0 (Macintosh; Intel Mac OS X 10_15_7) AppleWebKit/537.36 (KHTML, like Gecko) Chrome/131.0.0.0 Safari/537.36; compatible; OAI-SearchBot/1.0; +https://openai.com/searchbot"
74.7.227.165 - - [09/Sep/2026:08:12:07 -0700] "GET /wp-sitemap.xml HTTP/1.1" 500 2704 "-" "Mozilla/5.0 AppleWebKit/537.36 (KHTML, like Gecko; compatible; GPTBot/1.4; +https://openai.com/gptbot)"
74.7.244.14 - - [09/Sep/2026:08:12:07 -0700] "GET /robots.txt HTTP/1.1" 500 2704 "-" "Mozilla/5.0 (Macintosh; Intel Mac OS X 10_15_7) AppleWebKit/537.36 (KHTML, like Gecko) Chrome/131.0.0.0 Safari/537.36; compatible; OAI-SearchBot/1.4; robots.txt; +https://openai.com/searchbot"
105.159.141.140 - - [09/Sep/2026:08:22:25 -0700] "POST /xmlrpc.php HTTP/1.1" 500 - "-" "WordPress.com; https://wordpress.com"
105.159.141.140 - - [09/Sep/2026:08:22:36 -0700] "POST /xmlrpc.php HTTP/1.1" 500 - "-" "WordPress.com; https://wordpress.com"
144.208.65.39 - - [09/Sep/2026:08:22:40 -0700] "POST /wp-cron.php?doing_wp_cron=1788967360.1476960182189941406250 HTTP/1.1" 200 - "-" "WordPress/7.1; https://aace.care"
105.159.141.140 - - [09/Sep/2026:08:22:39 -0700] "POST /xmlrpc.php HTTP/1.1" 405 415 "-" "WordPress.com; https://wordpress.com"
105.159.141.140 - - [09/Sep/2026:08:22:46 -0700] "POST /xmlrpc.php HTTP/1.1" 405 415 "-" "WordPress.com; https://wordpress.com"
105.159.141.140 - - [09/Sep/2026:08:22:50 -0700] "POST /xmlrpc.php HTTP/1.1" 405 415 "-" "Jetpack by WordPress.com"
105.159.141.140 - - [09/Sep/2026:08:22:57 -0700] "POST /xmlrpc.php HTTP/1.1" 405 415 "-" "Jetpack by WordPress.com"
105.159.141.140 - - [09/Sep/2026:08:23:01 -0700] "POST /xmlrpc.php HTTP/1.1" 405 415 "-" "Jetpack by WordPress.com"
105.159.141.140 - - [09/Sep/2026:08:23:08 -0700] "POST /xmlrpc.php HTTP/1.1" 405 415 "-" "Jetpack/12.0; WordPress/6.2; http://site58727040.com"
105.159.141.140 - - [09/Sep/2026:08:23:11 -0700] "POST /xmlrpc.php HTTP/1.1" 405 415 "-" "Jetpack by WordPress.com"
105.159.141.140 - - [09/Sep/2026:08:23:19 -0700] "POST /xmlrpc.php HTTP/1.1" 405 415 "-" "Jetpack by WordPress.com (Jetpack 13.0; WordPress 6.1)"
105.159.141.140 - - [09/Sep/2026:08:23:22 -0700] "POST /xmlrpc.php HTTP/1.1" 405 415 "-" "Jetpack by WordPress.com (Jetpack 12.5; WordPress 6.2)"
105.159.141.140 - - [09/Sep/2026:08:23:29 -0700] "POST /xmlrpc.php HTTP/1.1" 405 415 "-" "Jetpack by WordPress.com (Jetpack 12.5; WordPress 6.2)"
105.159.141.140 - - [09/Sep/2026:08:23:33 -0700] "POST /xmlrpc.php HTTP/1.1" 405 415 "-" "Jetpack by WordPress.com (Jetpack 12.0; WordPress 6.4)"
144.208.65.39 - - [09/Sep/2026:08:23:40 -0700] "POST /wp-cron.php?doing_wp_cron=1788967420.9010829925537109375000 HTTP/1.1" 200 - "-" "WordPress/7.1; https://aace.care"
105.159.141.140 - - [09/Sep/2026:08:23:40 -0700] "POST /xmlrpc.php HTTP/1.1" 405 415 "-" "Jetpack/13.0; WordPress/6.3; http://site50050068.com"
144.208.65.39 - - [09/Sep/2026:08:23:44 -0700] "POST /wp-cron.php?doing_wp_cron=1788967424.4205780029296875000000 HTTP/1.1" 200 - "-" "WordPress/7.1; https://aace.care"
105.159.141.140 - - [09/Sep/2026:08:23:43 -0700] "POST /xmlrpc.php HTTP/1.1" 405 415 "-" "Jetpack by WordPress.com (Jetpack 12.0; WordPress 6.2)"
144.208.65.39 - - [09/Sep/2026:08:23:51 -0700] "POST /wp-cron.php?doing_wp_cron=1788967431.7633359432220458984375 HTTP/1.1" 200 - "-" "WordPress/7.1; https://aace.care"
105.159.141.140 - - [09/Sep/2026:08:23:51 -0700] "POST /xmlrpc.php HTTP/1.1" 405 415 "-" "Jetpack/13.0; WordPress/6.2; http://site85827839.com"
105.159.141.140 - - [09/Sep/2026:08:23:54 -0700] "POST /xmlrpc.php HTTP/1.1" 405 415 "-" "Jetpack by WordPress.com (Jetpack 12.5; WordPress 6.3)"
105.159.141.140 - - [09/Sep/2026:08:24:01 -0700] "POST /xmlrpc.php HTTP/1.1" 405 415 "-" "Jetpack by WordPress.com"
105.159.141.140 - - [09/Sep/2026:08:24:05 -0700] "POST /xmlrpc.php HTTP/1.1" 405 415 "-" "Jetpack by WordPress.com"
144.208.65.39 - - [09/Sep/2026:08:24:13 -0700] "POST /wp-cron.php?doing_wp_cron=1788967453.0652439594268798828125 HTTP/1.1" 200 - "-" "WordPress/7.1; https://aace.care"
105.159.141.140 - - [09/Sep/2026:08:24:12 -0700] "POST /xmlrpc.php HTTP/1.1" 405 415 "-" "Jetpack/12.5; WordPress/6.2; http://site15859777.com"
105.159.141.140 - - [09/Sep/2026:08:24:16 -0700] "POST /xmlrpc.php HTTP/1.1" 405 415 "-" "WordPress.com; https://wordpress.com"
105.159.141.140 - - [09/Sep/2026:08:24:23 -0700] "POST /xmlrpc.php HTTP/1.1" 405 415 "-" "Jetpack by WordPress.com"
105.159.141.140 - - [09/Sep/2026:08:24:26 -0700] "POST /xmlrpc.php HTTP/1.1" 405 415 "-" "Jetpack/12.1; WordPress/6.4; http://site72849761.com"
105.159.141.140 - - [09/Sep/2026:08:24:34 -0700] "POST /xmlrpc.php HTTP/1.1" 405 415 "-" "WordPress.com; https://wordpress.com"
105.159.141.140 - - [09/Sep/2026:08:24:37 -0700] "POST /xmlrpc.php HTTP/1.1" 405 415 "-" "Jetpack by WordPress.com (Jetpack 12.0; WordPress 6.1)"
144.208.65.39 - - [09/Sep/2026:08:24:45 -0700] "POST /wp-cron.php?doing_wp_cron=1788967485.3044741153717041015625 HTTP/1.1" 200 - "-" "WordPress/7.1; https://aace.care"
105.159.141.140 - - [09/Sep/2026:08:24:44 -0700] "POST /xmlrpc.php HTTP/1.1" 405 415 "-" "Jetpack by WordPress.com (Jetpack 12.0; WordPress 6.2)"
144.208.65.39 - - [09/Sep/2026:08:24:48 -0700] "POST /wp-cron.php?doing_wp_cron=1788967488.6644020080566406250000 HTTP/1.1" 200 - "-" "WordPress/7.1; https://aace.care"
105.159.141.140 - - [09/Sep/2026:08:24:48 -0700] "POST /xmlrpc.php HTTP/1.1" 405 415 "-" "WordPress.com; https://wordpress.com"
105.159.141.140 - - [09/Sep/2026:08:24:55 -0700] "POST /xmlrpc.php HTTP/1.1" 405 415 "-" "WordPress.com; https://wordpress.com"
105.159.141.140 - - [09/Sep/2026:08:24:58 -0700] "POST /xmlrpc.php HTTP/1.1" 405 415 "-" "Jetpack by WordPress.com"
105.159.141.140 - - [09/Sep/2026:08:25:06 -0700] "POST /xmlrpc.php HTTP/1.1" 405 415 "-" "Jetpack by WordPress.com (Jetpack 12.1; WordPress 6.2)"
144.208.65.39 - - [09/Sep/2026:08:25:10 -0700] "POST /wp-cron.php?doing_wp_cron=1788967510.0843749046325683593750 HTTP/1.1" 200 - "-" "WordPress/7.1; https://aace.care"
105.159.141.140 - - [09/Sep/2026:08:25:09 -0700] "POST /xmlrpc.php HTTP/1.1" 405 415 "-" "Jetpack by WordPress.com"
105.159.141.140 - - [09/Sep/2026:08:25:17 -0700] "POST /xmlrpc.php HTTP/1.1" 405 415 "-" "WordPress.com; https://wordpress.com"
105.159.141.140 - - [09/Sep/2026:08:25:20 -0700] "POST /xmlrpc.php HTTP/1.1" 500 - "-" "Jetpack by WordPress.com"
105.159.141.140 - - [09/Sep/2026:08:25:27 -0700] "POST /xmlrpc.php HTTP/1.1" 405 415 "-" "Jetpack by WordPress.com (Jetpack 12.1; WordPress 6.4)"
105.159.141.140 - - [09/Sep/2026:08:25:31 -0700] "POST /xmlrpc.php HTTP/1.1" 405 415 "-" "Jetpack by WordPress.com"
105.159.141.140 - - [09/Sep/2026:08:25:38 -0700] "POST /xmlrpc.php HTTP/1.1" 500 - "-" "Jetpack by WordPress.com"
105.159.141.140 - - [09/Sep/2026:08:25:41 -0700] "POST /xmlrpc.php HTTP/1.1" 405 415 "-" "Jetpack by WordPress.com (Jetpack 12.5; WordPress 6.3)"
144.208.65.39 - - [09/Sep/2026:08:25:49 -0700] "POST /wp-cron.php?doing_wp_cron=1788967549.7130379676818847656250 HTTP/1.1" 200 - "-" "WordPress/7.1; https://aace.care"
105.159.141.140 - - [09/Sep/2026:08:25:49 -0700] "POST /xmlrpc.php HTTP/1.1" 405 415 "-" "WordPress.com; https://wordpress.com"
105.159.141.140 - - [09/Sep/2026:08:25:52 -0700] "POST /xmlrpc.php HTTP/1.1" 405 415 "-" "Jetpack by WordPress.com"
105.159.141.140 - - [09/Sep/2026:08:25:59 -0700] "POST /xmlrpc.php HTTP/1.1" 405 415 "-" "WordPress.com; https://wordpress.com"
105.159.141.140 - - [09/Sep/2026:08:26:03 -0700] "POST /xmlrpc.php HTTP/1.1" 405 415 "-" "Jetpack by WordPress.com (Jetpack 12.1; WordPress 6.4)"
144.208.65.39 - - [09/Sep/2026:08:26:11 -0700] "POST /wp-cron.php?doing_wp_cron=1788967571.0418519973754882812500 HTTP/1.1" 200 - "-" "WordPress/7.1; https://aace.care"
105.159.141.140 - - [09/Sep/2026:08:26:10 -0700] "POST /xmlrpc.php HTTP/1.1" 405 415 "-" "Jetpack by WordPress.com (Jetpack 12.1; WordPress 6.4)"
105.159.141.140 - - [09/Sep/2026:08:26:13 -0700] "POST /xmlrpc.php HTTP/1.1" 405 415 "-" "Jetpack by WordPress.com"
105.159.141.140 - - [09/Sep/2026:08:26:21 -0700] "POST /xmlrpc.php HTTP/1.1" 405 415 "-" "Jetpack by WordPress.com (Jetpack 13.0; WordPress 6.1)"
105.159.141.140 - - [09/Sep/2026:08:26:24 -0700] "POST /xmlrpc.php HTTP/1.1" 405 415 "-" "WordPress.com; https://wordpress.com"
105.159.141.140 - - [09/Sep/2026:08:26:32 -0700] "POST /xmlrpc.php HTTP/1.1" 405 415 "-" "WordPress.com; https://wordpress.com"
105.159.141.140 - - [09/Sep/2026:08:26:35 -0700] "POST /xmlrpc.php HTTP/1.1" 405 415 "-" "Jetpack/12.5; WordPress/6.3; http://site86935441.com"
105.159.141.140 - - [09/Sep/2026:08:26:42 -0700] "POST /xmlrpc.php HTTP/1.1" 405 415 "-" "Jetpack/12.5; WordPress/6.3; http://site65982887.com"
144.208.65.39 - - [09/Sep/2026:08:26:46 -0700] "POST /wp-cron.php?doing_wp_cron=1788967606.7812891006469726562500 HTTP/1.1" 200 - "-" "WordPress/7.1; https://aace.care"
105.159.141.140 - - [09/Sep/2026:08:26:46 -0700] "POST /xmlrpc.php HTTP/1.1" 405 415 "-" "WordPress.com; https://wordpress.com"
105.159.141.140 - - [09/Sep/2026:08:26:53 -0700] "POST /xmlrpc.php HTTP/1.1" 405 415 "-" "Jetpack/12.0; WordPress/6.2; http://site61949660.com"
105.159.141.140 - - [09/Sep/2026:08:26:56 -0700] "POST /xmlrpc.php HTTP/1.1" 405 415 "-" "WordPress.com; https://wordpress.com"
105.159.141.140 - - [09/Sep/2026:08:27:04 -0700] "POST /xmlrpc.php HTTP/1.1" 405 415 "-" "WordPress.com; https://wordpress.com"
105.159.141.140 - - [09/Sep/2026:08:27:07 -0700] "POST /xmlrpc.php HTTP/1.1" 405 415 "-" "WordPress.com; https://wordpress.com"
144.208.65.39 - - [09/Sep/2026:08:27:15 -0700] "POST /wp-cron.php?doing_wp_cron=1788967635.2551600933074951171875 HTTP/1.1" 200 - "-" "WordPress/7.1; https://aace.care"
105.159.141.140 - - [09/Sep/2026:08:27:14 -0700] "POST /xmlrpc.php HTTP/1.1" 405 415 "-" "Jetpack by WordPress.com (Jetpack 13.0; WordPress 6.4)"
105.159.141.140 - - [09/Sep/2026:08:27:18 -0700] "POST /xmlrpc.php HTTP/1.1" 405 415 "-" "Jetpack by WordPress.com"
105.159.141.140 - - [09/Sep/2026:08:27:25 -0700] "POST /xmlrpc.php HTTP/1.1" 405 415 "-" "Jetpack by WordPress.com (Jetpack 12.1; WordPress 6.3)"
105.159.141.140 - - [09/Sep/2026:08:27:28 -0700] "POST /xmlrpc.php HTTP/1.1" 405 415 "-" "WordPress.com; https://wordpress.com"
105.159.141.140 - - [09/Sep/2026:08:27:36 -0700] "POST /xmlrpc.php HTTP/1.1" 405 415 "-" "WordPress.com; https://wordpress.com"
105.159.141.140 - - [09/Sep/2026:08:27:39 -0700] "POST /xmlrpc.php HTTP/1.1" 405 415 "-" "WordPress.com; https://wordpress.com"
144.208.65.39 - - [09/Sep/2026:08:27:47 -0700] "POST /wp-cron.php?doing_wp_cron=1788967667.3326671123504638671875 HTTP/1.1" 200 - "-" "WordPress/7.1; https://aace.care"
105.159.141.140 - - [09/Sep/2026:08:27:46 -0700] "POST /xmlrpc.php HTTP/1.1" 405 415 "-" "WordPress.com; https://wordpress.com"
105.159.141.140 - - [09/Sep/2026:08:27:50 -0700] "POST /xmlrpc.php HTTP/1.1" 405 415 "-" "Jetpack by WordPress.com"
105.159.141.140 - - [09/Sep/2026:08:27:57 -0700] "POST /xmlrpc.php HTTP/1.1" 405 415 "-" "WordPress.com; https://wordpress.com"
105.159.141.140 - - [09/Sep/2026:08:28:00 -0700] "POST /xmlrpc.php HTTP/1.1" 405 415 "-" "Jetpack by WordPress.com"
144.208.65.39 - - [09/Sep/2026:08:28:08 -0700] "POST /wp-cron.php?doing_wp_cron=1788967688.7112529277801513671875 HTTP/1.1" 200 - "-" "WordPress/7.1; https://aace.care"
105.159.141.140 - - [09/Sep/2026:08:28:08 -0700] "POST /xmlrpc.php HTTP/1.1" 405 415 "-" "WordPress.com; https://wordpress.com"
105.159.141.140 - - [09/Sep/2026:08:28:11 -0700] "POST /xmlrpc.php HTTP/1.1" 405 415 "-" "Jetpack by WordPress.com (Jetpack 12.0; WordPress 6.3)"
105.159.141.140 - - [09/Sep/2026:08:28:18 -0700] "POST /xmlrpc.php HTTP/1.1" 405 415 "-" "WordPress.com; https://wordpress.com"
105.159.141.140 - - [09/Sep/2026:08:28:22 -0700] "POST /xmlrpc.php HTTP/1.1" 500 - "-" "WordPress.com; https://wordpress.com"
105.159.141.140 - - [09/Sep/2026:08:28:29 -0700] "POST /xmlrpc.php HTTP/1.1" 405 415 "-" "Jetpack by WordPress.com (Jetpack 13.0; WordPress 6.1)"
105.159.141.140 - - [09/Sep/2026:08:28:33 -0700] "POST /xmlrpc.php HTTP/1.1" 405 415 "-" "Jetpack by WordPress.com"
105.159.141.140 - - [09/Sep/2026:08:28:40 -0700] "POST /xmlrpc.php HTTP/1.1" 500 - "-" "WordPress.com; https://wordpress.com"
105.159.141.140 - - [09/Sep/2026:08:28:43 -0700] "POST /xmlrpc.php HTTP/1.1" 405 415 "-" "WordPress.com; https://wordpress.com"
105.159.141.140 - - [09/Sep/2026:08:28:50 -0700] "POST /xmlrpc.php HTTP/1.1" 405 415 "-" "Jetpack/12.0; WordPress/6.2; http://site20448779.com"
105.159.141.140 - - [09/Sep/2026:08:28:54 -0700] "POST /xmlrpc.php HTTP/1.1" 405 415 "-" "Jetpack by WordPress.com"
105.159.141.140 - - [09/Sep/2026:08:29:01 -0700] "POST /xmlrpc.php HTTP/1.1" 405 415 "-" "Jetpack/13.0; WordPress/6.1; http://site22373003.com"
105.159.141.140 - - [09/Sep/2026:08:29:05 -0700] "POST /xmlrpc.php HTTP/1.1" 405 415 "-" "Jetpack by WordPress.com"
105.159.141.140 - - [09/Sep/2026:08:29:12 -0700] "POST /xmlrpc.php HTTP/1.1" 405 415 "-" "Jetpack/13.0; WordPress/6.3; http://site59826552.com"
105.159.141.140 - - [09/Sep/2026:08:29:15 -0700] "POST /xmlrpc.php HTTP/1.1" 405 415 "-" "Jetpack by WordPress.com (Jetpack 13.0; WordPress 6.3)"
105.159.141.140 - - [09/Sep/2026:08:29:23 -0700] "POST /xmlrpc.php HTTP/1.1" 405 415 "-" "Jetpack by WordPress.com (Jetpack 13.0; WordPress 6.1)"
105.159.141.140 - - [09/Sep/2026:08:29:26 -0700] "POST /xmlrpc.php HTTP/1.1" 405 415 "-" "WordPress.com; https://wordpress.com"
105.159.141.140 - - [09/Sep/2026:08:29:33 -0700] "POST /xmlrpc.php HTTP/1.1" 405 415 "-" "Jetpack/12.5; WordPress/6.2; http://site25950050.com"
105.159.141.140 - - [09/Sep/2026:08:29:37 -0700] "POST /xmlrpc.php HTTP/1.1" 405 415 "-" "Jetpack/12.5; WordPress/6.2; http://site99057041.com"
144.208.65.39 - - [09/Sep/2026:08:29:44 -0700] "POST /wp-cron.php?doing_wp_cron=1788967784.9794828891754150390625 HTTP/1.1" 200 - "-" "WordPress/7.1; https://aace.care"
105.159.141.140 - - [09/Sep/2026:08:29:44 -0700] "POST /xmlrpc.php HTTP/1.1" 405 415 "-" "Jetpack by WordPress.com (Jetpack 12.0; WordPress 6.2)"
144.208.65.39 - - [09/Sep/2026:08:29:48 -0700] "POST /wp-cron.php?doing_wp_cron=1788967788.6473469734191894531250 HTTP/1.1" 200 - "-" "WordPress/7.1; https://aace.care"
105.159.141.140 - - [09/Sep/2026:08:29:48 -0700] "POST /xmlrpc.php HTTP/1.1" 405 415 "-" "Jetpack/12.5; WordPress/6.4; http://site91918539.com"
105.159.141.140 - - [09/Sep/2026:08:29:55 -0700] "POST /xmlrpc.php HTTP/1.1" 405 415 "-" "Jetpack by WordPress.com (Jetpack 12.0; WordPress 6.2)"
105.159.141.140 - - [09/Sep/2026:08:29:58 -0700] "POST /xmlrpc.php HTTP/1.1" 405 415 "-" "Jetpack by WordPress.com (Jetpack 12.1; WordPress 6.4)"
144.208.65.39 - - [09/Sep/2026:08:30:06 -0700] "POST /wp-cron.php?doing_wp_cron=1788967806.5902259349822998046875 HTTP/1.1" 200 - "-" "WordPress/7.1; https://aace.care"
105.159.141.140 - - [09/Sep/2026:08:30:05 -0700] "POST /xmlrpc.php HTTP/1.1" 405 415 "-" "Jetpack by WordPress.com (Jetpack 12.5; WordPress 6.3)"
144.208.65.39 - - [09/Sep/2026:08:30:10 -0700] "POST /wp-cron.php?doing_wp_cron=1788967810.0945661067962646484375 HTTP/1.1" 200 - "-" "WordPress/7.1; https://aace.care"
105.159.141.140 - - [09/Sep/2026:08:30:09 -0700] "POST /xmlrpc.php HTTP/1.1" 405 415 "-" "Jetpack by WordPress.com"
105.159.141.140 - - [09/Sep/2026:08:30:16 -0700] "POST /xmlrpc.php HTTP/1.1" 405 415 "-" "Jetpack by WordPress.com (Jetpack 12.0; WordPress 6.1)"
105.159.141.140 - - [09/Sep/2026:08:30:20 -0700] "POST /xmlrpc.php HTTP/1.1" 405 415 "-" "Jetpack by WordPress.com"
105.159.141.140 - - [09/Sep/2026:08:30:27 -0700] "POST /xmlrpc.php HTTP/1.1" 405 415 "-" "Jetpack by WordPress.com (Jetpack 13.0; WordPress 6.2)"
105.159.141.140 - - [09/Sep/2026:08:30:31 -0700] "POST /xmlrpc.php HTTP/1.1" 405 415 "-" "Jetpack/13.0; WordPress/6.2; http://site38966023.com"
105.159.141.140 - - [09/Sep/2026:08:30:37 -0700] "POST /xmlrpc.php HTTP/1.1" 405 415 "-" "WordPress.com; https://wordpress.com"
105.159.141.140 - - [09/Sep/2026:08:30:41 -0700] "POST /xmlrpc.php HTTP/1.1" 405 415 "-" "WordPress.com; https://wordpress.com"
144.208.65.39 - - [09/Sep/2026:08:30:49 -0700] "POST /wp-cron.php?doing_wp_cron=1788967849.2048699855804443359375 HTTP/1.1" 200 - "-" "WordPress/7.1; https://aace.care"
105.159.141.140 - - [09/Sep/2026:08:30:48 -0700] "POST /xmlrpc.php HTTP/1.1" 405 415 "-" "WordPress.com; https://wordpress.com"
105.159.141.140 - - [09/Sep/2026:08:30:52 -0700] "POST /xmlrpc.php HTTP/1.1" 405 415 "-" "Jetpack/12.0; WordPress/6.2; http://site94062402.com"
105.159.141.140 - - [09/Sep/2026:08:30:59 -0700] "POST /xmlrpc.php HTTP/1.1" 405 415 "-" "Jetpack/12.5; WordPress/6.1; http://site30561384.com"
105.159.141.140 - - [09/Sep/2026:08:31:03 -0700] "POST /xmlrpc.php HTTP/1.1" 405 415 "-" "Jetpack by WordPress.com (Jetpack 12.5; WordPress 6.4)"
144.208.65.39 - - [09/Sep/2026:08:31:10 -0700] "POST /wp-cron.php?doing_wp_cron=1788967870.6193859577178955078125 HTTP/1.1" 200 - "-" "WordPress/7.1; https://aace.care"
105.159.141.140 - - [09/Sep/2026:08:31:10 -0700] "POST /xmlrpc.php HTTP/1.1" 405 415 "-" "Jetpack by WordPress.com (Jetpack 12.0; WordPress 6.3)"
105.159.141.140 - - [09/Sep/2026:08:31:13 -0700] "POST /xmlrpc.php HTTP/1.1" 405 415 "-" "Jetpack by WordPress.com (Jetpack 12.1; WordPress 6.1)"
105.159.141.140 - - [09/Sep/2026:08:31:20 -0700] "POST /xmlrpc.php HTTP/1.1" 405 415 "-" "Jetpack by WordPress.com"
105.159.141.140 - - [09/Sep/2026:08:31:24 -0700] "POST /xmlrpc.php HTTP/1.1" 500 - "-" "Jetpack by WordPress.com (Jetpack 13.0; WordPress 6.4)"
105.159.141.140 - - [09/Sep/2026:08:31:31 -0700] "POST /xmlrpc.php HTTP/1.1" 405 415 "-" "Jetpack by WordPress.com"
105.159.141.140 - - [09/Sep/2026:08:31:35 -0700] "POST /xmlrpc.php HTTP/1.1" 405 415 "-" "Jetpack by WordPress.com"
105.159.141.140 - - [09/Sep/2026:08:31:42 -0700] "POST /xmlrpc.php HTTP/1.1" 500 - "-" "WordPress.com; https://wordpress.com"
144.208.65.39 - - [09/Sep/2026:08:31:46 -0700] "POST /wp-cron.php?doing_wp_cron=1788967906.2392950057983398437500 HTTP/1.1" 200 - "-" "WordPress/7.1; https://aace.care"
105.159.141.140 - - [09/Sep/2026:08:31:45 -0700] "POST /xmlrpc.php HTTP/1.1" 405 415 "-" "Jetpack/12.5; WordPress/6.4; http://site89856984.com"
105.159.141.140 - - [09/Sep/2026:08:31:52 -0700] "POST /xmlrpc.php HTTP/1.1" 405 415 "-" "Jetpack by WordPress.com (Jetpack 12.1; WordPress 6.2)"
105.159.141.140 - - [09/Sep/2026:08:31:56 -0700] "POST /xmlrpc.php HTTP/1.1" 405 415 "-" "Jetpack by WordPress.com"
105.159.141.140 - - [09/Sep/2026:08:32:03 -0700] "POST /xmlrpc.php HTTP/1.1" 405 415 "-" "Jetpack/12.5; WordPress/6.1; http://site36047245.com"
105.159.141.140 - - [09/Sep/2026:08:32:07 -0700] "POST /xmlrpc.php HTTP/1.1" 405 415 "-" "Jetpack by WordPress.com (Jetpack 12.1; WordPress 6.4)"
144.208.65.39 - - [09/Sep/2026:08:32:14 -0700] "POST /wp-cron.php?doing_wp_cron=1788967934.7967469692230224609375 HTTP/1.1" 200 - "-" "WordPress/7.1; https://aace.care"
105.159.141.140 - - [09/Sep/2026:08:32:14 -0700] "POST /xmlrpc.php HTTP/1.1" 405 415 "-" "Jetpack/12.5; WordPress/6.1; http://site30401604.com"
105.159.141.140 - - [09/Sep/2026:08:32:17 -0700] "POST /xmlrpc.php HTTP/1.1" 405 415 "-" "Jetpack by WordPress.com (Jetpack 12.1; WordPress 6.3)"
105.159.141.140 - - [09/Sep/2026:08:32:24 -0700] "POST /xmlrpc.php HTTP/1.1" 405 415 "-" "Jetpack by WordPress.com (Jetpack 12.0; WordPress 6.2)"
105.159.141.140 - - [09/Sep/2026:08:32:28 -0700] "POST /xmlrpc.php HTTP/1.1" 405 415 "-" "Jetpack by WordPress.com (Jetpack 13.0; WordPress 6.3)"
105.159.141.140 - - [09/Sep/2026:08:32:35 -0700] "POST /xmlrpc.php HTTP/1.1" 405 415 "-" "Jetpack by WordPress.com (Jetpack 12.0; WordPress 6.2)"
105.159.141.140 - - [09/Sep/2026:08:32:39 -0700] "POST /xmlrpc.php HTTP/1.1" 405 415 "-" "WordPress.com; https://wordpress.com"
144.208.65.39 - - [09/Sep/2026:08:32:46 -0700] "POST /wp-cron.php?doing_wp_cron=1788967966.9667029380798339843750 HTTP/1.1" 200 - "-" "WordPress/7.1; https://aace.care"
105.159.141.140 - - [09/Sep/2026:08:32:46 -0700] "POST /xmlrpc.php HTTP/1.1" 405 415 "-" "Jetpack by WordPress.com"
105.159.141.140 - - [09/Sep/2026:08:32:49 -0700] "POST /xmlrpc.php HTTP/1.1" 405 415 "-" "Jetpack/12.0; WordPress/6.3; http://site82303723.com"
105.159.141.140 - - [09/Sep/2026:08:32:57 -0700] "POST /xmlrpc.php HTTP/1.1" 405 415 "-" "Jetpack/12.1; WordPress/6.1; http://site47363966.com"
105.159.141.140 - - [09/Sep/2026:08:33:00 -0700] "POST /xmlrpc.php HTTP/1.1" 405 415 "-" "WordPress.com; https://wordpress.com"
144.208.65.39 - - [09/Sep/2026:08:33:08 -0700] "POST /wp-cron.php?doing_wp_cron=1788967988.3935279846191406250000 HTTP/1.1" 200 - "-" "WordPress/7.1; https://aace.care"
105.159.141.140 - - [09/Sep/2026:08:33:07 -0700] "POST /xmlrpc.php HTTP/1.1" 405 415 "-" "WordPress.com; https://wordpress.com"
105.159.141.140 - - [09/Sep/2026:08:33:11 -0700] "POST /xmlrpc.php HTTP/1.1" 405 415 "-" "WordPress.com; https://wordpress.com"
105.159.141.140 - - [09/Sep/2026:08:33:18 -0700] "POST /xmlrpc.php HTTP/1.1" 405 415 "-" "Jetpack by WordPress.com"
105.159.141.140 - - [09/Sep/2026:08:33:22 -0700] "POST /xmlrpc.php HTTP/1.1" 405 415 "-" "Jetpack/12.0; WordPress/6.3; http://site32846932.com"
105.159.141.140 - - [09/Sep/2026:08:33:29 -0700] "POST /xmlrpc.php HTTP/1.1" 405 415 "-" "Jetpack/12.0; WordPress/6.2; http://site75414687.com"
105.159.141.140 - - [09/Sep/2026:08:33:32 -0700] "POST /xmlrpc.php HTTP/1.1" 405 415 "-" "Jetpack/12.5; WordPress/6.4; http://site40930055.com"
105.159.141.140 - - [09/Sep/2026:08:33:39 -0700] "POST /xmlrpc.php HTTP/1.1" 405 415 "-" "WordPress.com; https://wordpress.com"
105.159.141.140 - - [09/Sep/2026:08:33:43 -0700] "POST /xmlrpc.php HTTP/1.1" 405 415 "-" "Jetpack by WordPress.com (Jetpack 12.5; WordPress 6.3)"
105.159.141.140 - - [09/Sep/2026:08:33:50 -0700] "POST /xmlrpc.php HTTP/1.1" 405 415 "-" "WordPress.com; https://wordpress.com"
105.159.141.140 - - [09/Sep/2026:08:33:54 -0700] "POST /xmlrpc.php HTTP/1.1" 405 415 "-" "WordPress.com; https://wordpress.com"
105.159.141.140 - - [09/Sep/2026:08:34:01 -0700] "POST /xmlrpc.php HTTP/1.1" 405 415 "-" "WordPress.com; https://wordpress.com"
105.159.141.140 - - [09/Sep/2026:08:34:04 -0700] "POST /xmlrpc.php HTTP/1.1" 405 415 "-" "WordPress.com; https://wordpress.com"
105.159.141.140 - - [09/Sep/2026:08:34:11 -0700] "POST /xmlrpc.php HTTP/1.1" 405 415 "-" "Jetpack/12.0; WordPress/6.2; http://site18264386.com"
105.159.141.140 - - [09/Sep/2026:08:34:15 -0700] "POST /xmlrpc.php HTTP/1.1" 405 415 "-" "WordPress.com; https://wordpress.com"
105.159.141.140 - - [09/Sep/2026:08:34:22 -0700] "POST /xmlrpc.php HTTP/1.1" 405 415 "-" "WordPress.com; https://wordpress.com"
105.159.141.140 - - [09/Sep/2026:08:34:26 -0700] "POST /xmlrpc.php HTTP/1.1" 405 415 "-" "Jetpack by WordPress.com"
105.159.141.140 - - [09/Sep/2026:08:34:33 -0700] "POST /xmlrpc.php HTTP/1.1" 405 415 "-" "Jetpack by WordPress.com (Jetpack 12.5; WordPress 6.4)"
105.159.141.140 - - [09/Sep/2026:08:34:36 -0700] "POST /xmlrpc.php HTTP/1.1" 500 - "-" "Jetpack by WordPress.com"
105.159.141.140 - - [09/Sep/2026:08:34:44 -0700] "POST /xmlrpc.php HTTP/1.1" 405 415 "-" "Jetpack/12.0; WordPress/6.4; http://site93992753.com"
105.159.141.140 - - [09/Sep/2026:08:34:47 -0700] "POST /xmlrpc.php HTTP/1.1" 405 415 "-" "WordPress.com; https://wordpress.com"
105.159.141.140 - - [09/Sep/2026:08:34:54 -0700] "POST /xmlrpc.php HTTP/1.1" 500 - "-" "Jetpack/12.1; WordPress/6.3; http://site40618324.com"
144.208.65.39 - - [09/Sep/2026:08:34:58 -0700] "POST /wp-cron.php?doing_wp_cron=1788968098.6664860248565673828125 HTTP/1.1" 200 - "-" "WordPress/7.1; https://aace.care"
105.159.141.140 - - [09/Sep/2026:08:34:58 -0700] "POST /xmlrpc.php HTTP/1.1" 405 415 "-" "Jetpack by WordPress.com"
105.159.141.140 - - [09/Sep/2026:08:35:05 -0700] "POST /xmlrpc.php HTTP/1.1" 405 415 "-" "Jetpack/12.5; WordPress/6.4; http://site34495624.com"
144.208.65.39 - - [09/Sep/2026:08:35:09 -0700] "POST /wp-cron.php?doing_wp_cron=1788968109.3993680477142333984375 HTTP/1.1" 200 - "-" "WordPress/7.1; https://aace.care"
105.159.141.140 - - [09/Sep/2026:08:35:08 -0700] "POST /xmlrpc.php HTTP/1.1" 405 415 "-" "Jetpack by WordPress.com"
105.159.141.140 - - [09/Sep/2026:08:35:16 -0700] "POST /xmlrpc.php HTTP/1.1" 405 415 "-" "Jetpack by WordPress.com (Jetpack 12.1; WordPress 6.4)"
105.159.141.140 - - [09/Sep/2026:08:35:19 -0700] "POST /xmlrpc.php HTTP/1.1" 405 415 "-" "Jetpack by WordPress.com (Jetpack 13.0; WordPress 6.2)"
105.159.141.140 - - [09/Sep/2026:08:35:27 -0700] "POST /xmlrpc.php HTTP/1.1" 405 415 "-" "Jetpack by WordPress.com"
105.159.141.140 - - [09/Sep/2026:08:35:30 -0700] "POST /xmlrpc.php HTTP/1.1" 405 415 "-" "Jetpack by WordPress.com (Jetpack 12.0; WordPress 6.1)"
105.159.141.140 - - [09/Sep/2026:08:35:37 -0700] "POST /xmlrpc.php HTTP/1.1" 405 415 "-" "WordPress.com; https://wordpress.com"
105.159.141.140 - - [09/Sep/2026:08:35:40 -0700] "POST /xmlrpc.php HTTP/1.1" 405 415 "-" "Jetpack by WordPress.com"
144.208.65.39 - - [09/Sep/2026:08:35:48 -0700] "POST /wp-cron.php?doing_wp_cron=1788968148.9553589820861816406250 HTTP/1.1" 200 - "-" "WordPress/7.1; https://aace.care"
105.159.141.140 - - [09/Sep/2026:08:35:48 -0700] "POST /xmlrpc.php HTTP/1.1" 405 415 "-" "WordPress.com; https://wordpress.com"
105.159.141.140 - - [09/Sep/2026:08:35:51 -0700] "POST /xmlrpc.php HTTP/1.1" 405 415 "-" "WordPress.com; https://wordpress.com"
105.159.141.140 - - [09/Sep/2026:08:35:59 -0700] "POST /xmlrpc.php HTTP/1.1" 405 415 "-" "Jetpack/12.0; WordPress/6.2; http://site67987307.com"
105.159.141.140 - - [09/Sep/2026:08:36:02 -0700] "POST /xmlrpc.php HTTP/1.1" 405 415 "-" "Jetpack by WordPress.com (Jetpack 12.1; WordPress 6.2)"
144.208.65.39 - - [09/Sep/2026:08:36:10 -0700] "POST /wp-cron.php?doing_wp_cron=1788968170.4218039512634277343750 HTTP/1.1" 200 - "-" "WordPress/7.1; https://aace.care"
105.159.141.140 - - [09/Sep/2026:08:36:09 -0700] "POST /xmlrpc.php HTTP/1.1" 405 415 "-" "Jetpack/12.5; WordPress/6.2; http://site73210540.com"
105.159.141.140 - - [09/Sep/2026:08:36:13 -0700] "POST /xmlrpc.php HTTP/1.1" 405 415 "-" "Jetpack/12.1; WordPress/6.3; http://site92792601.com"
105.159.141.140 - - [09/Sep/2026:08:36:20 -0700] "POST /xmlrpc.php HTTP/1.1" 405 415 "-" "WordPress.com; https://wordpress.com"
105.159.141.140 - - [09/Sep/2026:08:36:23 -0700] "POST /xmlrpc.php HTTP/1.1" 405 415 "-" "Jetpack/12.1; WordPress/6.4; http://site45416701.com"
105.159.141.140 - - [09/Sep/2026:08:36:31 -0700] "POST /xmlrpc.php HTTP/1.1" 405 415 "-" "WordPress.com; https://wordpress.com"
105.159.141.140 - - [09/Sep/2026:08:36:34 -0700] "POST /xmlrpc.php HTTP/1.1" 405 415 "-" "Jetpack by WordPress.com"
105.159.141.140 - - [09/Sep/2026:08:36:42 -0700] "POST /xmlrpc.php HTTP/1.1" 405 415 "-" "WordPress.com; https://wordpress.com"
144.208.65.39 - - [09/Sep/2026:08:36:45 -0700] "POST /wp-cron.php?doing_wp_cron=1788968205.7818830013275146484375 HTTP/1.1" 200 - "-" "WordPress/7.1; https://aace.care"
105.159.141.140 - - [09/Sep/2026:08:36:45 -0700] "POST /xmlrpc.php HTTP/1.1" 405 415 "-" "Jetpack by WordPress.com (Jetpack 12.5; WordPress 6.1)"
105.159.141.140 - - [09/Sep/2026:08:36:52 -0700] "POST /xmlrpc.php HTTP/1.1" 405 415 "-" "Jetpack by WordPress.com"
105.159.141.140 - - [09/Sep/2026:08:36:55 -0700] "POST /xmlrpc.php HTTP/1.1" 405 415 "-" "Jetpack by WordPress.com (Jetpack 12.5; WordPress 6.2)"
105.159.141.140 - - [09/Sep/2026:08:37:03 -0700] "POST /xmlrpc.php HTTP/1.1" 405 415 "-" "Jetpack by WordPress.com (Jetpack 12.1; WordPress 6.4)"
105.159.141.140 - - [09/Sep/2026:08:37:06 -0700] "POST /xmlrpc.php HTTP/1.1" 405 415 "-" "Jetpack/12.1; WordPress/6.4; http://site21179007.com"
144.208.65.39 - - [09/Sep/2026:08:37:14 -0700] "POST /wp-cron.php?doing_wp_cron=1788968234.6435201168060302734375 HTTP/1.1" 200 - "-" "WordPress/7.1; https://aace.care"
105.159.141.140 - - [09/Sep/2026:08:37:14 -0700] "POST /xmlrpc.php HTTP/1.1" 405 415 "-" "Jetpack/13.0; WordPress/6.2; http://site25222585.com"
105.159.141.140 - - [09/Sep/2026:08:37:17 -0700] "POST /xmlrpc.php HTTP/1.1" 405 415 "-" "WordPress.com; https://wordpress.com"
105.159.141.140 - - [09/Sep/2026:08:37:24 -0700] "POST /xmlrpc.php HTTP/1.1" 405 415 "-" "Jetpack/12.1; WordPress/6.1; http://site96752254.com"
105.159.141.140 - - [09/Sep/2026:08:37:28 -0700] "POST /xmlrpc.php HTTP/1.1" 405 415 "-" "WordPress.com; https://wordpress.com"
105.159.141.140 - - [09/Sep/2026:08:37:35 -0700] "POST /xmlrpc.php HTTP/1.1" 405 415 "-" "WordPress.com; https://wordpress.com"
105.159.141.140 - - [09/Sep/2026:08:37:38 -0700] "POST /xmlrpc.php HTTP/1.1" 500 - "-" "Jetpack by WordPress.com"
144.208.65.39 - - [09/Sep/2026:08:37:46 -0700] "POST /wp-cron.php?doing_wp_cron=1788968266.7467129230499267578125 HTTP/1.1" 200 - "-" "WordPress/7.1; https://aace.care"
105.159.141.140 - - [09/Sep/2026:08:37:46 -0700] "POST /xmlrpc.php HTTP/1.1" 405 415 "-" "Jetpack/12.0; WordPress/6.2; http://site70457051.com"
105.159.141.140 - - [09/Sep/2026:08:37:49 -0700] "POST /xmlrpc.php HTTP/1.1" 500 - "-" "WordPress.com; https://wordpress.com"
105.159.141.140 - - [09/Sep/2026:08:37:56 -0700] "POST /xmlrpc.php HTTP/1.1" 405 415 "-" "Jetpack by WordPress.com (Jetpack 12.0; WordPress 6.4)"
105.159.141.140 - - [09/Sep/2026:08:38:00 -0700] "POST /xmlrpc.php HTTP/1.1" 405 415 "-" "WordPress.com; https://wordpress.com"
144.208.65.39 - - [09/Sep/2026:08:38:08 -0700] "POST /wp-cron.php?doing_wp_cron=1788968288.1830720901489257812500 HTTP/1.1" 200 - "-" "WordPress/7.1; https://aace.care"
105.159.141.140 - - [09/Sep/2026:08:38:07 -0700] "POST /xmlrpc.php HTTP/1.1" 405 415 "-" "Jetpack/13.0; WordPress/6.2; http://site46063346.com"
105.159.141.140 - - [09/Sep/2026:08:38:11 -0700] "POST /xmlrpc.php HTTP/1.1" 405 415 "-" "Jetpack by WordPress.com (Jetpack 13.0; WordPress 6.2)"
105.159.141.140 - - [09/Sep/2026:08:38:18 -0700] "POST /xmlrpc.php HTTP/1.1" 405 415 "-" "WordPress.com; https://wordpress.com"
105.159.141.140 - - [09/Sep/2026:08:38:21 -0700] "POST /xmlrpc.php HTTP/1.1" 405 415 "-" "Jetpack/13.0; WordPress/6.1; http://site21245645.com"
105.159.141.140 - - [09/Sep/2026:08:38:29 -0700] "POST /xmlrpc.php HTTP/1.1" 405 415 "-" "Jetpack by WordPress.com (Jetpack 12.5; WordPress 6.1)"
105.159.141.140 - - [09/Sep/2026:08:38:32 -0700] "POST /xmlrpc.php HTTP/1.1" 405 415 "-" "WordPress.com; https://wordpress.com"
105.159.141.140 - - [09/Sep/2026:08:38:39 -0700] "POST /xmlrpc.php HTTP/1.1" 405 415 "-" "Jetpack/12.0; WordPress/6.2; http://site75393394.com"
105.159.141.140 - - [09/Sep/2026:08:38:43 -0700] "POST /xmlrpc.php HTTP/1.1" 405 415 "-" "Jetpack by WordPress.com (Jetpack 12.1; WordPress 6.4)"
105.159.141.140 - - [09/Sep/2026:08:38:53 -0700] "POST /xmlrpc.php HTTP/1.1" 405 415 "-" "Jetpack by WordPress.com"
105.159.141.140 - - [09/Sep/2026:08:38:50 -0700] "POST /xmlrpc.php HTTP/1.1" 405 415 "-" "Jetpack/12.5; WordPress/6.3; http://site82897996.com"
105.159.141.140 - - [09/Sep/2026:08:39:01 -0700] "POST /xmlrpc.php HTTP/1.1" 405 415 "-" "Jetpack/12.0; WordPress/6.2; http://site21030945.com"
105.159.141.140 - - [09/Sep/2026:08:39:04 -0700] "POST /xmlrpc.php HTTP/1.1" 405 415 "-" "WordPress.com; https://wordpress.com"
105.159.141.140 - - [09/Sep/2026:08:39:12 -0700] "POST /xmlrpc.php HTTP/1.1" 405 415 "-" "Jetpack by WordPress.com"
105.159.141.140 - - [09/Sep/2026:08:39:15 -0700] "POST /xmlrpc.php HTTP/1.1" 405 415 "-" "Jetpack by WordPress.com"
105.159.141.140 - - [09/Sep/2026:08:39:22 -0700] "POST /xmlrpc.php HTTP/1.1" 405 415 "-" "WordPress.com; https://wordpress.com"
105.159.141.140 - - [09/Sep/2026:08:39:26 -0700] "POST /xmlrpc.php HTTP/1.1" 405 415 "-" "Jetpack by WordPress.com (Jetpack 13.0; WordPress 6.4)"
105.159.141.140 - - [09/Sep/2026:08:39:33 -0700] "POST /xmlrpc.php HTTP/1.1" 405 415 "-" "Jetpack/12.5; WordPress/6.1; http://site36651401.com"
105.159.141.140 - - [09/Sep/2026:08:39:36 -0700] "POST /xmlrpc.php HTTP/1.1" 405 415 "-" "Jetpack by WordPress.com"
105.159.141.140 - - [09/Sep/2026:08:39:43 -0700] "POST /xmlrpc.php HTTP/1.1" 405 415 "-" "Jetpack by WordPress.com"
105.159.141.140 - - [09/Sep/2026:08:39:47 -0700] "POST /xmlrpc.php HTTP/1.1" 405 415 "-" "Jetpack by WordPress.com (Jetpack 12.0; WordPress 6.2)"
144.208.65.39 - - [09/Sep/2026:08:39:55 -0700] "POST /wp-cron.php?doing_wp_cron=1788968395.2719140052795410156250 HTTP/1.1" 200 - "-" "WordPress/7.1; https://aace.care"
105.159.141.140 - - [09/Sep/2026:08:39:54 -0700] "POST /xmlrpc.php HTTP/1.1" 405 415 "-" "WordPress.com; https://wordpress.com"
105.159.141.140 - - [09/Sep/2026:08:39:58 -0700] "POST /xmlrpc.php HTTP/1.1" 405 415 "-" "Jetpack by WordPress.com"
105.159.141.140 - - [09/Sep/2026:08:40:05 -0700] "POST /xmlrpc.php HTTP/1.1" 405 415 "-" "WordPress.com; https://wordpress.com"
105.159.141.140 - - [09/Sep/2026:08:40:08 -0700] "POST /xmlrpc.php HTTP/1.1" 405 415 "-" "Jetpack by WordPress.com"
105.159.141.140 - - [09/Sep/2026:08:40:16 -0700] "POST /xmlrpc.php HTTP/1.1" 405 415 "-" "WordPress.com; https://wordpress.com"
105.159.141.140 - - [09/Sep/2026:08:40:19 -0700] "POST /xmlrpc.php HTTP/1.1" 405 415 "-" "Jetpack by WordPress.com (Jetpack 13.0; WordPress 6.4)"
105.159.141.140 - - [09/Sep/2026:08:40:26 -0700] "POST /xmlrpc.php HTTP/1.1" 405 415 "-" "Jetpack by WordPress.com (Jetpack 12.0; WordPress 6.3)"
105.159.141.140 - - [09/Sep/2026:08:40:30 -0700] "POST /xmlrpc.php HTTP/1.1" 405 415 "-" "WordPress.com; https://wordpress.com"
105.159.141.140 - - [09/Sep/2026:08:40:37 -0700] "POST /xmlrpc.php HTTP/1.1" 405 415 "-" "Jetpack by WordPress.com"
105.159.141.140 - - [09/Sep/2026:08:40:41 -0700] "POST /xmlrpc.php HTTP/1.1" 405 415 "-" "Jetpack by WordPress.com"
105.159.141.140 - - [09/Sep/2026:08:40:48 -0700] "POST /xmlrpc.php HTTP/1.1" 405 415 "-" "WordPress.com; https://wordpress.com"
105.159.141.140 - - [09/Sep/2026:08:40:51 -0700] "POST /xmlrpc.php HTTP/1.1" 405 415 "-" "Jetpack by WordPress.com"
105.159.141.140 - - [09/Sep/2026:08:41:02 -0700] "POST /xmlrpc.php HTTP/1.1" 500 - "-" "Jetpack/12.5; WordPress/6.4; http://site56426816.com"
105.159.141.140 - - [09/Sep/2026:08:40:59 -0700] "POST /xmlrpc.php HTTP/1.1" 405 415 "-" "WordPress.com; https://wordpress.com"
105.159.141.140 - - [09/Sep/2026:08:41:10 -0700] "POST /xmlrpc.php HTTP/1.1" 405 415 "-" "Jetpack by WordPress.com"
105.159.141.140 - - [09/Sep/2026:08:41:13 -0700] "POST /xmlrpc.php HTTP/1.1" 405 415 "-" "Jetpack/12.5; WordPress/6.1; http://site63379590.com"
105.159.141.140 - - [09/Sep/2026:08:41:20 -0700] "POST /xmlrpc.php HTTP/1.1" 405 415 "-" "Jetpack by WordPress.com"
