20.235.109.206 - - [09/Sep/2026:16:15:52 -0700] "GET /radio.php HTTP/1.1" 403 5256 "-" "Mozilla/5.0 (Windows NT 10.0; Win64; x64) AppleWebKit/537.36 (KHTML, like Gecko) Chrome/120.0.0.0 Safari/537.36"
20.235.109.206 - - [09/Sep/2026:16:15:53 -0700] "GET /wp-admin/js/widgets/about.php HTTP/1.1" 403 5256 "-" "Mozilla/5.0 (Windows NT 10.0; Win64; x64) AppleWebKit/537.36 (KHTML, like Gecko) Chrome/120.0.0.0 Safari/537.36"
20.235.109.206 - - [09/Sep/2026:16:15:54 -0700] "GET /wp-admin/includes/cloud.php HTTP/1.1" 403 5256 "-" "Mozilla/5.0 (Windows NT 10.0; Win64; x64) AppleWebKit/537.36 (KHTML, like Gecko) Chrome/120.0.0.0 Safari/537.36"
20.235.109.206 - - [09/Sep/2026:16:15:55 -0700] "GET /wp-admin/includes/index.php HTTP/1.1" 403 5256 "-" "Mozilla/5.0 (Windows NT 10.0; Win64; x64) AppleWebKit/537.36 (KHTML, like Gecko) Chrome/120.0.0.0 Safari/537.36"
20.235.109.206 - - [09/Sep/2026:16:15:55 -0700] "GET /wp-admin/js/widgets/ HTTP/1.1" 403 5256 "-" "Mozilla/5.0 (Windows NT 10.0; Win64; x64) AppleWebKit/537.36 (KHTML, like Gecko) Chrome/120.0.0.0 Safari/537.36"
20.235.109.206 - - [09/Sep/2026:16:15:56 -0700] "GET /wp-content/ HTTP/1.1" 403 5256 "-" "Mozilla/5.0 (Windows NT 10.0; Win64; x64) AppleWebKit/537.36 (KHTML, like Gecko) Chrome/120.0.0.0 Safari/537.36"
20.235.109.206 - - [09/Sep/2026:16:15:57 -0700] "GET /admin.php HTTP/1.1" 403 5256 "-" "Mozilla/5.0 (Windows NT 10.0; Win64; x64) AppleWebKit/537.36 (KHTML, like Gecko) Chrome/120.0.0.0 Safari/537.36"
20.235.109.206 - - [09/Sep/2026:16:15:57 -0700] "GET /functions.php HTTP/1.1" 403 5256 "-" "Mozilla/5.0 (Windows NT 10.0; Win64; x64) AppleWebKit/537.36 (KHTML, like Gecko) Chrome/120.0.0.0 Safari/537.36"
20.235.109.206 - - [09/Sep/2026:16:15:58 -0700] "GET /modules/ HTTP/1.1" 500 2704 "-" "Mozilla/5.0 (Windows NT 10.0; Win64; x64) AppleWebKit/537.36 (KHTML, like Gecko) Chrome/120.0.0.0 Safari/537.36"
20.235.109.206 - - [09/Sep/2026:16:15:59 -0700] "GET /wp-admin/css/colors/ocean/ HTTP/1.1" 403 5256 "-" "Mozilla/5.0 (Windows NT 10.0; Win64; x64) AppleWebKit/537.36 (KHTML, like Gecko) Chrome/120.0.0.0 Safari/537.36"
20.235.109.206 - - [09/Sep/2026:16:16:00 -0700] "GET /admin/upload/ HTTP/1.1" 403 5256 "-" "Mozilla/5.0 (Windows NT 10.0; Win64; x64) AppleWebKit/537.36 (KHTML, like Gecko) Chrome/120.0.0.0 Safari/537.36"
20.235.109.206 - - [09/Sep/2026:16:16:00 -0700] "GET /ccx/index.php HTTP/1.1" 500 2704 "-" "Mozilla/5.0 (Windows NT 10.0; Win64; x64) AppleWebKit/537.36 (KHTML, like Gecko) Chrome/120.0.0.0 Safari/537.36"
173.252.82.66 - - [09/Sep/2026:16:17:49 -0700] "GET /meta.json HTTP/1.1" 500 2704 "-" "facebookexternalhit/1.1 (+http://www.facebook.com/externalhit_uatext.php)"
69.63.184.38 - - [09/Sep/2026:16:22:49 -0700] "GET /meta.json HTTP/1.1" 500 2704 "-" "facebookexternalhit/1.1 (+http://www.facebook.com/externalhit_uatext.php)"
173.252.70.64 - - [09/Sep/2026:16:23:17 -0700] "GET /meta.json HTTP/1.1" 500 2704 "-" "facebookexternalhit/1.1 (+http://www.facebook.com/externalhit_uatext.php)"
173.252.69.37 - - [09/Sep/2026:16:23:45 -0700] "GET /meta.json HTTP/1.1" 500 2704 "-" "facebookexternalhit/1.1 (+http://www.facebook.com/externalhit_uatext.php)"
57.141.20.12 - - [09/Sep/2026:16:25:17 -0700] "GET /wp-sitemap-posts-post-1.xml HTTP/1.1" 500 2704 "-" "Mozilla/5.0 (Windows NT 10.0; Win64; x64) AppleWebKit/537.36 (KHTML, like Gecko) Chrome/145.0.0.0 Safari/537.36 (compatible; meta-webindexer/1.1 (+https://developers.facebook.com/docs/sharing/webmasters/crawler))"
43.155.157.239 - - [09/Sep/2026:16:27:27 -0700] "GET / HTTP/1.1" 500 2704 "http://aacehomecareinc.com" "Mozilla/5.0 (iPhone; CPU iPhone OS 13_2_3 like Mac OS X) AppleWebKit/605.1.15 (KHTML, like Gecko) Version/13.0.3 Mobile/15E148 Safari/604.1"
144.208.65.39 - - [09/Sep/2026:16:33:17 -0700] "POST /wp-cron.php?doing_wp_cron=1788996797.8783810138702392578125 HTTP/1.1" 200 - "-" "WordPress/7.1; https://aace.care"
65.111.22.193 - - [09/Sep/2026:16:33:17 -0700] "GET / HTTP/1.1" 200 107109 "-" "CMS-Security-Auditor/1.0 (+authorized self-check; contact: local-admin)"
65.111.22.193 - - [09/Sep/2026:16:33:24 -0700] "GET /wp-json/ HTTP/1.1" 200 203923 "-" "CMS-Security-Auditor/1.0 (+authorized self-check; contact: local-admin)"
65.111.22.193 - - [09/Sep/2026:16:33:31 -0700] "GET /?rest_route=/ HTTP/1.1" 200 203923 "-" "CMS-Security-Auditor/1.0 (+authorized self-check; contact: local-admin)"
65.111.22.193 - - [09/Sep/2026:16:33:43 -0700] "GET /wp-includes/version.php HTTP/1.1" 200 - "-" "CMS-Security-Auditor/1.0 (+authorized self-check; contact: local-admin)"
65.111.22.193 - - [09/Sep/2026:16:33:50 -0700] "POST /wp-json/batch/v1 HTTP/1.1" 500 510 "-" "CMS-Security-Auditor/1.0 (+authorized self-check; contact: local-admin)"
65.111.22.193 - - [09/Sep/2026:16:33:56 -0700] "POST /?rest_route=/batch/v1 HTTP/1.1" 207 16 "-" "CMS-Security-Auditor/1.0 (+authorized self-check; contact: local-admin)"
65.111.22.193 - - [09/Sep/2026:16:36:02 -0700] "GET /wp-content/plugins/wp-ticket/readme.txt HTTP/1.1" 500 2704 "-" "CMS-Security-Auditor/1.0 (+authorized self-check; contact: local-admin)"
144.208.65.39 - - [09/Sep/2026:16:36:07 -0700] "POST /wp-cron.php?doing_wp_cron=1788996967.9279870986938476562500 HTTP/1.1" 200 - "-" "WordPress/7.1; https://aace.care"
65.111.22.193 - - [09/Sep/2026:16:36:07 -0700] "GET /wp-content/plugins/wp-automatic/readme.txt HTTP/1.1" 404 69100 "-" "CMS-Security-Auditor/1.0 (+authorized self-check; contact: local-admin)"
65.111.22.193 - - [09/Sep/2026:16:36:13 -0700] "GET /wp-content/plugins/wp-fastest-cache/readme.txt HTTP/1.1" 404 69100 "-" "CMS-Security-Auditor/1.0 (+authorized self-check; contact: local-admin)"
65.111.22.193 - - [09/Sep/2026:16:36:19 -0700] "GET /wp-content/plugins/gamipress/readme.txt HTTP/1.1" 404 69100 "-" "CMS-Security-Auditor/1.0 (+authorized self-check; contact: local-admin)"
65.111.22.193 - - [09/Sep/2026:16:36:25 -0700] "GET /wp-content/plugins/userswp/readme.txt HTTP/1.1" 404 69100 "-" "CMS-Security-Auditor/1.0 (+authorized self-check; contact: local-admin)"
65.111.22.193 - - [09/Sep/2026:16:36:32 -0700] "GET /wp-content/plugins/bookingpress-appointment-booking/readme.txt HTTP/1.1" 404 69100 "-" "CMS-Security-Auditor/1.0 (+authorized self-check; contact: local-admin)"
173.252.95.13 - - [09/Sep/2026:16:41:11 -0700] "GET /meta.json HTTP/1.1" 500 2704 "-" "facebookexternalhit/1.1 (+http://www.facebook.com/externalhit_uatext.php)"
144.208.65.39 - - [09/Sep/2026:16:41:20 -0700] "POST /wp-cron.php?doing_wp_cron=1788997280.3068559169769287109375 HTTP/1.1" 200 - "-" "WordPress/7.1; https://aace.care"
216.73.217.15 - - [09/Sep/2026:16:41:19 -0700] "GET /robots.txt HTTP/1.1" 301 - "-" "Mozilla/5.0 AppleWebKit/537.36 (KHTML, like Gecko; compatible; ClaudeBot/1.0; +claudebot@anthropic.com)"
216.73.217.15 - - [09/Sep/2026:16:41:20 -0700] "GET /robots.txt HTTP/1.1" 200 110 "https://www.aace.care/robots.txt" "Mozilla/5.0 AppleWebKit/537.36 (KHTML, like Gecko; compatible; ClaudeBot/1.0; +claudebot@anthropic.com)"
216.73.217.15 - - [09/Sep/2026:16:41:21 -0700] "GET / HTTP/1.1" 301 - "-" "Mozilla/5.0 AppleWebKit/537.36 (KHTML, like Gecko; compatible; ClaudeBot/1.0; +claudebot@anthropic.com)"
216.73.217.15 - - [09/Sep/2026:16:41:21 -0700] "GET / HTTP/1.1" 200 107109 "https://www.aace.care/" "Mozilla/5.0 AppleWebKit/537.36 (KHTML, like Gecko; compatible; ClaudeBot/1.0; +claudebot@anthropic.com)"
167.71.6.60 - - [09/Sep/2026:16:43:48 -0700] "GET /.env HTTP/1.1" 500 2704 "-" "Mozilla/5.0 (Macintosh; Intel Mac OS X 10_15_7) AppleWebKit/537.36 (KHTML, like Gecko) Chrome/142.0.0.0 Safari/537.36"
173.252.87.25 - - [09/Sep/2026:16:55:44 -0700] "GET /meta.json HTTP/1.1" 500 2704 "-" "facebookexternalhit/1.1 (+http://www.facebook.com/externalhit_uatext.php)"
34.230.78.61 - - [09/Sep/2026:16:56:05 -0700] "GET /.env HTTP/1.1" 500 2704 "-" "Mozilla/5.0 (Macintosh; Intel Mac OS X 10_15_7) AppleWebKit/537.36 (KHTML, like Gecko) Chrome/142.0.0.0 Safari/537.36"
173.252.95.32 - - [09/Sep/2026:16:56:52 -0700] "GET /meta.json HTTP/1.1" 500 2704 "-" "facebookexternalhit/1.1 (+http://www.facebook.com/externalhit_uatext.php)"
173.252.87.10 - - [09/Sep/2026:16:57:04 -0700] "GET / HTTP/1.1" 500 2704 "-" "facebookexternalhit/1.1 (+http://www.facebook.com/externalhit_uatext.php)"
65.21.113.200 - - [09/Sep/2026:16:59:39 -0700] "GET /robots.txt HTTP/1.1" 500 2704 "-" "Mozilla/5.0 (compatible; AwarioBot/1.0; +https://awario.com/bots.html)"
144.208.65.39 - - [09/Sep/2026:16:59:40 -0700] "POST /wp-cron.php?doing_wp_cron=1788998380.7951281070709228515625 HTTP/1.1" 200 - "-" "WordPress/7.1; https://aace.care"
65.21.113.200 - - [09/Sep/2026:16:59:40 -0700] "GET / HTTP/1.1" 200 107109 "-" "Mozilla/5.0 (compatible; AwarioBot/1.0; +https://awario.com/bots.html)"
65.21.113.200 - - [09/Sep/2026:16:59:43 -0700] "GET / HTTP/1.1" 200 107109 "-" "Mozilla/5.0 (compatible; AwarioBot/1.0; +https://awario.com/bots.html)"
69.171.234.1 - - [09/Sep/2026:17:00:58 -0700] "GET /meta.json HTTP/1.1" 500 2704 "-" "facebookexternalhit/1.1 (+http://www.facebook.com/externalhit_uatext.php)"
173.252.70.19 - - [09/Sep/2026:17:02:53 -0700] "GET /meta.json HTTP/1.1" 500 2704 "-" "facebookexternalhit/1.1 (+http://www.facebook.com/externalhit_uatext.php)"
173.252.87.6 - - [09/Sep/2026:17:07:35 -0700] "GET / HTTP/1.1" 500 2704 "-" "facebookexternalhit/1.1 (+http://www.facebook.com/externalhit_uatext.php)"
47.128.56.122 - - [09/Sep/2026:17:08:49 -0700] "GET /robots.txt HTTP/1.1" 500 2704 "-" "Mozilla/5.0 (iPhone; CPU iPhone OS 7_1_2 like Mac OS X) AppleWebKit/537.36 (KHTML, like Gecko) Version/7.0 Mobile Safari/537.36 (compatible; Bytespider; https://bytedance.sg.larkoffice.com/docx/K5bxdypulop3IIxrJb0lOjLVgFe)"
173.252.95.23 - - [09/Sep/2026:17:13:23 -0700] "GET /meta.json HTTP/1.1" 500 2704 "-" "facebookexternalhit/1.1 (+http://www.facebook.com/externalhit_uatext.php)"
74.7.175.183 - - [09/Sep/2026:17:15:14 -0700] "GET /robots.txt HTTP/1.1" 500 2704 "-" "Mozilla/5.0 (Macintosh; Intel Mac OS X 10_15_7) AppleWebKit/537.36 (KHTML, like Gecko) Chrome/131.0.0.0 Safari/537.36; compatible; OAI-SearchBot/1.4; robots.txt; +https://openai.com/searchbot"
176.9.4.24 - - [09/Sep/2026:17:17:53 -0700] "GET / HTTP/1.1" 500 2704 "-" "Mozilla/5.0 (Windows NT 10.0; Win64; x64) AppleWebKit/537.36 (KHTML, like Gecko) Chrome/120.0.0.0 Safari/537.36"
144.208.65.39 - - [09/Sep/2026:17:17:54 -0700] "POST /wp-cron.php?doing_wp_cron=1788999474.9686450958251953125000 HTTP/1.1" 200 - "-" "WordPress/7.1; https://aace.care"
176.9.4.24 - - [09/Sep/2026:17:17:54 -0700] "GET / HTTP/1.1" 301 - "-" "Mozilla/5.0 (Windows NT 10.0; Win64; x64) AppleWebKit/537.36 (KHTML, like Gecko) Chrome/120.0.0.0 Safari/537.36"
176.9.4.24 - - [09/Sep/2026:17:17:55 -0700] "GET / HTTP/1.1" 200 107109 "https://www.aace.care/" "Mozilla/5.0 (Windows NT 10.0; Win64; x64) AppleWebKit/537.36 (KHTML, like Gecko) Chrome/120.0.0.0 Safari/537.36"
173.252.87.114 - - [09/Sep/2026:17:20:22 -0700] "GET /meta.json HTTP/1.1" 500 2704 "-" "facebookexternalhit/1.1 (+http://www.facebook.com/externalhit_uatext.php)"
142.129.186.93 - - [09/Sep/2026:17:23:43 -0700] "GET / HTTP/1.1" 500 2704 "-" "Mozilla/5.0 (iPhone; CPU iPhone OS 18_7_8 like Mac OS X) AppleWebKit/605.1.15 (KHTML, like Gecko) Mobile/15E148"
49.51.72.76 - - [09/Sep/2026:17:24:52 -0700] "GET / HTTP/1.1" 500 2704 "http://www.aacehomecareinc.com" "Mozilla/5.0 (iPhone; CPU iPhone OS 13_2_3 like Mac OS X) AppleWebKit/605.1.15 (KHTML, like Gecko) Version/13.0.3 Mobile/15E148 Safari/604.1"
35.163.99.88 - - [09/Sep/2026:17:27:26 -0700] "GET / HTTP/1.1" 500 2704 "-" "Mozilla/5.0 (X11; Linux x86_64) AppleWebKit/537.36 (KHTML, like Gecko) Chrome/87.0.4280.66 Safari/537.36"
144.208.65.39 - - [09/Sep/2026:17:27:27 -0700] "POST /wp-cron.php?doing_wp_cron=1789000047.0517659187316894531250 HTTP/1.1" 200 - "-" "WordPress/7.1; https://aace.care"
35.163.99.88 - - [09/Sep/2026:17:27:26 -0700] "GET / HTTP/1.1" 301 - "-" "Mozilla/5.0 (X11; Linux x86_64) AppleWebKit/537.36 (KHTML, like Gecko) Chrome/87.0.4280.66 Safari/537.36"
35.163.99.88 - - [09/Sep/2026:17:27:27 -0700] "GET / HTTP/1.1" 200 107109 "-" "Mozilla/5.0 (X11; Linux x86_64) AppleWebKit/537.36 (KHTML, like Gecko) Chrome/87.0.4280.66 Safari/537.36"
52.41.221.12 - - [09/Sep/2026:17:30:03 -0700] "GET /robots.txt HTTP/1.1" 500 2704 "-" "SeltzSitemapFetcher/1.0"
144.208.65.39 - - [09/Sep/2026:17:30:04 -0700] "POST /wp-cron.php?doing_wp_cron=1789000204.4763419628143310546875 HTTP/1.1" 200 - "-" "WordPress/7.1; https://aace.care"
52.41.221.12 - - [09/Sep/2026:17:30:03 -0700] "GET /robots.txt HTTP/1.1" 301 - "-" "SeltzSitemapFetcher/1.0"
52.41.221.12 - - [09/Sep/2026:17:30:04 -0700] "GET /robots.txt HTTP/1.1" 200 110 "https://www.aace.care/robots.txt" "SeltzSitemapFetcher/1.0"
52.41.221.12 - - [09/Sep/2026:17:30:05 -0700] "GET /robots.txt HTTP/1.1" 200 110 "-" "SeltzSitemapFetcher/1.0"
52.41.221.12 - - [09/Sep/2026:17:30:05 -0700] "GET /wp-sitemap.xml HTTP/1.1" 200 507 "-" "SeltzSitemapFetcher/1.0"
52.41.221.12 - - [09/Sep/2026:17:30:06 -0700] "GET /wp-sitemap-posts-post-1.xml HTTP/1.1" 200 448 "-" "SeltzSitemapFetcher/1.0"
52.41.221.12 - - [09/Sep/2026:17:30:07 -0700] "GET /wp-sitemap-posts-page-1.xml HTTP/1.1" 200 1200 "-" "SeltzSitemapFetcher/1.0"
52.41.221.12 - - [09/Sep/2026:17:30:07 -0700] "GET /wp-sitemap-taxonomies-category-1.xml HTTP/1.1" 200 249 "-" "SeltzSitemapFetcher/1.0"
52.41.221.12 - - [09/Sep/2026:17:30:08 -0700] "GET /wp-sitemap-users-1.xml HTTP/1.1" 200 249 "-" "SeltzSitemapFetcher/1.0"
198.235.24.167 - - [09/Sep/2026:17:43:14 -0700] "GET / HTTP/1.1" 500 2704 "-" "Hello from Palo Alto Networks, find out more about our scans in https://docs-cortex.paloaltonetworks.com/r/1/Cortex-Xpanse/Scanning-activity"
216.73.217.15 - - [09/Sep/2026:17:48:18 -0700] "GET /robots.txt HTTP/1.1" 500 2704 "-" "Mozilla/5.0 AppleWebKit/537.36 (KHTML, like Gecko; compatible; ClaudeBot/1.0; +claudebot@anthropic.com)"
63.141.253.98 - - [09/Sep/2026:17:51:18 -0700] "GET / HTTP/1.1" 200 107109 "http://aace.care" "Googlebot/2.1 (+http://www.googlebot.com/bot.html)"
173.252.87.43 - - [09/Sep/2026:17:52:57 -0700] "GET /meta.json HTTP/1.1" 500 2704 "-" "facebookexternalhit/1.1 (+http://www.facebook.com/externalhit_uatext.php)"
34.213.242.43 - - [09/Sep/2026:17:55:35 -0700] "GET / HTTP/1.1" 200 107109 "-" "Mozilla/5.0 (X11; Linux x86_64) AppleWebKit/537.36 (KHTML, like Gecko) Ubuntu Chromium/113.0.5669.208 Chrome/113.0.5669.208 Safari/537.36"
173.252.82.72 - - [09/Sep/2026:18:00:28 -0700] "GET /meta.json HTTP/1.1" 500 2704 "-" "facebookexternalhit/1.1 (+http://www.facebook.com/externalhit_uatext.php)"
144.208.65.39 - - [09/Sep/2026:18:00:53 -0700] "POST /wp-cron.php?doing_wp_cron=1789002053.3151390552520751953125 HTTP/1.1" 200 - "-" "WordPress/7.1; https://aace.care"
104.168.93.75 - - [09/Sep/2026:18:00:52 -0700] "GET / HTTP/1.1" 200 107109 "-" "Mozilla/5.0 (Windows NT 10.0; Win64; x64) AppleWebKit/537.36"
173.252.70.23 - - [09/Sep/2026:18:01:39 -0700] "GET /meta.json HTTP/1.1" 500 2704 "-" "facebookexternalhit/1.1 (+http://www.facebook.com/externalhit_uatext.php)"
173.252.69.18 - - [09/Sep/2026:18:02:58 -0700] "GET /meta.json HTTP/1.1" 500 2704 "-" "facebookexternalhit/1.1 (+http://www.facebook.com/externalhit_uatext.php)"
207.46.13.36 - - [09/Sep/2026:18:05:29 -0700] "GET /wp-sitemap.xml HTTP/1.1" 500 2704 "-" "Mozilla/5.0 AppleWebKit/537.36 (KHTML, like Gecko; compatible; bingbot/2.0; +http://www.bing.com/bingbot.htm) Chrome/116.0.1938.76 Safari/537.36"
173.252.69.17 - - [09/Sep/2026:18:13:16 -0700] "GET /meta.json HTTP/1.1" 500 2704 "-" "facebookexternalhit/1.1 (+http://www.facebook.com/externalhit_uatext.php)"
181.116.252.16 - - [09/Sep/2026:18:13:47 -0700] "GET /robots.txt HTTP/1.1" 500 2704 "-" "Mozilla/5.0 (Linux; Android 14; SM-S926B) AppleWebKit/537.36 (KHTML, like Gecko) Chrome/119.0.6045.194 Mobile Safari/537.36"
173.252.95.2 - - [09/Sep/2026:18:16:44 -0700] "GET /meta.json HTTP/1.1" 500 2704 "-" "facebookexternalhit/1.1 (+http://www.facebook.com/externalhit_uatext.php)"
54.152.198.76 - - [09/Sep/2026:18:21:11 -0700] "GET /robots.txt HTTP/1.1" 500 2704 "-" "Mozilla/5.0 (Macintosh; Intel Mac OS X 10_10_1) AppleWebKit/600.2.5 (KHTML, like Gecko) Version/8.0.2 Safari/600.2.5 (Gort)"
173.252.82.51 - - [09/Sep/2026:18:24:08 -0700] "GET /meta.json HTTP/1.1" 500 2704 "-" "facebookexternalhit/1.1 (+http://www.facebook.com/externalhit_uatext.php)"
17.166.150.196 - - [09/Sep/2026:18:28:16 -0700] "GET /robots.txt HTTP/1.1" 500 2704 "-" "Mozilla/5.0 (Macintosh; Intel Mac OS X 10_15_7) AppleWebKit/605.1.15 (KHTML, like Gecko) Version/17.4 Safari/605.1.15 (Applebot/0.1; +http://www.apple.com/go/applebot)"
144.208.65.39 - - [09/Sep/2026:18:28:17 -0700] "POST /wp-cron.php?doing_wp_cron=1789003697.3016519546508789062500 HTTP/1.1" 200 - "-" "WordPress/7.1; https://aace.care"
17.166.154.32 - - [09/Sep/2026:18:28:16 -0700] "GET /category/aace-home-care/ HTTP/1.1" 200 84062 "-" "Mozilla/5.0 (Macintosh; Intel Mac OS X 10_15_7) AppleWebKit/605.1.15 (KHTML, like Gecko) Version/17.4 Safari/605.1.15 (Applebot/0.1; +http://www.apple.com/go/applebot)"
69.63.184.39 - - [09/Sep/2026:18:28:29 -0700] "GET /meta.json HTTP/1.1" 404 69100 "-" "facebookexternalhit/1.1 (+http://www.facebook.com/externalhit_uatext.php)"
54.204.56.173 - - [09/Sep/2026:18:35:19 -0700] "GET /.env HTTP/1.1" 500 2704 "-" "Mozilla/5.0 (Macintosh; Intel Mac OS X 10_15_7) AppleWebKit/537.36 (KHTML, like Gecko) Chrome/142.0.0.0 Safari/537.36"
173.252.70.19 - - [09/Sep/2026:18:39:46 -0700] "GET /meta.json HTTP/1.1" 500 2704 "-" "facebookexternalhit/1.1 (+http://www.facebook.com/externalhit_uatext.php)"
69.63.184.42 - - [09/Sep/2026:18:40:33 -0700] "GET /meta.json HTTP/1.1" 500 2704 "-" "facebookexternalhit/1.1 (+http://www.facebook.com/externalhit_uatext.php)"
144.208.65.39 - - [09/Sep/2026:18:40:41 -0700] "POST /wp-cron.php?doing_wp_cron=1789004441.5870199203491210937500 HTTP/1.1" 200 - "-" "WordPress/7.1; https://aace.care"
44.217.177.142 - - [09/Sep/2026:18:40:40 -0700] "GET /wp-content/uploads/2024/02/boty HTTP/1.1" 404 69100 "-" "Mozilla/5.0 AppleWebKit/537.36 (KHTML, like Gecko; compatible; Amazonbot/0.1; +https://developer.amazon.com/support/amazonbot) Chrome/119.0.6045.214 Safari/537.36"
63.141.253.98 - - [09/Sep/2026:18:43:34 -0700] "GET / HTTP/1.1" 500 2704 "-" "Mozilla/5.0 (Windows NT 10.0; Win64; x64) AppleWebKit/537.36 (KHTML, like Gecko) Chrome/103.0.0.0 Safari/537.36"
144.208.65.39 - - [09/Sep/2026:18:43:35 -0700] "POST /wp-cron.php?doing_wp_cron=1789004615.7104949951171875000000 HTTP/1.1" 200 - "-" "WordPress/7.1; https://aace.care"
63.141.253.98 - - [09/Sep/2026:18:43:35 -0700] "GET / HTTP/1.1" 200 107109 "-" "Googlebot/2.1 (+http://www.googlebot.com/bot.html)"
17.166.154.233 - - [09/Sep/2026:18:46:55 -0700] "GET /wp-content/plugins/metronet-profile-picture/dist/blocks.style.build.css?ver=2.6.0 HTTP/1.1" 200 27760 "https://aace.care/category/aace-home-care/" "Mozilla/5.0 (Macintosh; Intel Mac OS X 10_15_7) AppleWebKit/605.1.15 (KHTML, like Gecko) Version/17.4 Safari/605.1.15 (Applebot/0.1; +http://www.apple.com/go/applebot)"
17.166.154.233 - - [09/Sep/2026:18:46:57 -0700] "GET /wp-content/plugins/cookie-law-info/legacy/public/css/cookie-law-info-public.css?ver=3.0.8 HTTP/1.1" 200 3106 "https://aace.care/category/aace-home-care/" "Mozilla/5.0 (Macintosh; Intel Mac OS X 10_15_7) AppleWebKit/605.1.15 (KHTML, like Gecko) Version/17.4 Safari/605.1.15 (Applebot/0.1; +http://www.apple.com/go/applebot)"
17.166.150.229 - - [09/Sep/2026:18:46:57 -0700] "GET /wp-content/themes/vantage/style.css?ver=1.20.8 HTTP/1.1" 200 93545 "https://aace.care/category/aace-home-care/" "Mozilla/5.0 (Macintosh; Intel Mac OS X 10_15_7) AppleWebKit/605.1.15 (KHTML, like Gecko) Version/17.4 Safari/605.1.15 (Applebot/0.1; +http://www.apple.com/go/applebot)"
17.166.154.233 - - [09/Sep/2026:18:46:59 -0700] "GET /wp-content/themes/vantage/inc/mobilenav/css/mobilenav.css?ver=1.20.8 HTTP/1.1" 200 2701 "https://aace.care/category/aace-home-care/" "Mozilla/5.0 (Macintosh; Intel Mac OS X 10_15_7) AppleWebKit/605.1.15 (KHTML, like Gecko) Version/17.4 Safari/605.1.15 (Applebot/0.1; +http://www.apple.com/go/applebot)"
17.166.154.233 - - [09/Sep/2026:18:47:03 -0700] "GET /wp-content/plugins/easy-fancybox/fancybox/1.5.4/jquery.fancybox.min.css?ver=7.1 HTTP/1.1" 200 5396 "https://aace.care/category/aace-home-care/" "Mozilla/5.0 (Macintosh; Intel Mac OS X 10_15_7) AppleWebKit/605.1.15 (KHTML, like Gecko) Version/17.4 Safari/605.1.15 (Applebot/0.1; +http://www.apple.com/go/applebot)"
17.166.154.233 - - [09/Sep/2026:18:47:06 -0700] "GET /wp-includes/js/jquery/jquery.min.js?ver=3.7.1 HTTP/1.1" 200 87553 "https://aace.care/category/aace-home-care/" "Mozilla/5.0 (Macintosh; Intel Mac OS X 10_15_7) AppleWebKit/605.1.15 (KHTML, like Gecko) Version/17.4 Safari/605.1.15 (Applebot/0.1; +http://www.apple.com/go/applebot)"
17.166.154.233 - - [09/Sep/2026:18:47:08 -0700] "GET /wp-includes/js/jquery/jquery-migrate.min.js?ver=3.4.1 HTTP/1.1" 200 13577 "https://aace.care/category/aace-home-care/" "Mozilla/5.0 (Macintosh; Intel Mac OS X 10_15_7) AppleWebKit/605.1.15 (KHTML, like Gecko) Version/17.4 Safari/605.1.15 (Applebot/0.1; +http://www.apple.com/go/applebot)"
17.166.154.233 - - [09/Sep/2026:18:47:10 -0700] "GET /wp-content/plugins/cookie-law-info/legacy/admin/modules/ccpa/assets/js/cookie-law-info-ccpa.js?ver=3.0.8 HTTP/1.1" 200 7328 "https://aace.care/category/aace-home-care/" "Mozilla/5.0 (Macintosh; Intel Mac OS X 10_15_7) AppleWebKit/605.1.15 (KHTML, like Gecko) Version/17.4 Safari/605.1.15 (Applebot/0.1; +http://www.apple.com/go/applebot)"
17.166.154.233 - - [09/Sep/2026:18:47:12 -0700] "GET /wp-content/themes/vantage/js/jquery.theme-main.min.js?ver=1.20.8 HTTP/1.1" 200 5873 "https://aace.care/category/aace-home-care/" "Mozilla/5.0 (Macintosh; Intel Mac OS X 10_15_7) AppleWebKit/605.1.15 (KHTML, like Gecko) Version/17.4 Safari/605.1.15 (Applebot/0.1; +http://www.apple.com/go/applebot)"
17.166.154.233 - - [09/Sep/2026:18:47:14 -0700] "GET /wp-content/plugins/so-widgets-bundle/widgets/features/css/style.css?ver=1.46.6 HTTP/1.1" 200 1526 "https://aace.care/category/aace-home-care/" "Mozilla/5.0 (Macintosh; Intel Mac OS X 10_15_7) AppleWebKit/605.1.15 (KHTML, like Gecko) Version/17.4 Safari/605.1.15 (Applebot/0.1; +http://www.apple.com/go/applebot)"
17.166.154.233 - - [09/Sep/2026:18:47:16 -0700] "GET /wp-content/plugins/page-scroll-to-id/js/page-scroll-to-id.min.js?ver=1.7.7 HTTP/1.1" 200 26001 "https://aace.care/category/aace-home-care/" "Mozilla/5.0 (Macintosh; Intel Mac OS X 10_15_7) AppleWebKit/605.1.15 (KHTML, like Gecko) Version/17.4 Safari/605.1.15 (Applebot/0.1; +http://www.apple.com/go/applebot)"
17.166.154.233 - - [09/Sep/2026:18:47:18 -0700] "GET /wp-includes/js/wp-emoji-release.min.js?ver=7.1 HTTP/1.1" 200 22752 "https://aace.care/category/aace-home-care/" "Mozilla/5.0 (Macintosh; Intel Mac OS X 10_15_7) AppleWebKit/605.1.15 (KHTML, like Gecko) Version/17.4 Safari/605.1.15 (Applebot/0.1; +http://www.apple.com/go/applebot)"
34.140.205.58 - - [09/Sep/2026:18:48:07 -0700] "GET /robots.txt HTTP/1.1" 500 2704 "-" "Mozilla/5.0 (compatible; VelenPublicWebCrawler/1.0; +https://velen.io)"
36.80.164.44 - - [09/Sep/2026:18:50:34 -0700] "POST /xmlrpc.php HTTP/1.1" 500 - "-" "Jetpack by WordPress.com"
144.208.65.39 - - [09/Sep/2026:18:50:46 -0700] "POST /wp-cron.php?doing_wp_cron=1789005046.6086421012878417968750 HTTP/1.1" 200 - "-" "WordPress/7.1; https://aace.care"
36.80.176.101 - - [09/Sep/2026:18:50:46 -0700] "POST /xmlrpc.php HTTP/1.1" 405 415 "-" "Jetpack by WordPress.com (Jetpack 13.0; WordPress 6.1)"
36.80.164.44 - - [09/Sep/2026:18:50:57 -0700] "POST /xmlrpc.php HTTP/1.1" 405 415 "-" "WordPress.com; https://wordpress.com"
36.80.176.101 - - [09/Sep/2026:18:51:08 -0700] "POST /xmlrpc.php HTTP/1.1" 405 415 "-" "Jetpack by WordPress.com"
36.80.176.101 - - [09/Sep/2026:18:51:18 -0700] "POST /xmlrpc.php HTTP/1.1" 405 415 "-" "Jetpack by WordPress.com (Jetpack 12.1; WordPress 6.3)"
36.80.164.44 - - [09/Sep/2026:18:51:29 -0700] "POST /xmlrpc.php HTTP/1.1" 405 415 "-" "WordPress.com; https://wordpress.com"
36.80.164.44 - - [09/Sep/2026:18:51:39 -0700] "POST /xmlrpc.php HTTP/1.1" 405 415 "-" "Jetpack by WordPress.com (Jetpack 12.5; WordPress 6.3)"
144.208.65.39 - - [09/Sep/2026:18:51:50 -0700] "POST /wp-cron.php?doing_wp_cron=1789005110.7548730373382568359375 HTTP/1.1" 200 - "-" "WordPress/7.1; https://aace.care"
36.80.164.44 - - [09/Sep/2026:18:51:50 -0700] "POST /xmlrpc.php HTTP/1.1" 405 415 "-" "Jetpack by WordPress.com"
36.80.176.101 - - [09/Sep/2026:18:52:00 -0700] "POST /xmlrpc.php HTTP/1.1" 405 415 "-" "Jetpack/12.1; WordPress/6.4; http://site58010028.com"
36.80.164.44 - - [09/Sep/2026:18:52:11 -0700] "POST /xmlrpc.php HTTP/1.1" 405 415 "-" "Jetpack by WordPress.com"
36.80.176.101 - - [09/Sep/2026:18:52:21 -0700] "POST /xmlrpc.php HTTP/1.1" 405 415 "-" "WordPress.com; https://wordpress.com"
36.80.176.101 - - [09/Sep/2026:18:52:32 -0700] "POST /xmlrpc.php HTTP/1.1" 405 415 "-" "Jetpack by WordPress.com"
36.80.164.44 - - [09/Sep/2026:18:52:43 -0700] "POST /xmlrpc.php HTTP/1.1" 405 415 "-" "Jetpack/12.1; WordPress/6.4; http://site67869396.com"
144.208.65.39 - - [09/Sep/2026:18:52:54 -0700] "POST /wp-cron.php?doing_wp_cron=1789005173.9901208877563476562500 HTTP/1.1" 200 - "-" "WordPress/7.1; https://aace.care"
36.80.176.101 - - [09/Sep/2026:18:52:53 -0700] "POST /xmlrpc.php HTTP/1.1" 405 415 "-" "Jetpack by WordPress.com (Jetpack 12.5; WordPress 6.1)"
36.80.164.44 - - [09/Sep/2026:18:53:04 -0700] "POST /xmlrpc.php HTTP/1.1" 405 415 "-" "Jetpack by WordPress.com (Jetpack 12.0; WordPress 6.4)"
36.80.164.44 - - [09/Sep/2026:18:53:14 -0700] "POST /xmlrpc.php HTTP/1.1" 405 415 "-" "Jetpack/12.5; WordPress/6.4; http://site97939461.com"
36.80.164.44 - - [09/Sep/2026:18:53:25 -0700] "POST /xmlrpc.php HTTP/1.1" 405 415 "-" "WordPress.com; https://wordpress.com"
36.80.164.44 - - [09/Sep/2026:18:53:35 -0700] "POST /xmlrpc.php HTTP/1.1" 405 415 "-" "Jetpack by WordPress.com"
36.80.176.101 - - [09/Sep/2026:18:53:46 -0700] "POST /xmlrpc.php HTTP/1.1" 405 415 "-" "Jetpack by WordPress.com"
144.208.65.39 - - [09/Sep/2026:18:53:54 -0700] "POST /wp-cron.php?doing_wp_cron=1789005234.3683071136474609375000 HTTP/1.1" 200 - "-" "WordPress/7.1; https://aace.care"
52.167.144.211 - - [09/Sep/2026:18:53:53 -0700] "GET /wp-sitemap-posts-post-1.xml HTTP/1.1" 200 448 "-" "Mozilla/5.0 AppleWebKit/537.36 (KHTML, like Gecko; compatible; bingbot/2.0; +http://www.bing.com/bingbot.htm) Chrome/116.0.1938.76 Safari/537.36"
36.80.176.101 - - [09/Sep/2026:18:53:57 -0700] "POST /xmlrpc.php HTTP/1.1" 405 415 "-" "Jetpack by WordPress.com (Jetpack 12.1; WordPress 6.1)"
36.80.164.44 - - [09/Sep/2026:18:54:07 -0700] "POST /xmlrpc.php HTTP/1.1" 405 415 "-" "Jetpack by WordPress.com"
36.80.164.44 - - [09/Sep/2026:18:54:18 -0700] "POST /xmlrpc.php HTTP/1.1" 405 415 "-" "Jetpack/12.0; WordPress/6.4; http://site17415193.com"
36.80.176.101 - - [09/Sep/2026:18:54:28 -0700] "POST /xmlrpc.php HTTP/1.1" 405 415 "-" "Jetpack by WordPress.com"
36.80.176.101 - - [09/Sep/2026:18:54:39 -0700] "POST /xmlrpc.php HTTP/1.1" 405 415 "-" "Jetpack by WordPress.com"
36.80.164.44 - - [09/Sep/2026:18:54:50 -0700] "POST /xmlrpc.php HTTP/1.1" 405 415 "-" "Jetpack by WordPress.com (Jetpack 12.5; WordPress 6.2)"
144.208.65.39 - - [09/Sep/2026:18:55:01 -0700] "POST /wp-cron.php?doing_wp_cron=1789005301.1636769771575927734375 HTTP/1.1" 200 - "-" "WordPress/7.1; https://aace.care"
36.80.176.101 - - [09/Sep/2026:18:55:00 -0700] "POST /xmlrpc.php HTTP/1.1" 405 415 "-" "Jetpack/12.0; WordPress/6.2; http://site92303312.com"
36.80.176.101 - - [09/Sep/2026:18:55:11 -0700] "POST /xmlrpc.php HTTP/1.1" 405 415 "-" "Jetpack by WordPress.com"
36.80.176.101 - - [09/Sep/2026:18:55:21 -0700] "POST /xmlrpc.php HTTP/1.1" 405 415 "-" "Jetpack by WordPress.com"
36.80.176.101 - - [09/Sep/2026:18:55:32 -0700] "POST /xmlrpc.php HTTP/1.1" 405 415 "-" "Jetpack/13.0; WordPress/6.2; http://site50938231.com"
36.80.164.44 - - [09/Sep/2026:18:55:43 -0700] "POST /xmlrpc.php HTTP/1.1" 405 415 "-" "WordPress.com; https://wordpress.com"
36.80.176.101 - - [09/Sep/2026:18:55:53 -0700] "POST /xmlrpc.php HTTP/1.1" 405 415 "-" "Jetpack by WordPress.com"
144.208.65.39 - - [09/Sep/2026:18:56:05 -0700] "POST /wp-cron.php?doing_wp_cron=1789005365.0889849662780761718750 HTTP/1.1" 200 - "-" "WordPress/7.1; https://aace.care"
36.80.164.44 - - [09/Sep/2026:18:56:04 -0700] "POST /xmlrpc.php HTTP/1.1" 405 415 "-" "Jetpack by WordPress.com"
36.80.164.44 - - [09/Sep/2026:18:56:15 -0700] "POST /xmlrpc.php HTTP/1.1" 405 415 "-" "Jetpack by WordPress.com (Jetpack 12.1; WordPress 6.2)"
36.80.176.101 - - [09/Sep/2026:18:56:25 -0700] "POST /xmlrpc.php HTTP/1.1" 405 415 "-" "Jetpack by WordPress.com (Jetpack 12.5; WordPress 6.2)"
36.80.164.44 - - [09/Sep/2026:18:56:36 -0700] "POST /xmlrpc.php HTTP/1.1" 405 415 "-" "WordPress.com; https://wordpress.com"
36.80.164.44 - - [09/Sep/2026:18:56:47 -0700] "POST /xmlrpc.php HTTP/1.1" 405 415 "-" "WordPress.com; https://wordpress.com"
36.80.176.101 - - [09/Sep/2026:18:56:57 -0700] "POST /xmlrpc.php HTTP/1.1" 405 415 "-" "Jetpack/12.0; WordPress/6.3; http://site54019799.com"
144.208.65.39 - - [09/Sep/2026:18:57:08 -0700] "POST /wp-cron.php?doing_wp_cron=1789005428.7882759571075439453125 HTTP/1.1" 200 - "-" "WordPress/7.1; https://aace.care"
36.80.176.101 - - [09/Sep/2026:18:57:08 -0700] "POST /xmlrpc.php HTTP/1.1" 405 415 "-" "Jetpack by WordPress.com (Jetpack 12.1; WordPress 6.2)"
36.80.176.101 - - [09/Sep/2026:18:57:18 -0700] "POST /xmlrpc.php HTTP/1.1" 405 415 "-" "WordPress.com; https://wordpress.com"
36.80.176.101 - - [09/Sep/2026:18:57:29 -0700] "POST /xmlrpc.php HTTP/1.1" 405 415 "-" "Jetpack/12.1; WordPress/6.4; http://site63078386.com"
36.80.176.101 - - [09/Sep/2026:18:57:40 -0700] "POST /xmlrpc.php HTTP/1.1" 405 415 "-" "Jetpack/12.5; WordPress/6.1; http://site77992675.com"
36.80.176.101 - - [09/Sep/2026:18:57:50 -0700] "POST /xmlrpc.php HTTP/1.1" 405 415 "-" "WordPress.com; https://wordpress.com"
36.80.164.44 - - [09/Sep/2026:18:58:01 -0700] "POST /xmlrpc.php HTTP/1.1" 405 415 "-" "Jetpack/12.0; WordPress/6.4; http://site66268018.com"
144.208.65.39 - - [09/Sep/2026:18:58:12 -0700] "POST /wp-cron.php?doing_wp_cron=1789005492.3138659000396728515625 HTTP/1.1" 200 - "-" "WordPress/7.1; https://aace.care"
36.80.176.101 - - [09/Sep/2026:18:58:11 -0700] "POST /xmlrpc.php HTTP/1.1" 405 415 "-" "Jetpack/13.0; WordPress/6.2; http://site93235618.com"
36.80.176.101 - - [09/Sep/2026:18:58:22 -0700] "POST /xmlrpc.php HTTP/1.1" 405 415 "-" "Jetpack by WordPress.com (Jetpack 12.1; WordPress 6.1)"
36.80.164.44 - - [09/Sep/2026:18:58:33 -0700] "POST /xmlrpc.php HTTP/1.1" 405 415 "-" "Jetpack by WordPress.com (Jetpack 12.1; WordPress 6.3)"
36.80.164.44 - - [09/Sep/2026:18:58:43 -0700] "POST /xmlrpc.php HTTP/1.1" 405 415 "-" "Jetpack by WordPress.com (Jetpack 12.5; WordPress 6.4)"
36.80.176.101 - - [09/Sep/2026:18:58:54 -0700] "POST /xmlrpc.php HTTP/1.1" 405 415 "-" "Jetpack by WordPress.com"
36.80.164.44 - - [09/Sep/2026:18:59:04 -0700] "POST /xmlrpc.php HTTP/1.1" 500 - "-" "Jetpack by WordPress.com"
144.208.65.39 - - [09/Sep/2026:18:59:16 -0700] "POST /wp-cron.php?doing_wp_cron=1789005556.2498409748077392578125 HTTP/1.1" 200 - "-" "WordPress/7.1; https://aace.care"
36.80.164.44 - - [09/Sep/2026:18:59:15 -0700] "POST /xmlrpc.php HTTP/1.1" 405 415 "-" "Jetpack by WordPress.com (Jetpack 12.1; WordPress 6.2)"
36.80.176.101 - - [09/Sep/2026:18:59:26 -0700] "POST /xmlrpc.php HTTP/1.1" 405 415 "-" "Jetpack by WordPress.com"
36.80.164.44 - - [09/Sep/2026:18:59:37 -0700] "POST /xmlrpc.php HTTP/1.1" 405 415 "-" "Jetpack by WordPress.com"
173.252.70.24 - - [09/Sep/2026:18:59:43 -0700] "GET /meta.json HTTP/1.1" 404 69100 "-" "facebookexternalhit/1.1 (+http://www.facebook.com/externalhit_uatext.php)"
36.80.164.44 - - [09/Sep/2026:18:59:47 -0700] "POST /xmlrpc.php HTTP/1.1" 405 415 "-" "WordPress.com; https://wordpress.com"
36.80.176.101 - - [09/Sep/2026:18:59:58 -0700] "POST /xmlrpc.php HTTP/1.1" 405 415 "-" "WordPress.com; https://wordpress.com"
36.80.164.44 - - [09/Sep/2026:19:00:09 -0700] "POST /xmlrpc.php HTTP/1.1" 500 - "-" "Jetpack by WordPress.com"
36.80.176.101 - - [09/Sep/2026:19:00:20 -0700] "POST /xmlrpc.php HTTP/1.1" 500 - "-" "Jetpack/13.0; WordPress/6.1; http://site27820521.com"
36.80.176.101 - - [09/Sep/2026:19:00:32 -0700] "POST /xmlrpc.php HTTP/1.1" 500 - "-" "WordPress.com; https://wordpress.com"
36.80.164.44 - - [09/Sep/2026:19:00:43 -0700] "POST /xmlrpc.php HTTP/1.1" 500 - "-" "WordPress.com; https://wordpress.com"
36.80.164.44 - - [09/Sep/2026:19:00:55 -0700] "POST /xmlrpc.php HTTP/1.1" 500 - "-" "Jetpack/12.5; WordPress/6.2; http://site69202740.com"
36.80.164.44 - - [09/Sep/2026:19:01:08 -0700] "POST /xmlrpc.php HTTP/1.1" 500 - "-" "WordPress.com; https://wordpress.com"
36.80.164.44 - - [09/Sep/2026:19:01:20 -0700] "POST /xmlrpc.php HTTP/1.1" 500 - "-" "Jetpack by WordPress.com (Jetpack 12.5; WordPress 6.3)"
36.80.164.44 - - [09/Sep/2026:19:01:31 -0700] "POST /xmlrpc.php HTTP/1.1" 500 - "-" "Jetpack by WordPress.com"
36.80.164.44 - - [09/Sep/2026:19:01:42 -0700] "POST /xmlrpc.php HTTP/1.1" 500 - "-" "Jetpack by WordPress.com"
36.80.164.44 - - [09/Sep/2026:19:01:53 -0700] "POST /xmlrpc.php HTTP/1.1" 500 - "-" "Jetpack by WordPress.com"
36.80.164.44 - - [09/Sep/2026:19:02:04 -0700] "POST /xmlrpc.php HTTP/1.1" 500 - "-" "Jetpack by WordPress.com (Jetpack 13.0; WordPress 6.2)"
144.208.65.39 - - [09/Sep/2026:19:02:15 -0700] "POST /wp-cron.php?doing_wp_cron=1789005735.2390980720520019531250 HTTP/1.1" 200 - "-" "WordPress/7.1; https://aace.care"
36.80.164.44 - - [09/Sep/2026:19:02:14 -0700] "POST /xmlrpc.php HTTP/1.1" 405 415 "-" "Jetpack by WordPress.com (Jetpack 12.1; WordPress 6.4)"
36.80.176.101 - - [09/Sep/2026:19:02:25 -0700] "POST /xmlrpc.php HTTP/1.1" 405 415 "-" "Jetpack by WordPress.com"
36.80.164.44 - - [09/Sep/2026:19:02:36 -0700] "POST /xmlrpc.php HTTP/1.1" 405 415 "-" "Jetpack by WordPress.com"
104.164.163.253 - - [09/Sep/2026:19:02:43 -0700] "GET / HTTP/1.1" 200 107109 "-" "Mozilla/5.0 (compatible; Baiduspider/2.0; +http://www.baidu.com/search/spider.html)"
36.80.176.101 - - [09/Sep/2026:19:02:46 -0700] "POST /xmlrpc.php HTTP/1.1" 405 415 "-" "WordPress.com; https://wordpress.com"
36.80.164.44 - - [09/Sep/2026:19:03:00 -0700] "POST /xmlrpc.php HTTP/1.1" 500 - "-" "Jetpack by WordPress.com (Jetpack 13.0; WordPress 6.4)"
36.80.164.44 - - [09/Sep/2026:19:03:12 -0700] "POST /xmlrpc.php HTTP/1.1" 500 - "-" "WordPress.com; https://wordpress.com"
36.80.164.44 - - [09/Sep/2026:19:03:26 -0700] "POST /xmlrpc.php HTTP/1.1" 500 - "-" "Jetpack by WordPress.com"
36.80.164.44 - - [09/Sep/2026:19:03:39 -0700] "POST /xmlrpc.php HTTP/1.1" 500 - "-" "Jetpack by WordPress.com"
36.80.164.44 - - [09/Sep/2026:19:03:51 -0700] "POST /xmlrpc.php HTTP/1.1" 500 - "-" "Jetpack by WordPress.com (Jetpack 12.0; WordPress 6.2)"
144.208.65.39 - - [09/Sep/2026:19:04:01 -0700] "POST /wp-cron.php?doing_wp_cron=1789005841.6382560729980468750000 HTTP/1.1" 200 - "-" "WordPress/7.1; https://aace.care"
36.80.164.44 - - [09/Sep/2026:19:04:01 -0700] "POST /xmlrpc.php HTTP/1.1" 405 415 "-" "Jetpack by WordPress.com (Jetpack 12.1; WordPress 6.4)"
36.80.164.44 - - [09/Sep/2026:19:04:16 -0700] "POST /xmlrpc.php HTTP/1.1" 500 - "-" "Jetpack by WordPress.com (Jetpack 13.0; WordPress 6.3)"
36.80.164.44 - - [09/Sep/2026:19:04:29 -0700] "POST /xmlrpc.php HTTP/1.1" 500 - "-" "Jetpack/12.5; WordPress/6.3; http://site90051831.com"
36.80.164.44 - - [09/Sep/2026:19:04:40 -0700] "POST /xmlrpc.php HTTP/1.1" 405 415 "-" "Jetpack/12.1; WordPress/6.4; http://site43146154.com"
36.80.176.101 - - [09/Sep/2026:19:04:51 -0700] "POST /xmlrpc.php HTTP/1.1" 405 415 "-" "Jetpack by WordPress.com"
144.208.65.39 - - [09/Sep/2026:19:05:02 -0700] "POST /wp-cron.php?doing_wp_cron=1789005902.6051149368286132812500 HTTP/1.1" 200 - "-" "WordPress/7.1; https://aace.care"
36.80.164.44 - - [09/Sep/2026:19:05:02 -0700] "POST /xmlrpc.php HTTP/1.1" 405 415 "-" "WordPress.com; https://wordpress.com"
36.80.176.101 - - [09/Sep/2026:19:05:12 -0700] "POST /xmlrpc.php HTTP/1.1" 405 415 "-" "WordPress.com; https://wordpress.com"
36.80.176.101 - - [09/Sep/2026:19:05:23 -0700] "POST /xmlrpc.php HTTP/1.1" 405 415 "-" "WordPress.com; https://wordpress.com"
36.80.164.44 - - [09/Sep/2026:19:05:33 -0700] "POST /xmlrpc.php HTTP/1.1" 405 415 "-" "WordPress.com; https://wordpress.com"
36.80.176.101 - - [09/Sep/2026:19:05:44 -0700] "POST /xmlrpc.php HTTP/1.1" 405 415 "-" "Jetpack by WordPress.com (Jetpack 12.1; WordPress 6.1)"
36.80.164.44 - - [09/Sep/2026:19:05:55 -0700] "POST /xmlrpc.php HTTP/1.1" 405 415 "-" "Jetpack by WordPress.com (Jetpack 12.0; WordPress 6.2)"
144.208.65.39 - - [09/Sep/2026:19:06:06 -0700] "POST /wp-cron.php?doing_wp_cron=1789005966.2180750370025634765625 HTTP/1.1" 200 - "-" "WordPress/7.1; https://aace.care"
36.80.176.101 - - [09/Sep/2026:19:06:05 -0700] "POST /xmlrpc.php HTTP/1.1" 405 415 "-" "Jetpack by WordPress.com (Jetpack 12.1; WordPress 6.2)"
36.80.164.44 - - [09/Sep/2026:19:06:16 -0700] "POST /xmlrpc.php HTTP/1.1" 405 415 "-" "Jetpack by WordPress.com (Jetpack 13.0; WordPress 6.2)"
36.80.176.101 - - [09/Sep/2026:19:06:27 -0700] "POST /xmlrpc.php HTTP/1.1" 405 415 "-" "Jetpack/12.5; WordPress/6.2; http://site89238593.com"
36.80.176.101 - - [09/Sep/2026:19:06:37 -0700] "POST /xmlrpc.php HTTP/1.1" 405 415 "-" "WordPress.com; https://wordpress.com"
36.80.176.101 - - [09/Sep/2026:19:06:48 -0700] "POST /xmlrpc.php HTTP/1.1" 405 415 "-" "Jetpack by WordPress.com"
36.80.176.101 - - [09/Sep/2026:19:06:58 -0700] "POST /xmlrpc.php HTTP/1.1" 405 415 "-" "WordPress.com; https://wordpress.com"
144.208.65.39 - - [09/Sep/2026:19:07:10 -0700] "POST /wp-cron.php?doing_wp_cron=1789006030.1334838867187500000000 HTTP/1.1" 200 - "-" "WordPress/7.1; https://aace.care"
36.80.164.44 - - [09/Sep/2026:19:07:09 -0700] "POST /xmlrpc.php HTTP/1.1" 405 415 "-" "Jetpack/12.5; WordPress/6.1; http://site75349341.com"
36.80.164.44 - - [09/Sep/2026:19:07:20 -0700] "POST /xmlrpc.php HTTP/1.1" 405 415 "-" "Jetpack by WordPress.com (Jetpack 12.1; WordPress 6.4)"
209.240.29.134 - - [09/Sep/2026:19:07:23 -0700] "GET / HTTP/1.1" 200 107109 "-" "Mozilla/5.0 (compatible; Googlebot/2.1; +http://www.google.com/bot.html)"
209.240.29.134 - - [09/Sep/2026:19:07:24 -0700] "GET /wp-includes/js/mediaelement/mediaelementplayer-legacy.min.css?ver=4.2.17 HTTP/1.1" 200 11256 "https://aace.care/" "Mozilla/5.0 (compatible; Googlebot/2.1; +http://www.google.com/bot.html)"
209.240.29.134 - - [09/Sep/2026:19:07:24 -0700] "GET /wp-content/plugins/metronet-profile-picture/dist/blocks.style.build.css?ver=2.6.0 HTTP/1.1" 200 27760 "https://aace.care/" "Mozilla/5.0 (compatible; Googlebot/2.1; +http://www.google.com/bot.html)"
209.240.29.134 - - [09/Sep/2026:19:07:24 -0700] "GET /wp-content/plugins/so-widgets-bundle/widgets/video/css/html-player-responsive.css?ver=1.46.6 HTTP/1.1" 200 40 "https://aace.care/" "Mozilla/5.0 (compatible; Googlebot/2.1; +http://www.google.com/bot.html)"
209.240.29.134 - - [09/Sep/2026:19:07:24 -0700] "GET /wp-content/plugins/siteorigin-panels/css/front-flex.min.css?ver=2.20.4 HTTP/1.1" 200 1387 "https://aace.care/" "Mozilla/5.0 (compatible; Googlebot/2.1; +http://www.google.com/bot.html)"
209.240.29.134 - - [09/Sep/2026:19:07:24 -0700] "GET /wp-includes/js/mediaelement/wp-mediaelement.min.css?ver=7.1 HTTP/1.1" 200 4186 "https://aace.care/" "Mozilla/5.0 (compatible; Googlebot/2.1; +http://www.google.com/bot.html)"
209.240.29.134 - - [09/Sep/2026:19:07:24 -0700] "GET /wp-content/plugins/cookie-law-info/legacy/public/css/cookie-law-info-gdpr.css?ver=3.0.8 HTTP/1.1" 200 27249 "https://aace.care/" "Mozilla/5.0 (compatible; Googlebot/2.1; +http://www.google.com/bot.html)"
209.240.29.134 - - [09/Sep/2026:19:07:24 -0700] "GET /wp-content/plugins/cookie-law-info/legacy/public/css/cookie-law-info-public.css?ver=3.0.8 HTTP/1.1" 200 3106 "https://aace.care/" "Mozilla/5.0 (compatible; Googlebot/2.1; +http://www.google.com/bot.html)"
209.240.29.134 - - [09/Sep/2026:19:07:25 -0700] "GET /wp-content/uploads/siteorigin-widgets/sow-image-default-d6014b76747a-26.css?ver=7.1 HTTP/1.1" 200 562 "https://aace.care/" "Mozilla/5.0 (compatible; Googlebot/2.1; +http://www.google.com/bot.html)"
209.240.29.134 - - [09/Sep/2026:19:07:25 -0700] "GET /wp-content/uploads/siteorigin-widgets/sow-image-default-6b88c04c1f9b-26.css?ver=7.1 HTTP/1.1" 200 674 "https://aace.care/" "Mozilla/5.0 (compatible; Googlebot/2.1; +http://www.google.com/bot.html)"
209.240.29.134 - - [09/Sep/2026:19:07:25 -0700] "GET /wp-content/themes/vantage/style.css?ver=1.20.8 HTTP/1.1" 200 93545 "https://aace.care/" "Mozilla/5.0 (compatible; Googlebot/2.1; +http://www.google.com/bot.html)"
209.240.29.134 - - [09/Sep/2026:19:07:25 -0700] "GET /wp-content/themes/vantage/fontawesome/css/font-awesome.css?ver=4.6.2 HTTP/1.1" 200 37414 "https://aace.care/" "Mozilla/5.0 (compatible; Googlebot/2.1; +http://www.google.com/bot.html)"
209.240.29.134 - - [09/Sep/2026:19:07:25 -0700] "GET /wp-content/themes/vantage/inc/mobilenav/css/mobilenav.css?ver=1.20.8 HTTP/1.1" 200 2701 "https://aace.care/" "Mozilla/5.0 (compatible; Googlebot/2.1; +http://www.google.com/bot.html)"
209.240.29.134 - - [09/Sep/2026:19:07:25 -0700] "GET /wp-content/plugins/easy-fancybox/fancybox/1.5.4/jquery.fancybox.min.css?ver=7.1 HTTP/1.1" 200 5396 "https://aace.care/" "Mozilla/5.0 (compatible; Googlebot/2.1; +http://www.google.com/bot.html)"
209.240.29.134 - - [09/Sep/2026:19:07:25 -0700] "GET /wp-content/plugins/smart-slider-3/Public/SmartSlider3/Application/Frontend/Assets/dist/smartslider.min.css?ver=e5da025b HTTP/1.1" 200 22153 "https://aace.care/" "Mozilla/5.0 (compatible; Googlebot/2.1; +http://www.google.com/bot.html)"
209.240.29.134 - - [09/Sep/2026:19:07:25 -0700] "GET /wp-includes/js/jquery/jquery-migrate.min.js?ver=3.4.1 HTTP/1.1" 200 13577 "https://aace.care/" "Mozilla/5.0 (compatible; Googlebot/2.1; +http://www.google.com/bot.html)"
209.240.29.134 - - [09/Sep/2026:19:07:25 -0700] "GET /wp-content/plugins/cookie-law-info/legacy/public/js/cookie-law-info-public.js?ver=3.0.8 HTTP/1.1" 200 34179 "https://aace.care/" "Mozilla/5.0 (compatible; Googlebot/2.1; +http://www.google.com/bot.html)"
209.240.29.134 - - [09/Sep/2026:19:07:25 -0700] "GET /wp-includes/js/jquery/jquery.min.js?ver=3.7.1 HTTP/1.1" 200 87553 "https://aace.care/" "Mozilla/5.0 (compatible; Googlebot/2.1; +http://www.google.com/bot.html)"
209.240.29.134 - - [09/Sep/2026:19:07:25 -0700] "GET /wp-content/plugins/cookie-law-info/legacy/admin/modules/ccpa/assets/js/cookie-law-info-ccpa.js?ver=3.0.8 HTTP/1.1" 200 7328 "https://aace.care/" "Mozilla/5.0 (compatible; Googlebot/2.1; +http://www.google.com/bot.html)"
209.240.29.134 - - [09/Sep/2026:19:07:25 -0700] "GET /wp-includes/js/mediaelement/mediaelement-migrate.min.js?ver=7.1 HTTP/1.1" 200 1191 "https://aace.care/" "Mozilla/5.0 (compatible; Googlebot/2.1; +http://www.google.com/bot.html)"
209.240.29.134 - - [09/Sep/2026:19:07:25 -0700] "GET /wp-content/plugins/so-widgets-bundle/widgets/video/js/so-video-widget.min.js?ver=1.46.6 HTTP/1.1" 200 398 "https://aace.care/" "Mozilla/5.0 (compatible; Googlebot/2.1; +http://www.google.com/bot.html)"
209.240.29.134 - - [09/Sep/2026:19:07:25 -0700] "GET /wp-content/themes/vantage/js/jquery.flexslider.min.js?ver=2.1 HTTP/1.1" 200 22946 "https://aace.care/" "Mozilla/5.0 (compatible; Googlebot/2.1; +http://www.google.com/bot.html)"
209.240.29.134 - - [09/Sep/2026:19:07:25 -0700] "GET /wp-content/themes/vantage/js/jquery.touchSwipe.min.js?ver=1.6.6 HTTP/1.1" 200 9953 "https://aace.care/" "Mozilla/5.0 (compatible; Googlebot/2.1; +http://www.google.com/bot.html)"
209.240.29.134 - - [09/Sep/2026:19:07:25 -0700] "GET /wp-includes/js/mediaelement/mediaelement-and-player.min.js?ver=4.2.17 HTTP/1.1" 200 158005 "https://aace.care/" "Mozilla/5.0 (compatible; Googlebot/2.1; +http://www.google.com/bot.html)"
209.240.29.134 - - [09/Sep/2026:19:07:25 -0700] "GET /wp-content/themes/vantage/js/jquery.theme-main.min.js?ver=1.20.8 HTTP/1.1" 200 5873 "https://aace.care/" "Mozilla/5.0 (compatible; Googlebot/2.1; +http://www.google.com/bot.html)"
209.240.29.134 - - [09/Sep/2026:19:07:25 -0700] "GET /wp-content/themes/vantage/js/jquery.fitvids.min.js?ver=1.0 HTTP/1.1" 200 1732 "https://aace.care/" "Mozilla/5.0 (compatible; Googlebot/2.1; +http://www.google.com/bot.html)"
209.240.29.134 - - [09/Sep/2026:19:07:25 -0700] "GET /wp-content/themes/vantage/inc/mobilenav/js/mobilenav.min.js?ver=1.20.8 HTTP/1.1" 200 3107 "https://aace.care/" "Mozilla/5.0 (compatible; Googlebot/2.1; +http://www.google.com/bot.html)"
209.240.29.134 - - [09/Sep/2026:19:07:25 -0700] "GET /wp-content/plugins/cookie-law-info/legacy/public/css/cookie-law-info-table.css?ver=3.0.8 HTTP/1.1" 200 6113 "https://aace.care/" "Mozilla/5.0 (compatible; Googlebot/2.1; +http://www.google.com/bot.html)"
209.240.29.134 - - [09/Sep/2026:19:07:25 -0700] "GET /wp-content/plugins/smart-slider-3/Public/SmartSlider3/Application/Frontend/Assets/dist/n2.min.js?ver=e5da025b HTTP/1.1" 200 41234 "https://aace.care/" "Mozilla/5.0 (compatible; Googlebot/2.1; +http://www.google.com/bot.html)"
209.240.29.134 - - [09/Sep/2026:19:07:25 -0700] "GET /wp-content/plugins/smart-slider-3/Public/SmartSlider3/Slider/SliderType/Simple/Assets/dist/ss-simple.min.js?ver=e5da025b HTTP/1.1" 200 13218 "https://aace.care/" "Mozilla/5.0 (compatible; Googlebot/2.1; +http://www.google.com/bot.html)"
209.240.29.134 - - [09/Sep/2026:19:07:25 -0700] "GET /wp-content/plugins/smart-slider-3/Public/SmartSlider3/Application/Frontend/Assets/dist/smartslider-frontend.min.js?ver=e5da025b HTTP/1.1" 200 113544 "https://aace.care/" "Mozilla/5.0 (compatible; Googlebot/2.1; +http://www.google.com/bot.html)"
209.240.29.134 - - [09/Sep/2026:19:07:26 -0700] "GET /wp-content/plugins/smart-slider-3/Public/SmartSlider3/Widget/Arrow/ArrowImage/Assets/dist/w-arrow-image.min.js?ver=e5da025b HTTP/1.1" 200 1246 "https://aace.care/" "Mozilla/5.0 (compatible; Googlebot/2.1; +http://www.google.com/bot.html)"
209.240.29.134 - - [09/Sep/2026:19:07:26 -0700] "GET /wp-content/plugins/smart-slider-3/Public/SmartSlider3/Slider/SliderType/Simple/Assets/dist/smartslider-backgroundanimation.min.js?ver=e5da025b HTTP/1.1" 200 27836 "https://aace.care/" "Mozilla/5.0 (compatible; Googlebot/2.1; +http://www.google.com/bot.html)"
209.240.29.134 - - [09/Sep/2026:19:07:26 -0700] "GET /wp-content/plugins/metronet-profile-picture/js/mpp-frontend.js?ver=2.6.0 HTTP/1.1" 200 331 "https://aace.care/" "Mozilla/5.0 (compatible; Googlebot/2.1; +http://www.google.com/bot.html)"
209.240.29.134 - - [09/Sep/2026:19:07:26 -0700] "GET /wp-content/plugins/page-scroll-to-id/js/page-scroll-to-id.min.js?ver=1.7.7 HTTP/1.1" 200 26001 "https://aace.care/" "Mozilla/5.0 (compatible; Googlebot/2.1; +http://www.google.com/bot.html)"
209.240.29.134 - - [09/Sep/2026:19:07:26 -0700] "GET /wp-content/plugins/easy-fancybox/fancybox/1.5.4/jquery.fancybox.min.js?ver=7.1 HTTP/1.1" 200 17738 "https://aace.care/" "Mozilla/5.0 (compatible; Googlebot/2.1; +http://www.google.com/bot.html)"
209.240.29.134 - - [09/Sep/2026:19:07:26 -0700] "GET /wp-content/plugins/wp-smush-pro/app/assets/js/smush-lazy-load.min.js?ver=3.12.5 HTTP/1.1" 200 7922 "https://aace.care/" "Mozilla/5.0 (compatible; Googlebot/2.1; +http://www.google.com/bot.html)"
209.240.29.134 - - [09/Sep/2026:19:07:26 -0700] "GET /wp-content/plugins/easy-fancybox/vendor/jquery.easing.min.js?ver=1.4.1 HTTP/1.1" 200 2302 "https://aace.care/" "Mozilla/5.0 (compatible; Googlebot/2.1; +http://www.google.com/bot.html)"
209.240.29.134 - - [09/Sep/2026:19:07:26 -0700] "GET /wp-content/plugins/siteorigin-panels/js/styling.min.js?ver=2.20.4 HTTP/1.1" 200 1293 "https://aace.care/" "Mozilla/5.0 (compatible; Googlebot/2.1; +http://www.google.com/bot.html)"
209.240.29.134 - - [09/Sep/2026:19:07:26 -0700] "GET /wp-content/uploads/2022/09/aace_still.jpg HTTP/1.1" 200 555994 "https://aace.care/" "Mozilla/5.0 (compatible; Googlebot/2.1; +http://www.google.com/bot.html)"
209.240.29.134 - - [09/Sep/2026:19:07:26 -0700] "GET /wp-content/uploads/2022/03/AACEHomeCareInc_300.png HTTP/1.1" 200 69552 "https://aace.care/" "Mozilla/5.0 (compatible; Googlebot/2.1; +http://www.google.com/bot.html)"
209.240.29.134 - - [09/Sep/2026:19:07:26 -0700] "GET /wp-content/uploads/2024/02/boty%E2%80%93nom-455x500.jpeg HTTP/1.1" 200 41562 "https://aace.care/" "Mozilla/5.0 (compatible; Googlebot/2.1; +http://www.google.com/bot.html)"
209.240.29.134 - - [09/Sep/2026:19:07:26 -0700] "GET /wp-content/uploads/2022/03/Caregivers-CNA-Home-Aides2-2048x1113.jpeg HTTP/1.1" 200 143160 "https://aace.care/" "Mozilla/5.0 (compatible; Googlebot/2.1; +http://www.google.com/bot.html)"
209.240.29.134 - - [09/Sep/2026:19:07:26 -0700] "GET /wp-includes/js/wp-emoji-release.min.js?ver=7.1 HTTP/1.1" 200 22752 "https://aace.care/" "Mozilla/5.0 (compatible; Googlebot/2.1; +http://www.google.com/bot.html)"
209.240.29.134 - - [09/Sep/2026:19:07:26 -0700] "GET /wp-content/uploads/2022/09/aace.mp4 HTTP/1.1" 206 122879767 "https://aace.care/" "Mozilla/5.0 (compatible; Googlebot/2.1; +http://www.google.com/bot.html)"
209.240.29.134 - - [09/Sep/2026:19:07:27 -0700] "GET /wp-content/uploads/2022/09/aace.mp4 HTTP/1.1" 206 98071 "https://aace.care/" "Mozilla/5.0 (compatible; Googlebot/2.1; +http://www.google.com/bot.html)"
209.240.29.134 - - [09/Sep/2026:19:07:27 -0700] "GET /wp-content/uploads/2022/03/cropped-FlowerLogo_-192x192.jpg HTTP/1.1" 200 7488 "https://aace.care/" "Mozilla/5.0 (compatible; Googlebot/2.1; +http://www.google.com/bot.html)"
209.240.29.134 - - [09/Sep/2026:19:07:27 -0700] "GET /wp-content/uploads/2022/03/cropped-FlowerLogo_-32x32.jpg HTTP/1.1" 200 856 "https://aace.care/" "Mozilla/5.0 (compatible; Googlebot/2.1; +http://www.google.com/bot.html)"
