144.208.65.39 - - [09/Sep/2026:09:46:15 -0700] "POST /wp-cron.php?doing_wp_cron=1788972375.0106010437011718750000 HTTP/1.1" 200 - "-" "WordPress/7.1; https://aace.care"
138.84.115.26 - - [09/Sep/2026:09:46:14 -0700] "POST /xmlrpc.php HTTP/1.1" 405 415 "-" "Jetpack by WordPress.com (Jetpack 12.0; WordPress 6.4)"
144.208.65.39 - - [09/Sep/2026:09:46:24 -0700] "POST /wp-cron.php?doing_wp_cron=1788972384.8871810436248779296875 HTTP/1.1" 200 - "-" "WordPress/7.1; https://aace.care"
152.55.184.215 - - [09/Sep/2026:09:46:24 -0700] "GET / HTTP/1.1" 301 - "-" "Mozilla/5.0 (Macintosh; Intel Mac OS X 10_15_7) AppleWebKit/537.36 (KHTML, like Gecko) Chrome/148.0.0.0 Safari/537.36"
138.84.115.26 - - [09/Sep/2026:09:46:25 -0700] "POST /xmlrpc.php HTTP/1.1" 405 415 "-" "Jetpack by WordPress.com"
152.55.184.215 - - [09/Sep/2026:09:46:25 -0700] "GET / HTTP/1.1" 500 2704 "-" "Mozilla/5.0 (Macintosh; Intel Mac OS X 10_15_7) AppleWebKit/537.36 (KHTML, like Gecko) Chrome/148.0.0.0 Safari/537.36"
138.84.115.26 - - [09/Sep/2026:09:46:35 -0700] "POST /xmlrpc.php HTTP/1.1" 405 415 "-" "Jetpack by WordPress.com"
144.208.65.39 - - [09/Sep/2026:09:46:46 -0700] "POST /wp-cron.php?doing_wp_cron=1788972406.6292989253997802734375 HTTP/1.1" 200 - "-" "WordPress/7.1; https://aace.care"
138.84.115.26 - - [09/Sep/2026:09:46:46 -0700] "POST /xmlrpc.php HTTP/1.1" 405 415 "-" "Jetpack/12.0; WordPress/6.4; http://site47168534.com"
128.127.114.171 - - [09/Sep/2026:09:46:50 -0700] "POST /xmlrpc.php HTTP/1.1" 405 415 "-" "WordPress.com; https://wordpress.com"
138.84.115.26 - - [09/Sep/2026:09:46:56 -0700] "POST /xmlrpc.php HTTP/1.1" 405 415 "-" "Jetpack by WordPress.com (Jetpack 12.1; WordPress 6.4)"
142.93.202.165 - - [09/Sep/2026:09:47:03 -0700] "GET /wp-json/ HTTP/1.1" 200 203923 "-" "Mozilla/5.0"
142.93.202.165 - - [09/Sep/2026:09:47:04 -0700] "GET /wp-json/ HTTP/1.1" 200 203923 "-" "Mozilla/5.0"
142.93.202.165 - - [09/Sep/2026:09:47:05 -0700] "POST /wp-json/batch/v1 HTTP/1.1" 400 321 "-" "Mozilla/5.0"
142.93.202.165 - - [09/Sep/2026:09:47:05 -0700] "POST /wp-json/batch/v1 HTTP/1.1" 207 478 "-" "Mozilla/5.0"
138.84.115.26 - - [09/Sep/2026:09:47:07 -0700] "POST /xmlrpc.php HTTP/1.1" 405 415 "-" "Jetpack by WordPress.com (Jetpack 12.0; WordPress 6.3)"
144.208.65.39 - - [09/Sep/2026:09:47:18 -0700] "POST /wp-cron.php?doing_wp_cron=1788972438.3050711154937744140625 HTTP/1.1" 200 - "-" "WordPress/7.1; https://aace.care"
138.84.115.26 - - [09/Sep/2026:09:47:17 -0700] "POST /xmlrpc.php HTTP/1.1" 405 415 "-" "Jetpack by WordPress.com (Jetpack 12.1; WordPress 6.2)"
138.84.115.26 - - [09/Sep/2026:09:47:28 -0700] "POST /xmlrpc.php HTTP/1.1" 405 415 "-" "Jetpack by WordPress.com (Jetpack 12.5; WordPress 6.2)"
138.84.115.26 - - [09/Sep/2026:09:47:38 -0700] "POST /xmlrpc.php HTTP/1.1" 405 415 "-" "WordPress.com; https://wordpress.com"
128.127.114.171 - - [09/Sep/2026:09:47:43 -0700] "POST /xmlrpc.php HTTP/1.1" 405 415 "-" "Jetpack/12.0; WordPress/6.2; http://site50120709.com"
138.84.115.26 - - [09/Sep/2026:09:47:49 -0700] "POST /xmlrpc.php HTTP/1.1" 405 415 "-" "Jetpack/12.5; WordPress/6.4; http://site87631953.com"
128.127.114.171 - - [09/Sep/2026:09:47:49 -0700] "POST /xmlrpc.php HTTP/1.1" 500 - "-" "Jetpack/12.0; WordPress/6.2; http://site86367611.com"
138.84.115.26 - - [09/Sep/2026:09:48:00 -0700] "POST /xmlrpc.php HTTP/1.1" 405 415 "-" "WordPress.com; https://wordpress.com"
128.127.114.171 - - [09/Sep/2026:09:48:00 -0700] "POST /xmlrpc.php HTTP/1.1" 405 415 "-" "WordPress.com; https://wordpress.com"
138.84.115.26 - - [09/Sep/2026:09:48:10 -0700] "POST /xmlrpc.php HTTP/1.1" 405 415 "-" "Jetpack by WordPress.com (Jetpack 12.1; WordPress 6.2)"
128.127.114.171 - - [09/Sep/2026:09:48:10 -0700] "POST /xmlrpc.php HTTP/1.1" 405 415 "-" "Jetpack/12.1; WordPress/6.4; http://site76819590.com"
144.208.65.39 - - [09/Sep/2026:09:48:21 -0700] "POST /wp-cron.php?doing_wp_cron=1788972501.6083440780639648437500 HTTP/1.1" 200 - "-" "WordPress/7.1; https://aace.care"
138.84.115.26 - - [09/Sep/2026:09:48:21 -0700] "POST /xmlrpc.php HTTP/1.1" 405 415 "-" "Jetpack by WordPress.com (Jetpack 12.0; WordPress 6.2)"
144.208.65.39 - - [09/Sep/2026:09:48:21 -0700] "POST /wp-cron.php?doing_wp_cron=1788972501.7687239646911621093750 HTTP/1.1" 200 - "-" "WordPress/7.1; https://aace.care"
128.127.114.171 - - [09/Sep/2026:09:48:21 -0700] "POST /xmlrpc.php HTTP/1.1" 405 415 "-" "Jetpack by WordPress.com (Jetpack 13.0; WordPress 6.3)"
138.84.115.26 - - [09/Sep/2026:09:48:31 -0700] "POST /xmlrpc.php HTTP/1.1" 405 415 "-" "Jetpack/12.1; WordPress/6.2; http://site14826482.com"
128.127.114.171 - - [09/Sep/2026:09:48:31 -0700] "POST /xmlrpc.php HTTP/1.1" 405 415 "-" "Jetpack by WordPress.com (Jetpack 13.0; WordPress 6.4)"
138.84.115.26 - - [09/Sep/2026:09:48:42 -0700] "POST /xmlrpc.php HTTP/1.1" 405 415 "-" "Jetpack by WordPress.com"
128.127.114.171 - - [09/Sep/2026:09:48:42 -0700] "POST /xmlrpc.php HTTP/1.1" 405 415 "-" "Jetpack by WordPress.com"
144.208.65.39 - - [09/Sep/2026:09:48:53 -0700] "POST /wp-cron.php?doing_wp_cron=1788972533.3498508930206298828125 HTTP/1.1" 200 - "-" "WordPress/7.1; https://aace.care"
138.84.115.26 - - [09/Sep/2026:09:48:52 -0700] "POST /xmlrpc.php HTTP/1.1" 405 415 "-" "Jetpack by WordPress.com"
128.127.114.171 - - [09/Sep/2026:09:48:52 -0700] "POST /xmlrpc.php HTTP/1.1" 405 415 "-" "Jetpack/12.5; WordPress/6.1; http://site43615380.com"
138.84.115.26 - - [09/Sep/2026:09:49:03 -0700] "POST /xmlrpc.php HTTP/1.1" 405 415 "-" "Jetpack by WordPress.com"
128.127.114.171 - - [09/Sep/2026:09:49:03 -0700] "POST /xmlrpc.php HTTP/1.1" 405 415 "-" "Jetpack by WordPress.com"
138.84.115.26 - - [09/Sep/2026:09:49:13 -0700] "POST /xmlrpc.php HTTP/1.1" 405 415 "-" "Jetpack by WordPress.com (Jetpack 12.1; WordPress 6.3)"
128.127.114.171 - - [09/Sep/2026:09:49:13 -0700] "POST /xmlrpc.php HTTP/1.1" 405 415 "-" "WordPress.com; https://wordpress.com"
138.84.115.26 - - [09/Sep/2026:09:49:24 -0700] "POST /xmlrpc.php HTTP/1.1" 405 415 "-" "WordPress.com; https://wordpress.com"
128.127.114.171 - - [09/Sep/2026:09:49:24 -0700] "POST /xmlrpc.php HTTP/1.1" 405 415 "-" "Jetpack/12.0; WordPress/6.1; http://site79854967.com"
138.84.115.26 - - [09/Sep/2026:09:49:35 -0700] "POST /xmlrpc.php HTTP/1.1" 405 415 "-" "Jetpack/12.5; WordPress/6.1; http://site38627355.com"
128.127.114.171 - - [09/Sep/2026:09:49:35 -0700] "POST /xmlrpc.php HTTP/1.1" 405 415 "-" "Jetpack by WordPress.com"
138.84.115.26 - - [09/Sep/2026:09:49:45 -0700] "POST /xmlrpc.php HTTP/1.1" 405 415 "-" "Jetpack by WordPress.com"
128.127.114.171 - - [09/Sep/2026:09:49:45 -0700] "POST /xmlrpc.php HTTP/1.1" 405 415 "-" "Jetpack by WordPress.com (Jetpack 13.0; WordPress 6.2)"
144.208.65.39 - - [09/Sep/2026:09:49:56 -0700] "POST /wp-cron.php?doing_wp_cron=1788972596.6056470870971679687500 HTTP/1.1" 200 - "-" "WordPress/7.1; https://aace.care"
138.84.115.26 - - [09/Sep/2026:09:49:56 -0700] "POST /xmlrpc.php HTTP/1.1" 405 415 "-" "Jetpack by WordPress.com"
144.208.65.39 - - [09/Sep/2026:09:49:56 -0700] "POST /wp-cron.php?doing_wp_cron=1788972596.7188971042633056640625 HTTP/1.1" 200 - "-" "WordPress/7.1; https://aace.care"
128.127.114.171 - - [09/Sep/2026:09:49:56 -0700] "POST /xmlrpc.php HTTP/1.1" 405 415 "-" "WordPress.com; https://wordpress.com"
128.127.114.171 - - [09/Sep/2026:09:50:06 -0700] "POST /xmlrpc.php HTTP/1.1" 405 415 "-" "Jetpack by WordPress.com (Jetpack 12.1; WordPress 6.4)"
138.84.115.26 - - [09/Sep/2026:09:50:06 -0700] "POST /xmlrpc.php HTTP/1.1" 405 415 "-" "Jetpack by WordPress.com"
144.208.65.39 - - [09/Sep/2026:09:50:17 -0700] "POST /wp-cron.php?doing_wp_cron=1788972617.7474069595336914062500 HTTP/1.1" 200 - "-" "WordPress/7.1; https://aace.care"
128.127.114.171 - - [09/Sep/2026:09:50:17 -0700] "POST /xmlrpc.php HTTP/1.1" 405 415 "-" "Jetpack/12.1; WordPress/6.1; http://site54714167.com"
138.84.115.26 - - [09/Sep/2026:09:50:17 -0700] "POST /xmlrpc.php HTTP/1.1" 405 415 "-" "Jetpack/13.0; WordPress/6.2; http://site58234043.com"
128.127.114.171 - - [09/Sep/2026:09:50:27 -0700] "POST /xmlrpc.php HTTP/1.1" 405 415 "-" "Jetpack by WordPress.com"
138.84.115.26 - - [09/Sep/2026:09:50:27 -0700] "POST /xmlrpc.php HTTP/1.1" 405 415 "-" "Jetpack by WordPress.com"
128.127.114.171 - - [09/Sep/2026:09:50:38 -0700] "POST /xmlrpc.php HTTP/1.1" 405 415 "-" "Jetpack by WordPress.com (Jetpack 12.0; WordPress 6.4)"
138.84.115.26 - - [09/Sep/2026:09:50:38 -0700] "POST /xmlrpc.php HTTP/1.1" 405 415 "-" "Jetpack/13.0; WordPress/6.2; http://site46886377.com"
128.127.114.171 - - [09/Sep/2026:09:50:48 -0700] "POST /xmlrpc.php HTTP/1.1" 405 415 "-" "Jetpack by WordPress.com"
138.84.115.26 - - [09/Sep/2026:09:50:48 -0700] "POST /xmlrpc.php HTTP/1.1" 405 415 "-" "Jetpack/12.5; WordPress/6.2; http://site75205111.com"
159.203.100.231 - - [09/Sep/2026:09:50:59 -0700] "POST /wp-json/batch/v1 HTTP/1.1" 500 510 "-" "Mozilla/5.0 (Windows NT 10.0; Win64; x64) AppleWebKit/537.36 (KHTML, like Gecko) Chrome/131.0.0.0 Safari/537.36"
128.127.114.171 - - [09/Sep/2026:09:50:59 -0700] "POST /xmlrpc.php HTTP/1.1" 405 415 "-" "Jetpack by WordPress.com (Jetpack 12.0; WordPress 6.1)"
138.84.115.26 - - [09/Sep/2026:09:50:59 -0700] "POST /xmlrpc.php HTTP/1.1" 405 415 "-" "Jetpack/12.1; WordPress/6.1; http://site14076282.com"
159.203.100.231 - - [09/Sep/2026:09:51:00 -0700] "POST /wp-json/batch/v1 HTTP/1.1" 207 478 "-" "Mozilla/5.0 (Windows NT 10.0; Win64; x64) AppleWebKit/537.36 (KHTML, like Gecko) Chrome/131.0.0.0 Safari/537.36"
159.203.100.231 - - [09/Sep/2026:09:51:00 -0700] "POST /wp-json/batch/v1 HTTP/1.1" 207 478 "-" "Mozilla/5.0 (Windows NT 10.0; Win64; x64) AppleWebKit/537.36 (KHTML, like Gecko) Chrome/131.0.0.0 Safari/537.36"
159.203.100.231 - - [09/Sep/2026:09:51:01 -0700] "POST /wp-json/batch/v1 HTTP/1.1" 207 478 "-" "Mozilla/5.0 (Windows NT 10.0; Win64; x64) AppleWebKit/537.36 (KHTML, like Gecko) Chrome/131.0.0.0 Safari/537.36"
159.203.100.231 - - [09/Sep/2026:09:51:02 -0700] "POST /wp-json/batch/v1 HTTP/1.1" 207 478 "-" "Mozilla/5.0 (Windows NT 10.0; Win64; x64) AppleWebKit/537.36 (KHTML, like Gecko) Chrome/131.0.0.0 Safari/537.36"
159.203.100.231 - - [09/Sep/2026:09:51:03 -0700] "POST /wp-json/batch/v1 HTTP/1.1" 207 478 "-" "Mozilla/5.0 (Windows NT 10.0; Win64; x64) AppleWebKit/537.36 (KHTML, like Gecko) Chrome/131.0.0.0 Safari/537.36"
159.203.100.231 - - [09/Sep/2026:09:51:04 -0700] "POST /wp-json/batch/v1 HTTP/1.1" 207 478 "-" "Mozilla/5.0 (Windows NT 10.0; Win64; x64) AppleWebKit/537.36 (KHTML, like Gecko) Chrome/131.0.0.0 Safari/537.36"
128.127.114.171 - - [09/Sep/2026:09:51:09 -0700] "POST /xmlrpc.php HTTP/1.1" 405 415 "-" "Jetpack by WordPress.com (Jetpack 13.0; WordPress 6.2)"
138.84.115.26 - - [09/Sep/2026:09:51:10 -0700] "POST /xmlrpc.php HTTP/1.1" 405 415 "-" "WordPress.com; https://wordpress.com"
144.208.65.39 - - [09/Sep/2026:09:51:21 -0700] "POST /wp-cron.php?doing_wp_cron=1788972680.9938020706176757812500 HTTP/1.1" 200 - "-" "WordPress/7.1; https://aace.care"
128.127.114.171 - - [09/Sep/2026:09:51:20 -0700] "POST /xmlrpc.php HTTP/1.1" 405 415 "-" "Jetpack by WordPress.com (Jetpack 12.5; WordPress 6.1)"
144.208.65.39 - - [09/Sep/2026:09:51:21 -0700] "POST /wp-cron.php?doing_wp_cron=1788972681.1167008876800537109375 HTTP/1.1" 200 - "-" "WordPress/7.1; https://aace.care"
138.84.115.26 - - [09/Sep/2026:09:51:20 -0700] "POST /xmlrpc.php HTTP/1.1" 405 415 "-" "WordPress.com; https://wordpress.com"
144.208.65.39 - - [09/Sep/2026:09:51:31 -0700] "POST /wp-cron.php?doing_wp_cron=1788972691.5025389194488525390625 HTTP/1.1" 200 - "-" "WordPress/7.1; https://aace.care"
128.127.114.171 - - [09/Sep/2026:09:51:30 -0700] "POST /xmlrpc.php HTTP/1.1" 405 415 "-" "Jetpack/13.0; WordPress/6.2; http://site97402348.com"
138.84.115.26 - - [09/Sep/2026:09:51:31 -0700] "POST /xmlrpc.php HTTP/1.1" 405 415 "-" "Jetpack by WordPress.com (Jetpack 12.5; WordPress 6.3)"
128.127.114.171 - - [09/Sep/2026:09:51:41 -0700] "POST /xmlrpc.php HTTP/1.1" 405 415 "-" "Jetpack by WordPress.com (Jetpack 13.0; WordPress 6.2)"
138.84.115.26 - - [09/Sep/2026:09:51:41 -0700] "POST /xmlrpc.php HTTP/1.1" 405 415 "-" "Jetpack by WordPress.com (Jetpack 13.0; WordPress 6.4)"
144.208.65.39 - - [09/Sep/2026:09:51:52 -0700] "POST /wp-cron.php?doing_wp_cron=1788972712.5437650680541992187500 HTTP/1.1" 200 - "-" "WordPress/7.1; https://aace.care"
128.127.114.171 - - [09/Sep/2026:09:51:52 -0700] "POST /xmlrpc.php HTTP/1.1" 405 415 "-" "Jetpack by WordPress.com"
138.84.115.26 - - [09/Sep/2026:09:51:52 -0700] "POST /xmlrpc.php HTTP/1.1" 405 415 "-" "WordPress.com; https://wordpress.com"
128.127.114.171 - - [09/Sep/2026:09:52:02 -0700] "POST /xmlrpc.php HTTP/1.1" 405 415 "-" "WordPress.com; https://wordpress.com"
138.84.115.26 - - [09/Sep/2026:09:52:02 -0700] "POST /xmlrpc.php HTTP/1.1" 405 415 "-" "Jetpack by WordPress.com (Jetpack 13.0; WordPress 6.2)"
128.127.114.171 - - [09/Sep/2026:09:52:13 -0700] "POST /xmlrpc.php HTTP/1.1" 405 415 "-" "Jetpack by WordPress.com"
138.84.115.26 - - [09/Sep/2026:09:52:13 -0700] "POST /xmlrpc.php HTTP/1.1" 405 415 "-" "Jetpack by WordPress.com (Jetpack 12.0; WordPress 6.1)"
128.127.114.171 - - [09/Sep/2026:09:52:23 -0700] "POST /xmlrpc.php HTTP/1.1" 405 415 "-" "Jetpack/12.1; WordPress/6.4; http://site69195767.com"
138.84.115.26 - - [09/Sep/2026:09:52:24 -0700] "POST /xmlrpc.php HTTP/1.1" 405 415 "-" "Jetpack by WordPress.com (Jetpack 13.0; WordPress 6.4)"
128.127.114.171 - - [09/Sep/2026:09:52:34 -0700] "POST /xmlrpc.php HTTP/1.1" 405 415 "-" "Jetpack by WordPress.com (Jetpack 12.1; WordPress 6.4)"
138.84.115.26 - - [09/Sep/2026:09:52:34 -0700] "POST /xmlrpc.php HTTP/1.1" 405 415 "-" "Jetpack by WordPress.com (Jetpack 12.0; WordPress 6.2)"
128.127.114.171 - - [09/Sep/2026:09:52:44 -0700] "POST /xmlrpc.php HTTP/1.1" 405 415 "-" "Jetpack by WordPress.com"
138.84.115.26 - - [09/Sep/2026:09:52:45 -0700] "POST /xmlrpc.php HTTP/1.1" 405 415 "-" "Jetpack by WordPress.com"
144.208.65.39 - - [09/Sep/2026:09:52:55 -0700] "POST /wp-cron.php?doing_wp_cron=1788972775.8695580959320068359375 HTTP/1.1" 200 - "-" "WordPress/7.1; https://aace.care"
128.127.114.171 - - [09/Sep/2026:09:52:55 -0700] "POST /xmlrpc.php HTTP/1.1" 405 415 "-" "Jetpack by WordPress.com (Jetpack 13.0; WordPress 6.4)"
138.84.115.26 - - [09/Sep/2026:09:52:55 -0700] "POST /xmlrpc.php HTTP/1.1" 405 415 "-" "WordPress.com; https://wordpress.com"
128.127.114.171 - - [09/Sep/2026:09:53:05 -0700] "POST /xmlrpc.php HTTP/1.1" 405 415 "-" "Jetpack by WordPress.com (Jetpack 12.0; WordPress 6.3)"
138.84.115.26 - - [09/Sep/2026:09:53:06 -0700] "POST /xmlrpc.php HTTP/1.1" 405 415 "-" "Jetpack by WordPress.com (Jetpack 13.0; WordPress 6.3)"
128.127.114.171 - - [09/Sep/2026:09:53:16 -0700] "POST /xmlrpc.php HTTP/1.1" 405 415 "-" "WordPress.com; https://wordpress.com"
138.84.115.26 - - [09/Sep/2026:09:53:16 -0700] "POST /xmlrpc.php HTTP/1.1" 405 415 "-" "Jetpack/12.5; WordPress/6.3; http://site76096418.com"
128.127.114.171 - - [09/Sep/2026:09:53:26 -0700] "POST /xmlrpc.php HTTP/1.1" 405 415 "-" "Jetpack by WordPress.com (Jetpack 13.0; WordPress 6.3)"
138.84.115.26 - - [09/Sep/2026:09:53:27 -0700] "POST /xmlrpc.php HTTP/1.1" 405 415 "-" "WordPress.com; https://wordpress.com"
128.127.114.171 - - [09/Sep/2026:09:53:37 -0700] "POST /xmlrpc.php HTTP/1.1" 405 415 "-" "Jetpack by WordPress.com"
138.84.115.26 - - [09/Sep/2026:09:53:37 -0700] "POST /xmlrpc.php HTTP/1.1" 405 415 "-" "Jetpack/12.1; WordPress/6.4; http://site67139958.com"
138.84.115.26 - - [09/Sep/2026:09:53:48 -0700] "POST /xmlrpc.php HTTP/1.1" 405 415 "-" "Jetpack by WordPress.com"
128.127.114.171 - - [09/Sep/2026:09:53:48 -0700] "POST /xmlrpc.php HTTP/1.1" 500 - "-" "Jetpack by WordPress.com (Jetpack 12.0; WordPress 6.1)"
144.208.65.39 - - [09/Sep/2026:09:53:59 -0700] "POST /wp-cron.php?doing_wp_cron=1788972839.0353679656982421875000 HTTP/1.1" 200 - "-" "WordPress/7.1; https://aace.care"
128.127.114.171 - - [09/Sep/2026:09:53:58 -0700] "POST /xmlrpc.php HTTP/1.1" 405 415 "-" "Jetpack/12.1; WordPress/6.2; http://site49855354.com"
138.84.115.26 - - [09/Sep/2026:09:53:59 -0700] "POST /xmlrpc.php HTTP/1.1" 405 415 "-" "Jetpack/12.5; WordPress/6.3; http://site68954439.com"
144.208.65.39 - - [09/Sep/2026:09:54:09 -0700] "POST /wp-cron.php?doing_wp_cron=1788972849.4852468967437744140625 HTTP/1.1" 200 - "-" "WordPress/7.1; https://aace.care"
128.127.114.171 - - [09/Sep/2026:09:54:08 -0700] "POST /xmlrpc.php HTTP/1.1" 405 415 "-" "WordPress.com; https://wordpress.com"
138.84.115.26 - - [09/Sep/2026:09:54:09 -0700] "POST /xmlrpc.php HTTP/1.1" 405 415 "-" "Jetpack by WordPress.com (Jetpack 12.5; WordPress 6.1)"
128.127.114.171 - - [09/Sep/2026:09:54:19 -0700] "POST /xmlrpc.php HTTP/1.1" 405 415 "-" "Jetpack by WordPress.com (Jetpack 12.5; WordPress 6.4)"
138.84.115.26 - - [09/Sep/2026:09:54:20 -0700] "POST /xmlrpc.php HTTP/1.1" 405 415 "-" "Jetpack by WordPress.com (Jetpack 12.0; WordPress 6.4)"
128.127.114.171 - - [09/Sep/2026:09:54:30 -0700] "POST /xmlrpc.php HTTP/1.1" 405 415 "-" "Jetpack by WordPress.com"
138.84.115.26 - - [09/Sep/2026:09:54:30 -0700] "POST /xmlrpc.php HTTP/1.1" 405 415 "-" "Jetpack by WordPress.com (Jetpack 12.5; WordPress 6.4)"
128.127.114.171 - - [09/Sep/2026:09:54:40 -0700] "POST /xmlrpc.php HTTP/1.1" 405 415 "-" "Jetpack by WordPress.com (Jetpack 12.1; WordPress 6.4)"
138.84.115.26 - - [09/Sep/2026:09:54:41 -0700] "POST /xmlrpc.php HTTP/1.1" 405 415 "-" "Jetpack/12.1; WordPress/6.4; http://site72557082.com"
144.208.65.39 - - [09/Sep/2026:09:54:52 -0700] "POST /wp-cron.php?doing_wp_cron=1788972892.1859850883483886718750 HTTP/1.1" 200 - "-" "WordPress/7.1; https://aace.care"
128.127.114.171 - - [09/Sep/2026:09:54:51 -0700] "POST /xmlrpc.php HTTP/1.1" 405 415 "-" "Jetpack/12.1; WordPress/6.2; http://site45625907.com"
138.84.115.26 - - [09/Sep/2026:09:54:51 -0700] "POST /xmlrpc.php HTTP/1.1" 405 415 "-" "Jetpack by WordPress.com (Jetpack 12.5; WordPress 6.1)"
138.84.115.26 - - [09/Sep/2026:09:55:02 -0700] "POST /xmlrpc.php HTTP/1.1" 405 415 "-" "Jetpack by WordPress.com (Jetpack 12.0; WordPress 6.3)"
138.84.115.26 - - [09/Sep/2026:09:55:13 -0700] "POST /xmlrpc.php HTTP/1.1" 405 415 "-" "Jetpack by WordPress.com (Jetpack 13.0; WordPress 6.1)"
128.127.114.171 - - [09/Sep/2026:09:55:14 -0700] "POST /xmlrpc.php HTTP/1.1" 405 415 "-" "WordPress.com; https://wordpress.com"
128.127.114.171 - - [09/Sep/2026:09:55:22 -0700] "POST /xmlrpc.php HTTP/1.1" 405 415 "-" "Jetpack by WordPress.com"
138.84.115.26 - - [09/Sep/2026:09:55:23 -0700] "POST /xmlrpc.php HTTP/1.1" 405 415 "-" "Jetpack by WordPress.com (Jetpack 12.5; WordPress 6.1)"
128.127.114.171 - - [09/Sep/2026:09:55:33 -0700] "POST /xmlrpc.php HTTP/1.1" 405 415 "-" "Jetpack by WordPress.com"
138.84.115.26 - - [09/Sep/2026:09:55:34 -0700] "POST /xmlrpc.php HTTP/1.1" 405 415 "-" "WordPress.com; https://wordpress.com"
128.127.114.171 - - [09/Sep/2026:09:55:43 -0700] "POST /xmlrpc.php HTTP/1.1" 405 415 "-" "Jetpack by WordPress.com (Jetpack 12.1; WordPress 6.3)"
138.84.115.26 - - [09/Sep/2026:09:55:44 -0700] "POST /xmlrpc.php HTTP/1.1" 405 415 "-" "Jetpack by WordPress.com (Jetpack 12.5; WordPress 6.2)"
144.208.65.39 - - [09/Sep/2026:09:55:54 -0700] "POST /wp-cron.php?doing_wp_cron=1788972954.7206420898437500000000 HTTP/1.1" 200 - "-" "WordPress/7.1; https://aace.care"
128.127.114.171 - - [09/Sep/2026:09:55:54 -0700] "POST /xmlrpc.php HTTP/1.1" 405 415 "-" "Jetpack by WordPress.com"
138.84.115.26 - - [09/Sep/2026:09:55:55 -0700] "POST /xmlrpc.php HTTP/1.1" 405 415 "-" "Jetpack by WordPress.com"
128.127.114.171 - - [09/Sep/2026:09:56:04 -0700] "POST /xmlrpc.php HTTP/1.1" 405 415 "-" "Jetpack by WordPress.com"
138.84.115.26 - - [09/Sep/2026:09:56:05 -0700] "POST /xmlrpc.php HTTP/1.1" 405 415 "-" "Jetpack by WordPress.com"
128.127.114.171 - - [09/Sep/2026:09:56:15 -0700] "POST /xmlrpc.php HTTP/1.1" 405 415 "-" "Jetpack by WordPress.com (Jetpack 12.5; WordPress 6.3)"
138.84.115.26 - - [09/Sep/2026:09:56:16 -0700] "POST /xmlrpc.php HTTP/1.1" 405 415 "-" "Jetpack/12.1; WordPress/6.1; http://site82741498.com"
128.127.114.171 - - [09/Sep/2026:09:56:25 -0700] "POST /xmlrpc.php HTTP/1.1" 405 415 "-" "WordPress.com; https://wordpress.com"
138.84.115.26 - - [09/Sep/2026:09:56:27 -0700] "POST /xmlrpc.php HTTP/1.1" 405 415 "-" "Jetpack/12.0; WordPress/6.4; http://site39494757.com"
128.127.114.171 - - [09/Sep/2026:09:56:36 -0700] "POST /xmlrpc.php HTTP/1.1" 405 415 "-" "Jetpack/13.0; WordPress/6.4; http://site30423851.com"
138.84.115.26 - - [09/Sep/2026:09:56:37 -0700] "POST /xmlrpc.php HTTP/1.1" 405 415 "-" "Jetpack by WordPress.com"
128.127.114.171 - - [09/Sep/2026:09:56:46 -0700] "POST /xmlrpc.php HTTP/1.1" 405 415 "-" "Jetpack by WordPress.com"
138.84.115.26 - - [09/Sep/2026:09:56:48 -0700] "POST /xmlrpc.php HTTP/1.1" 405 415 "-" "Jetpack by WordPress.com"
144.208.65.39 - - [09/Sep/2026:09:56:58 -0700] "POST /wp-cron.php?doing_wp_cron=1788973018.0427129268646240234375 HTTP/1.1" 200 - "-" "WordPress/7.1; https://aace.care"
128.127.114.171 - - [09/Sep/2026:09:56:57 -0700] "POST /xmlrpc.php HTTP/1.1" 405 415 "-" "Jetpack by WordPress.com (Jetpack 12.0; WordPress 6.3)"
138.84.115.26 - - [09/Sep/2026:09:56:58 -0700] "POST /xmlrpc.php HTTP/1.1" 405 415 "-" "Jetpack by WordPress.com"
144.208.65.39 - - [09/Sep/2026:09:57:08 -0700] "POST /wp-cron.php?doing_wp_cron=1788973028.5411660671234130859375 HTTP/1.1" 200 - "-" "WordPress/7.1; https://aace.care"
128.127.114.171 - - [09/Sep/2026:09:57:08 -0700] "POST /xmlrpc.php HTTP/1.1" 405 415 "-" "Jetpack by WordPress.com"
138.84.115.26 - - [09/Sep/2026:09:57:09 -0700] "POST /xmlrpc.php HTTP/1.1" 405 415 "-" "Jetpack by WordPress.com"
128.127.114.171 - - [09/Sep/2026:09:57:18 -0700] "POST /xmlrpc.php HTTP/1.1" 405 415 "-" "Jetpack/12.0; WordPress/6.1; http://site50689294.com"
138.84.115.26 - - [09/Sep/2026:09:57:20 -0700] "POST /xmlrpc.php HTTP/1.1" 405 415 "-" "Jetpack by WordPress.com"
128.127.114.171 - - [09/Sep/2026:09:57:29 -0700] "POST /xmlrpc.php HTTP/1.1" 405 415 "-" "Jetpack by WordPress.com"
138.84.115.26 - - [09/Sep/2026:09:57:30 -0700] "POST /xmlrpc.php HTTP/1.1" 500 - "-" "Jetpack by WordPress.com"
128.127.114.171 - - [09/Sep/2026:09:57:39 -0700] "POST /xmlrpc.php HTTP/1.1" 405 415 "-" "Jetpack by WordPress.com (Jetpack 12.5; WordPress 6.4)"
138.84.115.26 - - [09/Sep/2026:09:57:41 -0700] "POST /xmlrpc.php HTTP/1.1" 405 415 "-" "Jetpack by WordPress.com"
144.208.65.39 - - [09/Sep/2026:09:57:50 -0700] "POST /wp-cron.php?doing_wp_cron=1788973070.7666370868682861328125 HTTP/1.1" 200 - "-" "WordPress/7.1; https://aace.care"
128.127.114.171 - - [09/Sep/2026:09:57:50 -0700] "POST /xmlrpc.php HTTP/1.1" 405 415 "-" "Jetpack by WordPress.com (Jetpack 12.5; WordPress 6.3)"
138.84.115.26 - - [09/Sep/2026:09:57:51 -0700] "POST /xmlrpc.php HTTP/1.1" 405 415 "-" "Jetpack/12.5; WordPress/6.4; http://site51779629.com"
128.127.114.171 - - [09/Sep/2026:09:58:00 -0700] "POST /xmlrpc.php HTTP/1.1" 405 415 "-" "Jetpack by WordPress.com (Jetpack 12.0; WordPress 6.3)"
138.84.115.26 - - [09/Sep/2026:09:58:02 -0700] "POST /xmlrpc.php HTTP/1.1" 405 415 "-" "Jetpack by WordPress.com (Jetpack 12.1; WordPress 6.2)"
144.208.65.39 - - [09/Sep/2026:09:58:11 -0700] "POST /wp-cron.php?doing_wp_cron=1788973091.8058009147644042968750 HTTP/1.1" 200 - "-" "WordPress/7.1; https://aace.care"
128.127.114.171 - - [09/Sep/2026:09:58:11 -0700] "POST /xmlrpc.php HTTP/1.1" 405 415 "-" "Jetpack by WordPress.com (Jetpack 12.0; WordPress 6.2)"
138.84.115.26 - - [09/Sep/2026:09:58:12 -0700] "POST /xmlrpc.php HTTP/1.1" 405 415 "-" "Jetpack by WordPress.com (Jetpack 12.5; WordPress 6.4)"
128.127.114.171 - - [09/Sep/2026:09:58:21 -0700] "POST /xmlrpc.php HTTP/1.1" 405 415 "-" "Jetpack by WordPress.com"
138.84.115.26 - - [09/Sep/2026:09:58:23 -0700] "POST /xmlrpc.php HTTP/1.1" 405 415 "-" "Jetpack/12.5; WordPress/6.1; http://site37745672.com"
128.127.114.171 - - [09/Sep/2026:09:58:32 -0700] "POST /xmlrpc.php HTTP/1.1" 405 415 "-" "WordPress.com; https://wordpress.com"
138.84.115.26 - - [09/Sep/2026:09:58:33 -0700] "POST /xmlrpc.php HTTP/1.1" 405 415 "-" "WordPress.com; https://wordpress.com"
128.127.114.171 - - [09/Sep/2026:09:58:42 -0700] "POST /xmlrpc.php HTTP/1.1" 405 415 "-" "Jetpack/12.5; WordPress/6.3; http://site29721114.com"
144.208.65.39 - - [09/Sep/2026:09:58:44 -0700] "POST /wp-cron.php?doing_wp_cron=1788973124.9618968963623046875000 HTTP/1.1" 200 - "-" "WordPress/7.1; https://aace.care"
138.84.115.26 - - [09/Sep/2026:09:58:44 -0700] "POST /xmlrpc.php HTTP/1.1" 405 415 "-" "Jetpack by WordPress.com"
144.208.65.39 - - [09/Sep/2026:09:58:53 -0700] "POST /wp-cron.php?doing_wp_cron=1788973133.9766778945922851562500 HTTP/1.1" 200 - "-" "WordPress/7.1; https://aace.care"
128.127.114.171 - - [09/Sep/2026:09:58:53 -0700] "POST /xmlrpc.php HTTP/1.1" 405 415 "-" "WordPress.com; https://wordpress.com"
138.84.115.26 - - [09/Sep/2026:09:58:55 -0700] "POST /xmlrpc.php HTTP/1.1" 405 415 "-" "Jetpack by WordPress.com"
128.127.114.171 - - [09/Sep/2026:09:59:04 -0700] "POST /xmlrpc.php HTTP/1.1" 405 415 "-" "Jetpack by WordPress.com (Jetpack 13.0; WordPress 6.3)"
138.84.115.26 - - [09/Sep/2026:09:59:06 -0700] "POST /xmlrpc.php HTTP/1.1" 405 415 "-" "Jetpack/12.5; WordPress/6.2; http://site70985911.com"
128.127.114.171 - - [09/Sep/2026:09:59:14 -0700] "POST /xmlrpc.php HTTP/1.1" 405 415 "-" "WordPress.com; https://wordpress.com"
138.84.115.26 - - [09/Sep/2026:09:59:16 -0700] "POST /xmlrpc.php HTTP/1.1" 405 415 "-" "Jetpack by WordPress.com (Jetpack 12.5; WordPress 6.1)"
128.127.114.171 - - [09/Sep/2026:09:59:25 -0700] "POST /xmlrpc.php HTTP/1.1" 405 415 "-" "Jetpack by WordPress.com"
138.84.115.26 - - [09/Sep/2026:09:59:26 -0700] "POST /xmlrpc.php HTTP/1.1" 405 415 "-" "Jetpack by WordPress.com"
128.127.114.171 - - [09/Sep/2026:09:59:35 -0700] "POST /xmlrpc.php HTTP/1.1" 405 415 "-" "Jetpack by WordPress.com"
138.84.115.26 - - [09/Sep/2026:09:59:37 -0700] "POST /xmlrpc.php HTTP/1.1" 405 415 "-" "Jetpack by WordPress.com (Jetpack 12.5; WordPress 6.2)"
128.127.114.171 - - [09/Sep/2026:09:59:46 -0700] "POST /xmlrpc.php HTTP/1.1" 405 415 "-" "Jetpack/12.0; WordPress/6.2; http://site95827426.com"
138.84.115.26 - - [09/Sep/2026:09:59:47 -0700] "POST /xmlrpc.php HTTP/1.1" 405 415 "-" "Jetpack by WordPress.com"
144.208.65.39 - - [09/Sep/2026:09:59:57 -0700] "POST /wp-cron.php?doing_wp_cron=1788973197.2181210517883300781250 HTTP/1.1" 200 - "-" "WordPress/7.1; https://aace.care"
128.127.114.171 - - [09/Sep/2026:09:59:56 -0700] "POST /xmlrpc.php HTTP/1.1" 405 415 "-" "Jetpack by WordPress.com"
138.84.115.26 - - [09/Sep/2026:09:59:58 -0700] "POST /xmlrpc.php HTTP/1.1" 405 415 "-" "Jetpack/12.5; WordPress/6.2; http://site25466455.com"
54.188.211.59 - - [09/Sep/2026:10:00:07 -0700] "GET /robots.txt HTTP/1.1" 200 110 "-" "SeltzSitemapFetcher/1.0"
128.127.114.171 - - [09/Sep/2026:10:00:07 -0700] "POST /xmlrpc.php HTTP/1.1" 405 415 "-" "Jetpack/12.1; WordPress/6.2; http://site99522086.com"
54.188.211.59 - - [09/Sep/2026:10:00:08 -0700] "GET /wp-sitemap.xml HTTP/1.1" 200 507 "-" "SeltzSitemapFetcher/1.0"
138.84.115.26 - - [09/Sep/2026:10:00:08 -0700] "POST /xmlrpc.php HTTP/1.1" 405 415 "-" "Jetpack/13.0; WordPress/6.1; http://site19798865.com"
54.188.211.59 - - [09/Sep/2026:10:00:09 -0700] "GET /wp-sitemap-posts-post-1.xml HTTP/1.1" 200 448 "-" "SeltzSitemapFetcher/1.0"
54.188.211.59 - - [09/Sep/2026:10:00:10 -0700] "GET /wp-sitemap-posts-page-1.xml HTTP/1.1" 200 1200 "-" "SeltzSitemapFetcher/1.0"
54.188.211.59 - - [09/Sep/2026:10:00:11 -0700] "GET /wp-sitemap-taxonomies-category-1.xml HTTP/1.1" 200 249 "-" "SeltzSitemapFetcher/1.0"
54.188.211.59 - - [09/Sep/2026:10:00:12 -0700] "GET /wp-sitemap-users-1.xml HTTP/1.1" 200 249 "-" "SeltzSitemapFetcher/1.0"
128.127.114.171 - - [09/Sep/2026:10:00:17 -0700] "POST /xmlrpc.php HTTP/1.1" 405 415 "-" "Jetpack by WordPress.com"
138.84.115.26 - - [09/Sep/2026:10:00:19 -0700] "POST /xmlrpc.php HTTP/1.1" 405 415 "-" "Jetpack by WordPress.com"
128.127.114.171 - - [09/Sep/2026:10:00:28 -0700] "POST /xmlrpc.php HTTP/1.1" 405 415 "-" "Jetpack/12.1; WordPress/6.3; http://site23878696.com"
128.127.114.171 - - [09/Sep/2026:10:00:39 -0700] "POST /xmlrpc.php HTTP/1.1" 405 415 "-" "Jetpack by WordPress.com (Jetpack 12.1; WordPress 6.2)"
128.127.114.171 - - [09/Sep/2026:10:00:49 -0700] "POST /xmlrpc.php HTTP/1.1" 405 415 "-" "Jetpack/12.0; WordPress/6.4; http://site42847875.com"
144.208.65.39 - - [09/Sep/2026:10:01:00 -0700] "POST /wp-cron.php?doing_wp_cron=1788973260.6836040019989013671875 HTTP/1.1" 200 - "-" "WordPress/7.1; https://aace.care"
128.127.114.171 - - [09/Sep/2026:10:01:00 -0700] "POST /xmlrpc.php HTTP/1.1" 405 415 "-" "Jetpack by WordPress.com (Jetpack 12.0; WordPress 6.3)"
128.127.114.171 - - [09/Sep/2026:10:01:10 -0700] "POST /xmlrpc.php HTTP/1.1" 405 415 "-" "WordPress.com; https://wordpress.com"
128.127.114.171 - - [09/Sep/2026:10:01:21 -0700] "POST /xmlrpc.php HTTP/1.1" 405 415 "-" "Jetpack by WordPress.com (Jetpack 12.5; WordPress 6.2)"
128.127.114.171 - - [09/Sep/2026:10:01:31 -0700] "POST /xmlrpc.php HTTP/1.1" 405 415 "-" "WordPress.com; https://wordpress.com"
128.127.114.171 - - [09/Sep/2026:10:01:42 -0700] "POST /xmlrpc.php HTTP/1.1" 405 415 "-" "Jetpack/12.1; WordPress/6.3; http://site28169032.com"
128.127.114.171 - - [09/Sep/2026:10:01:53 -0700] "POST /xmlrpc.php HTTP/1.1" 405 415 "-" "Jetpack/12.5; WordPress/6.3; http://site59279098.com"
144.208.65.39 - - [09/Sep/2026:10:02:04 -0700] "POST /wp-cron.php?doing_wp_cron=1788973324.2229509353637695312500 HTTP/1.1" 200 - "-" "WordPress/7.1; https://aace.care"
128.127.114.171 - - [09/Sep/2026:10:02:03 -0700] "POST /xmlrpc.php HTTP/1.1" 405 415 "-" "Jetpack by WordPress.com (Jetpack 12.1; WordPress 6.3)"
128.127.114.171 - - [09/Sep/2026:10:02:14 -0700] "POST /xmlrpc.php HTTP/1.1" 405 415 "-" "Jetpack by WordPress.com (Jetpack 12.0; WordPress 6.1)"
43.153.107.22 - - [09/Sep/2026:10:02:22 -0700] "GET / HTTP/1.1" 200 107134 "http://www.aace.care" "Mozilla/5.0 (iPhone; CPU iPhone OS 13_2_3 like Mac OS X) AppleWebKit/605.1.15 (KHTML, like Gecko) Version/13.0.3 Mobile/15E148 Safari/604.1"
128.127.114.171 - - [09/Sep/2026:10:02:24 -0700] "POST /xmlrpc.php HTTP/1.1" 405 415 "-" "Jetpack by WordPress.com"
128.127.114.171 - - [09/Sep/2026:10:02:35 -0700] "POST /xmlrpc.php HTTP/1.1" 405 415 "-" "Jetpack by WordPress.com (Jetpack 13.0; WordPress 6.2)"
128.127.114.171 - - [09/Sep/2026:10:02:45 -0700] "POST /xmlrpc.php HTTP/1.1" 405 415 "-" "Jetpack by WordPress.com (Jetpack 12.5; WordPress 6.4)"
128.127.114.171 - - [09/Sep/2026:10:02:56 -0700] "POST /xmlrpc.php HTTP/1.1" 405 415 "-" "Jetpack by WordPress.com (Jetpack 12.5; WordPress 6.2)"
128.127.114.171 - - [09/Sep/2026:10:03:06 -0700] "POST /xmlrpc.php HTTP/1.1" 405 415 "-" "Jetpack/12.0; WordPress/6.2; http://site27126993.com"
128.127.114.171 - - [09/Sep/2026:10:03:17 -0700] "POST /xmlrpc.php HTTP/1.1" 405 415 "-" "WordPress.com; https://wordpress.com"
128.127.114.171 - - [09/Sep/2026:10:03:27 -0700] "POST /xmlrpc.php HTTP/1.1" 405 415 "-" "Jetpack by WordPress.com (Jetpack 12.1; WordPress 6.1)"
128.127.114.171 - - [09/Sep/2026:10:03:38 -0700] "POST /xmlrpc.php HTTP/1.1" 405 415 "-" "Jetpack by WordPress.com (Jetpack 12.0; WordPress 6.3)"
128.127.114.171 - - [09/Sep/2026:10:03:49 -0700] "POST /xmlrpc.php HTTP/1.1" 405 415 "-" "Jetpack/12.5; WordPress/6.2; http://site60748705.com"
128.127.114.171 - - [09/Sep/2026:10:03:59 -0700] "POST /xmlrpc.php HTTP/1.1" 405 415 "-" "Jetpack by WordPress.com (Jetpack 12.1; WordPress 6.2)"
144.208.65.39 - - [09/Sep/2026:10:04:09 -0700] "POST /wp-cron.php?doing_wp_cron=1788973449.4849479198455810546875 HTTP/1.1" 200 - "-" "WordPress/7.1; https://aace.care"
69.165.67.176 - - [09/Sep/2026:10:04:08 -0700] "GET /index.php?rest_route=/wp/v2/posts&per_page=100&_fields=id%2Ccomment_status&page=1 HTTP/1.1" 200 71 "https://aace.care" "Mozilla/5.0 (X11; CrOS x86_64 14541.0.0) AppleWebKit/537.36 (KHTML, like Gecko) Chrome/133.0.0.0 Safari/537.36"
69.165.67.176 - - [09/Sep/2026:10:04:09 -0700] "POST /wp-comments-post.php HTTP/1.1" 302 - "https://aace.care" "Mozilla/5.0 (X11; CrOS x86_64 14541.0.0) AppleWebKit/537.36 (KHTML, like Gecko) Chrome/133.0.0.0 Safari/537.36"
128.127.114.171 - - [09/Sep/2026:10:04:10 -0700] "POST /xmlrpc.php HTTP/1.1" 405 415 "-" "Jetpack by WordPress.com (Jetpack 12.1; WordPress 6.1)"
128.127.114.171 - - [09/Sep/2026:10:04:21 -0700] "POST /xmlrpc.php HTTP/1.1" 405 415 "-" "Jetpack/12.0; WordPress/6.3; http://site26992644.com"
128.127.114.171 - - [09/Sep/2026:10:04:31 -0700] "POST /xmlrpc.php HTTP/1.1" 405 415 "-" "Jetpack/12.5; WordPress/6.1; http://site28670896.com"
128.127.114.171 - - [09/Sep/2026:10:04:42 -0700] "POST /xmlrpc.php HTTP/1.1" 405 415 "-" "Jetpack by WordPress.com"
128.127.114.171 - - [09/Sep/2026:10:05:16 -0700] "POST /xmlrpc.php HTTP/1.1" 500 - "-" "Jetpack by WordPress.com"
144.208.65.39 - - [09/Sep/2026:10:05:25 -0700] "POST /wp-cron.php?doing_wp_cron=1788973525.1180880069732666015625 HTTP/1.1" 200 - "-" "WordPress/7.1; https://aace.care"
128.127.114.171 - - [09/Sep/2026:10:05:24 -0700] "POST /xmlrpc.php HTTP/1.1" 405 415 "-" "Jetpack by WordPress.com (Jetpack 12.5; WordPress 6.4)"
128.127.114.171 - - [09/Sep/2026:10:05:35 -0700] "POST /xmlrpc.php HTTP/1.1" 405 415 "-" "Jetpack by WordPress.com"
128.127.114.171 - - [09/Sep/2026:10:05:45 -0700] "POST /xmlrpc.php HTTP/1.1" 405 415 "-" "Jetpack by WordPress.com (Jetpack 12.1; WordPress 6.4)"
128.127.114.171 - - [09/Sep/2026:10:05:56 -0700] "POST /xmlrpc.php HTTP/1.1" 405 415 "-" "Jetpack by WordPress.com"
128.127.114.171 - - [09/Sep/2026:10:06:06 -0700] "POST /xmlrpc.php HTTP/1.1" 405 415 "-" "WordPress.com; https://wordpress.com"
128.127.114.171 - - [09/Sep/2026:10:06:17 -0700] "POST /xmlrpc.php HTTP/1.1" 405 415 "-" "Jetpack by WordPress.com"
144.208.65.39 - - [09/Sep/2026:10:06:28 -0700] "POST /wp-cron.php?doing_wp_cron=1788973588.5070340633392333984375 HTTP/1.1" 200 - "-" "WordPress/7.1; https://aace.care"
128.127.114.171 - - [09/Sep/2026:10:06:28 -0700] "POST /xmlrpc.php HTTP/1.1" 405 415 "-" "Jetpack by WordPress.com (Jetpack 12.1; WordPress 6.4)"
38.253.224.59 - - [09/Sep/2026:10:06:30 -0700] "GET / HTTP/1.1" 200 107109 "-" "Mozilla/5.0 (Windows NT 10.0; Win64; x64) AppleWebKit/537.36 (KHTML, like Gecko) Chrome/120.0.0.0 Safari/537.36"
128.127.114.171 - - [09/Sep/2026:10:06:38 -0700] "POST /xmlrpc.php HTTP/1.1" 405 415 "-" "Jetpack/12.0; WordPress/6.4; http://site52085211.com"
128.127.114.171 - - [09/Sep/2026:10:06:49 -0700] "POST /xmlrpc.php HTTP/1.1" 405 415 "-" "Jetpack by WordPress.com (Jetpack 12.0; WordPress 6.2)"
128.127.114.171 - - [09/Sep/2026:10:06:59 -0700] "POST /xmlrpc.php HTTP/1.1" 405 415 "-" "Jetpack by WordPress.com (Jetpack 13.0; WordPress 6.3)"
128.127.114.171 - - [09/Sep/2026:10:07:10 -0700] "POST /xmlrpc.php HTTP/1.1" 405 415 "-" "WordPress.com; https://wordpress.com"
128.127.114.171 - - [09/Sep/2026:10:07:20 -0700] "POST /xmlrpc.php HTTP/1.1" 405 415 "-" "Jetpack/13.0; WordPress/6.3; http://site46076129.com"
144.208.65.39 - - [09/Sep/2026:10:07:29 -0700] "POST /wp-cron.php?doing_wp_cron=1788973649.1452429294586181640625 HTTP/1.1" 200 - "-" "WordPress/7.1; https://aace.care"
43.153.10.83 - - [09/Sep/2026:10:07:28 -0700] "GET /feed/ HTTP/1.1" 200 11146 "-" "Mozilla/5.0 (iPhone; CPU iPhone OS 13_2_3 like Mac OS X) AppleWebKit/605.1.15 (KHTML, like Gecko) Version/13.0.3 Mobile/15E148 Safari/604.1"
128.127.114.171 - - [09/Sep/2026:10:07:31 -0700] "POST /xmlrpc.php HTTP/1.1" 405 415 "-" "Jetpack/12.1; WordPress/6.3; http://site90409959.com"
128.127.114.171 - - [09/Sep/2026:10:07:42 -0700] "POST /xmlrpc.php HTTP/1.1" 405 415 "-" "Jetpack by WordPress.com (Jetpack 12.5; WordPress 6.1)"
128.127.114.171 - - [09/Sep/2026:10:07:52 -0700] "POST /xmlrpc.php HTTP/1.1" 405 415 "-" "WordPress.com; https://wordpress.com"
128.127.114.171 - - [09/Sep/2026:10:08:03 -0700] "POST /xmlrpc.php HTTP/1.1" 405 415 "-" "WordPress.com; https://wordpress.com"
128.127.114.171 - - [09/Sep/2026:10:08:13 -0700] "POST /xmlrpc.php HTTP/1.1" 405 415 "-" "Jetpack/12.5; WordPress/6.3; http://site84024195.com"
128.127.114.171 - - [09/Sep/2026:10:08:24 -0700] "POST /xmlrpc.php HTTP/1.1" 405 415 "-" "WordPress.com; https://wordpress.com"
144.208.65.39 - - [09/Sep/2026:10:08:35 -0700] "POST /wp-cron.php?doing_wp_cron=1788973715.3736701011657714843750 HTTP/1.1" 200 - "-" "WordPress/7.1; https://aace.care"
128.127.114.171 - - [09/Sep/2026:10:08:34 -0700] "POST /xmlrpc.php HTTP/1.1" 405 415 "-" "Jetpack by WordPress.com (Jetpack 12.0; WordPress 6.4)"
128.127.114.171 - - [09/Sep/2026:10:08:45 -0700] "POST /xmlrpc.php HTTP/1.1" 405 415 "-" "Jetpack by WordPress.com"
128.127.114.171 - - [09/Sep/2026:10:08:56 -0700] "POST /xmlrpc.php HTTP/1.1" 405 415 "-" "Jetpack by WordPress.com"
128.127.114.171 - - [09/Sep/2026:10:09:06 -0700] "POST /xmlrpc.php HTTP/1.1" 405 415 "-" "Jetpack by WordPress.com"
128.127.114.171 - - [09/Sep/2026:10:09:17 -0700] "POST /xmlrpc.php HTTP/1.1" 405 415 "-" "Jetpack/12.1; WordPress/6.2; http://site20352480.com"
128.127.114.171 - - [09/Sep/2026:10:09:27 -0700] "POST /xmlrpc.php HTTP/1.1" 405 415 "-" "Jetpack by WordPress.com"
144.208.65.39 - - [09/Sep/2026:10:09:38 -0700] "POST /wp-cron.php?doing_wp_cron=1788973778.9766180515289306640625 HTTP/1.1" 200 - "-" "WordPress/7.1; https://aace.care"
128.127.114.171 - - [09/Sep/2026:10:09:38 -0700] "POST /xmlrpc.php HTTP/1.1" 405 415 "-" "Jetpack by WordPress.com (Jetpack 13.0; WordPress 6.2)"
128.127.114.171 - - [09/Sep/2026:10:09:49 -0700] "POST /xmlrpc.php HTTP/1.1" 405 415 "-" "Jetpack by WordPress.com"
128.127.114.171 - - [09/Sep/2026:10:09:59 -0700] "POST /xmlrpc.php HTTP/1.1" 405 415 "-" "WordPress.com; https://wordpress.com"
128.127.114.171 - - [09/Sep/2026:10:10:10 -0700] "POST /xmlrpc.php HTTP/1.1" 405 415 "-" "Jetpack/12.5; WordPress/6.3; http://site23416471.com"
128.127.114.171 - - [09/Sep/2026:10:10:20 -0700] "POST /xmlrpc.php HTTP/1.1" 405 415 "-" "WordPress.com; https://wordpress.com"
128.127.114.171 - - [09/Sep/2026:10:10:31 -0700] "POST /xmlrpc.php HTTP/1.1" 405 415 "-" "WordPress.com; https://wordpress.com"
144.208.65.39 - - [09/Sep/2026:10:10:42 -0700] "POST /wp-cron.php?doing_wp_cron=1788973842.4201710224151611328125 HTTP/1.1" 200 - "-" "WordPress/7.1; https://aace.care"
128.127.114.171 - - [09/Sep/2026:10:10:41 -0700] "POST /xmlrpc.php HTTP/1.1" 405 415 "-" "Jetpack by WordPress.com (Jetpack 12.0; WordPress 6.2)"
128.127.114.171 - - [09/Sep/2026:10:10:52 -0700] "POST /xmlrpc.php HTTP/1.1" 405 415 "-" "Jetpack by WordPress.com (Jetpack 12.1; WordPress 6.4)"
128.127.114.171 - - [09/Sep/2026:10:11:03 -0700] "POST /xmlrpc.php HTTP/1.1" 405 415 "-" "WordPress.com; https://wordpress.com"
128.127.114.171 - - [09/Sep/2026:10:11:13 -0700] "POST /xmlrpc.php HTTP/1.1" 405 415 "-" "Jetpack by WordPress.com"
128.127.114.171 - - [09/Sep/2026:10:11:24 -0700] "POST /xmlrpc.php HTTP/1.1" 405 415 "-" "Jetpack by WordPress.com"
128.127.114.171 - - [09/Sep/2026:10:11:34 -0700] "POST /xmlrpc.php HTTP/1.1" 405 415 "-" "WordPress.com; https://wordpress.com"
144.208.65.39 - - [09/Sep/2026:10:11:45 -0700] "POST /wp-cron.php?doing_wp_cron=1788973905.7638380527496337890625 HTTP/1.1" 200 - "-" "WordPress/7.1; https://aace.care"
128.127.114.171 - - [09/Sep/2026:10:11:45 -0700] "POST /xmlrpc.php HTTP/1.1" 405 415 "-" "Jetpack by WordPress.com"
128.127.114.171 - - [09/Sep/2026:10:11:55 -0700] "POST /xmlrpc.php HTTP/1.1" 405 415 "-" "Jetpack/12.0; WordPress/6.4; http://site51079867.com"
128.127.114.171 - - [09/Sep/2026:10:12:06 -0700] "POST /xmlrpc.php HTTP/1.1" 405 415 "-" "WordPress.com; https://wordpress.com"
128.127.114.171 - - [09/Sep/2026:10:12:16 -0700] "POST /xmlrpc.php HTTP/1.1" 405 415 "-" "Jetpack/12.5; WordPress/6.4; http://site21457708.com"
129.211.172.249 - - [09/Sep/2026:10:16:01 -0700] "GET / HTTP/1.1" 500 2704 "http://www.aacehomecareinc.com" "Mozilla/5.0 (iPhone; CPU iPhone OS 13_2_3 like Mac OS X) AppleWebKit/605.1.15 (KHTML, like Gecko) Version/13.0.3 Mobile/15E148 Safari/604.1"
43.130.174.37 - - [09/Sep/2026:10:17:43 -0700] "GET /careers/ HTTP/1.1" 500 2704 "-" "Mozilla/5.0 (iPhone; CPU iPhone OS 13_2_3 like Mac OS X) AppleWebKit/605.1.15 (KHTML, like Gecko) Version/13.0.3 Mobile/15E148 Safari/604.1"
40.77.167.93 - - [09/Sep/2026:10:18:10 -0700] "GET /robots.txt HTTP/1.1" 500 2704 "-" "Mozilla/5.0 AppleWebKit/537.36 (KHTML, like Gecko; compatible; bingbot/2.0; +http://www.bing.com/bingbot.htm) Chrome/116.0.1938.76 Safari/537.36"
144.208.65.39 - - [09/Sep/2026:10:18:13 -0700] "POST /wp-cron.php?doing_wp_cron=1788974293.9620850086212158203125 HTTP/1.1" 200 - "-" "WordPress/7.1; https://aace.care"
40.77.167.121 - - [09/Sep/2026:10:18:13 -0700] "GET / HTTP/1.1" 200 107109 "-" "Mozilla/5.0 AppleWebKit/537.36 (KHTML, like Gecko; compatible; bingbot/2.0; +http://www.bing.com/bingbot.htm) Chrome/116.0.1938.76 Safari/537.36"
40.77.167.121 - - [09/Sep/2026:10:18:32 -0700] "GET /wp-content/plugins/so-widgets-bundle/widgets/video/css/html-player-responsive.css?ver=1.46.6 HTTP/1.1" 200 40 "https://aace.care/" "Mozilla/5.0 AppleWebKit/537.36 (KHTML, like Gecko; compatible; bingbot/2.0; +http://www.bing.com/bingbot.htm) Chrome/136.0.0.0 Safari/537.36 AppleWebKit/537.36 (KHTML, like Gecko; compatible; bingbot/2.0; +http://www.bing.com/bingbot.htm) Chrome/116.0.1938.76 Safari/537.36"
40.77.167.121 - - [09/Sep/2026:10:18:32 -0700] "GET /wp-content/plugins/smart-slider-3/Public/SmartSlider3/Slider/SliderType/Simple/Assets/dist/ss-simple.min.js?ver=e5da025b HTTP/1.1" 200 13218 "https://aace.care/" "Mozilla/5.0 AppleWebKit/537.36 (KHTML, like Gecko; compatible; bingbot/2.0; +http://www.bing.com/bingbot.htm) Chrome/136.0.0.0 Safari/537.36 AppleWebKit/537.36 (KHTML, like Gecko; compatible; bingbot/2.0; +http://www.bing.com/bingbot.htm) Chrome/116.0.1938.76 Safari/537.36"
40.77.167.121 - - [09/Sep/2026:10:18:32 -0700] "GET /wp-content/plugins/smart-slider-3/Public/SmartSlider3/Widget/Arrow/ArrowImage/Assets/dist/w-arrow-image.min.js?ver=e5da025b HTTP/1.1" 200 1246 "https://aace.care/" "Mozilla/5.0 AppleWebKit/537.36 (KHTML, like Gecko; compatible; bingbot/2.0; +http://www.bing.com/bingbot.htm) Chrome/136.0.0.0 Safari/537.36 AppleWebKit/537.36 (KHTML, like Gecko; compatible; bingbot/2.0; +http://www.bing.com/bingbot.htm) Chrome/116.0.1938.76 Safari/537.36"
40.77.167.121 - - [09/Sep/2026:10:18:32 -0700] "GET /wp-content/plugins/smart-slider-3/Public/SmartSlider3/Application/Frontend/Assets/dist/n2.min.js?ver=e5da025b HTTP/1.1" 200 41234 "https://aace.care/" "Mozilla/5.0 AppleWebKit/537.36 (KHTML, like Gecko; compatible; bingbot/2.0; +http://www.bing.com/bingbot.htm) Chrome/136.0.0.0 Safari/537.36 AppleWebKit/537.36 (KHTML, like Gecko; compatible; bingbot/2.0; +http://www.bing.com/bingbot.htm) Chrome/116.0.1938.76 Safari/537.36"
207.46.13.64 - - [09/Sep/2026:10:18:34 -0700] "GET /wp-content/uploads/siteorigin-widgets/sow-image-default-6b88c04c1f9b-26.css?ver=7.1 HTTP/1.1" 200 674 "https://aace.care/" "Mozilla/5.0 AppleWebKit/537.36 (KHTML, like Gecko; compatible; bingbot/2.0; +http://www.bing.com/bingbot.htm) Chrome/136.0.0.0 Safari/537.36 AppleWebKit/537.36 (KHTML, like Gecko; compatible; bingbot/2.0; +http://www.bing.com/bingbot.htm) Chrome/116.0.1938.76 Safari/537.36"
52.167.144.238 - - [09/Sep/2026:10:18:37 -0700] "GET /wp-includes/js/mediaelement/mediaelement-and-player.min.js?ver=4.2.17 HTTP/1.1" 200 158005 "https://aace.care/" "Mozilla/5.0 AppleWebKit/537.36 (KHTML, like Gecko; compatible; bingbot/2.0; +http://www.bing.com/bingbot.htm) Chrome/136.0.0.0 Safari/537.36 AppleWebKit/537.36 (KHTML, like Gecko; compatible; bingbot/2.0; +http://www.bing.com/bingbot.htm) Chrome/116.0.1938.76 Safari/537.36"
52.167.144.238 - - [09/Sep/2026:10:18:37 -0700] "GET /wp-includes/js/mediaelement/mediaelement-migrate.min.js?ver=7.1 HTTP/1.1" 200 1191 "https://aace.care/" "Mozilla/5.0 AppleWebKit/537.36 (KHTML, like Gecko; compatible; bingbot/2.0; +http://www.bing.com/bingbot.htm) Chrome/136.0.0.0 Safari/537.36 AppleWebKit/537.36 (KHTML, like Gecko; compatible; bingbot/2.0; +http://www.bing.com/bingbot.htm) Chrome/116.0.1938.76 Safari/537.36"
52.167.144.238 - - [09/Sep/2026:10:18:37 -0700] "GET /wp-includes/js/mediaelement/wp-mediaelement.min.css?ver=7.1 HTTP/1.1" 200 4186 "https://aace.care/" "Mozilla/5.0 AppleWebKit/537.36 (KHTML, like Gecko; compatible; bingbot/2.0; +http://www.bing.com/bingbot.htm) Chrome/136.0.0.0 Safari/537.36 AppleWebKit/537.36 (KHTML, like Gecko; compatible; bingbot/2.0; +http://www.bing.com/bingbot.htm) Chrome/116.0.1938.76 Safari/537.36"
52.167.144.238 - - [09/Sep/2026:10:18:38 -0700] "GET /wp-content/plugins/so-widgets-bundle/widgets/video/js/so-video-widget.min.js?ver=1.46.6 HTTP/1.1" 200 398 "https://aace.care/" "Mozilla/5.0 AppleWebKit/537.36 (KHTML, like Gecko; compatible; bingbot/2.0; +http://www.bing.com/bingbot.htm) Chrome/136.0.0.0 Safari/537.36 AppleWebKit/537.36 (KHTML, like Gecko; compatible; bingbot/2.0; +http://www.bing.com/bingbot.htm) Chrome/116.0.1938.76 Safari/537.36"
52.167.144.238 - - [09/Sep/2026:10:18:38 -0700] "GET /wp-content/plugins/smart-slider-3/Public/SmartSlider3/Application/Frontend/Assets/dist/smartslider-frontend.min.js?ver=e5da025b HTTP/1.1" 200 113544 "https://aace.care/" "Mozilla/5.0 AppleWebKit/537.36 (KHTML, like Gecko; compatible; bingbot/2.0; +http://www.bing.com/bingbot.htm) Chrome/136.0.0.0 Safari/537.36 AppleWebKit/537.36 (KHTML, like Gecko; compatible; bingbot/2.0; +http://www.bing.com/bingbot.htm) Chrome/116.0.1938.76 Safari/537.36"
207.46.13.64 - - [09/Sep/2026:10:18:44 -0700] "GET /wp-includes/js/mediaelement/mediaelementplayer-legacy.min.css?ver=4.2.17 HTTP/1.1" 200 11256 "https://aace.care/" "Mozilla/5.0 AppleWebKit/537.36 (KHTML, like Gecko; compatible; bingbot/2.0; +http://www.bing.com/bingbot.htm) Chrome/136.0.0.0 Safari/537.36 AppleWebKit/537.36 (KHTML, like Gecko; compatible; bingbot/2.0; +http://www.bing.com/bingbot.htm) Chrome/116.0.1938.76 Safari/537.36"
207.46.13.64 - - [09/Sep/2026:10:18:44 -0700] "GET /wp-content/uploads/siteorigin-widgets/sow-image-default-d6014b76747a-26.css?ver=7.1 HTTP/1.1" 200 562 "https://aace.care/" "Mozilla/5.0 AppleWebKit/537.36 (KHTML, like Gecko; compatible; bingbot/2.0; +http://www.bing.com/bingbot.htm) Chrome/136.0.0.0 Safari/537.36 AppleWebKit/537.36 (KHTML, like Gecko; compatible; bingbot/2.0; +http://www.bing.com/bingbot.htm) Chrome/116.0.1938.76 Safari/537.36"
207.46.13.64 - - [09/Sep/2026:10:18:44 -0700] "GET /wp-content/plugins/smart-slider-3/Public/SmartSlider3/Application/Frontend/Assets/dist/smartslider.min.css?ver=e5da025b HTTP/1.1" 200 22153 "https://aace.care/" "Mozilla/5.0 AppleWebKit/537.36 (KHTML, like Gecko; compatible; bingbot/2.0; +http://www.bing.com/bingbot.htm) Chrome/136.0.0.0 Safari/537.36 AppleWebKit/537.36 (KHTML, like Gecko; compatible; bingbot/2.0; +http://www.bing.com/bingbot.htm) Chrome/116.0.1938.76 Safari/537.36"
207.46.13.64 - - [09/Sep/2026:10:18:44 -0700] "GET /wp-content/plugins/smart-slider-3/Public/SmartSlider3/Slider/SliderType/Simple/Assets/dist/smartslider-backgroundanimation.min.js?ver=e5da025b HTTP/1.1" 200 27836 "https://aace.care/" "Mozilla/5.0 AppleWebKit/537.36 (KHTML, like Gecko; compatible; bingbot/2.0; +http://www.bing.com/bingbot.htm) Chrome/136.0.0.0 Safari/537.36 AppleWebKit/537.36 (KHTML, like Gecko; compatible; bingbot/2.0; +http://www.bing.com/bingbot.htm) Chrome/116.0.1938.76 Safari/537.36"
114.119.143.213 - - [09/Sep/2026:10:21:24 -0700] "GET /hospice-help-for-you-and-your-loved-one/ HTTP/1.1" 500 2704 "https://aace.care/hospice-help-for-you-and-your-loved-one/" "Mozilla/5.0 (Linux; Android 7.0;) AppleWebKit/537.36 (HTML, like Gecko) Mobile Safari/537.36 (compatible; PetalBot;+https://webmaster.petalsearch.com/site/petalbot)"
57.141.20.65 - - [09/Sep/2026:10:25:40 -0700] "GET / HTTP/1.1" 500 2704 "-" "Mozilla/5.0 (Windows NT 10.0; Win64; x64) AppleWebKit/537.36 (KHTML, like Gecko) Chrome/145.0.0.0 Safari/537.36 (compatible; meta-externalads/1.1 (+https://developers.facebook.com/docs/sharing/webmasters/crawler))"
43.130.105.21 - - [09/Sep/2026:10:26:33 -0700] "GET /comments/feed/ HTTP/1.1" 500 2704 "-" "Mozilla/5.0 (iPhone; CPU iPhone OS 13_2_3 like Mac OS X) AppleWebKit/605.1.15 (KHTML, like Gecko) Version/13.0.3 Mobile/15E148 Safari/604.1"
43.135.183.82 - - [09/Sep/2026:10:37:47 -0700] "GET /hospice-help-for-you-and-your-loved-one/feed/ HTTP/1.1" 500 2704 "-" "Mozilla/5.0 (iPhone; CPU iPhone OS 13_2_3 like Mac OS X) AppleWebKit/605.1.15 (KHTML, like Gecko) Version/13.0.3 Mobile/15E148 Safari/604.1"
170.106.140.110 - - [09/Sep/2026:10:41:55 -0700] "GET / HTTP/1.1" 500 2704 "http://aacehomecareinc.com" "Mozilla/5.0 (iPhone; CPU iPhone OS 13_2_3 like Mac OS X) AppleWebKit/605.1.15 (KHTML, like Gecko) Version/13.0.3 Mobile/15E148 Safari/604.1"
144.208.65.39 - - [09/Sep/2026:10:42:05 -0700] "POST /wp-cron.php?doing_wp_cron=1788975725.1718769073486328125000 HTTP/1.1" 200 - "-" "WordPress/7.1; https://aace.care"
106.255.253.74 - - [09/Sep/2026:10:42:04 -0700] "GET / HTTP/1.1" 200 107109 "-" "Python/3.9 aiohttp/3.13.3"
43.157.180.116 - - [09/Sep/2026:10:45:47 -0700] "GET /?p=349 HTTP/1.1" 500 2704 "-" "Mozilla/5.0 (iPhone; CPU iPhone OS 13_2_3 like Mac OS X) AppleWebKit/605.1.15 (KHTML, like Gecko) Version/13.0.3 Mobile/15E148 Safari/604.1"
216.73.217.15 - - [09/Sep/2026:10:51:10 -0700] "GET /robots.txt HTTP/1.1" 500 2704 "-" "Mozilla/5.0 AppleWebKit/537.36 (KHTML, like Gecko; compatible; ClaudeBot/1.0; +claudebot@anthropic.com)"
57.141.20.21 - - [09/Sep/2026:10:52:48 -0700] "GET / HTTP/1.1" 500 2704 "-" "Mozilla/5.0 (Windows NT 10.0; Win64; x64) AppleWebKit/537.36 (KHTML, like Gecko) Chrome/145.0.0.0 Safari/537.36 (compatible; meta-externalads/1.1 (+https://developers.facebook.com/docs/sharing/webmasters/crawler))"
86.99.34.149 - - [09/Sep/2026:10:53:29 -0700] "POST /xmlrpc.php HTTP/1.1" 500 - "-" "Mozilla/5.0 (Windows NT 10.0; x86) AppleWebKit/537.36 (KHTML, like Gecko) Firefox/81.0.0.0 Safari/537.36"
217.165.124.226 - - [09/Sep/2026:10:54:49 -0700] "POST /xmlrpc.php HTTP/1.1" 500 - "-" "WordPress.com; https://wordpress.com"
