144.208.65.39 - - [09/Sep/2026:10:55:00 -0700] "POST /wp-cron.php?doing_wp_cron=1788976500.6131350994110107421875 HTTP/1.1" 200 - "-" "WordPress/7.1; https://aace.care"
217.165.124.226 - - [09/Sep/2026:10:55:00 -0700] "POST /xmlrpc.php HTTP/1.1" 405 415 "-" "Jetpack by WordPress.com (Jetpack 12.1; WordPress 6.3)"
217.165.124.226 - - [09/Sep/2026:10:55:10 -0700] "POST /xmlrpc.php HTTP/1.1" 405 415 "-" "Jetpack by WordPress.com (Jetpack 12.5; WordPress 6.1)"
217.165.124.226 - - [09/Sep/2026:10:55:21 -0700] "POST /xmlrpc.php HTTP/1.1" 405 415 "-" "Jetpack by WordPress.com (Jetpack 12.1; WordPress 6.4)"
217.165.124.226 - - [09/Sep/2026:10:55:31 -0700] "POST /xmlrpc.php HTTP/1.1" 405 415 "-" "WordPress.com; https://wordpress.com"
217.165.124.226 - - [09/Sep/2026:10:55:42 -0700] "POST /xmlrpc.php HTTP/1.1" 405 415 "-" "WordPress.com; https://wordpress.com"
217.165.124.226 - - [09/Sep/2026:10:55:53 -0700] "POST /xmlrpc.php HTTP/1.1" 405 415 "-" "WordPress.com; https://wordpress.com"
144.208.65.39 - - [09/Sep/2026:10:56:04 -0700] "POST /wp-cron.php?doing_wp_cron=1788976564.1136279106140136718750 HTTP/1.1" 200 - "-" "WordPress/7.1; https://aace.care"
217.165.124.226 - - [09/Sep/2026:10:56:03 -0700] "POST /xmlrpc.php HTTP/1.1" 405 415 "-" "Jetpack/12.1; WordPress/6.3; http://site63672183.com"
217.165.124.226 - - [09/Sep/2026:10:56:14 -0700] "POST /xmlrpc.php HTTP/1.1" 405 415 "-" "Jetpack by WordPress.com"
217.165.124.226 - - [09/Sep/2026:10:56:24 -0700] "POST /xmlrpc.php HTTP/1.1" 405 415 "-" "Jetpack by WordPress.com (Jetpack 12.1; WordPress 6.2)"
217.165.124.226 - - [09/Sep/2026:10:56:35 -0700] "POST /xmlrpc.php HTTP/1.1" 405 415 "-" "WordPress.com; https://wordpress.com"
217.165.124.226 - - [09/Sep/2026:10:56:45 -0700] "POST /xmlrpc.php HTTP/1.1" 405 415 "-" "WordPress.com; https://wordpress.com"
217.165.124.226 - - [09/Sep/2026:10:56:56 -0700] "POST /xmlrpc.php HTTP/1.1" 405 415 "-" "Jetpack by WordPress.com (Jetpack 12.1; WordPress 6.1)"
144.208.65.39 - - [09/Sep/2026:10:57:07 -0700] "POST /wp-cron.php?doing_wp_cron=1788976627.2750229835510253906250 HTTP/1.1" 200 - "-" "WordPress/7.1; https://aace.care"
217.165.124.226 - - [09/Sep/2026:10:57:06 -0700] "POST /xmlrpc.php HTTP/1.1" 405 415 "-" "WordPress.com; https://wordpress.com"
217.165.124.226 - - [09/Sep/2026:10:57:17 -0700] "POST /xmlrpc.php HTTP/1.1" 405 415 "-" "Jetpack/12.0; WordPress/6.3; http://site20114023.com"
217.165.124.226 - - [09/Sep/2026:10:57:27 -0700] "POST /xmlrpc.php HTTP/1.1" 405 415 "-" "Jetpack by WordPress.com (Jetpack 13.0; WordPress 6.4)"
217.165.124.226 - - [09/Sep/2026:10:57:38 -0700] "POST /xmlrpc.php HTTP/1.1" 405 415 "-" "Jetpack/12.5; WordPress/6.4; http://site22074098.com"
217.165.124.226 - - [09/Sep/2026:10:57:48 -0700] "POST /xmlrpc.php HTTP/1.1" 405 415 "-" "Jetpack/13.0; WordPress/6.4; http://site37404321.com"
5.161.102.17 - - [09/Sep/2026:10:57:51 -0700] "GET / HTTP/1.1" 200 107109 "-" "Mozilla/5.0 (compatible; DesearchBot/1.0; +https://www.desearch.ai/crawler)"
217.165.124.226 - - [09/Sep/2026:10:57:59 -0700] "POST /xmlrpc.php HTTP/1.1" 405 415 "-" "Jetpack by WordPress.com (Jetpack 12.5; WordPress 6.4)"
144.208.65.39 - - [09/Sep/2026:10:58:10 -0700] "POST /wp-cron.php?doing_wp_cron=1788976690.5838649272918701171875 HTTP/1.1" 200 - "-" "WordPress/7.1; https://aace.care"
217.165.124.226 - - [09/Sep/2026:10:58:10 -0700] "POST /xmlrpc.php HTTP/1.1" 405 415 "-" "Jetpack/12.5; WordPress/6.3; http://site10860465.com"
217.165.124.226 - - [09/Sep/2026:10:58:20 -0700] "POST /xmlrpc.php HTTP/1.1" 405 415 "-" "Jetpack by WordPress.com"
217.165.124.226 - - [09/Sep/2026:10:58:31 -0700] "POST /xmlrpc.php HTTP/1.1" 405 415 "-" "Jetpack by WordPress.com (Jetpack 12.1; WordPress 6.4)"
43.130.110.130 - - [09/Sep/2026:10:58:32 -0700] "GET /?p=358 HTTP/1.1" 301 - "-" "Mozilla/5.0 (iPhone; CPU iPhone OS 13_2_3 like Mac OS X) AppleWebKit/605.1.15 (KHTML, like Gecko) Version/13.0.3 Mobile/15E148 Safari/604.1"
43.130.110.130 - - [09/Sep/2026:10:58:37 -0700] "GET /in-home-care-as-a-support-system-for-family-caregivers/ HTTP/1.1" 200 83566 "https://aace.care/?p=358" "Mozilla/5.0 (iPhone; CPU iPhone OS 13_2_3 like Mac OS X) AppleWebKit/605.1.15 (KHTML, like Gecko) Version/13.0.3 Mobile/15E148 Safari/604.1"
217.165.124.226 - - [09/Sep/2026:10:58:41 -0700] "POST /xmlrpc.php HTTP/1.1" 405 415 "-" "Jetpack by WordPress.com (Jetpack 12.1; WordPress 6.1)"
217.165.124.226 - - [09/Sep/2026:10:58:52 -0700] "POST /xmlrpc.php HTTP/1.1" 405 415 "-" "Jetpack/12.5; WordPress/6.1; http://site59759011.com"
217.165.124.226 - - [09/Sep/2026:10:59:02 -0700] "POST /xmlrpc.php HTTP/1.1" 405 415 "-" "Jetpack by WordPress.com (Jetpack 12.1; WordPress 6.4)"
144.208.65.39 - - [09/Sep/2026:10:59:13 -0700] "POST /wp-cron.php?doing_wp_cron=1788976753.8666501045227050781250 HTTP/1.1" 200 - "-" "WordPress/7.1; https://aace.care"
217.165.124.226 - - [09/Sep/2026:10:59:13 -0700] "POST /xmlrpc.php HTTP/1.1" 405 415 "-" "WordPress.com; https://wordpress.com"
217.165.124.226 - - [09/Sep/2026:10:59:23 -0700] "POST /xmlrpc.php HTTP/1.1" 405 415 "-" "Jetpack/12.0; WordPress/6.4; http://site87125284.com"
217.165.124.226 - - [09/Sep/2026:10:59:34 -0700] "POST /xmlrpc.php HTTP/1.1" 405 415 "-" "Jetpack by WordPress.com (Jetpack 12.1; WordPress 6.2)"
217.165.124.226 - - [09/Sep/2026:10:59:45 -0700] "POST /xmlrpc.php HTTP/1.1" 405 415 "-" "WordPress.com; https://wordpress.com"
217.165.124.226 - - [09/Sep/2026:10:59:55 -0700] "POST /xmlrpc.php HTTP/1.1" 405 415 "-" "Jetpack/13.0; WordPress/6.3; http://site25453676.com"
217.165.124.226 - - [09/Sep/2026:11:00:06 -0700] "POST /xmlrpc.php HTTP/1.1" 405 415 "-" "WordPress.com; https://wordpress.com"
144.208.65.39 - - [09/Sep/2026:11:00:17 -0700] "POST /wp-cron.php?doing_wp_cron=1788976817.4563920497894287109375 HTTP/1.1" 200 - "-" "WordPress/7.1; https://aace.care"
217.165.124.226 - - [09/Sep/2026:11:00:16 -0700] "POST /xmlrpc.php HTTP/1.1" 405 415 "-" "Jetpack by WordPress.com"
217.165.124.226 - - [09/Sep/2026:11:00:27 -0700] "POST /xmlrpc.php HTTP/1.1" 405 415 "-" "Jetpack/12.0; WordPress/6.2; http://site69993024.com"
217.165.124.226 - - [09/Sep/2026:11:00:37 -0700] "POST /xmlrpc.php HTTP/1.1" 405 415 "-" "Jetpack by WordPress.com"
217.165.124.226 - - [09/Sep/2026:11:00:48 -0700] "POST /xmlrpc.php HTTP/1.1" 405 415 "-" "Jetpack by WordPress.com (Jetpack 12.5; WordPress 6.3)"
217.165.124.226 - - [09/Sep/2026:11:00:58 -0700] "POST /xmlrpc.php HTTP/1.1" 405 415 "-" "Jetpack by WordPress.com (Jetpack 12.1; WordPress 6.2)"
217.165.124.226 - - [09/Sep/2026:11:01:09 -0700] "POST /xmlrpc.php HTTP/1.1" 405 415 "-" "Jetpack by WordPress.com"
144.208.65.39 - - [09/Sep/2026:11:01:20 -0700] "POST /wp-cron.php?doing_wp_cron=1788976880.6401278972625732421875 HTTP/1.1" 200 - "-" "WordPress/7.1; https://aace.care"
217.165.124.226 - - [09/Sep/2026:11:01:20 -0700] "POST /xmlrpc.php HTTP/1.1" 405 415 "-" "Jetpack/12.5; WordPress/6.3; http://site14483737.com"
217.165.124.226 - - [09/Sep/2026:11:01:30 -0700] "POST /xmlrpc.php HTTP/1.1" 405 415 "-" "WordPress.com; https://wordpress.com"
217.165.124.226 - - [09/Sep/2026:11:01:41 -0700] "POST /xmlrpc.php HTTP/1.1" 405 415 "-" "WordPress.com; https://wordpress.com"
217.165.124.226 - - [09/Sep/2026:11:01:51 -0700] "POST /xmlrpc.php HTTP/1.1" 405 415 "-" "WordPress.com; https://wordpress.com"
217.165.124.226 - - [09/Sep/2026:11:02:02 -0700] "POST /xmlrpc.php HTTP/1.1" 405 415 "-" "WordPress.com; https://wordpress.com"
217.165.124.226 - - [09/Sep/2026:11:02:12 -0700] "POST /xmlrpc.php HTTP/1.1" 405 415 "-" "Jetpack by WordPress.com"
144.208.65.39 - - [09/Sep/2026:11:02:23 -0700] "POST /wp-cron.php?doing_wp_cron=1788976943.7617089748382568359375 HTTP/1.1" 200 - "-" "WordPress/7.1; https://aace.care"
217.165.124.226 - - [09/Sep/2026:11:02:23 -0700] "POST /xmlrpc.php HTTP/1.1" 405 415 "-" "Jetpack by WordPress.com"
217.165.124.226 - - [09/Sep/2026:11:02:33 -0700] "POST /xmlrpc.php HTTP/1.1" 405 415 "-" "WordPress.com; https://wordpress.com"
217.165.124.226 - - [09/Sep/2026:11:02:44 -0700] "POST /xmlrpc.php HTTP/1.1" 405 415 "-" "Jetpack by WordPress.com (Jetpack 12.0; WordPress 6.1)"
213.209.159.84 - - [09/Sep/2026:11:02:54 -0700] "GET / HTTP/1.1" 200 107134 "-" "Mozilla/5.0 (Linux; Android 10; K) AppleWebKit/537.36 (KHTML, like Gecko) Chrome/131.0.0.0 Mobile Safari/537.36 [ip:93.41.125.186]"
217.165.124.226 - - [09/Sep/2026:11:02:54 -0700] "POST /xmlrpc.php HTTP/1.1" 405 415 "-" "Jetpack by WordPress.com"
213.209.159.84 - - [09/Sep/2026:11:03:00 -0700] "GET /our-story/ HTTP/1.1" 500 2704 "-" "Mozilla/5.0 (Linux; Android 10; K) AppleWebKit/537.36 (KHTML, like Gecko) Chrome/131.0.0.0 Mobile Safari/537.36 [ip:93.41.125.186]"
213.209.159.84 - - [09/Sep/2026:11:03:00 -0700] "GET /faqs/ HTTP/1.1" 500 2704 "-" "Mozilla/5.0 (Linux; Android 10; K) AppleWebKit/537.36 (KHTML, like Gecko) Chrome/131.0.0.0 Mobile Safari/537.36 [ip:93.41.125.186]"
213.209.159.84 - - [09/Sep/2026:11:03:00 -0700] "GET / HTTP/1.1" 500 2704 "-" "Mozilla/5.0 (Linux; Android 10; K) AppleWebKit/537.36 (KHTML, like Gecko) Chrome/131.0.0.0 Mobile Safari/537.36 [ip:93.41.125.186]"
213.209.159.84 - - [09/Sep/2026:11:03:00 -0700] "GET /community/ HTTP/1.1" 500 2704 "-" "Mozilla/5.0 (Linux; Android 10; K) AppleWebKit/537.36 (KHTML, like Gecko) Chrome/131.0.0.0 Mobile Safari/537.36 [ip:93.41.125.186]"
213.209.159.84 - - [09/Sep/2026:11:03:00 -0700] "GET / HTTP/1.1" 200 107134 "-" "Mozilla/5.0 (Linux; Android 10; K) AppleWebKit/537.36 (KHTML, like Gecko) Chrome/131.0.0.0 Mobile Safari/537.36 [ip:93.41.125.186]"
213.209.159.84 - - [09/Sep/2026:11:03:00 -0700] "GET /contact/ HTTP/1.1" 200 84111 "-" "Mozilla/5.0 (Linux; Android 10; K) AppleWebKit/537.36 (KHTML, like Gecko) Chrome/131.0.0.0 Mobile Safari/537.36 [ip:93.41.125.186]"
213.209.159.84 - - [09/Sep/2026:11:03:00 -0700] "GET /services/ HTTP/1.1" 200 87083 "-" "Mozilla/5.0 (Linux; Android 10; K) AppleWebKit/537.36 (KHTML, like Gecko) Chrome/131.0.0.0 Mobile Safari/537.36 [ip:93.41.125.186]"
213.209.159.84 - - [09/Sep/2026:11:03:00 -0700] "GET /careers/ HTTP/1.1" 200 72010 "-" "Mozilla/5.0 (Linux; Android 10; K) AppleWebKit/537.36 (KHTML, like Gecko) Chrome/131.0.0.0 Mobile Safari/537.36 [ip:93.41.125.186]"
213.209.159.84 - - [09/Sep/2026:11:03:01 -0700] "GET / HTTP/1.1" 200 107134 "http://aace.care/" "Mozilla/5.0 (Linux; Android 10; K) AppleWebKit/537.36 (KHTML, like Gecko) Chrome/131.0.0.0 Mobile Safari/537.36 [ip:93.41.125.186]"
217.165.124.226 - - [09/Sep/2026:11:03:05 -0700] "POST /xmlrpc.php HTTP/1.1" 405 415 "-" "Jetpack by WordPress.com"
213.209.159.84 - - [09/Sep/2026:11:03:07 -0700] "GET /contact/ HTTP/1.1" 200 84111 "-" "Mozilla/5.0 (Linux; Android 10; K) AppleWebKit/537.36 (KHTML, like Gecko) Chrome/131.0.0.0 Mobile Safari/537.36 [ip:93.41.125.186]"
213.209.159.84 - - [09/Sep/2026:11:03:08 -0700] "GET /services/ HTTP/1.1" 200 87083 "-" "Mozilla/5.0 (Linux; Android 10; K) AppleWebKit/537.36 (KHTML, like Gecko) Chrome/131.0.0.0 Mobile Safari/537.36 [ip:93.41.125.186]"
213.209.159.84 - - [09/Sep/2026:11:03:08 -0700] "GET /services/ HTTP/1.1" 200 87083 "-" "Mozilla/5.0 (Linux; Android 10; K) AppleWebKit/537.36 (KHTML, like Gecko) Chrome/131.0.0.0 Mobile Safari/537.36 [ip:93.41.125.186]"
213.209.159.84 - - [09/Sep/2026:11:03:08 -0700] "GET /contact/ HTTP/1.1" 200 84111 "-" "Mozilla/5.0 (Linux; Android 10; K) AppleWebKit/537.36 (KHTML, like Gecko) Chrome/131.0.0.0 Mobile Safari/537.36 [ip:93.41.125.186]"
213.209.159.84 - - [09/Sep/2026:11:03:08 -0700] "GET /hospice-help-for-you-and-your-loved-one/ HTTP/1.1" 200 82378 "-" "Mozilla/5.0 (Linux; Android 10; K) AppleWebKit/537.36 (KHTML, like Gecko) Chrome/131.0.0.0 Mobile Safari/537.36 [ip:93.41.125.186]"
213.209.159.84 - - [09/Sep/2026:11:03:08 -0700] "GET /careers/ HTTP/1.1" 200 72010 "-" "Mozilla/5.0 (Linux; Android 10; K) AppleWebKit/537.36 (KHTML, like Gecko) Chrome/131.0.0.0 Mobile Safari/537.36 [ip:93.41.125.186]"
213.209.159.84 - - [09/Sep/2026:11:03:08 -0700] "GET /in-home-care-as-a-support-system-for-family-caregivers/ HTTP/1.1" 200 83566 "-" "Mozilla/5.0 (Linux; Android 10; K) AppleWebKit/537.36 (KHTML, like Gecko) Chrome/131.0.0.0 Mobile Safari/537.36 [ip:93.41.125.186]"
213.209.159.84 - - [09/Sep/2026:11:03:08 -0700] "GET /author/rosemarie-miller/ HTTP/1.1" 200 84203 "-" "Mozilla/5.0 (Linux; Android 10; K) AppleWebKit/537.36 (KHTML, like Gecko) Chrome/131.0.0.0 Mobile Safari/537.36 [ip:93.41.125.186]"
213.209.159.84 - - [09/Sep/2026:11:03:08 -0700] "GET /careers/ HTTP/1.1" 200 72010 "-" "Mozilla/5.0 (Linux; Android 10; K) AppleWebKit/537.36 (KHTML, like Gecko) Chrome/131.0.0.0 Mobile Safari/537.36 [ip:93.41.125.186]"
217.165.124.226 - - [09/Sep/2026:11:03:15 -0700] "POST /xmlrpc.php HTTP/1.1" 405 415 "-" "Jetpack by WordPress.com"
213.209.159.84 - - [09/Sep/2026:11:03:15 -0700] "GET /in-home-care-as-a-support-system-for-family-caregivers/ HTTP/1.1" 200 83566 "-" "Mozilla/5.0 (Linux; Android 10; K) AppleWebKit/537.36 (KHTML, like Gecko) Chrome/131.0.0.0 Mobile Safari/537.36 [ip:93.41.125.186]"
213.209.159.84 - - [09/Sep/2026:11:03:15 -0700] "GET /in-home-care-as-a-support-system-for-family-caregivers/ HTTP/1.1" 200 83566 "-" "Mozilla/5.0 (Linux; Android 10; K) AppleWebKit/537.36 (KHTML, like Gecko) Chrome/131.0.0.0 Mobile Safari/537.36 [ip:93.41.125.186]"
213.209.159.84 - - [09/Sep/2026:11:03:15 -0700] "GET /author/rosemarie-miller/ HTTP/1.1" 200 84203 "-" "Mozilla/5.0 (Linux; Android 10; K) AppleWebKit/537.36 (KHTML, like Gecko) Chrome/131.0.0.0 Mobile Safari/537.36 [ip:93.41.125.186]"
213.209.159.84 - - [09/Sep/2026:11:03:15 -0700] "GET /hospice-help-for-you-and-your-loved-one/ HTTP/1.1" 200 82378 "-" "Mozilla/5.0 (Linux; Android 10; K) AppleWebKit/537.36 (KHTML, like Gecko) Chrome/131.0.0.0 Mobile Safari/537.36 [ip:93.41.125.186]"
213.209.159.84 - - [09/Sep/2026:11:03:15 -0700] "GET /author/rosemarie-miller/ HTTP/1.1" 200 84203 "-" "Mozilla/5.0 (Linux; Android 10; K) AppleWebKit/537.36 (KHTML, like Gecko) Chrome/131.0.0.0 Mobile Safari/537.36 [ip:93.41.125.186]"
213.209.159.84 - - [09/Sep/2026:11:03:15 -0700] "GET /in-home-care-as-a-support-system-for-family-caregivers/ HTTP/1.1" 200 83566 "-" "Mozilla/5.0 (Linux; Android 10; K) AppleWebKit/537.36 (KHTML, like Gecko) Chrome/131.0.0.0 Mobile Safari/537.36 [ip:93.41.125.186]"
213.209.159.84 - - [09/Sep/2026:11:03:15 -0700] "GET /hospice-help-for-you-and-your-loved-one/ HTTP/1.1" 200 82378 "-" "Mozilla/5.0 (Linux; Android 10; K) AppleWebKit/537.36 (KHTML, like Gecko) Chrome/131.0.0.0 Mobile Safari/537.36 [ip:93.41.125.186]"
213.209.159.84 - - [09/Sep/2026:11:03:15 -0700] "GET /hospice-help-for-you-and-your-loved-one/ HTTP/1.1" 200 82378 "-" "Mozilla/5.0 (Linux; Android 10; K) AppleWebKit/537.36 (KHTML, like Gecko) Chrome/131.0.0.0 Mobile Safari/537.36 [ip:93.41.125.186]"
213.209.159.84 - - [09/Sep/2026:11:03:22 -0700] "GET /wp-includes/js/wp-emoji-loader.min.js HTTP/1.1" 200 2977 "-" "Mozilla/5.0 (Linux; Android 10; K) AppleWebKit/537.36 (KHTML, like Gecko) Chrome/131.0.0.0 Mobile Safari/537.36 [ip:93.41.125.186]"
213.209.159.84 - - [09/Sep/2026:11:03:22 -0700] "GET /wp-includes/js/mediaelement/mediaelement-migrate.min.js?ver=7.1 HTTP/1.1" 200 1191 "-" "Mozilla/5.0 (Linux; Android 10; K) AppleWebKit/537.36 (KHTML, like Gecko) Chrome/131.0.0.0 Mobile Safari/537.36 [ip:93.41.125.186]"
213.209.159.84 - - [09/Sep/2026:11:03:22 -0700] "GET /wp-includes/js/mediaelement/mediaelement-migrate.min.js HTTP/1.1" 200 1191 "-" "Mozilla/5.0 (Linux; Android 10; K) AppleWebKit/537.36 (KHTML, like Gecko) Chrome/131.0.0.0 Mobile Safari/537.36 [ip:93.41.125.186]"
213.209.159.84 - - [09/Sep/2026:11:03:22 -0700] "GET /wp-includes/js/comment-reply.min.js?ver=7.1 HTTP/1.1" 200 2950 "-" "Mozilla/5.0 (Linux; Android 10; K) AppleWebKit/537.36 (KHTML, like Gecko) Chrome/131.0.0.0 Mobile Safari/537.36 [ip:93.41.125.186]"
213.209.159.84 - - [09/Sep/2026:11:03:22 -0700] "GET /wp-includes/js/comment-reply.min.js HTTP/1.1" 200 2950 "-" "Mozilla/5.0 (Linux; Android 10; K) AppleWebKit/537.36 (KHTML, like Gecko) Chrome/131.0.0.0 Mobile Safari/537.36 [ip:93.41.125.186]"
213.209.159.84 - - [09/Sep/2026:11:03:22 -0700] "GET /wp-includes/js/wp-emoji-release.min.js HTTP/1.1" 200 22752 "-" "Mozilla/5.0 (Linux; Android 10; K) AppleWebKit/537.36 (KHTML, like Gecko) Chrome/131.0.0.0 Mobile Safari/537.36 [ip:93.41.125.186]"
213.209.159.84 - - [09/Sep/2026:11:03:22 -0700] "GET /wp-includes/js/mediaelement/mediaelement-and-player.min.js?ver=4.2.17 HTTP/1.1" 200 158005 "-" "Mozilla/5.0 (Linux; Android 10; K) AppleWebKit/537.36 (KHTML, like Gecko) Chrome/131.0.0.0 Mobile Safari/537.36 [ip:93.41.125.186]"
213.209.159.84 - - [09/Sep/2026:11:03:22 -0700] "GET /wp-includes/js/mediaelement/mediaelement-and-player.min.js HTTP/1.1" 200 158005 "-" "Mozilla/5.0 (Linux; Android 10; K) AppleWebKit/537.36 (KHTML, like Gecko) Chrome/131.0.0.0 Mobile Safari/537.36 [ip:93.41.125.186]"
217.165.124.226 - - [09/Sep/2026:11:03:26 -0700] "POST /xmlrpc.php HTTP/1.1" 405 415 "-" "Jetpack by WordPress.com (Jetpack 12.5; WordPress 6.2)"
217.165.124.226 - - [09/Sep/2026:11:03:36 -0700] "POST /xmlrpc.php HTTP/1.1" 405 415 "-" "WordPress.com; https://wordpress.com"
217.165.124.226 - - [09/Sep/2026:11:03:47 -0700] "POST /xmlrpc.php HTTP/1.1" 405 415 "-" "WordPress.com; https://wordpress.com"
217.165.124.226 - - [09/Sep/2026:11:03:57 -0700] "POST /xmlrpc.php HTTP/1.1" 405 415 "-" "Jetpack by WordPress.com"
217.165.124.226 - - [09/Sep/2026:11:04:08 -0700] "POST /xmlrpc.php HTTP/1.1" 405 415 "-" "WordPress.com; https://wordpress.com"
217.165.124.226 - - [09/Sep/2026:11:04:18 -0700] "POST /xmlrpc.php HTTP/1.1" 405 415 "-" "WordPress.com; https://wordpress.com"
144.208.65.39 - - [09/Sep/2026:11:04:29 -0700] "POST /wp-cron.php?doing_wp_cron=1788977069.9056730270385742187500 HTTP/1.1" 200 - "-" "WordPress/7.1; https://aace.care"
217.165.124.226 - - [09/Sep/2026:11:04:29 -0700] "POST /xmlrpc.php HTTP/1.1" 405 415 "-" "Jetpack/12.5; WordPress/6.1; http://site70782662.com"
217.165.124.226 - - [09/Sep/2026:11:04:39 -0700] "POST /xmlrpc.php HTTP/1.1" 405 415 "-" "Jetpack by WordPress.com"
217.165.124.226 - - [09/Sep/2026:11:04:50 -0700] "POST /xmlrpc.php HTTP/1.1" 405 415 "-" "WordPress.com; https://wordpress.com"
217.165.124.226 - - [09/Sep/2026:11:05:00 -0700] "POST /xmlrpc.php HTTP/1.1" 405 415 "-" "Jetpack by WordPress.com"
217.165.124.226 - - [09/Sep/2026:11:05:11 -0700] "POST /xmlrpc.php HTTP/1.1" 405 415 "-" "WordPress.com; https://wordpress.com"
5.255.99.75 - - [09/Sep/2026:11:05:15 -0700] "GET / HTTP/1.1" 200 107109 "http://aace.care" "Mozilla/5.0 (Windows NT 10.0; Win64; x64) AppleWebKit/537.36 (KHTML, like Gecko) Chrome/114.0.0.0 Safari/537.36"
217.165.124.226 - - [09/Sep/2026:11:05:21 -0700] "POST /xmlrpc.php HTTP/1.1" 405 415 "-" "Jetpack by WordPress.com"
144.208.65.39 - - [09/Sep/2026:11:05:32 -0700] "POST /wp-cron.php?doing_wp_cron=1788977132.9541110992431640625000 HTTP/1.1" 200 - "-" "WordPress/7.1; https://aace.care"
217.165.124.226 - - [09/Sep/2026:11:05:32 -0700] "POST /xmlrpc.php HTTP/1.1" 405 415 "-" "Jetpack/13.0; WordPress/6.1; http://site18737984.com"
217.165.124.226 - - [09/Sep/2026:11:05:44 -0700] "POST /xmlrpc.php HTTP/1.1" 405 415 "-" "WordPress.com; https://wordpress.com"
217.165.124.226 - - [09/Sep/2026:11:05:53 -0700] "POST /xmlrpc.php HTTP/1.1" 405 415 "-" "Jetpack/13.0; WordPress/6.4; http://site28484691.com"
217.165.124.226 - - [09/Sep/2026:11:06:04 -0700] "POST /xmlrpc.php HTTP/1.1" 405 415 "-" "Jetpack/12.1; WordPress/6.1; http://site11802849.com"
217.165.124.226 - - [09/Sep/2026:11:06:14 -0700] "POST /xmlrpc.php HTTP/1.1" 405 415 "-" "Jetpack by WordPress.com"
217.165.124.226 - - [09/Sep/2026:11:06:25 -0700] "POST /xmlrpc.php HTTP/1.1" 405 415 "-" "Jetpack by WordPress.com (Jetpack 12.0; WordPress 6.1)"
144.208.65.39 - - [09/Sep/2026:11:06:36 -0700] "POST /wp-cron.php?doing_wp_cron=1788977196.3980710506439208984375 HTTP/1.1" 200 - "-" "WordPress/7.1; https://aace.care"
217.165.124.226 - - [09/Sep/2026:11:06:35 -0700] "POST /xmlrpc.php HTTP/1.1" 405 415 "-" "Jetpack/12.0; WordPress/6.3; http://site12798384.com"
217.165.124.226 - - [09/Sep/2026:11:06:46 -0700] "POST /xmlrpc.php HTTP/1.1" 405 415 "-" "Jetpack by WordPress.com (Jetpack 12.5; WordPress 6.2)"
217.165.124.226 - - [09/Sep/2026:11:06:57 -0700] "POST /xmlrpc.php HTTP/1.1" 405 415 "-" "Jetpack by WordPress.com (Jetpack 13.0; WordPress 6.4)"
217.165.124.226 - - [09/Sep/2026:11:07:07 -0700] "POST /xmlrpc.php HTTP/1.1" 405 415 "-" "Jetpack by WordPress.com"
217.165.124.226 - - [09/Sep/2026:11:07:18 -0700] "POST /xmlrpc.php HTTP/1.1" 405 415 "-" "Jetpack by WordPress.com"
43.164.190.28 - - [09/Sep/2026:11:07:25 -0700] "GET /in-home-care-as-a-support-system-for-family-caregivers/?utm_source=rss&utm_medium=rss&utm_campaign=in-home-care-as-a-support-system-for-family-caregivers HTTP/1.1" 200 83674 "-" "Mozilla/5.0 (iPhone; CPU iPhone OS 13_2_3 like Mac OS X) AppleWebKit/605.1.15 (KHTML, like Gecko) Version/13.0.3 Mobile/15E148 Safari/604.1"
217.165.124.226 - - [09/Sep/2026:11:07:28 -0700] "POST /xmlrpc.php HTTP/1.1" 405 415 "-" "Jetpack by WordPress.com (Jetpack 12.5; WordPress 6.1)"
144.208.65.39 - - [09/Sep/2026:11:07:39 -0700] "POST /wp-cron.php?doing_wp_cron=1788977259.8623039722442626953125 HTTP/1.1" 200 - "-" "WordPress/7.1; https://aace.care"
217.165.124.226 - - [09/Sep/2026:11:07:39 -0700] "POST /xmlrpc.php HTTP/1.1" 405 415 "-" "Jetpack/12.5; WordPress/6.1; http://site71408305.com"
217.165.124.226 - - [09/Sep/2026:11:07:49 -0700] "POST /xmlrpc.php HTTP/1.1" 405 415 "-" "WordPress.com; https://wordpress.com"
217.165.124.226 - - [09/Sep/2026:11:08:00 -0700] "POST /xmlrpc.php HTTP/1.1" 405 415 "-" "WordPress.com; https://wordpress.com"
217.165.124.226 - - [09/Sep/2026:11:08:10 -0700] "POST /xmlrpc.php HTTP/1.1" 405 415 "-" "WordPress.com; https://wordpress.com"
217.165.124.226 - - [09/Sep/2026:11:08:21 -0700] "POST /xmlrpc.php HTTP/1.1" 405 415 "-" "WordPress.com; https://wordpress.com"
217.165.124.226 - - [09/Sep/2026:11:08:32 -0700] "POST /xmlrpc.php HTTP/1.1" 405 415 "-" "Jetpack by WordPress.com (Jetpack 12.5; WordPress 6.3)"
144.208.65.39 - - [09/Sep/2026:11:08:43 -0700] "POST /wp-cron.php?doing_wp_cron=1788977323.1461040973663330078125 HTTP/1.1" 200 - "-" "WordPress/7.1; https://aace.care"
217.165.124.226 - - [09/Sep/2026:11:08:42 -0700] "POST /xmlrpc.php HTTP/1.1" 405 415 "-" "WordPress.com; https://wordpress.com"
100.28.49.152 - - [09/Sep/2026:11:08:52 -0700] "GET /services/ HTTP/1.1" 200 87058 "-" "Mozilla/5.0 AppleWebKit/537.36 (KHTML, like Gecko; compatible; Amazonbot/0.1; +https://developer.amazon.com/support/amazonbot) Chrome/119.0.6045.214 Safari/537.36"
217.165.124.226 - - [09/Sep/2026:11:08:53 -0700] "POST /xmlrpc.php HTTP/1.1" 405 415 "-" "Jetpack/12.1; WordPress/6.4; http://site92947556.com"
217.165.124.226 - - [09/Sep/2026:11:09:03 -0700] "POST /xmlrpc.php HTTP/1.1" 405 415 "-" "WordPress.com; https://wordpress.com"
217.165.124.226 - - [09/Sep/2026:11:09:14 -0700] "POST /xmlrpc.php HTTP/1.1" 405 415 "-" "Jetpack/12.5; WordPress/6.3; http://site20226992.com"
173.252.87.4 - - [09/Sep/2026:11:09:22 -0700] "GET /meta.json HTTP/1.1" 404 69100 "-" "facebookexternalhit/1.1 (+http://www.facebook.com/externalhit_uatext.php)"
217.165.124.226 - - [09/Sep/2026:11:09:24 -0700] "POST /xmlrpc.php HTTP/1.1" 405 415 "-" "Jetpack/12.5; WordPress/6.2; http://site71169380.com"
217.165.124.226 - - [09/Sep/2026:11:09:35 -0700] "POST /xmlrpc.php HTTP/1.1" 405 415 "-" "Jetpack/12.1; WordPress/6.2; http://site13057502.com"
144.208.65.39 - - [09/Sep/2026:11:09:46 -0700] "POST /wp-cron.php?doing_wp_cron=1788977386.3714261054992675781250 HTTP/1.1" 200 - "-" "WordPress/7.1; https://aace.care"
217.165.124.226 - - [09/Sep/2026:11:09:45 -0700] "POST /xmlrpc.php HTTP/1.1" 405 415 "-" "WordPress.com; https://wordpress.com"
217.165.124.226 - - [09/Sep/2026:11:09:56 -0700] "POST /xmlrpc.php HTTP/1.1" 405 415 "-" "Jetpack/12.1; WordPress/6.4; http://site50778679.com"
217.165.124.226 - - [09/Sep/2026:11:10:07 -0700] "POST /xmlrpc.php HTTP/1.1" 405 415 "-" "WordPress.com; https://wordpress.com"
217.165.124.226 - - [09/Sep/2026:11:10:17 -0700] "POST /xmlrpc.php HTTP/1.1" 405 415 "-" "Jetpack by WordPress.com (Jetpack 12.1; WordPress 6.1)"
217.165.124.226 - - [09/Sep/2026:11:10:28 -0700] "POST /xmlrpc.php HTTP/1.1" 405 415 "-" "Jetpack by WordPress.com"
217.165.124.226 - - [09/Sep/2026:11:10:38 -0700] "POST /xmlrpc.php HTTP/1.1" 405 415 "-" "Jetpack by WordPress.com (Jetpack 12.0; WordPress 6.4)"
144.208.65.39 - - [09/Sep/2026:11:10:49 -0700] "POST /wp-cron.php?doing_wp_cron=1788977449.4223289489746093750000 HTTP/1.1" 200 - "-" "WordPress/7.1; https://aace.care"
217.165.124.226 - - [09/Sep/2026:11:10:48 -0700] "POST /xmlrpc.php HTTP/1.1" 405 415 "-" "Jetpack by WordPress.com"
217.165.124.226 - - [09/Sep/2026:11:10:59 -0700] "POST /xmlrpc.php HTTP/1.1" 405 415 "-" "Jetpack by WordPress.com"
217.165.124.226 - - [09/Sep/2026:11:11:10 -0700] "POST /xmlrpc.php HTTP/1.1" 405 415 "-" "WordPress.com; https://wordpress.com"
217.165.124.226 - - [09/Sep/2026:11:11:20 -0700] "POST /xmlrpc.php HTTP/1.1" 405 415 "-" "Jetpack by WordPress.com (Jetpack 12.5; WordPress 6.1)"
217.165.124.226 - - [09/Sep/2026:11:11:31 -0700] "POST /xmlrpc.php HTTP/1.1" 405 415 "-" "Jetpack by WordPress.com"
217.165.124.226 - - [09/Sep/2026:11:11:42 -0700] "POST /xmlrpc.php HTTP/1.1" 405 415 "-" "Jetpack by WordPress.com (Jetpack 12.1; WordPress 6.2)"
144.208.65.39 - - [09/Sep/2026:11:11:53 -0700] "POST /wp-cron.php?doing_wp_cron=1788977513.0079150199890136718750 HTTP/1.1" 200 - "-" "WordPress/7.1; https://aace.care"
217.165.124.226 - - [09/Sep/2026:11:11:52 -0700] "POST /xmlrpc.php HTTP/1.1" 405 415 "-" "Jetpack by WordPress.com"
217.165.124.226 - - [09/Sep/2026:11:12:03 -0700] "POST /xmlrpc.php HTTP/1.1" 405 415 "-" "WordPress.com; https://wordpress.com"
217.165.124.226 - - [09/Sep/2026:11:12:13 -0700] "POST /xmlrpc.php HTTP/1.1" 405 415 "-" "Jetpack/12.0; WordPress/6.3; http://site63448923.com"
217.165.124.226 - - [09/Sep/2026:11:12:24 -0700] "POST /xmlrpc.php HTTP/1.1" 405 415 "-" "WordPress.com; https://wordpress.com"
217.165.124.226 - - [09/Sep/2026:11:12:34 -0700] "POST /xmlrpc.php HTTP/1.1" 405 415 "-" "Jetpack by WordPress.com"
217.165.124.226 - - [09/Sep/2026:11:12:45 -0700] "POST /xmlrpc.php HTTP/1.1" 405 415 "-" "Jetpack by WordPress.com"
144.208.65.39 - - [09/Sep/2026:11:12:56 -0700] "POST /wp-cron.php?doing_wp_cron=1788977576.4404509067535400390625 HTTP/1.1" 200 - "-" "WordPress/7.1; https://aace.care"
217.165.124.226 - - [09/Sep/2026:11:12:55 -0700] "POST /xmlrpc.php HTTP/1.1" 405 415 "-" "Jetpack/12.5; WordPress/6.3; http://site53890359.com"
217.165.124.226 - - [09/Sep/2026:11:13:06 -0700] "POST /xmlrpc.php HTTP/1.1" 405 415 "-" "Jetpack/12.1; WordPress/6.3; http://site23130318.com"
217.165.124.226 - - [09/Sep/2026:11:13:17 -0700] "POST /xmlrpc.php HTTP/1.1" 405 415 "-" "Jetpack by WordPress.com"
217.165.124.226 - - [09/Sep/2026:11:13:27 -0700] "POST /xmlrpc.php HTTP/1.1" 405 415 "-" "WordPress.com; https://wordpress.com"
217.165.124.226 - - [09/Sep/2026:11:13:38 -0700] "POST /xmlrpc.php HTTP/1.1" 405 415 "-" "Jetpack by WordPress.com (Jetpack 12.5; WordPress 6.1)"
217.165.124.226 - - [09/Sep/2026:11:13:48 -0700] "POST /xmlrpc.php HTTP/1.1" 405 415 "-" "Jetpack by WordPress.com"
144.208.65.39 - - [09/Sep/2026:11:13:59 -0700] "POST /wp-cron.php?doing_wp_cron=1788977639.8000450134277343750000 HTTP/1.1" 200 - "-" "WordPress/7.1; https://aace.care"
217.165.124.226 - - [09/Sep/2026:11:13:59 -0700] "POST /xmlrpc.php HTTP/1.1" 405 415 "-" "Jetpack by WordPress.com (Jetpack 13.0; WordPress 6.4)"
217.165.124.226 - - [09/Sep/2026:11:14:09 -0700] "POST /xmlrpc.php HTTP/1.1" 405 415 "-" "Jetpack by WordPress.com"
217.165.124.226 - - [09/Sep/2026:11:14:20 -0700] "POST /xmlrpc.php HTTP/1.1" 405 415 "-" "WordPress.com; https://wordpress.com"
217.165.124.226 - - [09/Sep/2026:11:14:30 -0700] "POST /xmlrpc.php HTTP/1.1" 405 415 "-" "Jetpack by WordPress.com"
217.165.124.226 - - [09/Sep/2026:11:14:41 -0700] "POST /xmlrpc.php HTTP/1.1" 405 415 "-" "Jetpack/13.0; WordPress/6.4; http://site92992665.com"
217.165.124.226 - - [09/Sep/2026:11:14:52 -0700] "POST /xmlrpc.php HTTP/1.1" 405 415 "-" "WordPress.com; https://wordpress.com"
144.208.65.39 - - [09/Sep/2026:11:15:03 -0700] "POST /wp-cron.php?doing_wp_cron=1788977703.1725010871887207031250 HTTP/1.1" 200 - "-" "WordPress/7.1; https://aace.care"
217.165.124.226 - - [09/Sep/2026:11:15:02 -0700] "POST /xmlrpc.php HTTP/1.1" 405 415 "-" "Jetpack by WordPress.com"
217.165.124.226 - - [09/Sep/2026:11:15:13 -0700] "POST /xmlrpc.php HTTP/1.1" 405 415 "-" "Jetpack/13.0; WordPress/6.2; http://site26092915.com"
217.165.124.226 - - [09/Sep/2026:11:15:23 -0700] "POST /xmlrpc.php HTTP/1.1" 405 415 "-" "Jetpack/12.0; WordPress/6.2; http://site39296914.com"
217.165.124.226 - - [09/Sep/2026:11:15:34 -0700] "POST /xmlrpc.php HTTP/1.1" 405 415 "-" "Jetpack by WordPress.com"
217.165.124.226 - - [09/Sep/2026:11:15:44 -0700] "POST /xmlrpc.php HTTP/1.1" 405 415 "-" "Jetpack by WordPress.com (Jetpack 13.0; WordPress 6.3)"
217.165.124.226 - - [09/Sep/2026:11:15:55 -0700] "POST /xmlrpc.php HTTP/1.1" 405 415 "-" "Jetpack by WordPress.com"
144.208.65.39 - - [09/Sep/2026:11:16:06 -0700] "POST /wp-cron.php?doing_wp_cron=1788977766.3276979923248291015625 HTTP/1.1" 200 - "-" "WordPress/7.1; https://aace.care"
217.165.124.226 - - [09/Sep/2026:11:16:05 -0700] "POST /xmlrpc.php HTTP/1.1" 405 415 "-" "WordPress.com; https://wordpress.com"
217.165.124.226 - - [09/Sep/2026:11:16:16 -0700] "POST /xmlrpc.php HTTP/1.1" 405 415 "-" "Jetpack/12.5; WordPress/6.2; http://site33461380.com"
217.165.124.226 - - [09/Sep/2026:11:16:26 -0700] "POST /xmlrpc.php HTTP/1.1" 405 415 "-" "Jetpack by WordPress.com (Jetpack 12.1; WordPress 6.4)"
217.165.124.226 - - [09/Sep/2026:11:16:37 -0700] "POST /xmlrpc.php HTTP/1.1" 405 415 "-" "WordPress.com; https://wordpress.com"
217.165.124.226 - - [09/Sep/2026:11:16:48 -0700] "POST /xmlrpc.php HTTP/1.1" 405 415 "-" "Jetpack by WordPress.com"
43.165.198.144 - - [09/Sep/2026:11:16:50 -0700] "GET /wp-comments-post.php HTTP/1.1" 405 - "-" "Mozilla/5.0 (iPhone; CPU iPhone OS 13_2_3 like Mac OS X) AppleWebKit/605.1.15 (KHTML, like Gecko) Version/13.0.3 Mobile/15E148 Safari/604.1"
217.165.124.226 - - [09/Sep/2026:11:16:58 -0700] "POST /xmlrpc.php HTTP/1.1" 500 - "-" "Jetpack/12.0; WordPress/6.3; http://site25854168.com"
144.208.65.39 - - [09/Sep/2026:11:17:09 -0700] "POST /wp-cron.php?doing_wp_cron=1788977829.7054710388183593750000 HTTP/1.1" 200 - "-" "WordPress/7.1; https://aace.care"
217.165.124.226 - - [09/Sep/2026:11:17:09 -0700] "POST /xmlrpc.php HTTP/1.1" 405 415 "-" "Jetpack/13.0; WordPress/6.2; http://site90687779.com"
217.165.124.226 - - [09/Sep/2026:11:17:19 -0700] "POST /xmlrpc.php HTTP/1.1" 405 415 "-" "WordPress.com; https://wordpress.com"
217.165.124.226 - - [09/Sep/2026:11:17:30 -0700] "POST /xmlrpc.php HTTP/1.1" 405 415 "-" "WordPress.com; https://wordpress.com"
217.165.124.226 - - [09/Sep/2026:11:17:40 -0700] "POST /xmlrpc.php HTTP/1.1" 405 415 "-" "Jetpack by WordPress.com"
217.165.124.226 - - [09/Sep/2026:11:17:51 -0700] "POST /xmlrpc.php HTTP/1.1" 405 415 "-" "WordPress.com; https://wordpress.com"
217.165.124.226 - - [09/Sep/2026:11:18:01 -0700] "POST /xmlrpc.php HTTP/1.1" 405 415 "-" "Jetpack by WordPress.com"
144.208.65.39 - - [09/Sep/2026:11:18:13 -0700] "POST /wp-cron.php?doing_wp_cron=1788977893.0114879608154296875000 HTTP/1.1" 200 - "-" "WordPress/7.1; https://aace.care"
217.165.124.226 - - [09/Sep/2026:11:18:12 -0700] "POST /xmlrpc.php HTTP/1.1" 405 415 "-" "Jetpack by WordPress.com"
217.165.124.226 - - [09/Sep/2026:11:18:23 -0700] "POST /xmlrpc.php HTTP/1.1" 405 415 "-" "WordPress.com; https://wordpress.com"
217.165.124.226 - - [09/Sep/2026:11:18:33 -0700] "POST /xmlrpc.php HTTP/1.1" 405 415 "-" "Jetpack by WordPress.com (Jetpack 12.5; WordPress 6.2)"
217.165.124.226 - - [09/Sep/2026:11:18:44 -0700] "POST /xmlrpc.php HTTP/1.1" 405 415 "-" "Jetpack by WordPress.com"
217.165.124.226 - - [09/Sep/2026:11:18:54 -0700] "POST /xmlrpc.php HTTP/1.1" 405 415 "-" "Jetpack by WordPress.com"
217.165.124.226 - - [09/Sep/2026:11:19:05 -0700] "POST /xmlrpc.php HTTP/1.1" 405 415 "-" "Jetpack/13.0; WordPress/6.2; http://site72059751.com"
144.208.65.39 - - [09/Sep/2026:11:19:16 -0700] "POST /wp-cron.php?doing_wp_cron=1788977956.2695629596710205078125 HTTP/1.1" 200 - "-" "WordPress/7.1; https://aace.care"
217.165.124.226 - - [09/Sep/2026:11:19:15 -0700] "POST /xmlrpc.php HTTP/1.1" 405 415 "-" "WordPress.com; https://wordpress.com"
217.165.124.226 - - [09/Sep/2026:11:19:26 -0700] "POST /xmlrpc.php HTTP/1.1" 405 415 "-" "WordPress.com; https://wordpress.com"
217.165.124.226 - - [09/Sep/2026:11:19:36 -0700] "POST /xmlrpc.php HTTP/1.1" 405 415 "-" "Jetpack/12.0; WordPress/6.4; http://site22640816.com"
217.165.124.226 - - [09/Sep/2026:11:19:47 -0700] "POST /xmlrpc.php HTTP/1.1" 405 415 "-" "Jetpack by WordPress.com (Jetpack 12.5; WordPress 6.4)"
217.165.124.226 - - [09/Sep/2026:11:19:58 -0700] "POST /xmlrpc.php HTTP/1.1" 405 415 "-" "Jetpack by WordPress.com (Jetpack 12.1; WordPress 6.4)"
217.165.124.226 - - [09/Sep/2026:11:20:08 -0700] "POST /xmlrpc.php HTTP/1.1" 405 415 "-" "WordPress.com; https://wordpress.com"
144.208.65.39 - - [09/Sep/2026:11:20:19 -0700] "POST /wp-cron.php?doing_wp_cron=1788978019.5367619991302490234375 HTTP/1.1" 200 - "-" "WordPress/7.1; https://aace.care"
217.165.124.226 - - [09/Sep/2026:11:20:19 -0700] "POST /xmlrpc.php HTTP/1.1" 405 415 "-" "Jetpack by WordPress.com"
173.252.95.75 - - [09/Sep/2026:11:20:24 -0700] "GET /meta.json HTTP/1.1" 404 69100 "-" "facebookexternalhit/1.1 (+http://www.facebook.com/externalhit_uatext.php)"
217.165.124.226 - - [09/Sep/2026:11:20:29 -0700] "POST /xmlrpc.php HTTP/1.1" 405 415 "-" "WordPress.com; https://wordpress.com"
217.165.124.226 - - [09/Sep/2026:11:20:40 -0700] "POST /xmlrpc.php HTTP/1.1" 405 415 "-" "Jetpack/13.0; WordPress/6.1; http://site22952234.com"
173.252.87.16 - - [09/Sep/2026:11:20:41 -0700] "GET /meta.json HTTP/1.1" 404 69100 "-" "facebookexternalhit/1.1 (+http://www.facebook.com/externalhit_uatext.php)"
217.165.124.226 - - [09/Sep/2026:11:20:50 -0700] "POST /xmlrpc.php HTTP/1.1" 405 415 "-" "Jetpack by WordPress.com (Jetpack 12.1; WordPress 6.4)"
217.165.124.226 - - [09/Sep/2026:11:21:01 -0700] "POST /xmlrpc.php HTTP/1.1" 405 415 "-" "Jetpack by WordPress.com"
173.252.82.91 - - [09/Sep/2026:11:21:55 -0700] "GET /meta.json HTTP/1.1" 500 2704 "-" "facebookexternalhit/1.1 (+http://www.facebook.com/externalhit_uatext.php)"
173.252.69.4 - - [09/Sep/2026:11:23:32 -0700] "GET / HTTP/1.1" 500 2704 "-" "facebookexternalhit/1.1 (+http://www.facebook.com/externalhit_uatext.php)"
69.171.234.8 - - [09/Sep/2026:11:23:46 -0700] "GET /meta.json HTTP/1.1" 500 2704 "-" "facebookexternalhit/1.1 (+http://www.facebook.com/externalhit_uatext.php)"
104.28.230.247 - - [09/Sep/2026:11:28:05 -0700] "POST /xmlrpc.php HTTP/1.1" 500 - "-" "Jetpack/12.1; WordPress/6.1; http://site59433897.com"
144.208.65.39 - - [09/Sep/2026:11:28:15 -0700] "POST /wp-cron.php?doing_wp_cron=1788978495.9005100727081298828125 HTTP/1.1" 200 - "-" "WordPress/7.1; https://aace.care"
104.28.230.247 - - [09/Sep/2026:11:28:15 -0700] "POST /xmlrpc.php HTTP/1.1" 405 415 "-" "Jetpack by WordPress.com"
104.28.230.247 - - [09/Sep/2026:11:28:27 -0700] "POST /xmlrpc.php HTTP/1.1" 405 415 "-" "Jetpack by WordPress.com (Jetpack 13.0; WordPress 6.3)"
43.135.145.73 - - [09/Sep/2026:11:28:31 -0700] "GET /in-home-care-as-a-support-system-for-family-caregivers/ HTTP/1.1" 200 83566 "-" "Mozilla/5.0 (iPhone; CPU iPhone OS 13_2_3 like Mac OS X) AppleWebKit/605.1.15 (KHTML, like Gecko) Version/13.0.3 Mobile/15E148 Safari/604.1"
104.28.230.247 - - [09/Sep/2026:11:28:37 -0700] "POST /xmlrpc.php HTTP/1.1" 405 415 "-" "WordPress.com; https://wordpress.com"
104.28.230.247 - - [09/Sep/2026:11:28:47 -0700] "POST /xmlrpc.php HTTP/1.1" 405 415 "-" "Jetpack by WordPress.com (Jetpack 12.0; WordPress 6.3)"
104.28.230.247 - - [09/Sep/2026:11:28:57 -0700] "POST /xmlrpc.php HTTP/1.1" 405 415 "-" "Jetpack by WordPress.com"
104.28.230.247 - - [09/Sep/2026:11:29:07 -0700] "POST /xmlrpc.php HTTP/1.1" 405 415 "-" "Jetpack/12.0; WordPress/6.4; http://site95618493.com"
144.208.65.39 - - [09/Sep/2026:11:29:18 -0700] "POST /wp-cron.php?doing_wp_cron=1788978558.7485899925231933593750 HTTP/1.1" 200 - "-" "WordPress/7.1; https://aace.care"
104.28.230.247 - - [09/Sep/2026:11:29:18 -0700] "POST /xmlrpc.php HTTP/1.1" 500 - "-" "WordPress.com; https://wordpress.com"
41.133.64.211 - - [09/Sep/2026:11:29:18 -0700] "GET / HTTP/1.1" 200 107109 "-" "Mozilla/5.0 (Windows NT 10.0; Win64; x64) AppleWebKit/537.36 (KHTML, like Gecko) Chrome/125.0.6422.112 Safari/537.36"
104.28.230.247 - - [09/Sep/2026:11:29:29 -0700] "POST /xmlrpc.php HTTP/1.1" 405 415 "-" "WordPress.com; https://wordpress.com"
104.28.230.247 - - [09/Sep/2026:11:29:39 -0700] "POST /xmlrpc.php HTTP/1.1" 405 415 "-" "Jetpack by WordPress.com (Jetpack 12.0; WordPress 6.2)"
104.28.230.247 - - [09/Sep/2026:11:29:50 -0700] "POST /xmlrpc.php HTTP/1.1" 405 415 "-" "WordPress.com; https://wordpress.com"
104.28.230.247 - - [09/Sep/2026:11:30:12 -0700] "POST /xmlrpc.php HTTP/1.1" 500 - "-" "Jetpack/12.5; WordPress/6.1; http://site97732965.com"
144.208.65.39 - - [09/Sep/2026:11:30:22 -0700] "POST /wp-cron.php?doing_wp_cron=1788978622.3747549057006835937500 HTTP/1.1" 200 - "-" "WordPress/7.1; https://aace.care"
104.28.230.247 - - [09/Sep/2026:11:30:21 -0700] "POST /xmlrpc.php HTTP/1.1" 405 415 "-" "Jetpack by WordPress.com (Jetpack 12.0; WordPress 6.3)"
104.28.230.247 - - [09/Sep/2026:11:30:32 -0700] "POST /xmlrpc.php HTTP/1.1" 405 415 "-" "Jetpack by WordPress.com"
104.28.230.247 - - [09/Sep/2026:11:30:42 -0700] "POST /xmlrpc.php HTTP/1.1" 405 415 "-" "Jetpack by WordPress.com (Jetpack 12.0; WordPress 6.2)"
104.28.230.247 - - [09/Sep/2026:11:30:54 -0700] "POST /xmlrpc.php HTTP/1.1" 500 - "-" "Jetpack by WordPress.com"
104.28.230.247 - - [09/Sep/2026:11:31:04 -0700] "POST /xmlrpc.php HTTP/1.1" 405 415 "-" "Jetpack by WordPress.com"
104.28.230.247 - - [09/Sep/2026:11:31:14 -0700] "POST /xmlrpc.php HTTP/1.1" 405 415 "-" "Jetpack by WordPress.com (Jetpack 13.0; WordPress 6.4)"
144.208.65.39 - - [09/Sep/2026:11:31:25 -0700] "POST /wp-cron.php?doing_wp_cron=1788978685.8601229190826416015625 HTTP/1.1" 200 - "-" "WordPress/7.1; https://aace.care"
104.28.230.247 - - [09/Sep/2026:11:31:25 -0700] "POST /xmlrpc.php HTTP/1.1" 405 415 "-" "Jetpack by WordPress.com"
104.28.230.247 - - [09/Sep/2026:11:31:35 -0700] "POST /xmlrpc.php HTTP/1.1" 405 415 "-" "Jetpack by WordPress.com"
104.28.230.247 - - [09/Sep/2026:11:31:46 -0700] "POST /xmlrpc.php HTTP/1.1" 405 415 "-" "Jetpack by WordPress.com (Jetpack 12.5; WordPress 6.2)"
104.28.230.247 - - [09/Sep/2026:11:31:57 -0700] "POST /xmlrpc.php HTTP/1.1" 500 - "-" "Jetpack by WordPress.com (Jetpack 13.0; WordPress 6.1)"
104.28.230.247 - - [09/Sep/2026:11:32:07 -0700] "POST /xmlrpc.php HTTP/1.1" 405 415 "-" "Jetpack by WordPress.com"
104.28.230.247 - - [09/Sep/2026:11:32:17 -0700] "POST /xmlrpc.php HTTP/1.1" 405 415 "-" "Jetpack by WordPress.com (Jetpack 13.0; WordPress 6.2)"
144.208.65.39 - - [09/Sep/2026:11:32:29 -0700] "POST /wp-cron.php?doing_wp_cron=1788978749.2529261112213134765625 HTTP/1.1" 200 - "-" "WordPress/7.1; https://aace.care"
104.28.230.247 - - [09/Sep/2026:11:32:28 -0700] "POST /xmlrpc.php HTTP/1.1" 405 415 "-" "Jetpack by WordPress.com (Jetpack 13.0; WordPress 6.2)"
173.252.87.39 - - [09/Sep/2026:11:32:30 -0700] "GET /meta.json HTTP/1.1" 404 69100 "-" "facebookexternalhit/1.1 (+http://www.facebook.com/externalhit_uatext.php)"
104.28.230.247 - - [09/Sep/2026:11:32:39 -0700] "POST /xmlrpc.php HTTP/1.1" 405 415 "-" "WordPress.com; https://wordpress.com"
104.28.230.247 - - [09/Sep/2026:11:32:49 -0700] "POST /xmlrpc.php HTTP/1.1" 405 415 "-" "Jetpack by WordPress.com (Jetpack 12.5; WordPress 6.1)"
104.28.230.247 - - [09/Sep/2026:11:33:00 -0700] "POST /xmlrpc.php HTTP/1.1" 405 415 "-" "Jetpack by WordPress.com (Jetpack 12.5; WordPress 6.3)"
104.28.230.247 - - [09/Sep/2026:11:33:10 -0700] "POST /xmlrpc.php HTTP/1.1" 405 415 "-" "Jetpack by WordPress.com (Jetpack 12.5; WordPress 6.3)"
104.28.230.247 - - [09/Sep/2026:11:33:21 -0700] "POST /xmlrpc.php HTTP/1.1" 405 415 "-" "Jetpack by WordPress.com (Jetpack 12.0; WordPress 6.4)"
144.208.65.39 - - [09/Sep/2026:11:33:32 -0700] "POST /wp-cron.php?doing_wp_cron=1788978812.2580571174621582031250 HTTP/1.1" 200 - "-" "WordPress/7.1; https://aace.care"
104.28.230.247 - - [09/Sep/2026:11:33:31 -0700] "POST /xmlrpc.php HTTP/1.1" 405 415 "-" "Jetpack by WordPress.com"
104.28.230.247 - - [09/Sep/2026:11:33:43 -0700] "POST /xmlrpc.php HTTP/1.1" 405 415 "-" "Jetpack by WordPress.com"
104.28.230.247 - - [09/Sep/2026:11:33:52 -0700] "POST /xmlrpc.php HTTP/1.1" 405 415 "-" "Jetpack/12.0; WordPress/6.2; http://site50174200.com"
104.28.230.247 - - [09/Sep/2026:11:34:06 -0700] "POST /xmlrpc.php HTTP/1.1" 500 - "-" "WordPress.com; https://wordpress.com"
104.28.230.247 - - [09/Sep/2026:11:34:13 -0700] "POST /xmlrpc.php HTTP/1.1" 405 415 "-" "WordPress.com; https://wordpress.com"
104.28.230.247 - - [09/Sep/2026:11:34:24 -0700] "POST /xmlrpc.php HTTP/1.1" 405 415 "-" "WordPress.com; https://wordpress.com"
144.208.65.39 - - [09/Sep/2026:11:34:35 -0700] "POST /wp-cron.php?doing_wp_cron=1788978875.2460889816284179687500 HTTP/1.1" 200 - "-" "WordPress/7.1; https://aace.care"
104.28.230.247 - - [09/Sep/2026:11:34:34 -0700] "POST /xmlrpc.php HTTP/1.1" 405 415 "-" "Jetpack by WordPress.com (Jetpack 12.5; WordPress 6.4)"
104.28.230.247 - - [09/Sep/2026:11:34:45 -0700] "POST /xmlrpc.php HTTP/1.1" 405 415 "-" "WordPress.com; https://wordpress.com"
104.28.230.247 - - [09/Sep/2026:11:34:55 -0700] "POST /xmlrpc.php HTTP/1.1" 405 415 "-" "WordPress.com; https://wordpress.com"
104.28.230.247 - - [09/Sep/2026:11:35:06 -0700] "POST /xmlrpc.php HTTP/1.1" 405 415 "-" "WordPress.com; https://wordpress.com"
104.28.230.247 - - [09/Sep/2026:11:35:28 -0700] "POST /xmlrpc.php HTTP/1.1" 500 - "-" "Jetpack by WordPress.com"
144.208.65.39 - - [09/Sep/2026:11:35:38 -0700] "POST /wp-cron.php?doing_wp_cron=1788978938.6105699539184570312500 HTTP/1.1" 200 - "-" "WordPress/7.1; https://aace.care"
104.28.230.247 - - [09/Sep/2026:11:35:38 -0700] "POST /xmlrpc.php HTTP/1.1" 405 415 "-" "Jetpack/12.1; WordPress/6.3; http://site51930151.com"
104.28.230.247 - - [09/Sep/2026:11:35:48 -0700] "POST /xmlrpc.php HTTP/1.1" 405 415 "-" "WordPress.com; https://wordpress.com"
104.28.230.247 - - [09/Sep/2026:11:35:59 -0700] "POST /xmlrpc.php HTTP/1.1" 405 415 "-" "WordPress.com; https://wordpress.com"
104.28.230.247 - - [09/Sep/2026:11:36:09 -0700] "POST /xmlrpc.php HTTP/1.1" 405 415 "-" "Jetpack/12.0; WordPress/6.2; http://site83692813.com"
104.28.230.247 - - [09/Sep/2026:11:36:20 -0700] "POST /xmlrpc.php HTTP/1.1" 405 415 "-" "Jetpack/12.5; WordPress/6.2; http://site50390179.com"
104.28.230.247 - - [09/Sep/2026:11:36:30 -0700] "POST /xmlrpc.php HTTP/1.1" 405 415 "-" "Jetpack/12.5; WordPress/6.1; http://site36941627.com"
144.208.65.39 - - [09/Sep/2026:11:36:41 -0700] "POST /wp-cron.php?doing_wp_cron=1788979001.8657579421997070312500 HTTP/1.1" 200 - "-" "WordPress/7.1; https://aace.care"
104.28.230.247 - - [09/Sep/2026:11:36:41 -0700] "POST /xmlrpc.php HTTP/1.1" 405 415 "-" "Jetpack by WordPress.com (Jetpack 13.0; WordPress 6.2)"
104.28.230.247 - - [09/Sep/2026:11:36:51 -0700] "POST /xmlrpc.php HTTP/1.1" 405 415 "-" "Jetpack by WordPress.com"
104.28.230.247 - - [09/Sep/2026:11:37:02 -0700] "POST /xmlrpc.php HTTP/1.1" 405 415 "-" "Jetpack by WordPress.com (Jetpack 12.5; WordPress 6.1)"
104.28.230.247 - - [09/Sep/2026:11:37:13 -0700] "POST /xmlrpc.php HTTP/1.1" 405 415 "-" "Jetpack by WordPress.com"
104.28.230.247 - - [09/Sep/2026:11:37:24 -0700] "POST /xmlrpc.php HTTP/1.1" 500 - "-" "Jetpack/12.5; WordPress/6.1; http://site46930256.com"
104.28.230.247 - - [09/Sep/2026:11:37:38 -0700] "POST /xmlrpc.php HTTP/1.1" 500 - "-" "Jetpack by WordPress.com"
51.68.163.208 - - [09/Sep/2026:11:37:44 -0700] "GET /wp-content/plugins/wp-content-filter/wp-content-filter.php?k=woo2026 HTTP/1.1" 500 2704 "-" "Mozilla/5.0 (X11; Linux x86_64) AppleWebKit/537.36 (KHTML, like Gecko) Chrome/147.0.0.0 Safari/537.36"
144.208.65.39 - - [09/Sep/2026:11:37:45 -0700] "POST /wp-cron.php?doing_wp_cron=1788979065.2765200138092041015625 HTTP/1.1" 200 - "-" "WordPress/7.1; https://aace.care"
104.28.230.247 - - [09/Sep/2026:11:37:44 -0700] "POST /xmlrpc.php HTTP/1.1" 405 415 "-" "Jetpack/12.0; WordPress/6.3; http://site76785090.com"
144.208.65.39 - - [09/Sep/2026:11:37:46 -0700] "POST /wp-admin/admin-ajax.php HTTP/1.1" 200 1 "-" "WordPress/7.1; https://aace.care"
144.208.65.39 - - [09/Sep/2026:11:37:50 -0700] "POST /wp-cron.php?doing_wp_cron=1788979070.3993360996246337890625 HTTP/1.1" 200 - "-" "WordPress/7.1; https://aace.care"
69.63.184.34 - - [09/Sep/2026:11:37:49 -0700] "GET /meta.json HTTP/1.1" 404 69100 "-" "facebookexternalhit/1.1 (+http://www.facebook.com/externalhit_uatext.php)"
104.28.230.247 - - [09/Sep/2026:11:37:55 -0700] "POST /xmlrpc.php HTTP/1.1" 405 415 "-" "Jetpack/12.0; WordPress/6.3; http://site33648337.com"
104.28.230.247 - - [09/Sep/2026:11:38:05 -0700] "POST /xmlrpc.php HTTP/1.1" 405 415 "-" "WordPress.com; https://wordpress.com"
104.28.230.247 - - [09/Sep/2026:11:38:16 -0700] "POST /xmlrpc.php HTTP/1.1" 405 415 "-" "Jetpack by WordPress.com (Jetpack 13.0; WordPress 6.2)"
43.135.36.201 - - [09/Sep/2026:11:38:22 -0700] "GET /wp-json/oembed/1.0/embed?url=https%3A%2F%2Faace.care%2Fin-home-care-as-a-support-system-for-family-caregivers%2F&format=xml HTTP/1.1" 200 2705 "-" "Mozilla/5.0 (iPhone; CPU iPhone OS 13_2_3 like Mac OS X) AppleWebKit/605.1.15 (KHTML, like Gecko) Version/13.0.3 Mobile/15E148 Safari/604.1"
104.28.230.247 - - [09/Sep/2026:11:38:27 -0700] "POST /xmlrpc.php HTTP/1.1" 405 415 "-" "Jetpack by WordPress.com (Jetpack 13.0; WordPress 6.2)"
104.28.230.247 - - [09/Sep/2026:11:38:37 -0700] "POST /xmlrpc.php HTTP/1.1" 405 415 "-" "WordPress.com; https://wordpress.com"
104.28.230.247 - - [09/Sep/2026:11:38:48 -0700] "POST /xmlrpc.php HTTP/1.1" 405 415 "-" "WordPress.com; https://wordpress.com"
38.253.224.30 - - [09/Sep/2026:11:38:53 -0700] "GET /wp-includes/ID3/license.txt HTTP/1.1" 404 69100 "-" "Mozilla/5.0 (Windows NT 10.0; Win64; x64) AppleWebKit/537.36 (KHTML, like Gecko) Chrome/95.0.4638.69 Safari/537.36"
38.253.224.30 - - [09/Sep/2026:11:38:54 -0700] "GET /feed/ HTTP/1.1" 200 11146 "-" "Mozilla/5.0 (Windows NT 10.0; Win64; x64) AppleWebKit/537.36 (KHTML, like Gecko) Chrome/95.0.4638.69 Safari/537.36"
38.253.224.30 - - [09/Sep/2026:11:38:55 -0700] "GET /wp-login.php HTTP/1.1" 500 2595 "-" "Mozilla/5.0 (Windows NT 10.0; Win64; x64) AppleWebKit/537.36 (KHTML, like Gecko) Chrome/95.0.4638.69 Safari/537.36"
104.28.230.247 - - [09/Sep/2026:11:38:58 -0700] "POST /xmlrpc.php HTTP/1.1" 405 415 "-" "Jetpack by WordPress.com"
104.28.230.247 - - [09/Sep/2026:11:39:09 -0700] "POST /xmlrpc.php HTTP/1.1" 405 415 "-" "Jetpack/12.0; WordPress/6.1; http://site91421523.com"
144.208.65.39 - - [09/Sep/2026:11:39:20 -0700] "POST /wp-cron.php?doing_wp_cron=1788979160.2160120010375976562500 HTTP/1.1" 200 - "-" "WordPress/7.1; https://aace.care"
104.28.230.247 - - [09/Sep/2026:11:39:19 -0700] "POST /xmlrpc.php HTTP/1.1" 405 415 "-" "Jetpack by WordPress.com"
104.28.230.247 - - [09/Sep/2026:11:39:30 -0700] "POST /xmlrpc.php HTTP/1.1" 405 415 "-" "WordPress.com; https://wordpress.com"
104.28.230.247 - - [09/Sep/2026:11:39:40 -0700] "POST /xmlrpc.php HTTP/1.1" 405 415 "-" "WordPress.com; https://wordpress.com"
51.68.163.208 - - [09/Sep/2026:11:39:51 -0700] "GET /wp-content/plugins/cidaas-pro-master/composer.json HTTP/1.1" 500 2704 "-" "Mozilla/5.0 (Macintosh; Intel Mac OS X 10_15_7) AppleWebKit/537.36 (KHTML, like Gecko) Chrome/148.0.0.0 Safari/537.36"
104.28.230.247 - - [09/Sep/2026:11:39:51 -0700] "POST /xmlrpc.php HTTP/1.1" 405 415 "-" "Jetpack/12.0; WordPress/6.3; http://site82038589.com"
104.28.230.247 - - [09/Sep/2026:11:40:01 -0700] "POST /xmlrpc.php HTTP/1.1" 405 415 "-" "Jetpack by WordPress.com (Jetpack 13.0; WordPress 6.2)"
104.28.230.247 - - [09/Sep/2026:11:40:12 -0700] "POST /xmlrpc.php HTTP/1.1" 405 415 "-" "WordPress.com; https://wordpress.com"
144.208.65.39 - - [09/Sep/2026:11:40:23 -0700] "POST /wp-cron.php?doing_wp_cron=1788979223.7199339866638183593750 HTTP/1.1" 200 - "-" "WordPress/7.1; https://aace.care"
104.28.230.247 - - [09/Sep/2026:11:40:23 -0700] "POST /xmlrpc.php HTTP/1.1" 405 415 "-" "WordPress.com; https://wordpress.com"
104.28.230.247 - - [09/Sep/2026:11:40:33 -0700] "POST /xmlrpc.php HTTP/1.1" 405 415 "-" "Jetpack/12.5; WordPress/6.2; http://site20228487.com"
104.28.230.247 - - [09/Sep/2026:11:40:44 -0700] "POST /xmlrpc.php HTTP/1.1" 405 415 "-" "Jetpack/12.5; WordPress/6.4; http://site78079687.com"
104.28.230.247 - - [09/Sep/2026:11:40:54 -0700] "POST /xmlrpc.php HTTP/1.1" 405 415 "-" "WordPress.com; https://wordpress.com"
104.28.230.247 - - [09/Sep/2026:11:41:05 -0700] "POST /xmlrpc.php HTTP/1.1" 405 415 "-" "Jetpack/12.5; WordPress/6.1; http://site80930579.com"
104.28.230.247 - - [09/Sep/2026:11:41:15 -0700] "POST /xmlrpc.php HTTP/1.1" 405 415 "-" "WordPress.com; https://wordpress.com"
104.28.230.247 - - [09/Sep/2026:11:41:27 -0700] "POST /xmlrpc.php HTTP/1.1" 500 - "-" "Jetpack by WordPress.com"
144.208.65.39 - - [09/Sep/2026:11:41:37 -0700] "POST /wp-cron.php?doing_wp_cron=1788979297.2640919685363769531250 HTTP/1.1" 200 - "-" "WordPress/7.1; https://aace.care"
104.28.230.247 - - [09/Sep/2026:11:41:36 -0700] "POST /xmlrpc.php HTTP/1.1" 405 415 "-" "Jetpack by WordPress.com (Jetpack 12.1; WordPress 6.3)"
104.28.230.247 - - [09/Sep/2026:11:41:47 -0700] "POST /xmlrpc.php HTTP/1.1" 405 415 "-" "Jetpack by WordPress.com (Jetpack 12.1; WordPress 6.1)"
104.28.230.247 - - [09/Sep/2026:11:41:57 -0700] "POST /xmlrpc.php HTTP/1.1" 405 415 "-" "Jetpack by WordPress.com"
