44.250.243.93 - - [09/Sep/2026:15:16:26 -0700] "GET /favicon.ico HTTP/1.1" 302 - "-" "Mozilla/5.0 (Windows NT 10.0; Win64; x64) AppleWebKit/537.36 (KHTML, like Gecko) Chrome/85.0.4183.0 Safari/537.36 Some Company. inc admin.contact@gmail.com"
44.250.243.93 - - [09/Sep/2026:15:16:26 -0700] "GET /wp-content/uploads/2022/03/cropped-FlowerLogo_-32x32.jpg HTTP/1.1" 200 856 "-" "Mozilla/5.0 (Windows NT 10.0; Win64; x64) AppleWebKit/537.36 (KHTML, like Gecko) Chrome/85.0.4183.0 Safari/537.36 Some Company. inc admin.contact@gmail.com"
44.250.243.93 - - [09/Sep/2026:15:16:27 -0700] "GET /wp-content/uploads/2022/03/cropped-FlowerLogo_-180x180.jpg HTTP/1.1" 200 6893 "-" "Mozilla/5.0 (Windows NT 10.0; Win64; x64) AppleWebKit/537.36 (KHTML, like Gecko) Chrome/85.0.4183.0 Safari/537.36 Some Company. inc admin.contact@gmail.com"
44.250.243.93 - - [09/Sep/2026:15:16:27 -0700] "GET /wp-content/uploads/2022/03/cropped-FlowerLogo_-192x192.jpg HTTP/1.1" 200 7488 "-" "Mozilla/5.0 (Windows NT 10.0; Win64; x64) AppleWebKit/537.36 (KHTML, like Gecko) Chrome/85.0.4183.0 Safari/537.36 Some Company. inc admin.contact@gmail.com"
44.250.243.93 - - [09/Sep/2026:15:16:27 -0700] "GET /wp-content/uploads/2022/03/cropped-FlowerLogo_-32x32.jpg HTTP/1.1" 200 856 "-" "Mozilla/5.0 (Windows NT 10.0; Win64; x64) AppleWebKit/537.36 (KHTML, like Gecko) Chrome/85.0.4183.0 Safari/537.36 Some Company. inc admin.contact@gmail.com"
45.235.122.177 - - [09/Sep/2026:15:16:29 -0700] "POST /xmlrpc.php HTTP/1.1" 405 415 "-" "Jetpack by WordPress.com (Jetpack 12.5; WordPress 6.3)"
45.235.122.177 - - [09/Sep/2026:15:16:40 -0700] "POST /xmlrpc.php HTTP/1.1" 405 415 "-" "Jetpack by WordPress.com"
74.7.244.14 - - [09/Sep/2026:15:16:42 -0700] "GET /robots.txt HTTP/1.1" 200 110 "-" "Mozilla/5.0 (Macintosh; Intel Mac OS X 10_15_7) AppleWebKit/537.36 (KHTML, like Gecko) Chrome/131.0.0.0 Safari/537.36; compatible; OAI-SearchBot/1.4; robots.txt; +https://openai.com/searchbot"
45.235.122.177 - - [09/Sep/2026:15:16:50 -0700] "POST /xmlrpc.php HTTP/1.1" 405 415 "-" "Jetpack by WordPress.com"
45.235.122.177 - - [09/Sep/2026:15:17:01 -0700] "POST /xmlrpc.php HTTP/1.1" 405 415 "-" "WordPress.com; https://wordpress.com"
144.208.65.39 - - [09/Sep/2026:15:17:12 -0700] "POST /wp-cron.php?doing_wp_cron=1788992232.2859659194946289062500 HTTP/1.1" 200 - "-" "WordPress/7.1; https://aace.care"
45.235.122.177 - - [09/Sep/2026:15:17:11 -0700] "POST /xmlrpc.php HTTP/1.1" 405 415 "-" "Jetpack by WordPress.com"
201.184.239.75 - - [09/Sep/2026:15:17:21 -0700] "GET / HTTP/1.1" 200 107109 "-" "Mozilla/5.0 (Windows NT 10.0; Win64; x64) AppleWebKit/537.36 (KHTML, like Gecko) Chrome/114.0.0.0 Safari/537.36"
45.235.122.177 - - [09/Sep/2026:15:17:22 -0700] "POST /xmlrpc.php HTTP/1.1" 405 415 "-" "Jetpack/12.1; WordPress/6.3; http://site59725942.com"
45.235.122.177 - - [09/Sep/2026:15:17:32 -0700] "POST /xmlrpc.php HTTP/1.1" 405 415 "-" "Jetpack/12.5; WordPress/6.4; http://site35434546.com"
45.235.122.177 - - [09/Sep/2026:15:17:43 -0700] "POST /xmlrpc.php HTTP/1.1" 405 415 "-" "Jetpack by WordPress.com (Jetpack 12.1; WordPress 6.4)"
45.235.122.177 - - [09/Sep/2026:15:17:54 -0700] "POST /xmlrpc.php HTTP/1.1" 405 415 "-" "Jetpack by WordPress.com"
45.235.122.177 - - [09/Sep/2026:15:18:05 -0700] "POST /xmlrpc.php HTTP/1.1" 500 - "-" "Jetpack by WordPress.com (Jetpack 12.5; WordPress 6.1)"
144.208.65.39 - - [09/Sep/2026:15:18:15 -0700] "POST /wp-cron.php?doing_wp_cron=1788992295.9115660190582275390625 HTTP/1.1" 200 - "-" "WordPress/7.1; https://aace.care"
45.235.122.177 - - [09/Sep/2026:15:18:15 -0700] "POST /xmlrpc.php HTTP/1.1" 405 415 "-" "Jetpack/12.1; WordPress/6.2; http://site47313080.com"
45.235.122.177 - - [09/Sep/2026:15:18:25 -0700] "POST /xmlrpc.php HTTP/1.1" 405 415 "-" "Jetpack/12.5; WordPress/6.2; http://site82767060.com"
45.235.122.177 - - [09/Sep/2026:15:18:36 -0700] "POST /xmlrpc.php HTTP/1.1" 405 415 "-" "Jetpack by WordPress.com"
45.235.122.177 - - [09/Sep/2026:15:18:46 -0700] "POST /xmlrpc.php HTTP/1.1" 405 415 "-" "Jetpack by WordPress.com (Jetpack 12.5; WordPress 6.1)"
45.235.122.177 - - [09/Sep/2026:15:18:57 -0700] "POST /xmlrpc.php HTTP/1.1" 405 415 "-" "Jetpack/12.0; WordPress/6.2; http://site22239431.com"
45.235.122.177 - - [09/Sep/2026:15:19:08 -0700] "POST /xmlrpc.php HTTP/1.1" 405 415 "-" "Jetpack by WordPress.com"
144.208.65.39 - - [09/Sep/2026:15:19:19 -0700] "POST /wp-cron.php?doing_wp_cron=1788992359.1267700195312500000000 HTTP/1.1" 200 - "-" "WordPress/7.1; https://aace.care"
45.235.122.177 - - [09/Sep/2026:15:19:18 -0700] "POST /xmlrpc.php HTTP/1.1" 405 415 "-" "Jetpack by WordPress.com"
45.235.122.177 - - [09/Sep/2026:15:19:29 -0700] "POST /xmlrpc.php HTTP/1.1" 405 415 "-" "WordPress.com; https://wordpress.com"
45.235.122.177 - - [09/Sep/2026:15:19:39 -0700] "POST /xmlrpc.php HTTP/1.1" 405 415 "-" "Jetpack/13.0; WordPress/6.4; http://site67444565.com"
45.235.122.177 - - [09/Sep/2026:15:19:50 -0700] "POST /xmlrpc.php HTTP/1.1" 405 415 "-" "Jetpack/13.0; WordPress/6.1; http://site59868717.com"
45.235.122.177 - - [09/Sep/2026:15:20:00 -0700] "POST /xmlrpc.php HTTP/1.1" 405 415 "-" "WordPress.com; https://wordpress.com"
45.235.122.177 - - [09/Sep/2026:15:20:11 -0700] "POST /xmlrpc.php HTTP/1.1" 405 415 "-" "WordPress.com; https://wordpress.com"
144.208.65.39 - - [09/Sep/2026:15:20:23 -0700] "POST /wp-cron.php?doing_wp_cron=1788992423.0485560894012451171875 HTTP/1.1" 200 - "-" "WordPress/7.1; https://aace.care"
45.235.122.177 - - [09/Sep/2026:15:20:22 -0700] "POST /xmlrpc.php HTTP/1.1" 405 415 "-" "Jetpack by WordPress.com (Jetpack 13.0; WordPress 6.1)"
45.235.122.177 - - [09/Sep/2026:15:20:32 -0700] "POST /xmlrpc.php HTTP/1.1" 405 415 "-" "WordPress.com; https://wordpress.com"
45.235.122.177 - - [09/Sep/2026:15:20:43 -0700] "POST /xmlrpc.php HTTP/1.1" 405 415 "-" "Jetpack/12.1; WordPress/6.4; http://site18317193.com"
45.235.122.177 - - [09/Sep/2026:15:20:53 -0700] "POST /xmlrpc.php HTTP/1.1" 405 415 "-" "WordPress.com; https://wordpress.com"
45.235.122.177 - - [09/Sep/2026:15:21:03 -0700] "POST /xmlrpc.php HTTP/1.1" 405 415 "-" "Jetpack by WordPress.com"
45.235.122.177 - - [09/Sep/2026:15:21:14 -0700] "POST /xmlrpc.php HTTP/1.1" 405 415 "-" "Jetpack by WordPress.com"
144.208.65.39 - - [09/Sep/2026:15:21:25 -0700] "POST /wp-cron.php?doing_wp_cron=1788992485.6564319133758544921875 HTTP/1.1" 200 - "-" "WordPress/7.1; https://aace.care"
45.235.122.177 - - [09/Sep/2026:15:21:25 -0700] "POST /xmlrpc.php HTTP/1.1" 405 415 "-" "WordPress.com; https://wordpress.com"
45.235.122.177 - - [09/Sep/2026:15:21:35 -0700] "POST /xmlrpc.php HTTP/1.1" 405 415 "-" "Jetpack by WordPress.com"
45.235.122.177 - - [09/Sep/2026:15:21:46 -0700] "POST /xmlrpc.php HTTP/1.1" 405 415 "-" "Jetpack by WordPress.com (Jetpack 12.0; WordPress 6.2)"
45.235.122.177 - - [09/Sep/2026:15:21:57 -0700] "POST /xmlrpc.php HTTP/1.1" 405 415 "-" "Jetpack by WordPress.com (Jetpack 12.1; WordPress 6.2)"
45.235.122.177 - - [09/Sep/2026:15:22:07 -0700] "POST /xmlrpc.php HTTP/1.1" 405 415 "-" "WordPress.com; https://wordpress.com"
45.235.122.177 - - [09/Sep/2026:15:22:18 -0700] "POST /xmlrpc.php HTTP/1.1" 405 415 "-" "Jetpack by WordPress.com"
144.208.65.39 - - [09/Sep/2026:15:22:29 -0700] "POST /wp-cron.php?doing_wp_cron=1788992549.3576989173889160156250 HTTP/1.1" 200 - "-" "WordPress/7.1; https://aace.care"
45.235.122.177 - - [09/Sep/2026:15:22:28 -0700] "POST /xmlrpc.php HTTP/1.1" 405 415 "-" "Jetpack/13.0; WordPress/6.2; http://site42541351.com"
45.235.122.177 - - [09/Sep/2026:15:22:39 -0700] "POST /xmlrpc.php HTTP/1.1" 405 415 "-" "WordPress.com; https://wordpress.com"
45.235.122.177 - - [09/Sep/2026:15:22:49 -0700] "POST /xmlrpc.php HTTP/1.1" 405 415 "-" "Jetpack by WordPress.com"
45.235.122.177 - - [09/Sep/2026:15:23:00 -0700] "POST /xmlrpc.php HTTP/1.1" 405 415 "-" "Jetpack by WordPress.com (Jetpack 12.1; WordPress 6.1)"
45.235.122.177 - - [09/Sep/2026:15:23:10 -0700] "POST /xmlrpc.php HTTP/1.1" 405 415 "-" "Jetpack/12.0; WordPress/6.2; http://site40980265.com"
45.235.122.177 - - [09/Sep/2026:15:23:21 -0700] "POST /xmlrpc.php HTTP/1.1" 405 415 "-" "WordPress.com; https://wordpress.com"
144.208.65.39 - - [09/Sep/2026:15:23:32 -0700] "POST /wp-cron.php?doing_wp_cron=1788992612.8219969272613525390625 HTTP/1.1" 200 - "-" "WordPress/7.1; https://aace.care"
45.235.122.177 - - [09/Sep/2026:15:23:32 -0700] "POST /xmlrpc.php HTTP/1.1" 405 415 "-" "WordPress.com; https://wordpress.com"
45.235.122.177 - - [09/Sep/2026:15:23:42 -0700] "POST /xmlrpc.php HTTP/1.1" 405 415 "-" "WordPress.com; https://wordpress.com"
45.235.122.177 - - [09/Sep/2026:15:23:53 -0700] "POST /xmlrpc.php HTTP/1.1" 405 415 "-" "Jetpack by WordPress.com (Jetpack 12.1; WordPress 6.3)"
45.235.122.177 - - [09/Sep/2026:15:24:03 -0700] "POST /xmlrpc.php HTTP/1.1" 405 415 "-" "Jetpack by WordPress.com"
45.235.122.177 - - [09/Sep/2026:15:24:14 -0700] "POST /xmlrpc.php HTTP/1.1" 405 415 "-" "Jetpack by WordPress.com"
45.235.122.177 - - [09/Sep/2026:15:24:25 -0700] "POST /xmlrpc.php HTTP/1.1" 405 415 "-" "WordPress.com; https://wordpress.com"
144.208.65.39 - - [09/Sep/2026:15:24:36 -0700] "POST /wp-cron.php?doing_wp_cron=1788992676.1383070945739746093750 HTTP/1.1" 200 - "-" "WordPress/7.1; https://aace.care"
45.235.122.177 - - [09/Sep/2026:15:24:35 -0700] "POST /xmlrpc.php HTTP/1.1" 405 415 "-" "Jetpack/12.5; WordPress/6.2; http://site14672716.com"
45.235.122.177 - - [09/Sep/2026:15:24:46 -0700] "POST /xmlrpc.php HTTP/1.1" 405 415 "-" "Jetpack/13.0; WordPress/6.1; http://site86923793.com"
45.235.122.177 - - [09/Sep/2026:15:24:56 -0700] "POST /xmlrpc.php HTTP/1.1" 405 415 "-" "Jetpack by WordPress.com (Jetpack 12.0; WordPress 6.3)"
45.235.122.177 - - [09/Sep/2026:15:25:07 -0700] "POST /xmlrpc.php HTTP/1.1" 405 415 "-" "Jetpack by WordPress.com"
45.235.122.177 - - [09/Sep/2026:15:25:17 -0700] "POST /xmlrpc.php HTTP/1.1" 405 415 "-" "WordPress.com; https://wordpress.com"
45.235.122.177 - - [09/Sep/2026:15:25:28 -0700] "POST /xmlrpc.php HTTP/1.1" 405 415 "-" "Jetpack by WordPress.com (Jetpack 12.1; WordPress 6.3)"
144.208.65.39 - - [09/Sep/2026:15:25:39 -0700] "POST /wp-cron.php?doing_wp_cron=1788992739.4688689708709716796875 HTTP/1.1" 200 - "-" "WordPress/7.1; https://aace.care"
45.235.122.177 - - [09/Sep/2026:15:25:38 -0700] "POST /xmlrpc.php HTTP/1.1" 405 415 "-" "Jetpack by WordPress.com (Jetpack 13.0; WordPress 6.4)"
45.235.122.177 - - [09/Sep/2026:15:25:49 -0700] "POST /xmlrpc.php HTTP/1.1" 405 415 "-" "Jetpack/12.5; WordPress/6.3; http://site83889354.com"
45.235.122.177 - - [09/Sep/2026:15:26:00 -0700] "POST /xmlrpc.php HTTP/1.1" 405 415 "-" "Jetpack by WordPress.com"
45.235.122.177 - - [09/Sep/2026:15:26:10 -0700] "POST /xmlrpc.php HTTP/1.1" 405 415 "-" "WordPress.com; https://wordpress.com"
45.235.122.177 - - [09/Sep/2026:15:26:21 -0700] "POST /xmlrpc.php HTTP/1.1" 405 415 "-" "Jetpack by WordPress.com"
45.235.122.177 - - [09/Sep/2026:15:26:32 -0700] "POST /xmlrpc.php HTTP/1.1" 405 415 "-" "Jetpack/13.0; WordPress/6.3; http://site25903650.com"
69.165.67.22 - - [09/Sep/2026:15:26:38 -0700] "GET /index.php?rest_route=/wp/v2/posts&per_page=100&_fields=id%2Ccomment_status&page=1 HTTP/1.1" 200 71 "https://aace.care" "Mozilla/5.0 (iPhone; CPU iPhone OS 18_3_2 like Mac OS X) AppleWebKit/605.1.15 (KHTML, like Gecko) Version/18.3.1 Mobile/15E148 Safari/604.1"
69.165.67.22 - - [09/Sep/2026:15:26:38 -0700] "POST /wp-comments-post.php HTTP/1.1" 302 - "https://aace.care" "Mozilla/5.0 (iPhone; CPU iPhone OS 18_3_2 like Mac OS X) AppleWebKit/605.1.15 (KHTML, like Gecko) Version/18.3.1 Mobile/15E148 Safari/604.1"
144.208.65.39 - - [09/Sep/2026:15:26:43 -0700] "POST /wp-cron.php?doing_wp_cron=1788992803.1150949001312255859375 HTTP/1.1" 200 - "-" "WordPress/7.1; https://aace.care"
45.235.122.177 - - [09/Sep/2026:15:26:42 -0700] "POST /xmlrpc.php HTTP/1.1" 405 415 "-" "Jetpack by WordPress.com (Jetpack 12.5; WordPress 6.4)"
45.235.122.177 - - [09/Sep/2026:15:26:53 -0700] "POST /xmlrpc.php HTTP/1.1" 405 415 "-" "Jetpack by WordPress.com (Jetpack 12.5; WordPress 6.1)"
45.235.122.177 - - [09/Sep/2026:15:27:03 -0700] "POST /xmlrpc.php HTTP/1.1" 405 415 "-" "Jetpack/13.0; WordPress/6.2; http://site40565974.com"
45.235.122.177 - - [09/Sep/2026:15:27:14 -0700] "POST /xmlrpc.php HTTP/1.1" 405 415 "-" "Jetpack/12.0; WordPress/6.2; http://site25034255.com"
45.235.122.177 - - [09/Sep/2026:15:27:24 -0700] "POST /xmlrpc.php HTTP/1.1" 405 415 "-" "WordPress.com; https://wordpress.com"
45.235.122.177 - - [09/Sep/2026:15:27:35 -0700] "POST /xmlrpc.php HTTP/1.1" 405 415 "-" "WordPress.com; https://wordpress.com"
144.208.65.39 - - [09/Sep/2026:15:27:46 -0700] "POST /wp-cron.php?doing_wp_cron=1788992866.5554280281066894531250 HTTP/1.1" 200 - "-" "WordPress/7.1; https://aace.care"
45.235.122.177 - - [09/Sep/2026:15:27:46 -0700] "POST /xmlrpc.php HTTP/1.1" 405 415 "-" "WordPress.com; https://wordpress.com"
45.235.122.177 - - [09/Sep/2026:15:27:56 -0700] "POST /xmlrpc.php HTTP/1.1" 405 415 "-" "WordPress.com; https://wordpress.com"
45.235.122.177 - - [09/Sep/2026:15:28:07 -0700] "POST /xmlrpc.php HTTP/1.1" 405 415 "-" "WordPress.com; https://wordpress.com"
45.235.122.177 - - [09/Sep/2026:15:28:17 -0700] "POST /xmlrpc.php HTTP/1.1" 405 415 "-" "WordPress.com; https://wordpress.com"
45.235.122.177 - - [09/Sep/2026:15:28:28 -0700] "POST /xmlrpc.php HTTP/1.1" 405 415 "-" "Jetpack by WordPress.com"
45.235.122.177 - - [09/Sep/2026:15:28:38 -0700] "POST /xmlrpc.php HTTP/1.1" 405 415 "-" "Jetpack/13.0; WordPress/6.3; http://site20090605.com"
144.208.65.39 - - [09/Sep/2026:15:28:50 -0700] "POST /wp-cron.php?doing_wp_cron=1788992930.0248360633850097656250 HTTP/1.1" 200 - "-" "WordPress/7.1; https://aace.care"
45.235.122.177 - - [09/Sep/2026:15:28:49 -0700] "POST /xmlrpc.php HTTP/1.1" 405 415 "-" "Jetpack/12.0; WordPress/6.2; http://site39036717.com"
45.235.122.177 - - [09/Sep/2026:15:29:00 -0700] "POST /xmlrpc.php HTTP/1.1" 405 415 "-" "WordPress.com; https://wordpress.com"
45.235.122.177 - - [09/Sep/2026:15:29:10 -0700] "POST /xmlrpc.php HTTP/1.1" 405 415 "-" "Jetpack/13.0; WordPress/6.2; http://site46010546.com"
173.252.69.15 - - [09/Sep/2026:15:29:18 -0700] "GET /meta.json HTTP/1.1" 404 69100 "-" "facebookexternalhit/1.1 (+http://www.facebook.com/externalhit_uatext.php)"
45.235.122.177 - - [09/Sep/2026:15:29:21 -0700] "POST /xmlrpc.php HTTP/1.1" 405 415 "-" "Jetpack/12.1; WordPress/6.1; http://site66290098.com"
45.235.122.177 - - [09/Sep/2026:15:29:31 -0700] "POST /xmlrpc.php HTTP/1.1" 405 415 "-" "WordPress.com; https://wordpress.com"
45.235.122.177 - - [09/Sep/2026:15:29:42 -0700] "POST /xmlrpc.php HTTP/1.1" 405 415 "-" "Jetpack by WordPress.com"
144.208.65.39 - - [09/Sep/2026:15:29:53 -0700] "POST /wp-cron.php?doing_wp_cron=1788992993.6637270450592041015625 HTTP/1.1" 200 - "-" "WordPress/7.1; https://aace.care"
45.235.122.177 - - [09/Sep/2026:15:29:53 -0700] "POST /xmlrpc.php HTTP/1.1" 405 415 "-" "Jetpack by WordPress.com (Jetpack 12.0; WordPress 6.4)"
45.235.122.177 - - [09/Sep/2026:15:30:03 -0700] "POST /xmlrpc.php HTTP/1.1" 405 415 "-" "WordPress.com; https://wordpress.com"
45.235.122.177 - - [09/Sep/2026:15:30:14 -0700] "POST /xmlrpc.php HTTP/1.1" 405 415 "-" "Jetpack/12.0; WordPress/6.1; http://site57046507.com"
45.235.122.177 - - [09/Sep/2026:15:30:24 -0700] "POST /xmlrpc.php HTTP/1.1" 405 415 "-" "Jetpack by WordPress.com (Jetpack 12.1; WordPress 6.4)"
45.235.122.177 - - [09/Sep/2026:15:30:35 -0700] "POST /xmlrpc.php HTTP/1.1" 405 415 "-" "WordPress.com; https://wordpress.com"
45.235.122.177 - - [09/Sep/2026:15:30:45 -0700] "POST /xmlrpc.php HTTP/1.1" 405 415 "-" "Jetpack/13.0; WordPress/6.1; http://site35878941.com"
144.208.65.39 - - [09/Sep/2026:15:30:57 -0700] "POST /wp-cron.php?doing_wp_cron=1788993057.3375680446624755859375 HTTP/1.1" 200 - "-" "WordPress/7.1; https://aace.care"
45.235.122.177 - - [09/Sep/2026:15:30:56 -0700] "POST /xmlrpc.php HTTP/1.1" 405 415 "-" "Jetpack/13.0; WordPress/6.4; http://site37139925.com"
45.235.122.177 - - [09/Sep/2026:15:31:07 -0700] "POST /xmlrpc.php HTTP/1.1" 405 415 "-" "Jetpack by WordPress.com"
45.235.122.177 - - [09/Sep/2026:15:31:18 -0700] "POST /xmlrpc.php HTTP/1.1" 405 415 "-" "WordPress.com; https://wordpress.com"
45.235.122.177 - - [09/Sep/2026:15:31:28 -0700] "POST /xmlrpc.php HTTP/1.1" 405 415 "-" "WordPress.com; https://wordpress.com"
45.235.122.177 - - [09/Sep/2026:15:31:39 -0700] "POST /xmlrpc.php HTTP/1.1" 405 415 "-" "Jetpack/12.1; WordPress/6.4; http://site26581531.com"
5.175.206.193 - - [09/Sep/2026:15:31:47 -0700] "GET /wp-login.php HTTP/1.1" 500 2595 "" "Mozilla/5.0 (Windows NT 11.0; Win64; x64) AppleWebKit/537.36 (KHTML, like Gecko) Chrome/119.0.0.0 Safari/537.36"
5.175.206.193 - - [09/Sep/2026:15:31:49 -0700] "GET /wp-admin/ HTTP/1.1" 500 - "https://wordpress.org/" "Mozilla/5.0 (Macintosh; Intel Mac OS X 13_6_1) AppleWebKit/537.36 (KHTML, like Gecko) Chrome/119.0.0.0 Safari/537.36"
45.235.122.177 - - [09/Sep/2026:15:31:49 -0700] "POST /xmlrpc.php HTTP/1.1" 405 415 "-" "WordPress.com; https://wordpress.com"
144.208.65.39 - - [09/Sep/2026:15:32:00 -0700] "POST /wp-cron.php?doing_wp_cron=1788993120.6057589054107666015625 HTTP/1.1" 200 - "-" "WordPress/7.1; https://aace.care"
45.235.122.177 - - [09/Sep/2026:15:32:00 -0700] "POST /xmlrpc.php HTTP/1.1" 405 415 "-" "Jetpack/13.0; WordPress/6.3; http://site66113223.com"
144.208.65.39 - - [09/Sep/2026:15:32:11 -0700] "POST /wp-cron.php?doing_wp_cron=1788993131.1794300079345703125000 HTTP/1.1" 200 - "-" "WordPress/7.1; https://aace.care"
45.235.122.177 - - [09/Sep/2026:15:32:10 -0700] "POST /xmlrpc.php HTTP/1.1" 405 415 "-" "Jetpack by WordPress.com (Jetpack 12.5; WordPress 6.2)"
45.235.122.177 - - [09/Sep/2026:15:32:21 -0700] "POST /xmlrpc.php HTTP/1.1" 405 415 "-" "Jetpack by WordPress.com (Jetpack 13.0; WordPress 6.4)"
45.235.122.177 - - [09/Sep/2026:15:32:31 -0700] "POST /xmlrpc.php HTTP/1.1" 405 415 "-" "Jetpack/12.0; WordPress/6.4; http://site38697413.com"
43.130.57.46 - - [09/Sep/2026:15:32:39 -0700] "GET / HTTP/1.1" 200 107134 "http://aace.care" "Mozilla/5.0 (iPhone; CPU iPhone OS 13_2_3 like Mac OS X) AppleWebKit/605.1.15 (KHTML, like Gecko) Version/13.0.3 Mobile/15E148 Safari/604.1"
45.235.122.177 - - [09/Sep/2026:15:32:42 -0700] "POST /xmlrpc.php HTTP/1.1" 405 415 "-" "Jetpack by WordPress.com"
173.252.95.61 - - [09/Sep/2026:15:50:08 -0700] "GET /meta.json HTTP/1.1" 500 2704 "-" "facebookexternalhit/1.1 (+http://www.facebook.com/externalhit_uatext.php)"
144.208.65.39 - - [09/Sep/2026:15:50:11 -0700] "POST /wp-cron.php?doing_wp_cron=1788994211.8531899452209472656250 HTTP/1.1" 200 - "-" "WordPress/7.1; https://aace.care"
1.13.158.23 - - [09/Sep/2026:15:50:11 -0700] "GET / HTTP/1.1" 200 107134 "http://aacehomecareinc.com" "Mozilla/5.0 (iPhone; CPU iPhone OS 13_2_3 like Mac OS X) AppleWebKit/605.1.15 (KHTML, like Gecko) Version/13.0.3 Mobile/15E148 Safari/604.1"
144.208.65.39 - - [09/Sep/2026:16:05:31 -0700] "POST /wp-cron.php?doing_wp_cron=1788995131.0368599891662597656250 HTTP/1.1" 200 - "-" "WordPress/7.1; https://aace.care"
74.7.175.183 - - [09/Sep/2026:16:05:30 -0700] "GET /robots.txt HTTP/1.1" 301 - "-" "Mozilla/5.0 (Macintosh; Intel Mac OS X 10_15_7) AppleWebKit/537.36 (KHTML, like Gecko) Chrome/131.0.0.0 Safari/537.36; compatible; OAI-SearchBot/1.4; robots.txt; +https://openai.com/searchbot"
74.7.175.183 - - [09/Sep/2026:16:05:31 -0700] "GET /robots.txt HTTP/1.1" 200 110 "https://www.aace.care/robots.txt" "Mozilla/5.0 (Macintosh; Intel Mac OS X 10_15_7) AppleWebKit/537.36 (KHTML, like Gecko) Chrome/131.0.0.0 Safari/537.36; compatible; OAI-SearchBot/1.4; robots.txt; +https://openai.com/searchbot"
3.95.34.155 - - [09/Sep/2026:16:14:16 -0700] "GET / HTTP/1.1" 500 2704 "-" "Mozilla/5.0 (X11; Linux x86_64) AppleWebKit/537.36 (KHTML, like Gecko) HeadlessChrome/136.0.0.0 Safari/537.36"
144.208.65.39 - - [09/Sep/2026:16:14:17 -0700] "POST /wp-cron.php?doing_wp_cron=1788995657.5237159729003906250000 HTTP/1.1" 200 - "-" "WordPress/7.1; https://aace.care"
3.95.34.155 - - [09/Sep/2026:16:14:16 -0700] "GET / HTTP/1.1" 200 107109 "-" "Mozilla/5.0 (X11; Linux x86_64) AppleWebKit/537.36 (KHTML, like Gecko) HeadlessChrome/136.0.0.0 Safari/537.36"
20.235.109.206 - - [09/Sep/2026:16:14:21 -0700] "GET / HTTP/1.1" 200 107109 "-" "Mozilla/5.0 (Windows NT 10.0; Win64; x64) AppleWebKit/537.36 (KHTML, like Gecko) Chrome/120.0.0.0 Safari/537.36"
3.95.34.155 - - [09/Sep/2026:16:14:22 -0700] "GET /wp-includes/js/jquery/jquery.min.js?ver=3.7.1 HTTP/1.1" 200 87553 "https://aace.care/" "Mozilla/5.0 (X11; Linux x86_64) AppleWebKit/537.36 (KHTML, like Gecko) HeadlessChrome/136.0.0.0 Safari/537.36"
3.95.34.155 - - [09/Sep/2026:16:14:23 -0700] "GET /wp-includes/js/jquery/jquery-migrate.min.js?ver=3.4.1 HTTP/1.1" 200 13577 "https://aace.care/" "Mozilla/5.0 (X11; Linux x86_64) AppleWebKit/537.36 (KHTML, like Gecko) HeadlessChrome/136.0.0.0 Safari/537.36"
3.95.34.155 - - [09/Sep/2026:16:14:23 -0700] "GET /wp-content/plugins/cookie-law-info/legacy/public/js/cookie-law-info-public.js?ver=3.0.8 HTTP/1.1" 200 34179 "https://aace.care/" "Mozilla/5.0 (X11; Linux x86_64) AppleWebKit/537.36 (KHTML, like Gecko) HeadlessChrome/136.0.0.0 Safari/537.36"
20.235.109.206 - - [09/Sep/2026:16:14:22 -0700] "GET /wp-includes/ID3/index.php HTTP/1.1" 301 - "-" "Mozilla/5.0 (Windows NT 10.0; Win64; x64) AppleWebKit/537.36 (KHTML, like Gecko) Chrome/120.0.0.0 Safari/537.36"
3.95.34.155 - - [09/Sep/2026:16:14:24 -0700] "GET /wp-content/plugins/cookie-law-info/legacy/admin/modules/ccpa/assets/js/cookie-law-info-ccpa.js?ver=3.0.8 HTTP/1.1" 200 7328 "https://aace.care/" "Mozilla/5.0 (X11; Linux x86_64) AppleWebKit/537.36 (KHTML, like Gecko) HeadlessChrome/136.0.0.0 Safari/537.36"
20.235.109.206 - - [09/Sep/2026:16:14:23 -0700] "GET /wp-includes/fonts/ HTTP/1.1" 404 69100 "-" "Mozilla/5.0 (Windows NT 10.0; Win64; x64) AppleWebKit/537.36 (KHTML, like Gecko) Chrome/120.0.0.0 Safari/537.36"
3.95.34.155 - - [09/Sep/2026:16:14:24 -0700] "GET /wp-includes/js/mediaelement/mediaelement-and-player.min.js?ver=4.2.17 HTTP/1.1" 200 158005 "https://aace.care/" "Mozilla/5.0 (X11; Linux x86_64) AppleWebKit/537.36 (KHTML, like Gecko) HeadlessChrome/136.0.0.0 Safari/537.36"
3.95.34.155 - - [09/Sep/2026:16:14:25 -0700] "GET /wp-includes/js/mediaelement/mediaelement-migrate.min.js?ver=7.1 HTTP/1.1" 200 1191 "https://aace.care/" "Mozilla/5.0 (X11; Linux x86_64) AppleWebKit/537.36 (KHTML, like Gecko) HeadlessChrome/136.0.0.0 Safari/537.36"
20.235.109.206 - - [09/Sep/2026:16:14:24 -0700] "GET /wp/wp-admin/includes/ HTTP/1.1" 500 2595 "-" "Mozilla/5.0 (Windows NT 10.0; Win64; x64) AppleWebKit/537.36 (KHTML, like Gecko) Chrome/120.0.0.0 Safari/537.36"
3.95.34.155 - - [09/Sep/2026:16:14:25 -0700] "GET /wp-content/plugins/so-widgets-bundle/widgets/video/js/so-video-widget.min.js?ver=1.46.6 HTTP/1.1" 200 398 "https://aace.care/" "Mozilla/5.0 (X11; Linux x86_64) AppleWebKit/537.36 (KHTML, like Gecko) HeadlessChrome/136.0.0.0 Safari/537.36"
20.235.109.206 - - [09/Sep/2026:16:14:25 -0700] "GET /wp-admin/admin-ajax.php HTTP/1.1" 400 1 "-" "Mozilla/5.0 (Windows NT 10.0; Win64; x64) AppleWebKit/537.36 (KHTML, like Gecko) Chrome/120.0.0.0 Safari/537.36"
20.235.109.206 - - [09/Sep/2026:16:14:26 -0700] "GET /wp-admin/css/colors/modern/ HTTP/1.1" 500 2595 "-" "Mozilla/5.0 (Windows NT 10.0; Win64; x64) AppleWebKit/537.36 (KHTML, like Gecko) Chrome/120.0.0.0 Safari/537.36"
3.95.34.155 - - [09/Sep/2026:16:14:28 -0700] "GET /wp-content/themes/vantage/js/jquery.flexslider.min.js?ver=2.1 HTTP/1.1" 200 22946 "https://aace.care/" "Mozilla/5.0 (X11; Linux x86_64) AppleWebKit/537.36 (KHTML, like Gecko) HeadlessChrome/136.0.0.0 Safari/537.36"
3.95.34.155 - - [09/Sep/2026:16:14:28 -0700] "GET /wp-content/themes/vantage/js/jquery.touchSwipe.min.js?ver=1.6.6 HTTP/1.1" 200 9953 "https://aace.care/" "Mozilla/5.0 (X11; Linux x86_64) AppleWebKit/537.36 (KHTML, like Gecko) HeadlessChrome/136.0.0.0 Safari/537.36"
20.235.109.206 - - [09/Sep/2026:16:14:28 -0700] "GET /wp-admin/js/about.php HTTP/1.1" 500 2595 "-" "Mozilla/5.0 (Windows NT 10.0; Win64; x64) AppleWebKit/537.36 (KHTML, like Gecko) Chrome/120.0.0.0 Safari/537.36"
3.95.34.155 - - [09/Sep/2026:16:14:28 -0700] "GET /wp-content/themes/vantage/js/jquery.theme-main.min.js?ver=1.20.8 HTTP/1.1" 200 5873 "https://aace.care/" "Mozilla/5.0 (X11; Linux x86_64) AppleWebKit/537.36 (KHTML, like Gecko) HeadlessChrome/136.0.0.0 Safari/537.36"
3.95.34.155 - - [09/Sep/2026:16:14:29 -0700] "GET /wp-content/themes/vantage/js/jquery.fitvids.min.js?ver=1.0 HTTP/1.1" 200 1732 "https://aace.care/" "Mozilla/5.0 (X11; Linux x86_64) AppleWebKit/537.36 (KHTML, like Gecko) HeadlessChrome/136.0.0.0 Safari/537.36"
3.95.34.155 - - [09/Sep/2026:16:14:29 -0700] "GET /wp-content/themes/vantage/inc/mobilenav/js/mobilenav.min.js?ver=1.20.8 HTTP/1.1" 200 3107 "https://aace.care/" "Mozilla/5.0 (X11; Linux x86_64) AppleWebKit/537.36 (KHTML, like Gecko) HeadlessChrome/136.0.0.0 Safari/537.36"
20.235.109.206 - - [09/Sep/2026:16:14:29 -0700] "GET /wp-admin/network/ HTTP/1.1" 500 2595 "-" "Mozilla/5.0 (Windows NT 10.0; Win64; x64) AppleWebKit/537.36 (KHTML, like Gecko) Chrome/120.0.0.0 Safari/537.36"
20.235.109.206 - - [09/Sep/2026:16:14:30 -0700] "GET /wp-includes/customize/ HTTP/1.1" 404 69100 "-" "Mozilla/5.0 (Windows NT 10.0; Win64; x64) AppleWebKit/537.36 (KHTML, like Gecko) Chrome/120.0.0.0 Safari/537.36"
3.95.34.155 - - [09/Sep/2026:16:14:32 -0700] "GET /wp-content/plugins/metronet-profile-picture/js/mpp-frontend.js?ver=2.6.0 HTTP/1.1" 200 331 "https://aace.care/" "Mozilla/5.0 (X11; Linux x86_64) AppleWebKit/537.36 (KHTML, like Gecko) HeadlessChrome/136.0.0.0 Safari/537.36"
3.95.34.155 - - [09/Sep/2026:16:14:32 -0700] "GET /wp-content/plugins/page-scroll-to-id/js/page-scroll-to-id.min.js?ver=1.7.7 HTTP/1.1" 200 26001 "https://aace.care/" "Mozilla/5.0 (X11; Linux x86_64) AppleWebKit/537.36 (KHTML, like Gecko) HeadlessChrome/136.0.0.0 Safari/537.36"
20.235.109.206 - - [09/Sep/2026:16:14:32 -0700] "GET /WSO.php HTTP/1.1" 404 69100 "-" "Mozilla/5.0 (Windows NT 10.0; Win64; x64) AppleWebKit/537.36 (KHTML, like Gecko) Chrome/120.0.0.0 Safari/537.36"
20.235.109.206 - - [09/Sep/2026:16:14:33 -0700] "GET /wp-includes/css/ HTTP/1.1" 404 69100 "-" "Mozilla/5.0 (Windows NT 10.0; Win64; x64) AppleWebKit/537.36 (KHTML, like Gecko) Chrome/120.0.0.0 Safari/537.36"
20.235.109.206 - - [09/Sep/2026:16:14:34 -0700] "GET /templates/beez3/error.php HTTP/1.1" 404 69100 "-" "Mozilla/5.0 (Windows NT 10.0; Win64; x64) AppleWebKit/537.36 (KHTML, like Gecko) Chrome/120.0.0.0 Safari/537.36"
20.235.109.206 - - [09/Sep/2026:16:14:35 -0700] "GET /wp-admin/css/colors/blue/atomlib.php HTTP/1.1" 500 2595 "-" "Mozilla/5.0 (Windows NT 10.0; Win64; x64) AppleWebKit/537.36 (KHTML, like Gecko) Chrome/120.0.0.0 Safari/537.36"
3.95.34.155 - - [09/Sep/2026:16:14:36 -0700] "GET /wp-content/plugins/easy-fancybox/fancybox/1.5.4/jquery.fancybox.min.js?ver=7.1 HTTP/1.1" 200 17738 "https://aace.care/" "Mozilla/5.0 (X11; Linux x86_64) AppleWebKit/537.36 (KHTML, like Gecko) HeadlessChrome/136.0.0.0 Safari/537.36"
3.95.34.155 - - [09/Sep/2026:16:14:37 -0700] "GET /wp-content/plugins/easy-fancybox/vendor/jquery.easing.min.js?ver=1.4.1 HTTP/1.1" 200 2302 "https://aace.care/" "Mozilla/5.0 (X11; Linux x86_64) AppleWebKit/537.36 (KHTML, like Gecko) HeadlessChrome/136.0.0.0 Safari/537.36"
3.95.34.155 - - [09/Sep/2026:16:14:37 -0700] "GET /wp-content/plugins/wp-smush-pro/app/assets/js/smush-lazy-load.min.js?ver=3.12.5 HTTP/1.1" 200 7922 "https://aace.care/" "Mozilla/5.0 (X11; Linux x86_64) AppleWebKit/537.36 (KHTML, like Gecko) HeadlessChrome/136.0.0.0 Safari/537.36"
20.235.109.206 - - [09/Sep/2026:16:14:36 -0700] "GET /wp-includes/ID3/autoload_classmap.php HTTP/1.1" 404 69100 "-" "Mozilla/5.0 (Windows NT 10.0; Win64; x64) AppleWebKit/537.36 (KHTML, like Gecko) Chrome/120.0.0.0 Safari/537.36"
20.235.109.206 - - [09/Sep/2026:16:14:37 -0700] "GET /wp-includes/css/dist/ HTTP/1.1" 404 69100 "-" "Mozilla/5.0 (Windows NT 10.0; Win64; x64) AppleWebKit/537.36 (KHTML, like Gecko) Chrome/120.0.0.0 Safari/537.36"
20.235.109.206 - - [09/Sep/2026:16:14:38 -0700] "GET /wp-includes/images/crystal/ HTTP/1.1" 404 69100 "-" "Mozilla/5.0 (Windows NT 10.0; Win64; x64) AppleWebKit/537.36 (KHTML, like Gecko) Chrome/120.0.0.0 Safari/537.36"
20.235.109.206 - - [09/Sep/2026:16:14:39 -0700] "GET /wp-admin/css/ HTTP/1.1" 500 2595 "-" "Mozilla/5.0 (Windows NT 10.0; Win64; x64) AppleWebKit/537.36 (KHTML, like Gecko) Chrome/120.0.0.0 Safari/537.36"
20.235.109.206 - - [09/Sep/2026:16:14:41 -0700] "GET /wp-admin/wp-conflg.php HTTP/1.1" 500 2595 "-" "Mozilla/5.0 (Windows NT 10.0; Win64; x64) AppleWebKit/537.36 (KHTML, like Gecko) Chrome/120.0.0.0 Safari/537.36"
3.95.34.155 - - [09/Sep/2026:16:14:42 -0700] "GET /wp-content/plugins/siteorigin-panels/js/styling.min.js?ver=2.20.4 HTTP/1.1" 200 1293 "https://aace.care/" "Mozilla/5.0 (X11; Linux x86_64) AppleWebKit/537.36 (KHTML, like Gecko) HeadlessChrome/136.0.0.0 Safari/537.36"
3.95.34.155 - - [09/Sep/2026:16:14:42 -0700] "GET /wp-content/plugins/smart-slider-3/Public/SmartSlider3/Application/Frontend/Assets/dist/n2.min.js?ver=e5da025b HTTP/1.1" 200 41234 "https://aace.care/" "Mozilla/5.0 (X11; Linux x86_64) AppleWebKit/537.36 (KHTML, like Gecko) HeadlessChrome/136.0.0.0 Safari/537.36"
3.95.34.155 - - [09/Sep/2026:16:14:42 -0700] "GET /wp-content/plugins/smart-slider-3/Public/SmartSlider3/Application/Frontend/Assets/dist/smartslider-frontend.min.js?ver=e5da025b HTTP/1.1" 200 113544 "https://aace.care/" "Mozilla/5.0 (X11; Linux x86_64) AppleWebKit/537.36 (KHTML, like Gecko) HeadlessChrome/136.0.0.0 Safari/537.36"
20.235.109.206 - - [09/Sep/2026:16:14:42 -0700] "GET /wp-includes/ID3/file.php HTTP/1.1" 404 69100 "-" "Mozilla/5.0 (Windows NT 10.0; Win64; x64) AppleWebKit/537.36 (KHTML, like Gecko) Chrome/120.0.0.0 Safari/537.36"
20.235.109.206 - - [09/Sep/2026:16:14:43 -0700] "GET /wp-includes/autoload_classmap.php HTTP/1.1" 404 69100 "-" "Mozilla/5.0 (Windows NT 10.0; Win64; x64) AppleWebKit/537.36 (KHTML, like Gecko) Chrome/120.0.0.0 Safari/537.36"
20.235.109.206 - - [09/Sep/2026:16:14:44 -0700] "GET /admin/uploads/ HTTP/1.1" 404 69100 "-" "Mozilla/5.0 (Windows NT 10.0; Win64; x64) AppleWebKit/537.36 (KHTML, like Gecko) Chrome/120.0.0.0 Safari/537.36"
3.95.34.155 - - [09/Sep/2026:16:14:45 -0700] "GET /wp-content/plugins/smart-slider-3/Public/SmartSlider3/Slider/SliderType/Simple/Assets/dist/ss-simple.min.js?ver=e5da025b HTTP/1.1" 200 13218 "https://aace.care/" "Mozilla/5.0 (X11; Linux x86_64) AppleWebKit/537.36 (KHTML, like Gecko) HeadlessChrome/136.0.0.0 Safari/537.36"
3.95.34.155 - - [09/Sep/2026:16:14:45 -0700] "GET /wp-content/plugins/smart-slider-3/Public/SmartSlider3/Widget/Arrow/ArrowImage/Assets/dist/w-arrow-image.min.js?ver=e5da025b HTTP/1.1" 200 1246 "https://aace.care/" "Mozilla/5.0 (X11; Linux x86_64) AppleWebKit/537.36 (KHTML, like Gecko) HeadlessChrome/136.0.0.0 Safari/537.36"
3.95.34.155 - - [09/Sep/2026:16:14:45 -0700] "GET /wp-content/plugins/smart-slider-3/Public/SmartSlider3/Slider/SliderType/Simple/Assets/dist/smartslider-backgroundanimation.min.js?ver=e5da025b HTTP/1.1" 200 27836 "https://aace.care/" "Mozilla/5.0 (X11; Linux x86_64) AppleWebKit/537.36 (KHTML, like Gecko) HeadlessChrome/136.0.0.0 Safari/537.36"
20.235.109.206 - - [09/Sep/2026:16:14:45 -0700] "GET /wp-content/cong.php HTTP/1.1" 404 69100 "-" "Mozilla/5.0 (Windows NT 10.0; Win64; x64) AppleWebKit/537.36 (KHTML, like Gecko) Chrome/120.0.0.0 Safari/537.36"
20.235.109.206 - - [09/Sep/2026:16:14:46 -0700] "GET /wp-includes/ID3/ HTTP/1.1" 404 69100 "-" "Mozilla/5.0 (Windows NT 10.0; Win64; x64) AppleWebKit/537.36 (KHTML, like Gecko) Chrome/120.0.0.0 Safari/537.36"
20.235.109.206 - - [09/Sep/2026:16:14:47 -0700] "GET /wp-includes/images/media/ HTTP/1.1" 404 69100 "-" "Mozilla/5.0 (Windows NT 10.0; Win64; x64) AppleWebKit/537.36 (KHTML, like Gecko) Chrome/120.0.0.0 Safari/537.36"
20.235.109.206 - - [09/Sep/2026:16:14:48 -0700] "GET /wp-admin/admin.php HTTP/1.1" 500 2595 "-" "Mozilla/5.0 (Windows NT 10.0; Win64; x64) AppleWebKit/537.36 (KHTML, like Gecko) Chrome/120.0.0.0 Safari/537.36"
20.235.109.206 - - [09/Sep/2026:16:14:50 -0700] "GET /wp-content/languages/chosen.php HTTP/1.1" 404 69100 "-" "Mozilla/5.0 (Windows NT 10.0; Win64; x64) AppleWebKit/537.36 (KHTML, like Gecko) Chrome/120.0.0.0 Safari/537.36"
20.235.109.206 - - [09/Sep/2026:16:14:51 -0700] "GET /wp-content/plugins/ HTTP/1.1" 404 69100 "-" "Mozilla/5.0 (Windows NT 10.0; Win64; x64) AppleWebKit/537.36 (KHTML, like Gecko) Chrome/120.0.0.0 Safari/537.36"
20.235.109.206 - - [09/Sep/2026:16:14:52 -0700] "GET /wp-content/uploads/2024/index.php HTTP/1.1" 301 - "-" "Mozilla/5.0 (Windows NT 10.0; Win64; x64) AppleWebKit/537.36 (KHTML, like Gecko) Chrome/120.0.0.0 Safari/537.36"
20.235.109.206 - - [09/Sep/2026:16:14:53 -0700] "GET /goods.php HTTP/1.1" 404 69100 "-" "Mozilla/5.0 (Windows NT 10.0; Win64; x64) AppleWebKit/537.36 (KHTML, like Gecko) Chrome/120.0.0.0 Safari/537.36"
20.235.109.206 - - [09/Sep/2026:16:14:54 -0700] "GET /plugins/ HTTP/1.1" 404 69100 "-" "Mozilla/5.0 (Windows NT 10.0; Win64; x64) AppleWebKit/537.36 (KHTML, like Gecko) Chrome/120.0.0.0 Safari/537.36"
20.235.109.206 - - [09/Sep/2026:16:14:55 -0700] "GET /wp-admin/js/widgets/index.php HTTP/1.1" 500 2595 "-" "Mozilla/5.0 (Windows NT 10.0; Win64; x64) AppleWebKit/537.36 (KHTML, like Gecko) Chrome/120.0.0.0 Safari/537.36"
20.235.109.206 - - [09/Sep/2026:16:14:56 -0700] "GET /wp-content/themes/wp-pridmag/init.php HTTP/1.1" 404 69100 "-" "Mozilla/5.0 (Windows NT 10.0; Win64; x64) AppleWebKit/537.36 (KHTML, like Gecko) Chrome/120.0.0.0 Safari/537.36"
20.235.109.206 - - [09/Sep/2026:16:14:58 -0700] "GET /cgi-bin/wp-2019.php HTTP/1.1" 404 69100 "-" "Mozilla/5.0 (Windows NT 10.0; Win64; x64) AppleWebKit/537.36 (KHTML, like Gecko) Chrome/120.0.0.0 Safari/537.36"
20.235.109.206 - - [09/Sep/2026:16:14:59 -0700] "GET /wp-admin/setup-config.php HTTP/1.1" 403 5256 "-" "Mozilla/5.0 (Windows NT 10.0; Win64; x64) AppleWebKit/537.36 (KHTML, like Gecko) Chrome/120.0.0.0 Safari/537.36"
20.235.109.206 - - [09/Sep/2026:16:14:59 -0700] "GET /wp-content/file.php HTTP/1.1" 403 5256 "-" "Mozilla/5.0 (Windows NT 10.0; Win64; x64) AppleWebKit/537.36 (KHTML, like Gecko) Chrome/120.0.0.0 Safari/537.36"
20.235.109.206 - - [09/Sep/2026:16:15:00 -0700] "GET /edit.php HTTP/1.1" 403 5256 "-" "Mozilla/5.0 (Windows NT 10.0; Win64; x64) AppleWebKit/537.36 (KHTML, like Gecko) Chrome/120.0.0.0 Safari/537.36"
20.235.109.206 - - [09/Sep/2026:16:15:01 -0700] "GET /file5.php HTTP/1.1" 500 2704 "-" "Mozilla/5.0 (Windows NT 10.0; Win64; x64) AppleWebKit/537.36 (KHTML, like Gecko) Chrome/120.0.0.0 Safari/537.36"
20.235.109.206 - - [09/Sep/2026:16:15:02 -0700] "GET /wp-includes/images/smilies/index.php HTTP/1.1" 403 5256 "-" "Mozilla/5.0 (Windows NT 10.0; Win64; x64) AppleWebKit/537.36 (KHTML, like Gecko) Chrome/120.0.0.0 Safari/537.36"
20.235.109.206 - - [09/Sep/2026:16:15:02 -0700] "GET /wp-admin/ HTTP/1.1" 403 5256 "-" "Mozilla/5.0 (Windows NT 10.0; Win64; x64) AppleWebKit/537.36 (KHTML, like Gecko) Chrome/120.0.0.0 Safari/537.36"
20.235.109.206 - - [09/Sep/2026:16:15:03 -0700] "GET /wp-includes/ HTTP/1.1" 500 2704 "-" "Mozilla/5.0 (Windows NT 10.0; Win64; x64) AppleWebKit/537.36 (KHTML, like Gecko) Chrome/120.0.0.0 Safari/537.36"
20.235.109.206 - - [09/Sep/2026:16:15:04 -0700] "GET /aa.php HTTP/1.1" 403 5256 "-" "Mozilla/5.0 (Windows NT 10.0; Win64; x64) AppleWebKit/537.36 (KHTML, like Gecko) Chrome/120.0.0.0 Safari/537.36"
20.235.109.206 - - [09/Sep/2026:16:15:05 -0700] "GET /wp-admin/css/colors/blue/index.php HTTP/1.1" 403 5256 "-" "Mozilla/5.0 (Windows NT 10.0; Win64; x64) AppleWebKit/537.36 (KHTML, like Gecko) Chrome/120.0.0.0 Safari/537.36"
20.235.109.206 - - [09/Sep/2026:16:15:06 -0700] "GET /wp-includes/blocks/ HTTP/1.1" 200 - "-" "Mozilla/5.0 (Windows NT 10.0; Win64; x64) AppleWebKit/537.36 (KHTML, like Gecko) Chrome/120.0.0.0 Safari/537.36"
20.235.109.206 - - [09/Sep/2026:16:15:06 -0700] "GET /wp-content/index.php HTTP/1.1" 403 5256 "-" "Mozilla/5.0 (Windows NT 10.0; Win64; x64) AppleWebKit/537.36 (KHTML, like Gecko) Chrome/120.0.0.0 Safari/537.36"
20.235.109.206 - - [09/Sep/2026:16:15:07 -0700] "GET /wp-content/plugins/seoplugins/index.php HTTP/1.1" 403 5256 "-" "Mozilla/5.0 (Windows NT 10.0; Win64; x64) AppleWebKit/537.36 (KHTML, like Gecko) Chrome/120.0.0.0 Safari/537.36"
20.235.109.206 - - [09/Sep/2026:16:15:08 -0700] "GET /.well-known/ HTTP/1.1" 403 5256 "-" "Mozilla/5.0 (Windows NT 10.0; Win64; x64) AppleWebKit/537.36 (KHTML, like Gecko) Chrome/120.0.0.0 Safari/537.36"
20.235.109.206 - - [09/Sep/2026:16:15:09 -0700] "GET /modules/file.php HTTP/1.1" 403 5256 "-" "Mozilla/5.0 (Windows NT 10.0; Win64; x64) AppleWebKit/537.36 (KHTML, like Gecko) Chrome/120.0.0.0 Safari/537.36"
20.235.109.206 - - [09/Sep/2026:16:15:10 -0700] "GET /wp-admin/css/colors/coffee/ HTTP/1.1" 403 5256 "-" "Mozilla/5.0 (Windows NT 10.0; Win64; x64) AppleWebKit/537.36 (KHTML, like Gecko) Chrome/120.0.0.0 Safari/537.36"
20.235.109.206 - - [09/Sep/2026:16:15:10 -0700] "GET /wp-admin/css/colors/sunrise/ HTTP/1.1" 403 5256 "-" "Mozilla/5.0 (Windows NT 10.0; Win64; x64) AppleWebKit/537.36 (KHTML, like Gecko) Chrome/120.0.0.0 Safari/537.36"
20.235.109.206 - - [09/Sep/2026:16:15:11 -0700] "GET /autoload_classmap.php HTTP/1.1" 403 5256 "-" "Mozilla/5.0 (Windows NT 10.0; Win64; x64) AppleWebKit/537.36 (KHTML, like Gecko) Chrome/120.0.0.0 Safari/537.36"
20.235.109.206 - - [09/Sep/2026:16:15:12 -0700] "GET /public/index.php HTTP/1.1" 403 5256 "-" "Mozilla/5.0 (Windows NT 10.0; Win64; x64) AppleWebKit/537.36 (KHTML, like Gecko) Chrome/120.0.0.0 Safari/537.36"
20.235.109.206 - - [09/Sep/2026:16:15:12 -0700] "GET /wp-admin/network/index.php HTTP/1.1" 403 5256 "-" "Mozilla/5.0 (Windows NT 10.0; Win64; x64) AppleWebKit/537.36 (KHTML, like Gecko) Chrome/120.0.0.0 Safari/537.36"
20.235.109.206 - - [09/Sep/2026:16:15:13 -0700] "GET /wp-content/uploads/2022/ HTTP/1.1" 403 5256 "-" "Mozilla/5.0 (Windows NT 10.0; Win64; x64) AppleWebKit/537.36 (KHTML, like Gecko) Chrome/120.0.0.0 Safari/537.36"
20.235.109.206 - - [09/Sep/2026:16:15:14 -0700] "GET /wp-content/uploads/json.php HTTP/1.1" 403 5256 "-" "Mozilla/5.0 (Windows NT 10.0; Win64; x64) AppleWebKit/537.36 (KHTML, like Gecko) Chrome/120.0.0.0 Safari/537.36"
20.235.109.206 - - [09/Sep/2026:16:15:15 -0700] "GET /wp-includes/SimplePie/ HTTP/1.1" 403 5256 "-" "Mozilla/5.0 (Windows NT 10.0; Win64; x64) AppleWebKit/537.36 (KHTML, like Gecko) Chrome/120.0.0.0 Safari/537.36"
20.235.109.206 - - [09/Sep/2026:16:15:15 -0700] "GET /wp-includes/customize/chosen.php HTTP/1.1" 403 5256 "-" "Mozilla/5.0 (Windows NT 10.0; Win64; x64) AppleWebKit/537.36 (KHTML, like Gecko) Chrome/120.0.0.0 Safari/537.36"
20.235.109.206 - - [09/Sep/2026:16:15:16 -0700] "GET /wp-includes/shell20211028.php HTTP/1.1" 403 5256 "-" "Mozilla/5.0 (Windows NT 10.0; Win64; x64) AppleWebKit/537.36 (KHTML, like Gecko) Chrome/120.0.0.0 Safari/537.36"
20.235.109.206 - - [09/Sep/2026:16:15:17 -0700] "GET /index/function.php HTTP/1.1" 403 5256 "-" "Mozilla/5.0 (Windows NT 10.0; Win64; x64) AppleWebKit/537.36 (KHTML, like Gecko) Chrome/120.0.0.0 Safari/537.36"
20.235.109.206 - - [09/Sep/2026:16:15:17 -0700] "GET /wp-admin/css/colors/midnight/ HTTP/1.1" 403 5256 "-" "Mozilla/5.0 (Windows NT 10.0; Win64; x64) AppleWebKit/537.36 (KHTML, like Gecko) Chrome/120.0.0.0 Safari/537.36"
20.235.109.206 - - [09/Sep/2026:16:15:18 -0700] "GET /wp-content/style-css.php HTTP/1.1" 403 5256 "-" "Mozilla/5.0 (Windows NT 10.0; Win64; x64) AppleWebKit/537.36 (KHTML, like Gecko) Chrome/120.0.0.0 Safari/537.36"
20.235.109.206 - - [09/Sep/2026:16:15:19 -0700] "GET /wp-includes/Requests/ HTTP/1.1" 403 5256 "-" "Mozilla/5.0 (Windows NT 10.0; Win64; x64) AppleWebKit/537.36 (KHTML, like Gecko) Chrome/120.0.0.0 Safari/537.36"
20.235.109.206 - - [09/Sep/2026:16:15:20 -0700] "GET /wp-includes/pomo/ HTTP/1.1" 403 5256 "-" "Mozilla/5.0 (Windows NT 10.0; Win64; x64) AppleWebKit/537.36 (KHTML, like Gecko) Chrome/120.0.0.0 Safari/537.36"
20.235.109.206 - - [09/Sep/2026:16:15:20 -0700] "GET /file.php HTTP/1.1" 403 5256 "-" "Mozilla/5.0 (Windows NT 10.0; Win64; x64) AppleWebKit/537.36 (KHTML, like Gecko) Chrome/120.0.0.0 Safari/537.36"
20.235.109.206 - - [09/Sep/2026:16:15:21 -0700] "GET /wp-admin/css/colors/light/ HTTP/1.1" 403 5256 "-" "Mozilla/5.0 (Windows NT 10.0; Win64; x64) AppleWebKit/537.36 (KHTML, like Gecko) Chrome/120.0.0.0 Safari/537.36"
20.235.109.206 - - [09/Sep/2026:16:15:22 -0700] "GET /wp-includes/certificates/ HTTP/1.1" 403 5256 "-" "Mozilla/5.0 (Windows NT 10.0; Win64; x64) AppleWebKit/537.36 (KHTML, like Gecko) Chrome/120.0.0.0 Safari/537.36"
20.235.109.206 - - [09/Sep/2026:16:15:22 -0700] "GET /wp-admin/css/colors/index.php HTTP/1.1" 403 5256 "-" "Mozilla/5.0 (Windows NT 10.0; Win64; x64) AppleWebKit/537.36 (KHTML, like Gecko) Chrome/120.0.0.0 Safari/537.36"
20.235.109.206 - - [09/Sep/2026:16:15:23 -0700] "GET /wp-admin/css/colors/blue/about.php HTTP/1.1" 403 5256 "-" "Mozilla/5.0 (Windows NT 10.0; Win64; x64) AppleWebKit/537.36 (KHTML, like Gecko) Chrome/120.0.0.0 Safari/537.36"
20.235.109.206 - - [09/Sep/2026:16:15:24 -0700] "GET /wp-content/alfa.php HTTP/1.1" 403 5256 "-" "Mozilla/5.0 (Windows NT 10.0; Win64; x64) AppleWebKit/537.36 (KHTML, like Gecko) Chrome/120.0.0.0 Safari/537.36"
20.235.109.206 - - [09/Sep/2026:16:15:24 -0700] "GET /inputs.php HTTP/1.1" 403 5256 "-" "Mozilla/5.0 (Windows NT 10.0; Win64; x64) AppleWebKit/537.36 (KHTML, like Gecko) Chrome/120.0.0.0 Safari/537.36"
20.235.109.206 - - [09/Sep/2026:16:15:25 -0700] "GET /wp-admin/js/widgets/cloud.php HTTP/1.1" 403 5256 "-" "Mozilla/5.0 (Windows NT 10.0; Win64; x64) AppleWebKit/537.36 (KHTML, like Gecko) Chrome/120.0.0.0 Safari/537.36"
20.235.109.206 - - [09/Sep/2026:16:15:26 -0700] "GET /wp-content/about.php HTTP/1.1" 403 5256 "-" "Mozilla/5.0 (Windows NT 10.0; Win64; x64) AppleWebKit/537.36 (KHTML, like Gecko) Chrome/120.0.0.0 Safari/537.36"
20.235.109.206 - - [09/Sep/2026:16:15:26 -0700] "GET /1.php HTTP/1.1" 403 5256 "-" "Mozilla/5.0 (Windows NT 10.0; Win64; x64) AppleWebKit/537.36 (KHTML, like Gecko) Chrome/120.0.0.0 Safari/537.36"
20.235.109.206 - - [09/Sep/2026:16:15:27 -0700] "GET /admin/controller/extension/extension/ultra.php HTTP/1.1" 403 5256 "-" "Mozilla/5.0 (Windows NT 10.0; Win64; x64) AppleWebKit/537.36 (KHTML, like Gecko) Chrome/120.0.0.0 Safari/537.36"
20.235.109.206 - - [09/Sep/2026:16:15:28 -0700] "GET /wp-admin/images/index.php HTTP/1.1" 403 5256 "-" "Mozilla/5.0 (Windows NT 10.0; Win64; x64) AppleWebKit/537.36 (KHTML, like Gecko) Chrome/120.0.0.0 Safari/537.36"
20.235.109.206 - - [09/Sep/2026:16:15:28 -0700] "GET /wp-includes/block-supports/ HTTP/1.1" 403 5256 "-" "Mozilla/5.0 (Windows NT 10.0; Win64; x64) AppleWebKit/537.36 (KHTML, like Gecko) Chrome/120.0.0.0 Safari/537.36"
20.235.109.206 - - [09/Sep/2026:16:15:29 -0700] "GET /wp-content/themes/twentytwenty/404.php HTTP/1.1" 403 5256 "-" "Mozilla/5.0 (Windows NT 10.0; Win64; x64) AppleWebKit/537.36 (KHTML, like Gecko) Chrome/120.0.0.0 Safari/537.36"
20.235.109.206 - - [09/Sep/2026:16:15:30 -0700] "GET /wp-content/upgrade/ HTTP/1.1" 500 2704 "-" "Mozilla/5.0 (Windows NT 10.0; Win64; x64) AppleWebKit/537.36 (KHTML, like Gecko) Chrome/120.0.0.0 Safari/537.36"
20.235.109.206 - - [09/Sep/2026:16:15:31 -0700] "GET /wp-admin/images/cloud.php HTTP/1.1" 403 5256 "-" "Mozilla/5.0 (Windows NT 10.0; Win64; x64) AppleWebKit/537.36 (KHTML, like Gecko) Chrome/120.0.0.0 Safari/537.36"
20.235.109.206 - - [09/Sep/2026:16:15:31 -0700] "GET /wp-admin/user/ HTTP/1.1" 403 5256 "-" "Mozilla/5.0 (Windows NT 10.0; Win64; x64) AppleWebKit/537.36 (KHTML, like Gecko) Chrome/120.0.0.0 Safari/537.36"
20.235.109.206 - - [09/Sep/2026:16:15:32 -0700] "GET /wp-admin/user/chosen.php HTTP/1.1" 500 2704 "-" "Mozilla/5.0 (Windows NT 10.0; Win64; x64) AppleWebKit/537.36 (KHTML, like Gecko) Chrome/120.0.0.0 Safari/537.36"
20.235.109.206 - - [09/Sep/2026:16:15:33 -0700] "GET /wp-content/admin.php HTTP/1.1" 403 5256 "-" "Mozilla/5.0 (Windows NT 10.0; Win64; x64) AppleWebKit/537.36 (KHTML, like Gecko) Chrome/120.0.0.0 Safari/537.36"
20.235.109.206 - - [09/Sep/2026:16:15:34 -0700] "GET /wp-includes/file.php HTTP/1.1" 403 5256 "-" "Mozilla/5.0 (Windows NT 10.0; Win64; x64) AppleWebKit/537.36 (KHTML, like Gecko) Chrome/120.0.0.0 Safari/537.36"
20.235.109.206 - - [09/Sep/2026:16:15:35 -0700] "GET /admin/admin.php HTTP/1.1" 403 5256 "-" "Mozilla/5.0 (Windows NT 10.0; Win64; x64) AppleWebKit/537.36 (KHTML, like Gecko) Chrome/120.0.0.0 Safari/537.36"
20.235.109.206 - - [09/Sep/2026:16:15:35 -0700] "GET /wp-includes/assets/index.php HTTP/1.1" 403 5256 "-" "Mozilla/5.0 (Windows NT 10.0; Win64; x64) AppleWebKit/537.36 (KHTML, like Gecko) Chrome/120.0.0.0 Safari/537.36"
20.235.109.206 - - [09/Sep/2026:16:15:36 -0700] "GET /wp-includes/images/smilies/about.php HTTP/1.1" 403 5256 "-" "Mozilla/5.0 (Windows NT 10.0; Win64; x64) AppleWebKit/537.36 (KHTML, like Gecko) Chrome/120.0.0.0 Safari/537.36"
20.235.109.206 - - [09/Sep/2026:16:15:37 -0700] "GET /wp-includes/sitemaps/providers/ HTTP/1.1" 403 5256 "-" "Mozilla/5.0 (Windows NT 10.0; Win64; x64) AppleWebKit/537.36 (KHTML, like Gecko) Chrome/120.0.0.0 Safari/537.36"
20.235.109.206 - - [09/Sep/2026:16:15:37 -0700] "GET /wp-content/themes/ HTTP/1.1" 403 5256 "-" "Mozilla/5.0 (Windows NT 10.0; Win64; x64) AppleWebKit/537.36 (KHTML, like Gecko) Chrome/120.0.0.0 Safari/537.36"
20.235.109.206 - - [09/Sep/2026:16:15:38 -0700] "GET /wp-includes/block-patterns/ HTTP/1.1" 403 5256 "-" "Mozilla/5.0 (Windows NT 10.0; Win64; x64) AppleWebKit/537.36 (KHTML, like Gecko) Chrome/120.0.0.0 Safari/537.36"
20.235.109.206 - - [09/Sep/2026:16:15:39 -0700] "GET /aspera/faspex/ HTTP/1.1" 403 5256 "-" "Mozilla/5.0 (Windows NT 10.0; Win64; x64) AppleWebKit/537.36 (KHTML, like Gecko) Chrome/120.0.0.0 Safari/537.36"
20.235.109.206 - - [09/Sep/2026:16:15:40 -0700] "GET /cgi-bin/ HTTP/1.1" 403 5256 "-" "Mozilla/5.0 (Windows NT 10.0; Win64; x64) AppleWebKit/537.36 (KHTML, like Gecko) Chrome/120.0.0.0 Safari/537.36"
20.235.109.206 - - [09/Sep/2026:16:15:40 -0700] "GET /flower.php HTTP/1.1" 403 5256 "-" "Mozilla/5.0 (Windows NT 10.0; Win64; x64) AppleWebKit/537.36 (KHTML, like Gecko) Chrome/120.0.0.0 Safari/537.36"
20.235.109.206 - - [09/Sep/2026:16:15:41 -0700] "GET /wp-admin/js/ HTTP/1.1" 403 5256 "-" "Mozilla/5.0 (Windows NT 10.0; Win64; x64) AppleWebKit/537.36 (KHTML, like Gecko) Chrome/120.0.0.0 Safari/537.36"
20.235.109.206 - - [09/Sep/2026:16:15:42 -0700] "GET /.well-known/gecko-litespeed.php HTTP/1.1" 403 5256 "-" "Mozilla/5.0 (Windows NT 10.0; Win64; x64) AppleWebKit/537.36 (KHTML, like Gecko) Chrome/120.0.0.0 Safari/537.36"
20.235.109.206 - - [09/Sep/2026:16:15:42 -0700] "GET /admin/function.php HTTP/1.1" 403 5256 "-" "Mozilla/5.0 (Windows NT 10.0; Win64; x64) AppleWebKit/537.36 (KHTML, like Gecko) Chrome/120.0.0.0 Safari/537.36"
20.235.109.206 - - [09/Sep/2026:16:15:43 -0700] "GET /wp-admin/network/chosen.php HTTP/1.1" 403 5256 "-" "Mozilla/5.0 (Windows NT 10.0; Win64; x64) AppleWebKit/537.36 (KHTML, like Gecko) Chrome/120.0.0.0 Safari/537.36"
20.235.109.206 - - [09/Sep/2026:16:15:44 -0700] "GET /wp-content/plugins/hellopress/wp_filemanager.php HTTP/1.1" 403 5256 "-" "Mozilla/5.0 (Windows NT 10.0; Win64; x64) AppleWebKit/537.36 (KHTML, like Gecko) Chrome/120.0.0.0 Safari/537.36"
20.235.109.206 - - [09/Sep/2026:16:15:44 -0700] "GET /wp-content/uploads/ HTTP/1.1" 403 5256 "-" "Mozilla/5.0 (Windows NT 10.0; Win64; x64) AppleWebKit/537.36 (KHTML, like Gecko) Chrome/120.0.0.0 Safari/537.36"
20.235.109.206 - - [09/Sep/2026:16:15:45 -0700] "GET /wp-includes/assets/admin.php HTTP/1.1" 403 5256 "-" "Mozilla/5.0 (Windows NT 10.0; Win64; x64) AppleWebKit/537.36 (KHTML, like Gecko) Chrome/120.0.0.0 Safari/537.36"
20.235.109.206 - - [09/Sep/2026:16:15:46 -0700] "GET /wp-includes/images/ HTTP/1.1" 403 5256 "-" "Mozilla/5.0 (Windows NT 10.0; Win64; x64) AppleWebKit/537.36 (KHTML, like Gecko) Chrome/120.0.0.0 Safari/537.36"
20.235.109.206 - - [09/Sep/2026:16:15:46 -0700] "GET /.well-known/classwithtostring.php HTTP/1.1" 403 5256 "-" "Mozilla/5.0 (Windows NT 10.0; Win64; x64) AppleWebKit/537.36 (KHTML, like Gecko) Chrome/120.0.0.0 Safari/537.36"
20.235.109.206 - - [09/Sep/2026:16:15:47 -0700] "GET /anonse/lock360.php HTTP/1.1" 403 5256 "-" "Mozilla/5.0 (Windows NT 10.0; Win64; x64) AppleWebKit/537.36 (KHTML, like Gecko) Chrome/120.0.0.0 Safari/537.36"
20.235.109.206 - - [09/Sep/2026:16:15:48 -0700] "GET /cgi-bin/wp-login.php HTTP/1.1" 403 5256 "-" "Mozilla/5.0 (Windows NT 10.0; Win64; x64) AppleWebKit/537.36 (KHTML, like Gecko) Chrome/120.0.0.0 Safari/537.36"
20.235.109.206 - - [09/Sep/2026:16:15:48 -0700] "GET /wp-admin/css/colors/ectoplasm/wp-login.php HTTP/1.1" 403 5256 "-" "Mozilla/5.0 (Windows NT 10.0; Win64; x64) AppleWebKit/537.36 (KHTML, like Gecko) Chrome/120.0.0.0 Safari/537.36"
20.235.109.206 - - [09/Sep/2026:16:15:49 -0700] "GET /wp-content/themes/about.php HTTP/1.1" 403 5256 "-" "Mozilla/5.0 (Windows NT 10.0; Win64; x64) AppleWebKit/537.36 (KHTML, like Gecko) Chrome/120.0.0.0 Safari/537.36"
20.235.109.206 - - [09/Sep/2026:16:15:50 -0700] "GET /wp-content/uploads/2021/ HTTP/1.1" 403 5256 "-" "Mozilla/5.0 (Windows NT 10.0; Win64; x64) AppleWebKit/537.36 (KHTML, like Gecko) Chrome/120.0.0.0 Safari/537.36"
20.235.109.206 - - [09/Sep/2026:16:15:50 -0700] "GET /wp-includes/html-api/ HTTP/1.1" 403 5256 "-" "Mozilla/5.0 (Windows NT 10.0; Win64; x64) AppleWebKit/537.36 (KHTML, like Gecko) Chrome/120.0.0.0 Safari/537.36"
20.235.109.206 - - [09/Sep/2026:16:15:51 -0700] "GET /assets/images/doc.php HTTP/1.1" 403 5256 "-" "Mozilla/5.0 (Windows NT 10.0; Win64; x64) AppleWebKit/537.36 (KHTML, like Gecko) Chrome/120.0.0.0 Safari/537.36"
20.235.109.206 - - [09/Sep/2026:16:15:52 -0700] "GET /ioxi-o.php HTTP/1.1" 403 5256 "-" "Mozilla/5.0 (Windows NT 10.0; Win64; x64) AppleWebKit/537.36 (KHTML, like Gecko) Chrome/120.0.0.0 Safari/537.36"
