209.240.29.134 - - [09/Sep/2026:19:07:27 -0700] "GET /wp-content/themes/vantage/icons/vantage-icons.woff HTTP/1.1" 200 1380 "https://aace.care/wp-content/themes/vantage/style.css?ver=1.20.8" "Mozilla/5.0 (compatible; Googlebot/2.1; +http://www.google.com/bot.html)"
209.240.29.134 - - [09/Sep/2026:19:07:27 -0700] "GET /wp-content/uploads/2022/09/aace.mp4 HTTP/1.1" 206 122224407 "https://aace.care/" "Mozilla/5.0 (compatible; Googlebot/2.1; +http://www.google.com/bot.html)"
209.240.29.134 - - [09/Sep/2026:19:07:28 -0700] "GET /wp-content/plugins/google-analytics-for-wordpress/assets/js/frontend-gtag.min.js?ver=8.12.1 HTTP/1.1" 200 11898 "https://aace.care/" "Mozilla/5.0 (compatible; Googlebot/2.1; +http://www.google.com/bot.html)"
209.240.29.134 - - [09/Sep/2026:19:07:27 -0700] "GET /wp-content/uploads/2022/09/aace.mp4 HTTP/1.1" 206 120094487 "https://aace.care/" "Mozilla/5.0 (compatible; Googlebot/2.1; +http://www.google.com/bot.html)"
209.240.29.134 - - [09/Sep/2026:19:07:29 -0700] "GET /wp-includes/js/mediaelement/mejs-controls.svg HTTP/1.1" 200 4598 "https://aace.care/wp-includes/js/mediaelement/mediaelementplayer-legacy.min.css?ver=4.2.17" "Mozilla/5.0 (compatible; Googlebot/2.1; +http://www.google.com/bot.html)"
209.240.29.134 - - [09/Sep/2026:19:07:29 -0700] "GET /wp-content/uploads/2022/09/aace.mp4 HTTP/1.1" 206 115932951 "https://aace.care/" "Mozilla/5.0 (compatible; Googlebot/2.1; +http://www.google.com/bot.html)"
209.240.29.134 - - [09/Sep/2026:19:07:30 -0700] "GET /wp-content/uploads/2022/09/aace.mp4 HTTP/1.1" 206 98071 "https://aace.care/" "Mozilla/5.0 (compatible; Googlebot/2.1; +http://www.google.com/bot.html)"
209.240.29.134 - - [09/Sep/2026:19:07:29 -0700] "GET /wp-content/uploads/2022/09/aace.mp4 HTTP/1.1" 206 122879767 "https://aace.care/" "Mozilla/5.0 (compatible; Googlebot/2.1; +http://www.google.com/bot.html)"
36.80.176.101 - - [09/Sep/2026:19:07:30 -0700] "POST /xmlrpc.php HTTP/1.1" 405 415 "-" "Jetpack/12.1; WordPress/6.3; http://site20812829.com"
209.240.29.134 - - [09/Sep/2026:19:07:30 -0700] "GET /wp-content/uploads/2022/09/aace.mp4 HTTP/1.1" 206 122846999 "https://aace.care/" "Mozilla/5.0 (compatible; Googlebot/2.1; +http://www.google.com/bot.html)"
209.240.29.134 - - [09/Sep/2026:19:07:31 -0700] "GET /wp-content/uploads/2022/09/aace.mp4 HTTP/1.1" 206 120094487 "https://aace.care/" "Mozilla/5.0 (compatible; Googlebot/2.1; +http://www.google.com/bot.html)"
209.240.29.134 - - [09/Sep/2026:19:07:33 -0700] "GET /wp-content/uploads/2022/09/aace.mp4 HTTP/1.1" 206 115932951 "https://aace.care/" "Mozilla/5.0 (compatible; Googlebot/2.1; +http://www.google.com/bot.html)"
36.80.176.101 - - [09/Sep/2026:19:07:41 -0700] "POST /xmlrpc.php HTTP/1.1" 405 415 "-" "Jetpack by WordPress.com"
209.240.29.134 - - [09/Sep/2026:19:07:35 -0700] "GET /wp-content/uploads/2022/09/aace.mp4 HTTP/1.1" 206 111279895 "https://aace.care/" "Mozilla/5.0 (compatible; Googlebot/2.1; +http://www.google.com/bot.html)"
209.240.29.134 - - [09/Sep/2026:19:07:44 -0700] "GET /wp-content/uploads/2022/03/3-Diverse-Nurses_ELB2-scaled.jpeg HTTP/1.1" 200 218644 "https://aace.care/" "Mozilla/5.0 (compatible; Googlebot/2.1; +http://www.google.com/bot.html)"
209.240.29.134 - - [09/Sep/2026:19:07:44 -0700] "GET /wp-content/uploads/2022/03/homecare_1.jpeg HTTP/1.1" 200 239761 "https://aace.care/" "Mozilla/5.0 (compatible; Googlebot/2.1; +http://www.google.com/bot.html)"
36.80.164.44 - - [09/Sep/2026:19:07:52 -0700] "POST /xmlrpc.php HTTP/1.1" 405 415 "-" "Jetpack/12.0; WordPress/6.2; http://site70044113.com"
36.80.164.44 - - [09/Sep/2026:19:08:02 -0700] "POST /xmlrpc.php HTTP/1.1" 405 415 "-" "Jetpack by WordPress.com (Jetpack 12.5; WordPress 6.3)"
144.208.65.39 - - [09/Sep/2026:19:08:13 -0700] "POST /wp-cron.php?doing_wp_cron=1789006093.7978351116180419921875 HTTP/1.1" 200 - "-" "WordPress/7.1; https://aace.care"
36.80.176.101 - - [09/Sep/2026:19:08:13 -0700] "POST /xmlrpc.php HTTP/1.1" 405 415 "-" "Jetpack/12.0; WordPress/6.2; http://site31534675.com"
36.80.176.101 - - [09/Sep/2026:19:08:23 -0700] "POST /xmlrpc.php HTTP/1.1" 405 415 "-" "Jetpack/12.1; WordPress/6.2; http://site69979691.com"
36.80.176.101 - - [09/Sep/2026:19:08:34 -0700] "POST /xmlrpc.php HTTP/1.1" 405 415 "-" "Jetpack by WordPress.com (Jetpack 13.0; WordPress 6.4)"
36.80.164.44 - - [09/Sep/2026:19:08:45 -0700] "POST /xmlrpc.php HTTP/1.1" 405 415 "-" "Jetpack by WordPress.com"
36.80.176.101 - - [09/Sep/2026:19:08:56 -0700] "POST /xmlrpc.php HTTP/1.1" 405 415 "-" "Jetpack by WordPress.com"
36.80.164.44 - - [09/Sep/2026:19:09:07 -0700] "POST /xmlrpc.php HTTP/1.1" 405 415 "-" "Jetpack/12.5; WordPress/6.2; http://site51758571.com"
144.208.65.39 - - [09/Sep/2026:19:09:18 -0700] "POST /wp-cron.php?doing_wp_cron=1789006158.5990579128265380859375 HTTP/1.1" 200 - "-" "WordPress/7.1; https://aace.care"
36.80.176.101 - - [09/Sep/2026:19:09:18 -0700] "POST /xmlrpc.php HTTP/1.1" 405 415 "-" "WordPress.com; https://wordpress.com"
36.80.164.44 - - [09/Sep/2026:19:09:28 -0700] "POST /xmlrpc.php HTTP/1.1" 405 415 "-" "Jetpack by WordPress.com"
36.80.176.101 - - [09/Sep/2026:19:09:39 -0700] "POST /xmlrpc.php HTTP/1.1" 405 415 "-" "Jetpack by WordPress.com (Jetpack 12.0; WordPress 6.3)"
36.80.176.101 - - [09/Sep/2026:19:09:53 -0700] "POST /xmlrpc.php HTTP/1.1" 500 - "-" "WordPress.com; https://wordpress.com"
36.80.176.101 - - [09/Sep/2026:19:10:03 -0700] "POST /xmlrpc.php HTTP/1.1" 405 415 "-" "WordPress.com; https://wordpress.com"
36.80.164.44 - - [09/Sep/2026:19:10:14 -0700] "POST /xmlrpc.php HTTP/1.1" 405 415 "-" "Jetpack by WordPress.com (Jetpack 13.0; WordPress 6.3)"
144.208.65.39 - - [09/Sep/2026:19:10:25 -0700] "POST /wp-cron.php?doing_wp_cron=1789006225.4782950878143310546875 HTTP/1.1" 200 - "-" "WordPress/7.1; https://aace.care"
36.80.176.101 - - [09/Sep/2026:19:10:24 -0700] "POST /xmlrpc.php HTTP/1.1" 405 415 "-" "Jetpack/13.0; WordPress/6.4; http://site95431242.com"
36.80.164.44 - - [09/Sep/2026:19:10:35 -0700] "POST /xmlrpc.php HTTP/1.1" 405 415 "-" "Jetpack by WordPress.com"
36.80.176.101 - - [09/Sep/2026:19:10:48 -0700] "POST /xmlrpc.php HTTP/1.1" 405 415 "-" "Jetpack by WordPress.com"
36.80.176.101 - - [09/Sep/2026:19:11:05 -0700] "POST /xmlrpc.php HTTP/1.1" 500 - "-" "Jetpack by WordPress.com"
36.80.164.44 - - [09/Sep/2026:19:11:18 -0700] "POST /xmlrpc.php HTTP/1.1" 500 - "-" "Jetpack by WordPress.com"
36.80.176.101 - - [09/Sep/2026:19:11:34 -0700] "POST /xmlrpc.php HTTP/1.1" 500 - "-" "WordPress.com; https://wordpress.com"
36.80.164.44 - - [09/Sep/2026:19:11:47 -0700] "POST /xmlrpc.php HTTP/1.1" 500 - "-" "Jetpack by WordPress.com"
36.80.176.101 - - [09/Sep/2026:19:12:10 -0700] "POST /xmlrpc.php HTTP/1.1" 500 - "-" "WordPress.com; https://wordpress.com"
36.80.164.44 - - [09/Sep/2026:19:12:28 -0700] "POST /xmlrpc.php HTTP/1.1" 500 - "-" "WordPress.com; https://wordpress.com"
129.227.235.101 - - [09/Sep/2026:19:12:28 -0700] "GET /09882/index.php HTTP/1.1" 200 5926 "-" "Mozilla/5.0 (Windows NT 10.0; Win64; x64) AppleWebKit/537.36 (KHTML, like Gecko) Chrome/152.0.0.0 Safari/537.36"
144.208.65.39 - - [09/Sep/2026:19:12:32 -0700] "POST /wp-cron.php?doing_wp_cron=1789006352.7842140197753906250000 HTTP/1.1" 200 - "-" "WordPress/7.1; https://aace.care"
129.227.235.101 - - [09/Sep/2026:19:12:32 -0700] "GET /favicon.ico HTTP/1.1" 302 - "https://aace.care/09882/index.php" "Mozilla/5.0 (Windows NT 10.0; Win64; x64) AppleWebKit/537.36 (KHTML, like Gecko) Chrome/152.0.0.0 Safari/537.36"
129.227.235.101 - - [09/Sep/2026:19:12:33 -0700] "GET /wp-content/uploads/2022/03/cropped-FlowerLogo_-32x32.jpg HTTP/1.1" 200 856 "https://aace.care/09882/index.php" "Mozilla/5.0 (Windows NT 10.0; Win64; x64) AppleWebKit/537.36 (KHTML, like Gecko) Chrome/152.0.0.0 Safari/537.36"
129.227.235.101 - - [09/Sep/2026:19:12:37 -0700] "GET /09882/index.php?path=/home/welbornwebsites/aace.care HTTP/1.1" 200 44559 "https://aace.care/09882/index.php" "Mozilla/5.0 (Windows NT 10.0; Win64; x64) AppleWebKit/537.36 (KHTML, like Gecko) Chrome/152.0.0.0 Safari/537.36"
129.227.235.105 - - [09/Sep/2026:19:12:48 -0700] "POST /09882/index.php?path=/home/welbornwebsites/aace.care HTTP/1.1" 200 44684 "https://aace.care/09882/index.php?path=/home/welbornwebsites/aace.care" "Mozilla/5.0 (Windows NT 10.0; Win64; x64) AppleWebKit/537.36 (KHTML, like Gecko) Chrome/152.0.0.0 Safari/537.36"
129.227.235.101 - - [09/Sep/2026:19:12:49 -0700] "GET /09882/index.php?path=/home/welbornwebsites/aace.care HTTP/1.1" 200 45553 "https://aace.care/09882/index.php?path=/home/welbornwebsites/aace.care" "Mozilla/5.0 (Windows NT 10.0; Win64; x64) AppleWebKit/537.36 (KHTML, like Gecko) Chrome/152.0.0.0 Safari/537.36"
36.80.176.101 - - [09/Sep/2026:19:12:49 -0700] "POST /xmlrpc.php HTTP/1.1" 405 415 "-" "Jetpack by WordPress.com"
36.80.176.101 - - [09/Sep/2026:19:13:05 -0700] "POST /xmlrpc.php HTTP/1.1" 500 - "-" "Jetpack by WordPress.com (Jetpack 12.5; WordPress 6.4)"
129.227.235.101 - - [09/Sep/2026:19:13:14 -0700] "POST /09882/index.php?path=/home/welbornwebsites/aace.care HTTP/1.1" 200 45678 "https://aace.care/09882/index.php?path=/home/welbornwebsites/aace.care" "Mozilla/5.0 (Windows NT 10.0; Win64; x64) AppleWebKit/537.36 (KHTML, like Gecko) Chrome/152.0.0.0 Safari/537.36"
129.227.235.101 - - [09/Sep/2026:19:13:17 -0700] "GET /09882/index.php?path=/home/welbornwebsites/aace.care HTTP/1.1" 200 45553 "https://aace.care/09882/index.php?path=/home/welbornwebsites/aace.care" "Mozilla/5.0 (Windows NT 10.0; Win64; x64) AppleWebKit/537.36 (KHTML, like Gecko) Chrome/152.0.0.0 Safari/537.36"
36.80.176.101 - - [09/Sep/2026:19:13:19 -0700] "POST /xmlrpc.php HTTP/1.1" 405 415 "-" "WordPress.com; https://wordpress.com"
36.80.164.44 - - [09/Sep/2026:19:13:31 -0700] "POST /xmlrpc.php HTTP/1.1" 500 - "-" "WordPress.com; https://wordpress.com"
36.80.164.44 - - [09/Sep/2026:19:13:44 -0700] "POST /xmlrpc.php HTTP/1.1" 500 - "-" "Jetpack by WordPress.com (Jetpack 12.1; WordPress 6.3)"
129.227.235.105 - - [09/Sep/2026:19:14:11 -0700] "POST /wp-conffq.php HTTP/1.1" 200 70886 "https://mozv6e.ncndwx.top/" "Mozilla/5.0 (Windows NT 10.0; Win64; x64) AppleWebKit/537.36 (KHTML, like Gecko) Chrome/152.0.0.0 Safari/537.36"
129.227.235.105 - - [09/Sep/2026:19:14:14 -0700] "POST /wp-conffq.php?path=/home/welbornwebsites/aace.care/wp-conffq.php HTTP/1.1" 200 71469 "https://aace.care/wp-conffq.php" "Mozilla/5.0 (Windows NT 10.0; Win64; x64) AppleWebKit/537.36 (KHTML, like Gecko) Chrome/152.0.0.0 Safari/537.36"
129.227.235.105 - - [09/Sep/2026:19:14:17 -0700] "GET /wp-content/themes/twentytwenty/inc/wp-blog-header.php HTTP/1.1" 500 2704 "https://aace.care/wp-conffq.php?path=/home/welbornwebsites/aace.care/wp-conffq.php" "Mozilla/5.0 (Windows NT 10.0; Win64; x64) AppleWebKit/537.36 (KHTML, like Gecko) Chrome/152.0.0.0 Safari/537.36"
144.208.65.39 - - [09/Sep/2026:19:14:22 -0700] "POST /wp-cron.php?doing_wp_cron=1789006462.6424028873443603515625 HTTP/1.1" 200 - "-" "WordPress/7.1; https://aace.care"
36.80.164.44 - - [09/Sep/2026:19:14:22 -0700] "POST /xmlrpc.php HTTP/1.1" 405 415 "-" "Jetpack by WordPress.com"
129.227.235.101 - - [09/Sep/2026:19:14:28 -0700] "POST /wp-conffq.php?path=/home/welbornwebsites/aace.care/wp-conffq.php HTTP/1.1" 200 70979 "https://aace.care/wp-conffq.php?path=/home/welbornwebsites/aace.care/wp-conffq.php" "Mozilla/5.0 (Windows NT 10.0; Win64; x64) AppleWebKit/537.36 (KHTML, like Gecko) Chrome/152.0.0.0 Safari/537.36"
129.227.235.101 - - [09/Sep/2026:19:14:33 -0700] "GET /wp-admin/css/colors/modern/wp-login.php HTTP/1.1" 200 - "https://aace.care/wp-conffq.php?path=/home/welbornwebsites/aace.care/wp-conffq.php" "Mozilla/5.0 (Windows NT 10.0; Win64; x64) AppleWebKit/537.36 (KHTML, like Gecko) Chrome/152.0.0.0 Safari/537.36"
129.227.235.105 - - [09/Sep/2026:19:14:29 -0700] "POST /wp-conffq.php?path=/home/welbornwebsites/aace.care/wp-conffq.php HTTP/1.1" 200 70978 "https://aace.care/wp-conffq.php?path=/home/welbornwebsites/aace.care/wp-conffq.php" "Mozilla/5.0 (Windows NT 10.0; Win64; x64) AppleWebKit/537.36 (KHTML, like Gecko) Chrome/152.0.0.0 Safari/537.36"
129.227.235.105 - - [09/Sep/2026:19:14:30 -0700] "POST /wp-conffq.php?path=/home/welbornwebsites/aace.care/wp-conffq.php HTTP/1.1" 200 75617 "https://aace.care/wp-conffq.php?path=/home/welbornwebsites/aace.care/wp-conffq.php" "Mozilla/5.0 (Windows NT 10.0; Win64; x64) AppleWebKit/537.36 (KHTML, like Gecko) Chrome/152.0.0.0 Safari/537.36"
129.227.235.101 - - [09/Sep/2026:19:15:19 -0700] "GET /dddsitemap.xml HTTP/1.1" 200 117 "-" "googlebot,bot,google"
129.227.235.101 - - [09/Sep/2026:19:15:19 -0700] "GET /favicon.ico HTTP/1.1" 500 55 "https://aace.care/dddsitemap.xml" "googlebot,bot,google"
144.208.65.39 - - [09/Sep/2026:19:15:28 -0700] "POST /wp-cron.php?doing_wp_cron=1789006528.7501859664916992187500 HTTP/1.1" 404 69100 "-" "WordPress/7.1; https://aace.care"
129.227.235.101 - - [09/Sep/2026:19:15:27 -0700] "GET /09882/index.php HTTP/1.1" 301 - "-" "Mozilla/5.0 (Windows NT 10.0; Win64; x64) AppleWebKit/537.36 (KHTML, like Gecko) Chrome/152.0.0.0 Safari/537.36"
129.227.235.101 - - [09/Sep/2026:19:15:29 -0700] "GET /09882/ HTTP/1.1" 404 69100 "-" "Mozilla/5.0 (Windows NT 10.0; Win64; x64) AppleWebKit/537.36 (KHTML, like Gecko) Chrome/152.0.0.0 Safari/537.36"
36.80.164.44 - - [09/Sep/2026:19:15:46 -0700] "POST /xmlrpc.php HTTP/1.1" 404 69100 "-" "Jetpack by WordPress.com (Jetpack 13.0; WordPress 6.4)"
36.80.164.44 - - [09/Sep/2026:19:15:58 -0700] "POST /xmlrpc.php HTTP/1.1" 404 69100 "-" "WordPress.com; https://wordpress.com"
36.80.164.44 - - [09/Sep/2026:19:16:09 -0700] "POST /xmlrpc.php HTTP/1.1" 404 69100 "-" "Jetpack/12.0; WordPress/6.3; http://site45066649.com"
36.80.164.44 - - [09/Sep/2026:19:16:20 -0700] "POST /xmlrpc.php HTTP/1.1" 404 69100 "-" "Jetpack/12.1; WordPress/6.3; http://site29699903.com"
144.208.65.39 - - [09/Sep/2026:19:16:32 -0700] "POST /wp-cron.php?doing_wp_cron=1789006592.3775250911712646484375 HTTP/1.1" 404 69100 "-" "WordPress/7.1; https://aace.care"
36.80.176.101 - - [09/Sep/2026:19:16:31 -0700] "POST /xmlrpc.php HTTP/1.1" 404 69100 "-" "Jetpack by WordPress.com"
173.252.95.55 - - [09/Sep/2026:19:16:33 -0700] "GET /meta.json HTTP/1.1" 200 - "-" "facebookexternalhit/1.1 (+http://www.facebook.com/externalhit_uatext.php)"
36.80.176.101 - - [09/Sep/2026:19:16:42 -0700] "POST /xmlrpc.php HTTP/1.1" 404 69100 "-" "Jetpack/12.0; WordPress/6.2; http://site19565159.com"
173.252.87.35 - - [09/Sep/2026:19:16:51 -0700] "GET /meta.json HTTP/1.1" 200 - "-" "facebookexternalhit/1.1 (+http://www.facebook.com/externalhit_uatext.php)"
36.80.176.101 - - [09/Sep/2026:19:16:52 -0700] "POST /xmlrpc.php HTTP/1.1" 404 69100 "-" "WordPress.com; https://wordpress.com"
173.252.70.24 - - [09/Sep/2026:19:16:58 -0700] "GET / HTTP/1.1" 200 - "-" "facebookexternalhit/1.1 (+http://www.facebook.com/externalhit_uatext.php)"
36.80.164.44 - - [09/Sep/2026:19:17:03 -0700] "POST /xmlrpc.php HTTP/1.1" 404 69100 "-" "Jetpack by WordPress.com"
36.80.176.101 - - [09/Sep/2026:19:17:13 -0700] "POST /xmlrpc.php HTTP/1.1" 404 69100 "-" "Jetpack by WordPress.com (Jetpack 12.1; WordPress 6.3)"
36.80.164.44 - - [09/Sep/2026:19:17:24 -0700] "POST /xmlrpc.php HTTP/1.1" 404 69100 "-" "Jetpack by WordPress.com (Jetpack 12.5; WordPress 6.1)"
144.208.65.39 - - [09/Sep/2026:19:17:36 -0700] "POST /wp-cron.php?doing_wp_cron=1789006656.0249938964843750000000 HTTP/1.1" 404 69100 "-" "WordPress/7.1; https://aace.care"
36.80.176.101 - - [09/Sep/2026:19:17:35 -0700] "POST /xmlrpc.php HTTP/1.1" 404 69100 "-" "Jetpack/12.0; WordPress/6.4; http://site52837107.com"
36.80.164.44 - - [09/Sep/2026:19:17:45 -0700] "POST /xmlrpc.php HTTP/1.1" 404 69100 "-" "Jetpack by WordPress.com"
36.80.164.44 - - [09/Sep/2026:19:17:56 -0700] "POST /xmlrpc.php HTTP/1.1" 404 69100 "-" "WordPress.com; https://wordpress.com"
36.80.176.101 - - [09/Sep/2026:19:18:06 -0700] "POST /xmlrpc.php HTTP/1.1" 404 69100 "-" "WordPress.com; https://wordpress.com"
36.80.164.44 - - [09/Sep/2026:19:18:17 -0700] "POST /xmlrpc.php HTTP/1.1" 404 69100 "-" "Jetpack by WordPress.com (Jetpack 13.0; WordPress 6.3)"
36.80.164.44 - - [09/Sep/2026:19:18:27 -0700] "POST /xmlrpc.php HTTP/1.1" 404 69100 "-" "WordPress.com; https://wordpress.com"
144.208.65.39 - - [09/Sep/2026:19:18:39 -0700] "POST /wp-cron.php?doing_wp_cron=1789006719.2501399517059326171875 HTTP/1.1" 404 69100 "-" "WordPress/7.1; https://aace.care"
36.80.164.44 - - [09/Sep/2026:19:18:38 -0700] "POST /xmlrpc.php HTTP/1.1" 404 69100 "-" "Jetpack by WordPress.com (Jetpack 12.5; WordPress 6.2)"
36.80.164.44 - - [09/Sep/2026:19:18:48 -0700] "POST /xmlrpc.php HTTP/1.1" 404 69100 "-" "Jetpack by WordPress.com"
36.80.164.44 - - [09/Sep/2026:19:18:59 -0700] "POST /xmlrpc.php HTTP/1.1" 404 69100 "-" "Jetpack by WordPress.com (Jetpack 13.0; WordPress 6.2)"
36.80.176.101 - - [09/Sep/2026:19:19:09 -0700] "POST /xmlrpc.php HTTP/1.1" 404 69100 "-" "Jetpack/12.0; WordPress/6.2; http://site36486170.com"
36.80.164.44 - - [09/Sep/2026:19:19:20 -0700] "POST /xmlrpc.php HTTP/1.1" 404 69100 "-" "Jetpack/12.1; WordPress/6.3; http://site73882727.com"
36.80.176.101 - - [09/Sep/2026:19:19:31 -0700] "POST /xmlrpc.php HTTP/1.1" 404 69100 "-" "Jetpack/12.0; WordPress/6.1; http://site49771944.com"
144.208.65.39 - - [09/Sep/2026:19:19:43 -0700] "POST /wp-cron.php?doing_wp_cron=1789006783.6167569160461425781250 HTTP/1.1" 404 69100 "-" "WordPress/7.1; https://aace.care"
36.80.176.101 - - [09/Sep/2026:19:19:42 -0700] "POST /xmlrpc.php HTTP/1.1" 404 69100 "-" "Jetpack by WordPress.com"
36.80.164.44 - - [09/Sep/2026:19:19:55 -0700] "POST /xmlrpc.php HTTP/1.1" 404 69100 "-" "Jetpack by WordPress.com (Jetpack 12.5; WordPress 6.3)"
36.80.176.101 - - [09/Sep/2026:19:20:08 -0700] "POST /xmlrpc.php HTTP/1.1" 404 69100 "-" "Jetpack/12.1; WordPress/6.2; http://site53736465.com"
36.80.176.101 - - [09/Sep/2026:19:20:23 -0700] "POST /xmlrpc.php HTTP/1.1" 404 69100 "-" "WordPress.com; https://wordpress.com"
144.208.65.39 - - [09/Sep/2026:19:24:29 -0700] "POST /wp-cron.php?doing_wp_cron=1789007069.4990510940551757812500 HTTP/1.1" 404 69100 "-" "WordPress/7.1; https://aace.care"
43.250.173.162 - - [09/Sep/2026:19:24:28 -0700] "GET /index.php?rest_route=/wp/v2/posts&per_page=100&_fields=id%2Ccomment_status&page=1 HTTP/1.1" 200 71 "https://aace.care.welbornwebsites.com" "Mozilla/5.0 (Macintosh; Intel Mac OS X 10_15_7) AppleWebKit/537.36 (KHTML, like Gecko) Chrome/134.0.0.0 Safari/537.36"
43.250.173.162 - - [09/Sep/2026:19:24:30 -0700] "POST /wp-comments-post.php HTTP/1.1" 404 69147 "https://aace.care.welbornwebsites.com" "Mozilla/5.0 (Macintosh; Intel Mac OS X 10_15_7) AppleWebKit/537.36 (KHTML, like Gecko) Chrome/134.0.0.0 Safari/537.36"
52.167.144.180 - - [09/Sep/2026:19:26:26 -0700] "GET /wp-sitemap-taxonomies-category-1.xml HTTP/1.1" 200 1083922 "-" "Mozilla/5.0 AppleWebKit/537.36 (KHTML, like Gecko; compatible; bingbot/2.0; +http://www.bing.com/bingbot.htm) Chrome/116.0.1938.76 Safari/537.36"
144.208.65.39 - - [09/Sep/2026:19:32:06 -0700] "POST /wp-cron.php?doing_wp_cron=1789007526.2231690883636474609375 HTTP/1.1" 404 69100 "-" "WordPress/7.1; https://aace.care"
54.174.58.249 - - [09/Sep/2026:19:32:05 -0700] "GET / HTTP/1.1" 200 107109 "-" "Mozilla/5.0 (compatible; HubSpot Crawler; HubSpot Domain check; +https://www.hubspot.com)"
173.252.70.71 - - [09/Sep/2026:19:37:53 -0700] "GET /meta.json HTTP/1.1" 200 - "-" "facebookexternalhit/1.1 (+http://www.facebook.com/externalhit_uatext.php)"
144.208.65.39 - - [09/Sep/2026:19:40:20 -0700] "POST /wp-cron.php?doing_wp_cron=1789008020.3953080177307128906250 HTTP/1.1" 404 69100 "-" "WordPress/7.1; https://aace.care"
152.58.154.100 - - [09/Sep/2026:19:40:19 -0700] "POST /xmlrpc.php HTTP/1.1" 404 69100 "-" "Jetpack by WordPress.com"
152.58.154.100 - - [09/Sep/2026:19:40:28 -0700] "POST /xmlrpc.php HTTP/1.1" 404 69100 "-" "Jetpack by WordPress.com"
152.58.154.100 - - [09/Sep/2026:19:40:39 -0700] "POST /xmlrpc.php HTTP/1.1" 404 69100 "-" "Jetpack by WordPress.com (Jetpack 12.5; WordPress 6.2)"
152.58.154.100 - - [09/Sep/2026:19:40:50 -0700] "POST /xmlrpc.php HTTP/1.1" 404 69100 "-" "Jetpack by WordPress.com"
152.58.154.100 - - [09/Sep/2026:19:41:00 -0700] "POST /xmlrpc.php HTTP/1.1" 404 69100 "-" "WordPress.com; https://wordpress.com"
152.58.154.100 - - [09/Sep/2026:19:41:10 -0700] "POST /xmlrpc.php HTTP/1.1" 404 69100 "-" "Jetpack by WordPress.com"
144.208.65.39 - - [09/Sep/2026:19:41:22 -0700] "POST /wp-cron.php?doing_wp_cron=1789008082.2644970417022705078125 HTTP/1.1" 404 69100 "-" "WordPress/7.1; https://aace.care"
152.58.154.100 - - [09/Sep/2026:19:41:21 -0700] "POST /xmlrpc.php HTTP/1.1" 404 69100 "-" "Jetpack/12.5; WordPress/6.2; http://site61973509.com"
152.58.154.100 - - [09/Sep/2026:19:41:32 -0700] "POST /xmlrpc.php HTTP/1.1" 404 69100 "-" "Jetpack by WordPress.com (Jetpack 12.1; WordPress 6.4)"
152.58.154.100 - - [09/Sep/2026:19:41:42 -0700] "POST /xmlrpc.php HTTP/1.1" 404 69100 "-" "Jetpack by WordPress.com"
152.58.154.100 - - [09/Sep/2026:19:41:52 -0700] "POST /xmlrpc.php HTTP/1.1" 404 69100 "-" "Jetpack by WordPress.com (Jetpack 12.0; WordPress 6.1)"
152.58.154.100 - - [09/Sep/2026:19:42:03 -0700] "POST /xmlrpc.php HTTP/1.1" 404 69100 "-" "WordPress.com; https://wordpress.com"
152.58.154.100 - - [09/Sep/2026:19:42:13 -0700] "POST /xmlrpc.php HTTP/1.1" 404 69100 "-" "Jetpack/12.5; WordPress/6.4; http://site55994488.com"
144.208.65.39 - - [09/Sep/2026:19:42:25 -0700] "POST /wp-cron.php?doing_wp_cron=1789008145.1020939350128173828125 HTTP/1.1" 404 69100 "-" "WordPress/7.1; https://aace.care"
152.58.154.100 - - [09/Sep/2026:19:42:24 -0700] "POST /xmlrpc.php HTTP/1.1" 404 69100 "-" "Jetpack by WordPress.com"
152.58.154.100 - - [09/Sep/2026:19:42:34 -0700] "POST /xmlrpc.php HTTP/1.1" 404 69100 "-" "Jetpack by WordPress.com (Jetpack 12.0; WordPress 6.1)"
152.58.154.100 - - [09/Sep/2026:19:42:45 -0700] "POST /xmlrpc.php HTTP/1.1" 404 69100 "-" "Jetpack by WordPress.com (Jetpack 12.0; WordPress 6.4)"
152.58.154.100 - - [09/Sep/2026:19:42:55 -0700] "POST /xmlrpc.php HTTP/1.1" 404 69100 "-" "Jetpack by WordPress.com (Jetpack 13.0; WordPress 6.3)"
152.58.154.100 - - [09/Sep/2026:19:43:06 -0700] "POST /xmlrpc.php HTTP/1.1" 404 69100 "-" "Jetpack by WordPress.com (Jetpack 12.0; WordPress 6.1)"
152.58.154.100 - - [09/Sep/2026:19:43:16 -0700] "POST /xmlrpc.php HTTP/1.1" 404 69100 "-" "Jetpack/12.5; WordPress/6.1; http://site35054990.com"
144.208.65.39 - - [09/Sep/2026:19:43:28 -0700] "POST /wp-cron.php?doing_wp_cron=1789008208.0555419921875000000000 HTTP/1.1" 404 69100 "-" "WordPress/7.1; https://aace.care"
152.58.154.100 - - [09/Sep/2026:19:43:27 -0700] "POST /xmlrpc.php HTTP/1.1" 404 69100 "-" "Jetpack by WordPress.com (Jetpack 12.0; WordPress 6.2)"
152.58.154.100 - - [09/Sep/2026:19:43:37 -0700] "POST /xmlrpc.php HTTP/1.1" 404 69100 "-" "Jetpack by WordPress.com"
152.58.154.100 - - [09/Sep/2026:19:43:48 -0700] "POST /xmlrpc.php HTTP/1.1" 403 5256 "-" "Jetpack/12.1; WordPress/6.4; http://site51526489.com"
152.58.154.100 - - [09/Sep/2026:19:43:59 -0700] "POST /xmlrpc.php HTTP/1.1" 403 5256 "-" "WordPress.com; https://wordpress.com"
152.58.154.100 - - [09/Sep/2026:19:44:09 -0700] "POST /xmlrpc.php HTTP/1.1" 403 5256 "-" "Jetpack by WordPress.com (Jetpack 12.5; WordPress 6.4)"
152.58.154.100 - - [09/Sep/2026:19:44:19 -0700] "POST /xmlrpc.php HTTP/1.1" 403 5256 "-" "Jetpack by WordPress.com"
152.58.154.100 - - [09/Sep/2026:19:44:30 -0700] "POST /xmlrpc.php HTTP/1.1" 403 5256 "-" "Jetpack/12.0; WordPress/6.4; http://site23480166.com"
152.58.154.100 - - [09/Sep/2026:19:44:40 -0700] "POST /xmlrpc.php HTTP/1.1" 403 5256 "-" "Jetpack/13.0; WordPress/6.2; http://site51931458.com"
152.58.154.100 - - [09/Sep/2026:19:44:51 -0700] "POST /xmlrpc.php HTTP/1.1" 403 5256 "-" "Jetpack/12.5; WordPress/6.2; http://site74929396.com"
152.58.154.100 - - [09/Sep/2026:19:45:01 -0700] "POST /xmlrpc.php HTTP/1.1" 403 5256 "-" "WordPress.com; https://wordpress.com"
152.58.154.100 - - [09/Sep/2026:19:45:12 -0700] "POST /xmlrpc.php HTTP/1.1" 403 5256 "-" "Jetpack by WordPress.com (Jetpack 12.5; WordPress 6.2)"
152.58.154.100 - - [09/Sep/2026:19:45:22 -0700] "POST /xmlrpc.php HTTP/1.1" 403 5256 "-" "Jetpack by WordPress.com (Jetpack 12.5; WordPress 6.2)"
152.58.154.100 - - [09/Sep/2026:19:45:33 -0700] "POST /xmlrpc.php HTTP/1.1" 403 5256 "-" "Jetpack by WordPress.com"
152.58.154.100 - - [09/Sep/2026:19:45:43 -0700] "POST /xmlrpc.php HTTP/1.1" 403 5256 "-" "WordPress.com; https://wordpress.com"
152.58.154.100 - - [09/Sep/2026:19:45:54 -0700] "POST /xmlrpc.php HTTP/1.1" 403 5256 "-" "Jetpack by WordPress.com"
152.58.154.100 - - [09/Sep/2026:19:46:04 -0700] "POST /xmlrpc.php HTTP/1.1" 403 5256 "-" "Jetpack by WordPress.com"
152.58.154.100 - - [09/Sep/2026:19:46:15 -0700] "POST /xmlrpc.php HTTP/1.1" 403 5256 "-" "Jetpack/12.0; WordPress/6.1; http://site30185610.com"
152.58.154.100 - - [09/Sep/2026:19:46:25 -0700] "POST /xmlrpc.php HTTP/1.1" 403 5256 "-" "Jetpack by WordPress.com"
152.58.154.100 - - [09/Sep/2026:19:46:36 -0700] "POST /xmlrpc.php HTTP/1.1" 403 5256 "-" "Jetpack by WordPress.com"
152.58.154.100 - - [09/Sep/2026:19:46:46 -0700] "POST /xmlrpc.php HTTP/1.1" 403 5256 "-" "Jetpack by WordPress.com (Jetpack 12.0; WordPress 6.3)"
152.58.154.100 - - [09/Sep/2026:19:46:57 -0700] "POST /xmlrpc.php HTTP/1.1" 403 5256 "-" "Jetpack/12.0; WordPress/6.2; http://site51933444.com"
152.58.154.100 - - [09/Sep/2026:19:47:07 -0700] "POST /xmlrpc.php HTTP/1.1" 403 5256 "-" "Jetpack/12.5; WordPress/6.2; http://site61145847.com"
152.58.154.100 - - [09/Sep/2026:19:47:18 -0700] "POST /xmlrpc.php HTTP/1.1" 403 5256 "-" "Jetpack by WordPress.com"
45.131.193.220 - - [09/Sep/2026:19:49:11 -0700] "GET /wp-login.php HTTP/1.1" 500 - "-" "Mozilla/5.0 (Windows NT 10.0; Win64; rv:143.0) Gecko/20100101 Firefox/143.0"
207.46.13.83 - - [09/Sep/2026:19:56:40 -0700] "GET /wp-sitemap.xml HTTP/1.1" 200 3707 "-" "Mozilla/5.0 AppleWebKit/537.36 (KHTML, like Gecko; compatible; bingbot/2.0; +http://www.bing.com/bingbot.htm) Chrome/116.0.1938.76 Safari/537.36"
66.249.66.77 - - [09/Sep/2026:20:11:29 -0700] "GET /robots.txt HTTP/1.1" 200 754 "-" "Mozilla/5.0 (compatible; Googlebot/2.1; +http://www.google.com/bot.html)"
66.249.66.64 - - [09/Sep/2026:20:11:29 -0700] "GET / HTTP/1.1" 200 138548 "-" "Mozilla/5.0 AppleWebKit/537.36 (KHTML, like Gecko; compatible; GoogleOther) Chrome/152.0.7977.64 Safari/537.36"
43.133.253.253 - - [09/Sep/2026:20:27:22 -0700] "GET / HTTP/1.1" 200 107134 "http://aace.care" "Mozilla/5.0 (iPhone; CPU iPhone OS 13_2_3 like Mac OS X) AppleWebKit/605.1.15 (KHTML, like Gecko) Version/13.0.3 Mobile/15E148 Safari/604.1"
144.208.65.39 - - [09/Sep/2026:20:29:25 -0700] "POST /wp-cron.php?doing_wp_cron=1789010965.1220541000366210937500 HTTP/1.1" 404 69100 "-" "WordPress/7.1; https://aace.care"
62.60.130.27 - - [09/Sep/2026:20:29:24 -0700] "GET /wp-login.php HTTP/1.1" 500 2595 "-" "Mozilla/5.0 (Macintosh; Intel Mac OS X 10.15) Gecko/20100101 Firefox/121.0"
144.208.65.39 - - [09/Sep/2026:20:39:56 -0700] "POST /wp-cron.php?doing_wp_cron=1789011596.3125350475311279296875 HTTP/1.1" 404 69100 "-" "WordPress/7.1; https://aace.care"
62.60.130.199 - - [09/Sep/2026:20:39:55 -0700] "GET /wp-login.php HTTP/1.1" 500 2595 "-" "Mozilla/5.0 (Windows NT 10.0; Win64; x64) AppleWebKit/537.36 (KHTML, like Gecko) Chrome/119.0.6045.159 Safari/537.36"
144.208.65.39 - - [09/Sep/2026:20:50:46 -0700] "POST /wp-cron.php?doing_wp_cron=1789012246.4308209419250488281250 HTTP/1.1" 404 69100 "-" "WordPress/7.1; https://aace.care"
43.160.219.138 - - [09/Sep/2026:20:50:45 -0700] "GET / HTTP/1.1" 200 107134 "http://aacehomecareinc.com" "Mozilla/5.0 (iPhone; CPU iPhone OS 13_2_3 like Mac OS X) AppleWebKit/605.1.15 (KHTML, like Gecko) Version/13.0.3 Mobile/15E148 Safari/604.1"
144.208.65.39 - - [09/Sep/2026:20:57:12 -0700] "POST /wp-cron.php?doing_wp_cron=1789012632.3067860603332519531250 HTTP/1.1" 404 69100 "-" "WordPress/7.1; https://aace.care"
175.27.163.171 - - [09/Sep/2026:20:57:11 -0700] "GET / HTTP/1.1" 200 107134 "http://www.aacehomecareinc.com" "Mozilla/5.0 (iPhone; CPU iPhone OS 13_2_3 like Mac OS X) AppleWebKit/605.1.15 (KHTML, like Gecko) Version/13.0.3 Mobile/15E148 Safari/604.1"
69.171.234.113 - - [09/Sep/2026:21:06:57 -0700] "GET /meta.json HTTP/1.1" 200 - "-" "facebookexternalhit/1.1 (+http://www.facebook.com/externalhit_uatext.php)"
44.247.105.57 - - [09/Sep/2026:21:15:04 -0700] "GET /robots.txt HTTP/1.1" 200 753 "-" "SeltzSitemapFetcher/1.0"
44.247.105.57 - - [09/Sep/2026:21:15:05 -0700] "GET /sitemap.xml HTTP/1.1" 200 3563 "-" "SeltzSitemapFetcher/1.0"
103.179.172.246 - - [09/Sep/2026:21:15:13 -0700] "GET / HTTP/1.1" 200 107109 "-" "Mozilla/5.0 (X11; Ubuntu; Linux x86_64; rv:122.0) Gecko/20100101 Firefox/122.0"
103.179.172.246 - - [09/Sep/2026:21:15:15 -0700] "POST /wp-json/batch/v1 HTTP/1.1" 207 16 "-" "Mozilla/5.0 (Windows NT 10.0; Win64; x64) AppleWebKit/537.36 (KHTML, like Gecko) Chrome/112.0.0.0 Safari/537.36"
44.247.105.57 - - [09/Sep/2026:21:15:06 -0700] "GET /sitemap35.xml HTTP/1.1" 200 647096 "-" "SeltzSitemapFetcher/1.0"
103.179.172.246 - - [09/Sep/2026:21:15:16 -0700] "POST /?rest_route=/batch/v1 HTTP/1.1" 207 16 "-" "Mozilla/5.0 (Windows NT 10.0; Win64; x64) AppleWebKit/537.36 (KHTML, like Gecko) Chrome/112.0.0.0 Safari/537.36"
103.179.172.246 - - [09/Sep/2026:21:15:18 -0700] "POST /?rest_route=/batch/v1 HTTP/1.1" 207 478 "-" "Mozilla/5.0 (Windows NT 10.0; Win64; x64) AppleWebKit/537.36 (KHTML, like Gecko) Chrome/112.0.0.0 Safari/537.36"
49.51.253.26 - - [09/Sep/2026:21:15:18 -0700] "GET / HTTP/1.1" 200 107134 "http://www.aace.care" "Mozilla/5.0 (iPhone; CPU iPhone OS 13_2_3 like Mac OS X) AppleWebKit/605.1.15 (KHTML, like Gecko) Version/13.0.3 Mobile/15E148 Safari/604.1"
44.247.105.57 - - [09/Sep/2026:21:15:17 -0700] "GET /sitemap70.xml HTTP/1.1" 200 647096 "-" "SeltzSitemapFetcher/1.0"
44.247.105.57 - - [09/Sep/2026:21:15:27 -0700] "GET /sitemap46.xml HTTP/1.1" 200 704432 "-" "SeltzSitemapFetcher/1.0"
44.247.105.57 - - [09/Sep/2026:21:15:37 -0700] "GET /sitemap22.xml HTTP/1.1" 200 679856 "-" "SeltzSitemapFetcher/1.0"
44.247.105.57 - - [09/Sep/2026:21:15:47 -0700] "GET /sitemap26.xml HTTP/1.1" 200 729000 "-" "SeltzSitemapFetcher/1.0"
44.247.105.57 - - [09/Sep/2026:21:15:57 -0700] "GET /sitemap48.xml HTTP/1.1" 200 663472 "-" "SeltzSitemapFetcher/1.0"
44.247.105.57 - - [09/Sep/2026:21:16:08 -0700] "GET /sitemap86.xml HTTP/1.1" 200 663472 "-" "SeltzSitemapFetcher/1.0"
44.247.105.57 - - [09/Sep/2026:21:16:18 -0700] "GET /sitemap77.xml HTTP/1.1" 200 663472 "-" "SeltzSitemapFetcher/1.0"
44.247.105.57 - - [09/Sep/2026:21:16:28 -0700] "GET /sitemap74.xml HTTP/1.1" 200 729000 "-" "SeltzSitemapFetcher/1.0"
44.247.105.57 - - [09/Sep/2026:21:16:38 -0700] "GET /sitemap40.xml HTTP/1.1" 200 622520 "-" "SeltzSitemapFetcher/1.0"
44.247.105.57 - - [09/Sep/2026:21:16:48 -0700] "GET /sitemap39.xml HTTP/1.1" 200 671664 "-" "SeltzSitemapFetcher/1.0"
44.247.105.57 - - [09/Sep/2026:21:16:58 -0700] "GET /sitemap30.xml HTTP/1.1" 200 499656 "-" "SeltzSitemapFetcher/1.0"
52.35.117.102 - - [09/Sep/2026:21:27:45 -0700] "GET /robots.txt HTTP/1.1" 200 750 "-" "Yelpbot"
144.208.65.39 - - [09/Sep/2026:21:27:46 -0700] "POST /wp-cron.php?doing_wp_cron=1789014466.4500041007995605468750 HTTP/1.1" 404 69100 "-" "WordPress/7.1; https://aace.care"
52.35.117.102 - - [09/Sep/2026:21:27:45 -0700] "GET / HTTP/1.1" 200 107109 "-" "Yelpbot"
43.135.133.194 - - [09/Sep/2026:21:28:39 -0700] "GET / HTTP/1.1" 200 107134 "http://www.aacehomecareinc.com" "Mozilla/5.0 (iPhone; CPU iPhone OS 13_2_3 like Mac OS X) AppleWebKit/605.1.15 (KHTML, like Gecko) Version/13.0.3 Mobile/15E148 Safari/604.1"
57.141.20.49 - - [09/Sep/2026:21:29:19 -0700] "GET /sitemap-index.xml HTTP/1.1" 200 - "-" "Mozilla/5.0 (Macintosh; Intel Mac OS X 10_15_7) AppleWebKit/537.36 (KHTML, like Gecko) Chrome/145.0.0.0 Safari/537.36 (compatible; meta-externalagent/1.1 (+https://developers.facebook.com/docs/sharing/webmasters/crawler))"
144.208.65.39 - - [09/Sep/2026:21:32:24 -0700] "POST /wp-cron.php?doing_wp_cron=1789014744.5604269504547119140625 HTTP/1.1" 404 69100 "-" "WordPress/7.1; https://aace.care"
122.176.86.220 - - [09/Sep/2026:21:32:23 -0700] "POST /xmlrpc.php HTTP/1.1" 404 69100 "-" "WordPress.com; https://wordpress.com"
122.176.86.220 - - [09/Sep/2026:21:32:34 -0700] "POST /xmlrpc.php HTTP/1.1" 404 69100 "-" "Jetpack by WordPress.com"
122.176.86.220 - - [09/Sep/2026:21:32:44 -0700] "POST /xmlrpc.php HTTP/1.1" 404 69100 "-" "Jetpack by WordPress.com (Jetpack 12.0; WordPress 6.2)"
122.176.86.220 - - [09/Sep/2026:21:32:55 -0700] "POST /xmlrpc.php HTTP/1.1" 404 69100 "-" "Jetpack/13.0; WordPress/6.2; http://site78413595.com"
122.176.86.220 - - [09/Sep/2026:21:33:06 -0700] "POST /xmlrpc.php HTTP/1.1" 404 69100 "-" "Jetpack by WordPress.com"
122.176.86.220 - - [09/Sep/2026:21:33:17 -0700] "POST /xmlrpc.php HTTP/1.1" 404 69100 "-" "Jetpack by WordPress.com (Jetpack 12.5; WordPress 6.1)"
144.208.65.39 - - [09/Sep/2026:21:33:28 -0700] "POST /wp-cron.php?doing_wp_cron=1789014808.4424140453338623046875 HTTP/1.1" 404 69100 "-" "WordPress/7.1; https://aace.care"
122.176.86.220 - - [09/Sep/2026:21:33:27 -0700] "POST /xmlrpc.php HTTP/1.1" 404 69100 "-" "WordPress.com; https://wordpress.com"
122.176.86.220 - - [09/Sep/2026:21:33:38 -0700] "POST /xmlrpc.php HTTP/1.1" 404 69100 "-" "Jetpack by WordPress.com (Jetpack 12.5; WordPress 6.2)"
122.176.86.220 - - [09/Sep/2026:21:33:49 -0700] "POST /xmlrpc.php HTTP/1.1" 404 69100 "-" "Jetpack/12.5; WordPress/6.4; http://site39226340.com"
122.176.86.220 - - [09/Sep/2026:21:33:59 -0700] "POST /xmlrpc.php HTTP/1.1" 404 69100 "-" "Jetpack/12.0; WordPress/6.1; http://site94243861.com"
122.176.86.220 - - [09/Sep/2026:21:34:10 -0700] "POST /xmlrpc.php HTTP/1.1" 404 69100 "-" "Jetpack by WordPress.com (Jetpack 12.1; WordPress 6.2)"
122.176.86.220 - - [09/Sep/2026:21:34:21 -0700] "POST /xmlrpc.php HTTP/1.1" 404 69100 "-" "Jetpack/13.0; WordPress/6.4; http://site68166367.com"
144.208.65.39 - - [09/Sep/2026:21:34:33 -0700] "POST /wp-cron.php?doing_wp_cron=1789014873.0833899974822998046875 HTTP/1.1" 404 69100 "-" "WordPress/7.1; https://aace.care"
122.176.86.220 - - [09/Sep/2026:21:34:32 -0700] "POST /xmlrpc.php HTTP/1.1" 404 69100 "-" "Jetpack by WordPress.com"
122.176.86.220 - - [09/Sep/2026:21:34:43 -0700] "POST /xmlrpc.php HTTP/1.1" 404 69100 "-" "Jetpack/12.1; WordPress/6.2; http://site47429034.com"
122.176.86.220 - - [09/Sep/2026:21:34:53 -0700] "POST /xmlrpc.php HTTP/1.1" 404 69100 "-" "Jetpack by WordPress.com (Jetpack 13.0; WordPress 6.1)"
122.176.86.220 - - [09/Sep/2026:21:35:04 -0700] "POST /xmlrpc.php HTTP/1.1" 404 69100 "-" "Jetpack by WordPress.com"
122.176.86.220 - - [09/Sep/2026:21:35:15 -0700] "POST /xmlrpc.php HTTP/1.1" 404 69100 "-" "Jetpack by WordPress.com (Jetpack 12.5; WordPress 6.3)"
122.176.86.220 - - [09/Sep/2026:21:35:25 -0700] "POST /xmlrpc.php HTTP/1.1" 404 69100 "-" "WordPress.com; https://wordpress.com"
122.176.86.220 - - [09/Sep/2026:21:35:36 -0700] "POST /xmlrpc.php HTTP/1.1" 404 69100 "-" "Jetpack by WordPress.com"
144.208.65.39 - - [09/Sep/2026:21:35:37 -0700] "POST /wp-cron.php?doing_wp_cron=1789014937.1465730667114257812500 HTTP/1.1" 404 16384 "-" "WordPress/7.1; https://aace.care"
122.176.86.220 - - [09/Sep/2026:21:35:47 -0700] "POST /xmlrpc.php HTTP/1.1" 404 69100 "-" "Jetpack by WordPress.com"
122.176.86.220 - - [09/Sep/2026:21:35:57 -0700] "POST /xmlrpc.php HTTP/1.1" 403 5256 "-" "WordPress.com; https://wordpress.com"
122.176.86.220 - - [09/Sep/2026:21:36:08 -0700] "POST /xmlrpc.php HTTP/1.1" 403 5256 "-" "WordPress.com; https://wordpress.com"
122.176.86.220 - - [09/Sep/2026:21:36:19 -0700] "POST /xmlrpc.php HTTP/1.1" 403 5256 "-" "Jetpack/13.0; WordPress/6.4; http://site74621436.com"
122.176.86.220 - - [09/Sep/2026:21:36:30 -0700] "POST /xmlrpc.php HTTP/1.1" 403 5256 "-" "Jetpack by WordPress.com"
122.176.86.220 - - [09/Sep/2026:21:36:40 -0700] "POST /xmlrpc.php HTTP/1.1" 403 5256 "-" "Jetpack by WordPress.com"
122.176.86.220 - - [09/Sep/2026:21:36:51 -0700] "POST /xmlrpc.php HTTP/1.1" 403 5256 "-" "Jetpack by WordPress.com (Jetpack 12.5; WordPress 6.4)"
122.176.86.220 - - [09/Sep/2026:21:37:02 -0700] "POST /xmlrpc.php HTTP/1.1" 403 5256 "-" "Jetpack by WordPress.com"
122.176.86.220 - - [09/Sep/2026:21:37:13 -0700] "POST /xmlrpc.php HTTP/1.1" 403 5256 "-" "Jetpack/12.1; WordPress/6.3; http://site34425169.com"
174.233.225.223 - - [09/Sep/2026:21:37:21 -0700] "GET /wp-content/plugins/siteorigin-panels/css/front-flex.min.css?ver=2.20.4 HTTP/1.1" 200 1387 "https://aace.care/?fbclid=PAcGRvZgJmZGlkFlDi9zN6aXpct6nCnO6_DF0NuPPwWOxleHRuA2FlbQEwAGFkaWQBqztXPnu8NnNydGMGYXBwX2lkDzEyNDAyNDU3NDI4NzQxNAABpwA8TbT2b711-wlECVaHllVlOmpuEX8d_eF7xPvqPeLnJLbYVTAMvoACekeA_aem_PnO99WEGwPbruLNenSa4FQ&utm_medium=paid&utm_source=ig&utm_id=120255060949220150&utm_content=120255060949770150&utm_term=120255060949310150&utm_campaign=120255060949220150" "Mozilla/5.0 (iPhone; CPU iPhone OS 26_6_1 like Mac OS X) AppleWebKit/605.1.15 (KHTML, like Gecko) Mobile/23G83 Instagram 445.0.0.34.44 (iPhone17,4; iOS 26_6_1; en_US; en; scale=3.00; 1290x2796; IABMV/1; 1053791553) Safari/604.1"
174.233.225.223 - - [09/Sep/2026:21:37:21 -0700] "GET /wp-content/plugins/so-widgets-bundle/widgets/video/css/html-player-responsive.css?ver=1.46.6 HTTP/1.1" 200 40 "https://aace.care/?fbclid=PAcGRvZgJmZGlkFlDi9zN6aXpct6nCnO6_DF0NuPPwWOxleHRuA2FlbQEwAGFkaWQBqztXPnu8NnNydGMGYXBwX2lkDzEyNDAyNDU3NDI4NzQxNAABpwA8TbT2b711-wlECVaHllVlOmpuEX8d_eF7xPvqPeLnJLbYVTAMvoACekeA_aem_PnO99WEGwPbruLNenSa4FQ&utm_medium=paid&utm_source=ig&utm_id=120255060949220150&utm_content=120255060949770150&utm_term=120255060949310150&utm_campaign=120255060949220150" "Mozilla/5.0 (iPhone; CPU iPhone OS 26_6_1 like Mac OS X) AppleWebKit/605.1.15 (KHTML, like Gecko) Mobile/23G83 Instagram 445.0.0.34.44 (iPhone17,4; iOS 26_6_1; en_US; en; scale=3.00; 1290x2796; IABMV/1; 1053791553) Safari/604.1"
174.233.225.223 - - [09/Sep/2026:21:37:21 -0700] "GET /wp-content/plugins/cookie-law-info/legacy/public/css/cookie-law-info-public.css?ver=3.0.8 HTTP/1.1" 200 3106 "https://aace.care/?fbclid=PAcGRvZgJmZGlkFlDi9zN6aXpct6nCnO6_DF0NuPPwWOxleHRuA2FlbQEwAGFkaWQBqztXPnu8NnNydGMGYXBwX2lkDzEyNDAyNDU3NDI4NzQxNAABpwA8TbT2b711-wlECVaHllVlOmpuEX8d_eF7xPvqPeLnJLbYVTAMvoACekeA_aem_PnO99WEGwPbruLNenSa4FQ&utm_medium=paid&utm_source=ig&utm_id=120255060949220150&utm_content=120255060949770150&utm_term=120255060949310150&utm_campaign=120255060949220150" "Mozilla/5.0 (iPhone; CPU iPhone OS 26_6_1 like Mac OS X) AppleWebKit/605.1.15 (KHTML, like Gecko) Mobile/23G83 Instagram 445.0.0.34.44 (iPhone17,4; iOS 26_6_1; en_US; en; scale=3.00; 1290x2796; IABMV/1; 1053791553) Safari/604.1"
174.233.225.223 - - [09/Sep/2026:21:37:21 -0700] "GET /wp-content/plugins/cookie-law-info/legacy/public/css/cookie-law-info-gdpr.css?ver=3.0.8 HTTP/1.1" 200 27249 "https://aace.care/?fbclid=PAcGRvZgJmZGlkFlDi9zN6aXpct6nCnO6_DF0NuPPwWOxleHRuA2FlbQEwAGFkaWQBqztXPnu8NnNydGMGYXBwX2lkDzEyNDAyNDU3NDI4NzQxNAABpwA8TbT2b711-wlECVaHllVlOmpuEX8d_eF7xPvqPeLnJLbYVTAMvoACekeA_aem_PnO99WEGwPbruLNenSa4FQ&utm_medium=paid&utm_source=ig&utm_id=120255060949220150&utm_content=120255060949770150&utm_term=120255060949310150&utm_campaign=120255060949220150" "Mozilla/5.0 (iPhone; CPU iPhone OS 26_6_1 like Mac OS X) AppleWebKit/605.1.15 (KHTML, like Gecko) Mobile/23G83 Instagram 445.0.0.34.44 (iPhone17,4; iOS 26_6_1; en_US; en; scale=3.00; 1290x2796; IABMV/1; 1053791553) Safari/604.1"
174.233.225.223 - - [09/Sep/2026:21:37:21 -0700] "GET /wp-includes/js/mediaelement/mediaelementplayer-legacy.min.css?ver=4.2.17 HTTP/1.1" 200 11256 "https://aace.care/?fbclid=PAcGRvZgJmZGlkFlDi9zN6aXpct6nCnO6_DF0NuPPwWOxleHRuA2FlbQEwAGFkaWQBqztXPnu8NnNydGMGYXBwX2lkDzEyNDAyNDU3NDI4NzQxNAABpwA8TbT2b711-wlECVaHllVlOmpuEX8d_eF7xPvqPeLnJLbYVTAMvoACekeA_aem_PnO99WEGwPbruLNenSa4FQ&utm_medium=paid&utm_source=ig&utm_id=120255060949220150&utm_content=120255060949770150&utm_term=120255060949310150&utm_campaign=120255060949220150" "Mozilla/5.0 (iPhone; CPU iPhone OS 26_6_1 like Mac OS X) AppleWebKit/605.1.15 (KHTML, like Gecko) Mobile/23G83 Instagram 445.0.0.34.44 (iPhone17,4; iOS 26_6_1; en_US; en; scale=3.00; 1290x2796; IABMV/1; 1053791553) Safari/604.1"
174.233.225.223 - - [09/Sep/2026:21:37:21 -0700] "GET /wp-content/plugins/metronet-profile-picture/dist/blocks.style.build.css?ver=2.6.0 HTTP/1.1" 200 27760 "https://aace.care/?fbclid=PAcGRvZgJmZGlkFlDi9zN6aXpct6nCnO6_DF0NuPPwWOxleHRuA2FlbQEwAGFkaWQBqztXPnu8NnNydGMGYXBwX2lkDzEyNDAyNDU3NDI4NzQxNAABpwA8TbT2b711-wlECVaHllVlOmpuEX8d_eF7xPvqPeLnJLbYVTAMvoACekeA_aem_PnO99WEGwPbruLNenSa4FQ&utm_medium=paid&utm_source=ig&utm_id=120255060949220150&utm_content=120255060949770150&utm_term=120255060949310150&utm_campaign=120255060949220150" "Mozilla/5.0 (iPhone; CPU iPhone OS 26_6_1 like Mac OS X) AppleWebKit/605.1.15 (KHTML, like Gecko) Mobile/23G83 Instagram 445.0.0.34.44 (iPhone17,4; iOS 26_6_1; en_US; en; scale=3.00; 1290x2796; IABMV/1; 1053791553) Safari/604.1"
174.233.225.223 - - [09/Sep/2026:21:37:21 -0700] "GET /wp-content/uploads/siteorigin-widgets/sow-image-default-d6014b76747a-26.css?ver=7.1 HTTP/1.1" 200 562 "https://aace.care/?fbclid=PAcGRvZgJmZGlkFlDi9zN6aXpct6nCnO6_DF0NuPPwWOxleHRuA2FlbQEwAGFkaWQBqztXPnu8NnNydGMGYXBwX2lkDzEyNDAyNDU3NDI4NzQxNAABpwA8TbT2b711-wlECVaHllVlOmpuEX8d_eF7xPvqPeLnJLbYVTAMvoACekeA_aem_PnO99WEGwPbruLNenSa4FQ&utm_medium=paid&utm_source=ig&utm_id=120255060949220150&utm_content=120255060949770150&utm_term=120255060949310150&utm_campaign=120255060949220150" "Mozilla/5.0 (iPhone; CPU iPhone OS 26_6_1 like Mac OS X) AppleWebKit/605.1.15 (KHTML, like Gecko) Mobile/23G83 Instagram 445.0.0.34.44 (iPhone17,4; iOS 26_6_1; en_US; en; scale=3.00; 1290x2796; IABMV/1; 1053791553) Safari/604.1"
174.233.225.223 - - [09/Sep/2026:21:37:21 -0700] "GET /wp-includes/js/mediaelement/wp-mediaelement.min.css?ver=7.1 HTTP/1.1" 200 4186 "https://aace.care/?fbclid=PAcGRvZgJmZGlkFlDi9zN6aXpct6nCnO6_DF0NuPPwWOxleHRuA2FlbQEwAGFkaWQBqztXPnu8NnNydGMGYXBwX2lkDzEyNDAyNDU3NDI4NzQxNAABpwA8TbT2b711-wlECVaHllVlOmpuEX8d_eF7xPvqPeLnJLbYVTAMvoACekeA_aem_PnO99WEGwPbruLNenSa4FQ&utm_medium=paid&utm_source=ig&utm_id=120255060949220150&utm_content=120255060949770150&utm_term=120255060949310150&utm_campaign=120255060949220150" "Mozilla/5.0 (iPhone; CPU iPhone OS 26_6_1 like Mac OS X) AppleWebKit/605.1.15 (KHTML, like Gecko) Mobile/23G83 Instagram 445.0.0.34.44 (iPhone17,4; iOS 26_6_1; en_US; en; scale=3.00; 1290x2796; IABMV/1; 1053791553) Safari/604.1"
174.233.225.223 - - [09/Sep/2026:21:37:21 -0700] "GET /wp-content/uploads/siteorigin-widgets/sow-image-default-6b88c04c1f9b-26.css?ver=7.1 HTTP/1.1" 200 674 "https://aace.care/?fbclid=PAcGRvZgJmZGlkFlDi9zN6aXpct6nCnO6_DF0NuPPwWOxleHRuA2FlbQEwAGFkaWQBqztXPnu8NnNydGMGYXBwX2lkDzEyNDAyNDU3NDI4NzQxNAABpwA8TbT2b711-wlECVaHllVlOmpuEX8d_eF7xPvqPeLnJLbYVTAMvoACekeA_aem_PnO99WEGwPbruLNenSa4FQ&utm_medium=paid&utm_source=ig&utm_id=120255060949220150&utm_content=120255060949770150&utm_term=120255060949310150&utm_campaign=120255060949220150" "Mozilla/5.0 (iPhone; CPU iPhone OS 26_6_1 like Mac OS X) AppleWebKit/605.1.15 (KHTML, like Gecko) Mobile/23G83 Instagram 445.0.0.34.44 (iPhone17,4; iOS 26_6_1; en_US; en; scale=3.00; 1290x2796; IABMV/1; 1053791553) Safari/604.1"
174.233.225.223 - - [09/Sep/2026:21:37:21 -0700] "GET /wp-content/plugins/easy-fancybox/fancybox/1.5.4/jquery.fancybox.min.css?ver=7.1 HTTP/1.1" 200 5396 "https://aace.care/?fbclid=PAcGRvZgJmZGlkFlDi9zN6aXpct6nCnO6_DF0NuPPwWOxleHRuA2FlbQEwAGFkaWQBqztXPnu8NnNydGMGYXBwX2lkDzEyNDAyNDU3NDI4NzQxNAABpwA8TbT2b711-wlECVaHllVlOmpuEX8d_eF7xPvqPeLnJLbYVTAMvoACekeA_aem_PnO99WEGwPbruLNenSa4FQ&utm_medium=paid&utm_source=ig&utm_id=120255060949220150&utm_content=120255060949770150&utm_term=120255060949310150&utm_campaign=120255060949220150" "Mozilla/5.0 (iPhone; CPU iPhone OS 26_6_1 like Mac OS X) AppleWebKit/605.1.15 (KHTML, like Gecko) Mobile/23G83 Instagram 445.0.0.34.44 (iPhone17,4; iOS 26_6_1; en_US; en; scale=3.00; 1290x2796; IABMV/1; 1053791553) Safari/604.1"
174.233.225.223 - - [09/Sep/2026:21:37:21 -0700] "GET /wp-content/themes/vantage/inc/mobilenav/css/mobilenav.css?ver=1.20.8 HTTP/1.1" 200 2701 "https://aace.care/?fbclid=PAcGRvZgJmZGlkFlDi9zN6aXpct6nCnO6_DF0NuPPwWOxleHRuA2FlbQEwAGFkaWQBqztXPnu8NnNydGMGYXBwX2lkDzEyNDAyNDU3NDI4NzQxNAABpwA8TbT2b711-wlECVaHllVlOmpuEX8d_eF7xPvqPeLnJLbYVTAMvoACekeA_aem_PnO99WEGwPbruLNenSa4FQ&utm_medium=paid&utm_source=ig&utm_id=120255060949220150&utm_content=120255060949770150&utm_term=120255060949310150&utm_campaign=120255060949220150" "Mozilla/5.0 (iPhone; CPU iPhone OS 26_6_1 like Mac OS X) AppleWebKit/605.1.15 (KHTML, like Gecko) Mobile/23G83 Instagram 445.0.0.34.44 (iPhone17,4; iOS 26_6_1; en_US; en; scale=3.00; 1290x2796; IABMV/1; 1053791553) Safari/604.1"
174.233.225.223 - - [09/Sep/2026:21:37:21 -0700] "GET /wp-content/themes/vantage/fontawesome/css/font-awesome.css?ver=4.6.2 HTTP/1.1" 200 37414 "https://aace.care/?fbclid=PAcGRvZgJmZGlkFlDi9zN6aXpct6nCnO6_DF0NuPPwWOxleHRuA2FlbQEwAGFkaWQBqztXPnu8NnNydGMGYXBwX2lkDzEyNDAyNDU3NDI4NzQxNAABpwA8TbT2b711-wlECVaHllVlOmpuEX8d_eF7xPvqPeLnJLbYVTAMvoACekeA_aem_PnO99WEGwPbruLNenSa4FQ&utm_medium=paid&utm_source=ig&utm_id=120255060949220150&utm_content=120255060949770150&utm_term=120255060949310150&utm_campaign=120255060949220150" "Mozilla/5.0 (iPhone; CPU iPhone OS 26_6_1 like Mac OS X) AppleWebKit/605.1.15 (KHTML, like Gecko) Mobile/23G83 Instagram 445.0.0.34.44 (iPhone17,4; iOS 26_6_1; en_US; en; scale=3.00; 1290x2796; IABMV/1; 1053791553) Safari/604.1"
174.233.225.223 - - [09/Sep/2026:21:37:21 -0700] "GET /wp-content/themes/vantage/style.css?ver=1.20.8 HTTP/1.1" 200 93545 "https://aace.care/?fbclid=PAcGRvZgJmZGlkFlDi9zN6aXpct6nCnO6_DF0NuPPwWOxleHRuA2FlbQEwAGFkaWQBqztXPnu8NnNydGMGYXBwX2lkDzEyNDAyNDU3NDI4NzQxNAABpwA8TbT2b711-wlECVaHllVlOmpuEX8d_eF7xPvqPeLnJLbYVTAMvoACekeA_aem_PnO99WEGwPbruLNenSa4FQ&utm_medium=paid&utm_source=ig&utm_id=120255060949220150&utm_content=120255060949770150&utm_term=120255060949310150&utm_campaign=120255060949220150" "Mozilla/5.0 (iPhone; CPU iPhone OS 26_6_1 like Mac OS X) AppleWebKit/605.1.15 (KHTML, like Gecko) Mobile/23G83 Instagram 445.0.0.34.44 (iPhone17,4; iOS 26_6_1; en_US; en; scale=3.00; 1290x2796; IABMV/1; 1053791553) Safari/604.1"
174.233.225.223 - - [09/Sep/2026:21:37:21 -0700] "GET /wp-content/plugins/smart-slider-3/Public/SmartSlider3/Application/Frontend/Assets/dist/smartslider.min.css?ver=e5da025b HTTP/1.1" 200 22153 "https://aace.care/?fbclid=PAcGRvZgJmZGlkFlDi9zN6aXpct6nCnO6_DF0NuPPwWOxleHRuA2FlbQEwAGFkaWQBqztXPnu8NnNydGMGYXBwX2lkDzEyNDAyNDU3NDI4NzQxNAABpwA8TbT2b711-wlECVaHllVlOmpuEX8d_eF7xPvqPeLnJLbYVTAMvoACekeA_aem_PnO99WEGwPbruLNenSa4FQ&utm_medium=paid&utm_source=ig&utm_id=120255060949220150&utm_content=120255060949770150&utm_term=120255060949310150&utm_campaign=120255060949220150" "Mozilla/5.0 (iPhone; CPU iPhone OS 26_6_1 like Mac OS X) AppleWebKit/605.1.15 (KHTML, like Gecko) Mobile/23G83 Instagram 445.0.0.34.44 (iPhone17,4; iOS 26_6_1; en_US; en; scale=3.00; 1290x2796; IABMV/1; 1053791553) Safari/604.1"
174.233.225.223 - - [09/Sep/2026:21:37:22 -0700] "GET /wp-includes/js/jquery/jquery-migrate.min.js?ver=3.4.1 HTTP/1.1" 200 13577 "https://aace.care/?fbclid=PAcGRvZgJmZGlkFlDi9zN6aXpct6nCnO6_DF0NuPPwWOxleHRuA2FlbQEwAGFkaWQBqztXPnu8NnNydGMGYXBwX2lkDzEyNDAyNDU3NDI4NzQxNAABpwA8TbT2b711-wlECVaHllVlOmpuEX8d_eF7xPvqPeLnJLbYVTAMvoACekeA_aem_PnO99WEGwPbruLNenSa4FQ&utm_medium=paid&utm_source=ig&utm_id=120255060949220150&utm_content=120255060949770150&utm_term=120255060949310150&utm_campaign=120255060949220150" "Mozilla/5.0 (iPhone; CPU iPhone OS 26_6_1 like Mac OS X) AppleWebKit/605.1.15 (KHTML, like Gecko) Mobile/23G83 Instagram 445.0.0.34.44 (iPhone17,4; iOS 26_6_1; en_US; en; scale=3.00; 1290x2796; IABMV/1; 1053791553) Safari/604.1"
174.233.225.223 - - [09/Sep/2026:21:37:22 -0700] "GET /wp-content/plugins/cookie-law-info/legacy/admin/modules/ccpa/assets/js/cookie-law-info-ccpa.js?ver=3.0.8 HTTP/1.1" 200 7328 "https://aace.care/?fbclid=PAcGRvZgJmZGlkFlDi9zN6aXpct6nCnO6_DF0NuPPwWOxleHRuA2FlbQEwAGFkaWQBqztXPnu8NnNydGMGYXBwX2lkDzEyNDAyNDU3NDI4NzQxNAABpwA8TbT2b711-wlECVaHllVlOmpuEX8d_eF7xPvqPeLnJLbYVTAMvoACekeA_aem_PnO99WEGwPbruLNenSa4FQ&utm_medium=paid&utm_source=ig&utm_id=120255060949220150&utm_content=120255060949770150&utm_term=120255060949310150&utm_campaign=120255060949220150" "Mozilla/5.0 (iPhone; CPU iPhone OS 26_6_1 like Mac OS X) AppleWebKit/605.1.15 (KHTML, like Gecko) Mobile/23G83 Instagram 445.0.0.34.44 (iPhone17,4; iOS 26_6_1; en_US; en; scale=3.00; 1290x2796; IABMV/1; 1053791553) Safari/604.1"
174.233.225.223 - - [09/Sep/2026:21:37:22 -0700] "GET /wp-content/plugins/cookie-law-info/legacy/public/js/cookie-law-info-public.js?ver=3.0.8 HTTP/1.1" 200 34179 "https://aace.care/?fbclid=PAcGRvZgJmZGlkFlDi9zN6aXpct6nCnO6_DF0NuPPwWOxleHRuA2FlbQEwAGFkaWQBqztXPnu8NnNydGMGYXBwX2lkDzEyNDAyNDU3NDI4NzQxNAABpwA8TbT2b711-wlECVaHllVlOmpuEX8d_eF7xPvqPeLnJLbYVTAMvoACekeA_aem_PnO99WEGwPbruLNenSa4FQ&utm_medium=paid&utm_source=ig&utm_id=120255060949220150&utm_content=120255060949770150&utm_term=120255060949310150&utm_campaign=120255060949220150" "Mozilla/5.0 (iPhone; CPU iPhone OS 26_6_1 like Mac OS X) AppleWebKit/605.1.15 (KHTML, like Gecko) Mobile/23G83 Instagram 445.0.0.34.44 (iPhone17,4; iOS 26_6_1; en_US; en; scale=3.00; 1290x2796; IABMV/1; 1053791553) Safari/604.1"
174.233.225.223 - - [09/Sep/2026:21:37:21 -0700] "GET /wp-includes/js/jquery/jquery.min.js?ver=3.7.1 HTTP/1.1" 200 87553 "https://aace.care/?fbclid=PAcGRvZgJmZGlkFlDi9zN6aXpct6nCnO6_DF0NuPPwWOxleHRuA2FlbQEwAGFkaWQBqztXPnu8NnNydGMGYXBwX2lkDzEyNDAyNDU3NDI4NzQxNAABpwA8TbT2b711-wlECVaHllVlOmpuEX8d_eF7xPvqPeLnJLbYVTAMvoACekeA_aem_PnO99WEGwPbruLNenSa4FQ&utm_medium=paid&utm_source=ig&utm_id=120255060949220150&utm_content=120255060949770150&utm_term=120255060949310150&utm_campaign=120255060949220150" "Mozilla/5.0 (iPhone; CPU iPhone OS 26_6_1 like Mac OS X) AppleWebKit/605.1.15 (KHTML, like Gecko) Mobile/23G83 Instagram 445.0.0.34.44 (iPhone17,4; iOS 26_6_1; en_US; en; scale=3.00; 1290x2796; IABMV/1; 1053791553) Safari/604.1"
