104.28.230.247 - - [09/Sep/2026:11:42:08 -0700] "POST /xmlrpc.php HTTP/1.1" 405 415 "-" "Jetpack by WordPress.com (Jetpack 12.5; WordPress 6.3)"
104.28.230.247 - - [09/Sep/2026:11:42:19 -0700] "POST /xmlrpc.php HTTP/1.1" 405 415 "-" "Jetpack by WordPress.com (Jetpack 12.1; WordPress 6.1)"
104.28.230.247 - - [09/Sep/2026:11:42:29 -0700] "POST /xmlrpc.php HTTP/1.1" 405 415 "-" "Jetpack by WordPress.com (Jetpack 12.0; WordPress 6.2)"
144.208.65.39 - - [09/Sep/2026:11:42:40 -0700] "POST /wp-cron.php?doing_wp_cron=1788979360.4100899696350097656250 HTTP/1.1" 200 - "-" "WordPress/7.1; https://aace.care"
104.28.230.247 - - [09/Sep/2026:11:42:39 -0700] "POST /xmlrpc.php HTTP/1.1" 405 415 "-" "Jetpack by WordPress.com (Jetpack 12.5; WordPress 6.1)"
104.28.230.247 - - [09/Sep/2026:11:42:50 -0700] "POST /xmlrpc.php HTTP/1.1" 405 415 "-" "Jetpack/12.5; WordPress/6.2; http://site63327585.com"
104.28.230.247 - - [09/Sep/2026:11:43:01 -0700] "POST /xmlrpc.php HTTP/1.1" 405 415 "-" "Jetpack by WordPress.com (Jetpack 12.5; WordPress 6.1)"
104.28.230.247 - - [09/Sep/2026:11:43:11 -0700] "POST /xmlrpc.php HTTP/1.1" 405 415 "-" "Jetpack by WordPress.com (Jetpack 12.5; WordPress 6.3)"
104.28.230.247 - - [09/Sep/2026:11:43:22 -0700] "POST /xmlrpc.php HTTP/1.1" 405 415 "-" "Jetpack by WordPress.com (Jetpack 12.5; WordPress 6.3)"
104.28.230.247 - - [09/Sep/2026:11:43:32 -0700] "POST /xmlrpc.php HTTP/1.1" 405 415 "-" "Jetpack/12.5; WordPress/6.1; http://site98108038.com"
144.208.65.39 - - [09/Sep/2026:11:43:43 -0700] "POST /wp-cron.php?doing_wp_cron=1788979423.6742959022521972656250 HTTP/1.1" 200 - "-" "WordPress/7.1; https://aace.care"
104.28.230.247 - - [09/Sep/2026:11:43:43 -0700] "POST /xmlrpc.php HTTP/1.1" 405 415 "-" "Jetpack by WordPress.com (Jetpack 12.1; WordPress 6.4)"
104.28.230.247 - - [09/Sep/2026:11:43:53 -0700] "POST /xmlrpc.php HTTP/1.1" 405 415 "-" "WordPress.com; https://wordpress.com"
104.28.230.247 - - [09/Sep/2026:11:44:04 -0700] "POST /xmlrpc.php HTTP/1.1" 405 415 "-" "Jetpack/12.0; WordPress/6.2; http://site78759685.com"
104.28.230.247 - - [09/Sep/2026:11:44:14 -0700] "POST /xmlrpc.php HTTP/1.1" 405 415 "-" "Jetpack by WordPress.com (Jetpack 12.1; WordPress 6.4)"
104.28.230.247 - - [09/Sep/2026:11:44:25 -0700] "POST /xmlrpc.php HTTP/1.1" 405 415 "-" "Jetpack/12.1; WordPress/6.3; http://site97663994.com"
104.28.230.247 - - [09/Sep/2026:11:44:35 -0700] "POST /xmlrpc.php HTTP/1.1" 405 415 "-" "WordPress.com; https://wordpress.com"
173.252.87.54 - - [09/Sep/2026:11:44:38 -0700] "GET /meta.json HTTP/1.1" 404 69100 "-" "facebookexternalhit/1.1 (+http://www.facebook.com/externalhit_uatext.php)"
144.208.65.39 - - [09/Sep/2026:11:44:46 -0700] "POST /wp-cron.php?doing_wp_cron=1788979486.8470289707183837890625 HTTP/1.1" 200 - "-" "WordPress/7.1; https://aace.care"
104.28.230.247 - - [09/Sep/2026:11:44:46 -0700] "POST /xmlrpc.php HTTP/1.1" 405 415 "-" "Jetpack by WordPress.com"
104.28.245.127 - - [09/Sep/2026:11:45:10 -0700] "POST /wp-json/batch/v1 HTTP/1.1" 500 510 "-" "Mozilla/5.0 (Windows NT 10.0; Win64; x64) AppleWebKit/537.36 (KHTML, like Gecko) Chrome/131.0.0.0 Safari/537.36"
104.28.230.247 - - [09/Sep/2026:11:45:12 -0700] "POST /xmlrpc.php HTTP/1.1" 405 415 "-" "WordPress.com; https://wordpress.com"
104.28.230.247 - - [09/Sep/2026:11:45:18 -0700] "POST /xmlrpc.php HTTP/1.1" 405 415 "-" "Jetpack by WordPress.com"
104.28.245.127 - - [09/Sep/2026:11:45:27 -0700] "POST /wp-json/batch/v1 HTTP/1.1" 207 478 "-" "Mozilla/5.0 (Windows NT 10.0; Win64; x64) AppleWebKit/537.36 (KHTML, like Gecko) Chrome/131.0.0.0 Safari/537.36"
104.28.230.247 - - [09/Sep/2026:11:45:28 -0700] "POST /xmlrpc.php HTTP/1.1" 405 415 "-" "Jetpack by WordPress.com"
104.28.245.127 - - [09/Sep/2026:11:45:29 -0700] "POST /wp-json/batch/v1 HTTP/1.1" 207 478 "-" "Mozilla/5.0 (Windows NT 10.0; Win64; x64) AppleWebKit/537.36 (KHTML, like Gecko) Chrome/131.0.0.0 Safari/537.36"
104.28.245.127 - - [09/Sep/2026:11:45:30 -0700] "POST /wp-json/batch/v1 HTTP/1.1" 207 478 "-" "Mozilla/5.0 (Windows NT 10.0; Win64; x64) AppleWebKit/537.36 (KHTML, like Gecko) Chrome/131.0.0.0 Safari/537.36"
104.28.245.127 - - [09/Sep/2026:11:45:31 -0700] "POST /wp-json/batch/v1 HTTP/1.1" 207 478 "-" "Mozilla/5.0 (Windows NT 10.0; Win64; x64) AppleWebKit/537.36 (KHTML, like Gecko) Chrome/131.0.0.0 Safari/537.36"
104.28.245.127 - - [09/Sep/2026:11:45:35 -0700] "POST /wp-json/batch/v1 HTTP/1.1" 207 478 "-" "Mozilla/5.0 (Windows NT 10.0; Win64; x64) AppleWebKit/537.36 (KHTML, like Gecko) Chrome/131.0.0.0 Safari/537.36"
104.28.230.247 - - [09/Sep/2026:11:45:39 -0700] "POST /xmlrpc.php HTTP/1.1" 405 415 "-" "Jetpack by WordPress.com"
104.28.230.247 - - [09/Sep/2026:11:46:00 -0700] "POST /xmlrpc.php HTTP/1.1" 500 - "-" "Jetpack by WordPress.com (Jetpack 12.5; WordPress 6.4)"
104.28.230.247 - - [09/Sep/2026:11:46:12 -0700] "POST /xmlrpc.php HTTP/1.1" 500 - "-" "Jetpack/12.0; WordPress/6.4; http://site82067671.com"
144.208.65.39 - - [09/Sep/2026:11:46:22 -0700] "POST /wp-cron.php?doing_wp_cron=1788979582.2439079284667968750000 HTTP/1.1" 200 - "-" "WordPress/7.1; https://aace.care"
104.28.230.247 - - [09/Sep/2026:11:46:21 -0700] "POST /xmlrpc.php HTTP/1.1" 405 415 "-" "WordPress.com; https://wordpress.com"
104.28.230.247 - - [09/Sep/2026:11:46:32 -0700] "POST /xmlrpc.php HTTP/1.1" 405 415 "-" "Jetpack by WordPress.com (Jetpack 13.0; WordPress 6.3)"
104.28.230.247 - - [09/Sep/2026:11:46:42 -0700] "POST /xmlrpc.php HTTP/1.1" 405 415 "-" "Jetpack/12.5; WordPress/6.2; http://site55534678.com"
109.107.186.106 - - [09/Sep/2026:11:46:44 -0700] "GET / HTTP/1.1" 200 107109 "-" "Mozilla/5.0 (Windows NT 6.1) AppleWebKit/537.36 (KHTML, like Gecko) Chrome/51.0.2717.51 Safari/537.36"
104.28.230.247 - - [09/Sep/2026:11:46:53 -0700] "POST /xmlrpc.php HTTP/1.1" 405 415 "-" "Jetpack/12.5; WordPress/6.4; http://site18119346.com"
104.28.230.247 - - [09/Sep/2026:11:47:03 -0700] "POST /xmlrpc.php HTTP/1.1" 405 415 "-" "Jetpack by WordPress.com (Jetpack 12.1; WordPress 6.3)"
43.153.58.28 - - [09/Sep/2026:11:47:05 -0700] "GET /in-home-care-as-a-support-system-for-family-caregivers/ HTTP/1.1" 200 83566 "-" "Mozilla/5.0 (iPhone; CPU iPhone OS 13_2_3 like Mac OS X) AppleWebKit/605.1.15 (KHTML, like Gecko) Version/13.0.3 Mobile/15E148 Safari/604.1"
109.107.186.106 - - [09/Sep/2026:11:47:06 -0700] "POST /?wpmudev-hub=141ddb52b7c1e600-1788979607096207 HTTP/1.1" 200 87 "https://aace.care/" "Mozilla/5.0 (Windows NT 6.1) AppleWebKit/537.36 (KHTML, like Gecko) Chrome/51.0.2717.51 Safari/537.36"
104.28.230.247 - - [09/Sep/2026:11:47:14 -0700] "POST /xmlrpc.php HTTP/1.1" 405 415 "-" "WordPress.com; https://wordpress.com"
144.208.65.39 - - [09/Sep/2026:11:47:25 -0700] "POST /wp-cron.php?doing_wp_cron=1788979645.1866240501403808593750 HTTP/1.1" 200 - "-" "WordPress/7.1; https://aace.care"
104.28.230.247 - - [09/Sep/2026:11:47:24 -0700] "POST /xmlrpc.php HTTP/1.1" 405 415 "-" "Jetpack by WordPress.com (Jetpack 12.1; WordPress 6.4)"
104.28.230.247 - - [09/Sep/2026:11:47:35 -0700] "POST /xmlrpc.php HTTP/1.1" 405 415 "-" "Jetpack by WordPress.com (Jetpack 13.0; WordPress 6.1)"
104.28.230.247 - - [09/Sep/2026:11:47:45 -0700] "POST /xmlrpc.php HTTP/1.1" 405 415 "-" "Jetpack by WordPress.com"
104.28.230.247 - - [09/Sep/2026:11:47:56 -0700] "POST /xmlrpc.php HTTP/1.1" 405 415 "-" "Jetpack by WordPress.com (Jetpack 12.1; WordPress 6.1)"
104.28.230.247 - - [09/Sep/2026:11:48:17 -0700] "POST /xmlrpc.php HTTP/1.1" 500 - "-" "WordPress.com; https://wordpress.com"
144.208.65.39 - - [09/Sep/2026:11:48:28 -0700] "POST /wp-cron.php?doing_wp_cron=1788979708.2938849925994873046875 HTTP/1.1" 200 - "-" "WordPress/7.1; https://aace.care"
104.28.230.247 - - [09/Sep/2026:11:48:27 -0700] "POST /xmlrpc.php HTTP/1.1" 405 415 "-" "WordPress.com; https://wordpress.com"
104.28.230.247 - - [09/Sep/2026:11:48:38 -0700] "POST /xmlrpc.php HTTP/1.1" 405 415 "-" "Jetpack by WordPress.com"
104.28.230.247 - - [09/Sep/2026:11:48:49 -0700] "POST /xmlrpc.php HTTP/1.1" 405 415 "-" "Jetpack/12.1; WordPress/6.2; http://site63457818.com"
104.28.230.247 - - [09/Sep/2026:11:48:59 -0700] "POST /xmlrpc.php HTTP/1.1" 405 415 "-" "Jetpack by WordPress.com (Jetpack 13.0; WordPress 6.3)"
104.28.230.247 - - [09/Sep/2026:11:49:09 -0700] "POST /xmlrpc.php HTTP/1.1" 405 415 "-" "WordPress.com; https://wordpress.com"
104.28.230.247 - - [09/Sep/2026:11:49:20 -0700] "POST /xmlrpc.php HTTP/1.1" 405 415 "-" "Jetpack by WordPress.com"
144.208.65.39 - - [09/Sep/2026:11:49:31 -0700] "POST /wp-cron.php?doing_wp_cron=1788979771.7499899864196777343750 HTTP/1.1" 200 - "-" "WordPress/7.1; https://aace.care"
104.28.230.247 - - [09/Sep/2026:11:49:31 -0700] "POST /xmlrpc.php HTTP/1.1" 405 415 "-" "Jetpack/13.0; WordPress/6.1; http://site33712722.com"
104.28.230.247 - - [09/Sep/2026:11:49:41 -0700] "POST /xmlrpc.php HTTP/1.1" 405 415 "-" "Jetpack/12.5; WordPress/6.3; http://site43593205.com"
104.28.230.247 - - [09/Sep/2026:11:49:52 -0700] "POST /xmlrpc.php HTTP/1.1" 405 415 "-" "WordPress.com; https://wordpress.com"
173.252.82.87 - - [09/Sep/2026:11:49:58 -0700] "GET /meta.json HTTP/1.1" 404 69100 "-" "facebookexternalhit/1.1 (+http://www.facebook.com/externalhit_uatext.php)"
104.28.230.247 - - [09/Sep/2026:11:50:02 -0700] "POST /xmlrpc.php HTTP/1.1" 405 415 "-" "Jetpack by WordPress.com (Jetpack 12.5; WordPress 6.2)"
104.28.230.247 - - [09/Sep/2026:11:50:13 -0700] "POST /xmlrpc.php HTTP/1.1" 405 415 "-" "Jetpack by WordPress.com"
104.28.230.247 - - [09/Sep/2026:11:50:23 -0700] "POST /xmlrpc.php HTTP/1.1" 405 415 "-" "Jetpack by WordPress.com"
144.208.65.39 - - [09/Sep/2026:11:50:34 -0700] "POST /wp-cron.php?doing_wp_cron=1788979834.7449400424957275390625 HTTP/1.1" 200 - "-" "WordPress/7.1; https://aace.care"
104.28.230.247 - - [09/Sep/2026:11:50:34 -0700] "POST /xmlrpc.php HTTP/1.1" 405 415 "-" "Jetpack by WordPress.com"
104.28.230.247 - - [09/Sep/2026:11:50:44 -0700] "POST /xmlrpc.php HTTP/1.1" 405 415 "-" "Jetpack/13.0; WordPress/6.4; http://site34738657.com"
104.28.230.247 - - [09/Sep/2026:11:50:55 -0700] "POST /xmlrpc.php HTTP/1.1" 405 415 "-" "Jetpack by WordPress.com"
104.28.230.247 - - [09/Sep/2026:11:51:05 -0700] "POST /xmlrpc.php HTTP/1.1" 405 415 "-" "Jetpack/12.1; WordPress/6.3; http://site11456447.com"
104.28.230.247 - - [09/Sep/2026:11:51:16 -0700] "POST /xmlrpc.php HTTP/1.1" 405 415 "-" "Jetpack by WordPress.com (Jetpack 12.1; WordPress 6.4)"
104.28.230.247 - - [09/Sep/2026:11:51:26 -0700] "POST /xmlrpc.php HTTP/1.1" 405 415 "-" "Jetpack by WordPress.com"
144.208.65.39 - - [09/Sep/2026:11:51:38 -0700] "POST /wp-cron.php?doing_wp_cron=1788979898.2479140758514404296875 HTTP/1.1" 200 - "-" "WordPress/7.1; https://aace.care"
104.28.230.247 - - [09/Sep/2026:11:51:37 -0700] "POST /xmlrpc.php HTTP/1.1" 405 415 "-" "Jetpack by WordPress.com"
104.28.230.247 - - [09/Sep/2026:11:51:48 -0700] "POST /xmlrpc.php HTTP/1.1" 405 415 "-" "Jetpack by WordPress.com"
104.28.230.247 - - [09/Sep/2026:11:51:58 -0700] "POST /xmlrpc.php HTTP/1.1" 405 415 "-" "Jetpack/13.0; WordPress/6.2; http://site57565194.com"
104.28.230.247 - - [09/Sep/2026:11:52:09 -0700] "POST /xmlrpc.php HTTP/1.1" 405 415 "-" "Jetpack by WordPress.com"
104.28.230.247 - - [09/Sep/2026:11:52:19 -0700] "POST /xmlrpc.php HTTP/1.1" 405 415 "-" "WordPress.com; https://wordpress.com"
104.28.230.247 - - [09/Sep/2026:11:52:30 -0700] "POST /xmlrpc.php HTTP/1.1" 405 415 "-" "WordPress.com; https://wordpress.com"
144.208.65.39 - - [09/Sep/2026:11:52:41 -0700] "POST /wp-cron.php?doing_wp_cron=1788979961.5720999240875244140625 HTTP/1.1" 200 - "-" "WordPress/7.1; https://aace.care"
104.28.230.247 - - [09/Sep/2026:11:52:41 -0700] "POST /xmlrpc.php HTTP/1.1" 405 415 "-" "Jetpack/13.0; WordPress/6.3; http://site32922134.com"
104.28.230.247 - - [09/Sep/2026:11:52:51 -0700] "POST /xmlrpc.php HTTP/1.1" 405 415 "-" "Jetpack by WordPress.com (Jetpack 13.0; WordPress 6.3)"
104.28.230.247 - - [09/Sep/2026:11:53:02 -0700] "POST /xmlrpc.php HTTP/1.1" 405 415 "-" "Jetpack by WordPress.com (Jetpack 12.1; WordPress 6.3)"
51.68.163.208 - - [09/Sep/2026:11:53:11 -0700] "GET /blog-verify HTTP/1.1" 404 69100 "-" "Mozilla/5.0 (X11; Linux x86_64) AppleWebKit/537.36 (KHTML, like Gecko) Chrome/148.0.0.0 Safari/537.36"
104.28.230.247 - - [09/Sep/2026:11:53:12 -0700] "POST /xmlrpc.php HTTP/1.1" 405 415 "-" "Jetpack/12.0; WordPress/6.2; http://site70962948.com"
104.28.230.247 - - [09/Sep/2026:11:53:23 -0700] "POST /xmlrpc.php HTTP/1.1" 405 415 "-" "Jetpack/12.0; WordPress/6.1; http://site93742118.com"
104.28.230.247 - - [09/Sep/2026:11:53:34 -0700] "POST /xmlrpc.php HTTP/1.1" 500 - "-" "Jetpack/12.1; WordPress/6.4; http://site77769989.com"
144.208.65.39 - - [09/Sep/2026:11:53:44 -0700] "POST /wp-cron.php?doing_wp_cron=1788980024.9060280323028564453125 HTTP/1.1" 200 - "-" "WordPress/7.1; https://aace.care"
104.28.230.247 - - [09/Sep/2026:11:53:44 -0700] "POST /xmlrpc.php HTTP/1.1" 405 415 "-" "Jetpack by WordPress.com (Jetpack 12.1; WordPress 6.1)"
104.28.230.247 - - [09/Sep/2026:11:53:54 -0700] "POST /xmlrpc.php HTTP/1.1" 405 415 "-" "WordPress.com; https://wordpress.com"
43.130.139.177 - - [09/Sep/2026:11:54:04 -0700] "GET /wp-json/wp/v2/posts/358 HTTP/1.1" 200 6900 "-" "Mozilla/5.0 (iPhone; CPU iPhone OS 13_2_3 like Mac OS X) AppleWebKit/605.1.15 (KHTML, like Gecko) Version/13.0.3 Mobile/15E148 Safari/604.1"
104.28.230.247 - - [09/Sep/2026:11:54:05 -0700] "POST /xmlrpc.php HTTP/1.1" 405 415 "-" "Jetpack/13.0; WordPress/6.3; http://site57829131.com"
104.28.230.247 - - [09/Sep/2026:11:54:15 -0700] "POST /xmlrpc.php HTTP/1.1" 405 415 "-" "Jetpack by WordPress.com"
43.130.150.80 - - [09/Sep/2026:12:01:19 -0700] "GET / HTTP/1.1" 500 2704 "http://www.aacehomecareinc.com" "Mozilla/5.0 (iPhone; CPU iPhone OS 13_2_3 like Mac OS X) AppleWebKit/605.1.15 (KHTML, like Gecko) Version/13.0.3 Mobile/15E148 Safari/604.1"
69.63.184.18 - - [09/Sep/2026:12:03:12 -0700] "GET /meta.json HTTP/1.1" 500 2704 "-" "facebookexternalhit/1.1 (+http://www.facebook.com/externalhit_uatext.php)"
49.51.204.74 - - [09/Sep/2026:12:06:42 -0700] "GET /in-home-care-as-a-support-system-for-family-caregivers/feed/ HTTP/1.1" 500 2704 "-" "Mozilla/5.0 (iPhone; CPU iPhone OS 13_2_3 like Mac OS X) AppleWebKit/605.1.15 (KHTML, like Gecko) Version/13.0.3 Mobile/15E148 Safari/604.1"
3.217.168.199 - - [09/Sep/2026:12:11:12 -0700] "GET /robots.txt HTTP/1.1" 500 2704 "-" "IAS Crawler (ias_crawler; http://integralads.com/site-indexing-policy/)"
144.208.65.39 - - [09/Sep/2026:12:11:13 -0700] "POST /wp-cron.php?doing_wp_cron=1788981073.6198348999023437500000 HTTP/1.1" 200 - "-" "WordPress/7.1; https://aace.care"
3.217.168.199 - - [09/Sep/2026:12:11:13 -0700] "GET /robots.txt HTTP/1.1" 200 110 "-" "IAS Crawler (ias_crawler; http://integralads.com/site-indexing-policy/)"
164.92.85.132 - - [09/Sep/2026:12:11:17 -0700] "GET / HTTP/1.1" 200 107109 "-" "Mozilla/5.0 (X11; Linux x86_64; rv:142.0) Gecko/20100101 Firefox/142.0"
164.92.85.132 - - [09/Sep/2026:12:11:18 -0700] "GET /wp-content/uploads/2022/03/cropped-FlowerLogo_-32x32.jpg HTTP/1.1" 200 856 "https://aace.care/" "Mozilla/5.0 (X11; Linux x86_64; rv:142.0) Gecko/20100101 Firefox/142.0"
173.252.69.42 - - [09/Sep/2026:12:17:09 -0700] "GET /meta.json HTTP/1.1" 500 2704 "-" "facebookexternalhit/1.1 (+http://www.facebook.com/externalhit_uatext.php)"
43.157.95.131 - - [09/Sep/2026:12:17:42 -0700] "GET /wp-json/oembed/1.0/embed?url=https%3A%2F%2Faace.care%2Fin-home-care-as-a-support-system-for-family-caregivers%2F HTTP/1.1" 500 2704 "-" "Mozilla/5.0 (iPhone; CPU iPhone OS 13_2_3 like Mac OS X) AppleWebKit/605.1.15 (KHTML, like Gecko) Version/13.0.3 Mobile/15E148 Safari/604.1"
173.252.82.35 - - [09/Sep/2026:12:20:54 -0700] "GET /meta.json HTTP/1.1" 500 2704 "-" "facebookexternalhit/1.1 (+http://www.facebook.com/externalhit_uatext.php)"
43.157.175.122 - - [09/Sep/2026:12:25:47 -0700] "GET /in-home-care-as-a-support-system-for-family-caregivers/embed/ HTTP/1.1" 500 2704 "-" "Mozilla/5.0 (iPhone; CPU iPhone OS 13_2_3 like Mac OS X) AppleWebKit/605.1.15 (KHTML, like Gecko) Version/13.0.3 Mobile/15E148 Safari/604.1"
36.213.51.50 - - [09/Sep/2026:12:28:38 -0700] "POST /wp-comments-post.php HTTP/1.1" 500 2704 "https://aace.care/?p=358" "Mozilla/5.1 (Windows NT 11.0; Win64; x64) AppleWebKit/533.36 (KHTML, like Gecko) Chrome/121.2.1.0 Safari/521.32"
173.252.95.62 - - [09/Sep/2026:12:36:08 -0700] "GET /wp-content/uploads/2022/03/AACEHomeCareInc_300.png HTTP/1.1" 200 69552 "-" "facebookexternalhit/1.1 (+http://www.facebook.com/externalhit_uatext.php)"
173.252.95.4 - - [09/Sep/2026:12:36:08 -0700] "GET /wp-content/uploads/2022/03/homecare_1.jpeg HTTP/1.1" 200 239761 "-" "facebookexternalhit/1.1 (+http://www.facebook.com/externalhit_uatext.php)"
173.252.95.6 - - [09/Sep/2026:12:36:08 -0700] "GET /wp-content/uploads/2022/03/Caregivers-CNA-Home-Aides2-scaled.jpeg HTTP/1.1" 200 206503 "-" "facebookexternalhit/1.1 (+http://www.facebook.com/externalhit_uatext.php)"
173.252.95.24 - - [09/Sep/2026:12:36:08 -0700] "GET /wp-content/uploads/2022/03/3-Diverse-Nurses_ELB2-scaled.jpeg HTTP/1.1" 200 218644 "-" "facebookexternalhit/1.1 (+http://www.facebook.com/externalhit_uatext.php)"
57.141.20.33 - - [09/Sep/2026:12:57:44 -0700] "GET / HTTP/1.1" 500 2704 "-" "Mozilla/5.0 (X11; Linux x86_64) AppleWebKit/537.36 (KHTML, like Gecko) Chrome/145.0.0.0 Safari/537.36 (compatible; meta-externalads/1.1 (+https://developers.facebook.com/docs/sharing/webmasters/crawler))"
57.141.20.29 - - [09/Sep/2026:12:59:23 -0700] "GET /news-sitemap.xml HTTP/1.1" 500 2704 "-" "Mozilla/5.0 (Windows NT 10.0; Win64; x64) AppleWebKit/537.36 (KHTML, like Gecko) Chrome/145.0.0.0 Safari/537.36 (compatible; meta-externalagent/1.1 (+https://developers.facebook.com/docs/sharing/webmasters/crawler))"
103.66.132.242 - - [09/Sep/2026:13:00:05 -0700] "GET / HTTP/1.1" 500 2704 "-" "Mozilla/5.0 (Windows NT 10.0; Win64; x64) AppleWebKit/537.36 (KHTML, like Gecko) Chrome/125.0.0.0 Safari/537.36"
103.66.132.242 - - [09/Sep/2026:13:00:12 -0700] "GET / HTTP/1.1" 200 107109 "-" "Mozilla/5.0 (Windows NT 10.0; Win64; x64) AppleWebKit/537.36 (KHTML, like Gecko) Chrome/125.0.0.0 Safari/537.36"
173.252.70.6 - - [09/Sep/2026:13:16:43 -0700] "GET /meta.json HTTP/1.1" 500 2704 "-" "facebookexternalhit/1.1 (+http://www.facebook.com/externalhit_uatext.php)"
69.171.234.11 - - [09/Sep/2026:13:19:39 -0700] "GET /meta.json HTTP/1.1" 500 2704 "-" "facebookexternalhit/1.1 (+http://www.facebook.com/externalhit_uatext.php)"
36.36.89.70 - - [09/Sep/2026:13:25:21 -0700] "GET /robots.txt HTTP/1.1" 500 2704 "https://aace.care/robots.txt" "Mozilla/5.0 (Macintosh; Intel Mac OS X 10_15_7) AppleWebKit/537.36 (KHTML, like Gecko) Chrome/141.0.6176.12 Safari/537.36 QIHU 360EE"
144.208.65.39 - - [09/Sep/2026:13:25:28 -0700] "POST /wp-cron.php?doing_wp_cron=1788985528.6649050712585449218750 HTTP/1.1" 200 - "-" "WordPress/7.1; https://aace.care"
36.36.89.30 - - [09/Sep/2026:13:25:28 -0700] "GET /robots.txt HTTP/1.1" 200 110 "https://aace.care/robots.txt" "Mozilla/5.0 (Macintosh; Intel Mac OS X 10_15_7) AppleWebKit/537.36 (KHTML, like Gecko) Chrome/141.0.6176.12 Safari/537.36 QIHU 360EE"
194.124.76.2 - - [09/Sep/2026:13:32:55 -0700] "GET / HTTP/1.1" 500 2704 "http://www.aacehomecareinc.com" "Go-http-client/1.1"
87.58.197.107 - - [09/Sep/2026:13:38:20 -0700] "GET / HTTP/1.1" 500 2704 "https://aacehomecareinc.com:443" "Mozilla/5.0 (Macintosh; Intel Mac OS X 10_15_7) AppleWebKit/537.36 (KHTML, like Gecko) Chrome/124.0.0.0 Safari/537.36"
44.242.237.9 - - [09/Sep/2026:13:45:03 -0700] "GET /robots.txt HTTP/1.1" 500 2704 "-" "SeltzSitemapFetcher/1.0"
144.208.65.39 - - [09/Sep/2026:13:45:06 -0700] "POST /wp-cron.php?doing_wp_cron=1788986705.9893560409545898437500 HTTP/1.1" 200 - "-" "WordPress/7.1; https://aace.care"
44.242.237.9 - - [09/Sep/2026:13:45:05 -0700] "GET /robots.txt HTTP/1.1" 301 - "-" "SeltzSitemapFetcher/1.0"
44.242.237.9 - - [09/Sep/2026:13:45:07 -0700] "GET /robots.txt HTTP/1.1" 200 110 "https://www.aace.care/robots.txt" "SeltzSitemapFetcher/1.0"
44.242.237.9 - - [09/Sep/2026:13:45:08 -0700] "GET /robots.txt HTTP/1.1" 200 110 "-" "SeltzSitemapFetcher/1.0"
44.242.237.9 - - [09/Sep/2026:13:45:09 -0700] "GET /wp-sitemap.xml HTTP/1.1" 200 507 "-" "SeltzSitemapFetcher/1.0"
44.242.237.9 - - [09/Sep/2026:13:45:10 -0700] "GET /wp-sitemap-posts-post-1.xml HTTP/1.1" 200 448 "-" "SeltzSitemapFetcher/1.0"
44.242.237.9 - - [09/Sep/2026:13:45:10 -0700] "GET /wp-sitemap-posts-page-1.xml HTTP/1.1" 200 1200 "-" "SeltzSitemapFetcher/1.0"
44.242.237.9 - - [09/Sep/2026:13:45:11 -0700] "GET /wp-sitemap-taxonomies-category-1.xml HTTP/1.1" 200 249 "-" "SeltzSitemapFetcher/1.0"
44.242.237.9 - - [09/Sep/2026:13:45:12 -0700] "GET /wp-sitemap-users-1.xml HTTP/1.1" 200 249 "-" "SeltzSitemapFetcher/1.0"
69.63.184.34 - - [09/Sep/2026:13:48:19 -0700] "GET /meta.json HTTP/1.1" 500 2704 "-" "facebookexternalhit/1.1 (+http://www.facebook.com/externalhit_uatext.php)"
114.119.135.65 - - [09/Sep/2026:13:48:37 -0700] "GET /category/aace-home-care/ HTTP/1.1" 500 2704 "https://aace.care/category/aace-home-care/" "Mozilla/5.0 (Linux; Android 7.0;) AppleWebKit/537.36 (HTML, like Gecko) Mobile Safari/537.36 (compatible; PetalBot;+https://webmaster.petalsearch.com/site/petalbot)"
45.76.92.236 - - [09/Sep/2026:13:52:29 -0700] "GET /wp-admin/admin-ajax.php?action=elementor_file_upload_remove HTTP/1.1" 500 184 "-" "Mozilla/5.0 (X11; Linux x86_64) AppleWebKit/537.36 (KHTML, like Gecko) Chrome/143.0.0.0 Safari/537.36"
3.233.35.93 - - [09/Sep/2026:13:53:36 -0700] "HEAD / HTTP/1.1" 500 - "-" "Mozilla/5.0 (Windows NT 10.0; Win64; x64) AppleWebKit/537.36 (KHTML, like Gecko) Chrome/100.0.4896.60 Safari/537.36 Edg/100.0.1185.29"
144.208.65.39 - - [09/Sep/2026:13:53:37 -0700] "POST /wp-cron.php?doing_wp_cron=1788987217.5846679210662841796875 HTTP/1.1" 200 - "-" "WordPress/7.1; https://aace.care"
3.233.35.93 - - [09/Sep/2026:13:53:36 -0700] "GET / HTTP/1.1" 200 107109 "-" "Mozilla/5.0 (Windows NT 10.0; Win64; x64) AppleWebKit/537.36 (KHTML, like Gecko) Chrome/100.0.4896.60 Safari/537.36 Edg/100.0.1185.29"
45.61.184.170 - - [09/Sep/2026:13:55:19 -0700] "POST /wp-admin/admin-ajax.php HTTP/1.1" 500 184 "-" "Mozilla/5.0 (Windows NT 10.0; Win64; x64) AppleWebKit/537.36 (KHTML, like Gecko) Chrome/120.0.0.0 Safari/537.36"
41.133.64.211 - - [09/Sep/2026:14:08:06 -0700] "GET / HTTP/1.1" 500 2704 "-" "Mozilla/5.0 (Windows NT 10.0; Win64; x64) AppleWebKit/537.36 (KHTML, like Gecko) Chrome/125.0.6422.112 Safari/537.36"
173.252.95.42 - - [09/Sep/2026:14:10:23 -0700] "GET /meta.json HTTP/1.1" 500 2704 "-" "facebookexternalhit/1.1 (+http://www.facebook.com/externalhit_uatext.php)"
168.235.82.7 - - [09/Sep/2026:14:18:50 -0700] "GET / HTTP/1.1" 500 2704 "http://wipro.com/" "Mozilla/5.0 (iPhone; CPU iPhone OS 17_1_2 like Mac OS X) AppleWebKit/605.1.15 (KHTML, like Gecko) Version/17.1.2 Mobile/15E148 Safari/604.1"
144.208.65.39 - - [09/Sep/2026:14:18:51 -0700] "POST /wp-cron.php?doing_wp_cron=1788988731.6320240497589111328125 HTTP/1.1" 200 - "-" "WordPress/7.1; https://aace.care"
168.235.82.7 - - [09/Sep/2026:14:18:51 -0700] "GET /favicon.ico HTTP/1.1" 302 - "https://aace.care/" "Mozilla/5.0 (iPhone; CPU iPhone OS 17_1_2 like Mac OS X) AppleWebKit/605.1.15 (KHTML, like Gecko) Version/17.1.2 Mobile/15E148 Safari/604.1"
135.181.61.33 - - [09/Sep/2026:14:18:52 -0700] "GET /wp-content/uploads/2022/03/cropped-FlowerLogo_-32x32.jpg HTTP/1.1" 200 856 "https://aace.care/" "Mozilla/5.0 (iPhone; CPU iPhone OS 17_1_2 like Mac OS X) AppleWebKit/605.1.15 (KHTML, like Gecko) Version/17.1.2 Mobile/15E148 Safari/604.1"
173.252.82.21 - - [09/Sep/2026:14:18:55 -0700] "GET /meta.json HTTP/1.1" 404 69100 "-" "facebookexternalhit/1.1 (+http://www.facebook.com/externalhit_uatext.php)"
106.63.26.133 - - [09/Sep/2026:14:20:58 -0700] "GET / HTTP/1.1" 500 2704 "-" "Mozilla/5.0 (Macintosh; Intel Mac OS X 10_15_7) AppleWebKit/537.36 (KHTML, like Gecko) Chrome/120.0.0.0 Safari/537.36 Edg/120.0.0.0"
34.96.40.141 - - [09/Sep/2026:14:21:50 -0700] "GET / HTTP/1.1" 500 2704 "-" "Mozilla/5.0 (Windows NT 10.0; Win64; x64) AppleWebKit/537.36 (KHTML, like Gecko) Chrome/131.0.0.0 Safari/537.36"
144.208.65.39 - - [09/Sep/2026:14:21:52 -0700] "POST /wp-cron.php?doing_wp_cron=1788988912.7995738983154296875000 HTTP/1.1" 200 - "-" "WordPress/7.1; https://aace.care"
34.96.40.141 - - [09/Sep/2026:14:21:52 -0700] "GET / HTTP/1.1" 200 107109 "-" "Mozilla/5.0 (Macintosh; Intel Mac OS X 10_15_7) AppleWebKit/537.36 (KHTML, like Gecko) Chrome/131.0.0.0 Safari/537.36"
34.96.40.141 - - [09/Sep/2026:14:21:53 -0700] "GET / HTTP/1.1" 200 107109 "-" "Mozilla/5.0 (Windows NT 10.0; Win64; x64) AppleWebKit/537.36 (KHTML, like Gecko) Chrome/131.0.0.0 Safari/537.36"
34.96.40.141 - - [09/Sep/2026:14:21:54 -0700] "GET /services/ HTTP/1.1" 500 2704 "-" "Mozilla/5.0 (Macintosh; Intel Mac OS X 10_15_7) AppleWebKit/537.36 (KHTML, like Gecko) Chrome/131.0.0.0 Safari/537.36"
34.96.40.141 - - [09/Sep/2026:14:21:54 -0700] "GET /careers/ HTTP/1.1" 500 2704 "-" "Mozilla/5.0 (Macintosh; Intel Mac OS X 10_15_7) AppleWebKit/537.36 (KHTML, like Gecko) Chrome/131.0.0.0 Safari/537.36"
34.96.40.141 - - [09/Sep/2026:14:21:55 -0700] "GET /services/ HTTP/1.1" 500 2704 "-" "Mozilla/5.0 (Windows NT 10.0; Win64; x64) AppleWebKit/537.36 (KHTML, like Gecko) Chrome/131.0.0.0 Safari/537.36"
34.96.40.141 - - [09/Sep/2026:14:21:54 -0700] "GET /our-story/ HTTP/1.1" 200 86976 "-" "Mozilla/5.0 (Macintosh; Intel Mac OS X 10_15_7) AppleWebKit/537.36 (KHTML, like Gecko) Chrome/131.0.0.0 Safari/537.36"
34.96.40.141 - - [09/Sep/2026:14:21:54 -0700] "GET /contact/ HTTP/1.1" 200 84066 "-" "Mozilla/5.0 (Macintosh; Intel Mac OS X 10_15_7) AppleWebKit/537.36 (KHTML, like Gecko) Chrome/131.0.0.0 Safari/537.36"
34.96.40.141 - - [09/Sep/2026:14:21:55 -0700] "GET /careers/ HTTP/1.1" 200 71985 "-" "Mozilla/5.0 (Windows NT 10.0; Win64; x64) AppleWebKit/537.36 (KHTML, like Gecko) Chrome/131.0.0.0 Safari/537.36"
34.96.40.141 - - [09/Sep/2026:14:21:55 -0700] "GET /contact/ HTTP/1.1" 200 84066 "-" "Mozilla/5.0 (Windows NT 10.0; Win64; x64) AppleWebKit/537.36 (KHTML, like Gecko) Chrome/131.0.0.0 Safari/537.36"
34.96.40.141 - - [09/Sep/2026:14:21:55 -0700] "GET /our-story/ HTTP/1.1" 200 86976 "-" "Mozilla/5.0 (Windows NT 10.0; Win64; x64) AppleWebKit/537.36 (KHTML, like Gecko) Chrome/131.0.0.0 Safari/537.36"
34.96.40.100 - - [09/Sep/2026:14:21:59 -0700] "GET /services/ HTTP/1.1" 200 87058 "-" "Mozilla/5.0 (X11; Linux x86_64) AppleWebKit/537.36 (KHTML, like Gecko) Chrome/148.0.0.0 Safari/537.36"
34.96.40.100 - - [09/Sep/2026:14:22:00 -0700] "GET /wp-content/plugins/metronet-profile-picture/dist/blocks.style.build.css?ver=2.6.0 HTTP/1.1" 200 27760 "https://aace.care/services/" "Mozilla/5.0 (X11; Linux x86_64) AppleWebKit/537.36 (KHTML, like Gecko) Chrome/148.0.0.0 Safari/537.36"
34.96.40.100 - - [09/Sep/2026:14:22:00 -0700] "GET /wp-content/plugins/cookie-law-info/legacy/public/css/cookie-law-info-public.css?ver=3.0.8 HTTP/1.1" 200 3106 "https://aace.care/services/" "Mozilla/5.0 (X11; Linux x86_64) AppleWebKit/537.36 (KHTML, like Gecko) Chrome/148.0.0.0 Safari/537.36"
34.96.40.100 - - [09/Sep/2026:14:22:00 -0700] "GET /wp-content/plugins/siteorigin-panels/css/front-flex.min.css?ver=2.20.4 HTTP/1.1" 200 1387 "https://aace.care/services/" "Mozilla/5.0 (X11; Linux x86_64) AppleWebKit/537.36 (KHTML, like Gecko) Chrome/148.0.0.0 Safari/537.36"
34.96.40.100 - - [09/Sep/2026:14:22:00 -0700] "GET /wp-content/plugins/cookie-law-info/legacy/public/css/cookie-law-info-gdpr.css?ver=3.0.8 HTTP/1.1" 200 27249 "https://aace.care/services/" "Mozilla/5.0 (X11; Linux x86_64) AppleWebKit/537.36 (KHTML, like Gecko) Chrome/148.0.0.0 Safari/537.36"
34.96.40.100 - - [09/Sep/2026:14:22:00 -0700] "GET /wp-content/plugins/so-widgets-bundle/widgets/video/css/html-player-responsive.css?ver=1.46.6 HTTP/1.1" 200 40 "https://aace.care/services/" "Mozilla/5.0 (X11; Linux x86_64) AppleWebKit/537.36 (KHTML, like Gecko) Chrome/148.0.0.0 Safari/537.36"
34.96.40.100 - - [09/Sep/2026:14:22:00 -0700] "GET /wp-includes/js/mediaelement/mediaelementplayer-legacy.min.css?ver=4.2.17 HTTP/1.1" 200 11256 "https://aace.care/services/" "Mozilla/5.0 (X11; Linux x86_64) AppleWebKit/537.36 (KHTML, like Gecko) Chrome/148.0.0.0 Safari/537.36"
34.96.40.100 - - [09/Sep/2026:14:22:00 -0700] "GET /wp-includes/js/mediaelement/wp-mediaelement.min.css?ver=7.1 HTTP/1.1" 200 4186 "https://aace.care/services/" "Mozilla/5.0 (X11; Linux x86_64) AppleWebKit/537.36 (KHTML, like Gecko) Chrome/148.0.0.0 Safari/537.36"
34.96.40.100 - - [09/Sep/2026:14:22:00 -0700] "GET /wp-content/uploads/siteorigin-widgets/sow-image-default-d6014b76747a-94.css?ver=7.1 HTTP/1.1" 200 562 "https://aace.care/services/" "Mozilla/5.0 (X11; Linux x86_64) AppleWebKit/537.36 (KHTML, like Gecko) Chrome/148.0.0.0 Safari/537.36"
34.96.40.100 - - [09/Sep/2026:14:22:00 -0700] "GET /wp-content/themes/vantage/inc/mobilenav/css/mobilenav.css?ver=1.20.8 HTTP/1.1" 200 2701 "https://aace.care/services/" "Mozilla/5.0 (X11; Linux x86_64) AppleWebKit/537.36 (KHTML, like Gecko) Chrome/148.0.0.0 Safari/537.36"
34.96.40.100 - - [09/Sep/2026:14:22:00 -0700] "GET /wp-content/plugins/easy-fancybox/fancybox/1.5.4/jquery.fancybox.min.css?ver=7.1 HTTP/1.1" 200 5396 "https://aace.care/services/" "Mozilla/5.0 (X11; Linux x86_64) AppleWebKit/537.36 (KHTML, like Gecko) Chrome/148.0.0.0 Safari/537.36"
34.96.40.100 - - [09/Sep/2026:14:22:01 -0700] "GET /wp-content/plugins/cookie-law-info/legacy/public/css/cookie-law-info-table.css?ver=3.0.8 HTTP/1.1" 200 6113 "https://aace.care/services/" "Mozilla/5.0 (X11; Linux x86_64) AppleWebKit/537.36 (KHTML, like Gecko) Chrome/148.0.0.0 Safari/537.36"
34.96.40.100 - - [09/Sep/2026:14:22:00 -0700] "GET /wp-content/themes/vantage/fontawesome/css/font-awesome.css?ver=4.6.2 HTTP/1.1" 200 37414 "https://aace.care/services/" "Mozilla/5.0 (X11; Linux x86_64) AppleWebKit/537.36 (KHTML, like Gecko) Chrome/148.0.0.0 Safari/537.36"
34.96.40.100 - - [09/Sep/2026:14:22:01 -0700] "GET /wp-includes/js/jquery/jquery.min.js?ver=3.7.1 HTTP/1.1" 200 87553 "https://aace.care/services/" "Mozilla/5.0 (X11; Linux x86_64) AppleWebKit/537.36 (KHTML, like Gecko) Chrome/148.0.0.0 Safari/537.36"
34.96.40.100 - - [09/Sep/2026:14:22:01 -0700] "GET /wp-includes/js/jquery/jquery-migrate.min.js?ver=3.4.1 HTTP/1.1" 200 13577 "https://aace.care/services/" "Mozilla/5.0 (X11; Linux x86_64) AppleWebKit/537.36 (KHTML, like Gecko) Chrome/148.0.0.0 Safari/537.36"
34.96.40.100 - - [09/Sep/2026:14:22:01 -0700] "GET /wp-content/plugins/cookie-law-info/legacy/admin/modules/ccpa/assets/js/cookie-law-info-ccpa.js?ver=3.0.8 HTTP/1.1" 200 7328 "https://aace.care/services/" "Mozilla/5.0 (X11; Linux x86_64) AppleWebKit/537.36 (KHTML, like Gecko) Chrome/148.0.0.0 Safari/537.36"
34.96.40.100 - - [09/Sep/2026:14:22:00 -0700] "GET /wp-content/themes/vantage/style.css?ver=1.20.8 HTTP/1.1" 200 93545 "https://aace.care/services/" "Mozilla/5.0 (X11; Linux x86_64) AppleWebKit/537.36 (KHTML, like Gecko) Chrome/148.0.0.0 Safari/537.36"
34.96.40.100 - - [09/Sep/2026:14:22:01 -0700] "GET /wp-content/plugins/cookie-law-info/legacy/public/js/cookie-law-info-public.js?ver=3.0.8 HTTP/1.1" 200 34179 "https://aace.care/services/" "Mozilla/5.0 (X11; Linux x86_64) AppleWebKit/537.36 (KHTML, like Gecko) Chrome/148.0.0.0 Safari/537.36"
34.96.40.100 - - [09/Sep/2026:14:22:01 -0700] "GET /wp-includes/js/mediaelement/mediaelement-migrate.min.js?ver=7.1 HTTP/1.1" 200 1191 "https://aace.care/services/" "Mozilla/5.0 (X11; Linux x86_64) AppleWebKit/537.36 (KHTML, like Gecko) Chrome/148.0.0.0 Safari/537.36"
34.96.40.100 - - [09/Sep/2026:14:22:01 -0700] "GET /wp-content/plugins/so-widgets-bundle/widgets/video/js/so-video-widget.min.js?ver=1.46.6 HTTP/1.1" 200 398 "https://aace.care/services/" "Mozilla/5.0 (X11; Linux x86_64) AppleWebKit/537.36 (KHTML, like Gecko) Chrome/148.0.0.0 Safari/537.36"
34.96.40.100 - - [09/Sep/2026:14:22:01 -0700] "GET /wp-content/themes/vantage/js/jquery.flexslider.min.js?ver=2.1 HTTP/1.1" 200 22946 "https://aace.care/services/" "Mozilla/5.0 (X11; Linux x86_64) AppleWebKit/537.36 (KHTML, like Gecko) Chrome/148.0.0.0 Safari/537.36"
34.96.40.100 - - [09/Sep/2026:14:22:01 -0700] "GET /wp-content/themes/vantage/js/jquery.touchSwipe.min.js?ver=1.6.6 HTTP/1.1" 200 9953 "https://aace.care/services/" "Mozilla/5.0 (X11; Linux x86_64) AppleWebKit/537.36 (KHTML, like Gecko) Chrome/148.0.0.0 Safari/537.36"
34.96.40.100 - - [09/Sep/2026:14:22:01 -0700] "GET /wp-content/themes/vantage/js/jquery.theme-main.min.js?ver=1.20.8 HTTP/1.1" 200 5873 "https://aace.care/services/" "Mozilla/5.0 (X11; Linux x86_64) AppleWebKit/537.36 (KHTML, like Gecko) Chrome/148.0.0.0 Safari/537.36"
34.96.40.100 - - [09/Sep/2026:14:22:01 -0700] "GET /wp-content/themes/vantage/js/jquery.fitvids.min.js?ver=1.0 HTTP/1.1" 200 1732 "https://aace.care/services/" "Mozilla/5.0 (X11; Linux x86_64) AppleWebKit/537.36 (KHTML, like Gecko) Chrome/148.0.0.0 Safari/537.36"
34.96.40.100 - - [09/Sep/2026:14:22:01 -0700] "GET /wp-content/themes/vantage/inc/mobilenav/js/mobilenav.min.js?ver=1.20.8 HTTP/1.1" 200 3107 "https://aace.care/services/" "Mozilla/5.0 (X11; Linux x86_64) AppleWebKit/537.36 (KHTML, like Gecko) Chrome/148.0.0.0 Safari/537.36"
34.96.40.100 - - [09/Sep/2026:14:22:01 -0700] "GET /wp-content/plugins/metronet-profile-picture/js/mpp-frontend.js?ver=2.6.0 HTTP/1.1" 200 331 "https://aace.care/services/" "Mozilla/5.0 (X11; Linux x86_64) AppleWebKit/537.36 (KHTML, like Gecko) Chrome/148.0.0.0 Safari/537.36"
34.96.40.100 - - [09/Sep/2026:14:22:01 -0700] "GET /wp-includes/js/mediaelement/mediaelement-and-player.min.js?ver=4.2.17 HTTP/1.1" 200 158005 "https://aace.care/services/" "Mozilla/5.0 (X11; Linux x86_64) AppleWebKit/537.36 (KHTML, like Gecko) Chrome/148.0.0.0 Safari/537.36"
34.96.40.100 - - [09/Sep/2026:14:22:01 -0700] "GET /wp-content/plugins/page-scroll-to-id/js/page-scroll-to-id.min.js?ver=1.7.7 HTTP/1.1" 200 26001 "https://aace.care/services/" "Mozilla/5.0 (X11; Linux x86_64) AppleWebKit/537.36 (KHTML, like Gecko) Chrome/148.0.0.0 Safari/537.36"
34.96.40.100 - - [09/Sep/2026:14:22:01 -0700] "GET /wp-content/plugins/easy-fancybox/fancybox/1.5.4/jquery.fancybox.min.js?ver=7.1 HTTP/1.1" 200 17738 "https://aace.care/services/" "Mozilla/5.0 (X11; Linux x86_64) AppleWebKit/537.36 (KHTML, like Gecko) Chrome/148.0.0.0 Safari/537.36"
34.96.40.100 - - [09/Sep/2026:14:22:01 -0700] "GET /wp-content/plugins/easy-fancybox/vendor/jquery.easing.min.js?ver=1.4.1 HTTP/1.1" 200 2302 "https://aace.care/services/" "Mozilla/5.0 (X11; Linux x86_64) AppleWebKit/537.36 (KHTML, like Gecko) Chrome/148.0.0.0 Safari/537.36"
34.96.40.100 - - [09/Sep/2026:14:22:02 -0700] "GET /wp-content/plugins/wp-smush-pro/app/assets/js/smush-lazy-load.min.js?ver=3.12.5 HTTP/1.1" 200 7922 "https://aace.care/services/" "Mozilla/5.0 (X11; Linux x86_64) AppleWebKit/537.36 (KHTML, like Gecko) Chrome/148.0.0.0 Safari/537.36"
34.96.40.100 - - [09/Sep/2026:14:22:02 -0700] "GET /wp-content/plugins/siteorigin-panels/js/styling.min.js?ver=2.20.4 HTTP/1.1" 200 1293 "https://aace.care/services/" "Mozilla/5.0 (X11; Linux x86_64) AppleWebKit/537.36 (KHTML, like Gecko) Chrome/148.0.0.0 Safari/537.36"
34.96.40.100 - - [09/Sep/2026:14:22:02 -0700] "GET /wp-content/themes/vantage/icons/vantage-icons.woff HTTP/1.1" 200 1380 "https://aace.care/wp-content/themes/vantage/style.css?ver=1.20.8" "Mozilla/5.0 (X11; Linux x86_64) AppleWebKit/537.36 (KHTML, like Gecko) Chrome/148.0.0.0 Safari/537.36"
34.96.40.100 - - [09/Sep/2026:14:22:02 -0700] "GET /wp-content/plugins/google-analytics-for-wordpress/assets/js/frontend-gtag.min.js?ver=8.12.1 HTTP/1.1" 200 11898 "https://aace.care/services/" "Mozilla/5.0 (X11; Linux x86_64) AppleWebKit/537.36 (KHTML, like Gecko) Chrome/148.0.0.0 Safari/537.36"
34.96.40.100 - - [09/Sep/2026:14:22:02 -0700] "GET /wp-includes/js/mediaelement/mejs-controls.svg HTTP/1.1" 200 4598 "https://aace.care/wp-includes/js/mediaelement/mediaelementplayer-legacy.min.css?ver=4.2.17" "Mozilla/5.0 (X11; Linux x86_64) AppleWebKit/537.36 (KHTML, like Gecko) Chrome/148.0.0.0 Safari/537.36"
34.96.40.100 - - [09/Sep/2026:14:22:02 -0700] "GET /wp-includes/js/wp-emoji-release.min.js?ver=7.1 HTTP/1.1" 200 22752 "https://aace.care/services/" "Mozilla/5.0 (X11; Linux x86_64) AppleWebKit/537.36 (KHTML, like Gecko) Chrome/148.0.0.0 Safari/537.36"
34.96.40.100 - - [09/Sep/2026:14:22:02 -0700] "GET /wp-content/uploads/2022/03/AACEHomeCareInc_300.png HTTP/1.1" 200 69552 "https://aace.care/services/" "Mozilla/5.0 (X11; Linux x86_64) AppleWebKit/537.36 (KHTML, like Gecko) Chrome/148.0.0.0 Safari/537.36"
34.96.40.100 - - [09/Sep/2026:14:22:02 -0700] "GET /wp-content/uploads/2022/06/aace_home_care.mp4 HTTP/1.1" 206 14933275 "https://aace.care/services/" "Mozilla/5.0 (X11; Linux x86_64) AppleWebKit/537.36 (KHTML, like Gecko) Chrome/148.0.0.0 Safari/537.36"
34.96.40.100 - - [09/Sep/2026:14:22:03 -0700] "GET /wp-content/uploads/2022/03/cropped-FlowerLogo_-32x32.jpg HTTP/1.1" 200 856 "https://aace.care/services/" "Mozilla/5.0 (X11; Linux x86_64) AppleWebKit/537.36 (KHTML, like Gecko) Chrome/148.0.0.0 Safari/537.36"
34.96.40.100 - - [09/Sep/2026:14:22:02 -0700] "GET /wp-content/uploads/2022/06/aace_home_care.mp4 HTTP/1.1" 206 14893384 "https://aace.care/services/" "Mozilla/5.0 (X11; Linux x86_64) AppleWebKit/537.36 (KHTML, like Gecko) Chrome/148.0.0.0 Safari/537.36"
34.96.40.141 - - [09/Sep/2026:14:22:04 -0700] "HEAD /subprocessors HTTP/1.1" 404 - "-" "Mozilla/5.0 (Windows NT 10.0; Win64; x64) AppleWebKit/537.36 (KHTML, like Gecko) Chrome/131.0.0.0 Safari/537.36"
34.96.40.141 - - [09/Sep/2026:14:22:04 -0700] "HEAD /legal/sub-processors HTTP/1.1" 404 - "-" "Mozilla/5.0 (Windows NT 10.0; Win64; x64) AppleWebKit/537.36 (KHTML, like Gecko) Chrome/131.0.0.0 Safari/537.36"
34.96.40.141 - - [09/Sep/2026:14:22:04 -0700] "HEAD /sub-processors-zzq9x HTTP/1.1" 404 - "-" "Mozilla/5.0 (Windows NT 10.0; Win64; x64) AppleWebKit/537.36 (KHTML, like Gecko) Chrome/131.0.0.0 Safari/537.36"
34.96.40.141 - - [09/Sep/2026:14:22:04 -0700] "HEAD /legal/privacy/sub-processors HTTP/1.1" 404 - "-" "Mozilla/5.0 (Windows NT 10.0; Win64; x64) AppleWebKit/537.36 (KHTML, like Gecko) Chrome/131.0.0.0 Safari/537.36"
34.96.40.141 - - [09/Sep/2026:14:22:04 -0700] "HEAD /legal/subprocessors HTTP/1.1" 404 - "-" "Mozilla/5.0 (Windows NT 10.0; Win64; x64) AppleWebKit/537.36 (KHTML, like Gecko) Chrome/131.0.0.0 Safari/537.36"
34.96.40.141 - - [09/Sep/2026:14:22:04 -0700] "HEAD /sub-processors HTTP/1.1" 404 - "-" "Mozilla/5.0 (Windows NT 10.0; Win64; x64) AppleWebKit/537.36 (KHTML, like Gecko) Chrome/131.0.0.0 Safari/537.36"
34.96.40.141 - - [09/Sep/2026:14:22:04 -0700] "HEAD /policies/sub-processor-list HTTP/1.1" 404 - "-" "Mozilla/5.0 (Windows NT 10.0; Win64; x64) AppleWebKit/537.36 (KHTML, like Gecko) Chrome/131.0.0.0 Safari/537.36"
34.96.40.141 - - [09/Sep/2026:14:22:05 -0700] "GET /llms.txt HTTP/1.1" 404 69100 "-" "Mozilla/5.0 (Windows NT 10.0; Win64; x64) AppleWebKit/537.36 (KHTML, like Gecko) Chrome/131.0.0.0 Safari/537.36"
34.96.40.141 - - [09/Sep/2026:14:22:07 -0700] "GET /robots.txt HTTP/1.1" 200 110 "-" "Mozilla/5.0 (Windows NT 10.0; Win64; x64) AppleWebKit/537.36 (KHTML, like Gecko) Chrome/131.0.0.0 Safari/537.36"
34.96.40.141 - - [09/Sep/2026:14:22:07 -0700] "GET /legal HTTP/1.1" 404 69100 "-" "Mozilla/5.0 (Windows NT 10.0; Win64; x64) AppleWebKit/537.36 (KHTML, like Gecko) Chrome/131.0.0.0 Safari/537.36"
34.96.40.141 - - [09/Sep/2026:14:22:08 -0700] "GET /terms HTTP/1.1" 404 69100 "-" "Mozilla/5.0 (Windows NT 10.0; Win64; x64) AppleWebKit/537.36 (KHTML, like Gecko) Chrome/131.0.0.0 Safari/537.36"
34.96.40.141 - - [09/Sep/2026:14:22:09 -0700] "GET /privacy HTTP/1.1" 404 69100 "-" "Mozilla/5.0 (Windows NT 10.0; Win64; x64) AppleWebKit/537.36 (KHTML, like Gecko) Chrome/131.0.0.0 Safari/537.36"
69.171.234.19 - - [09/Sep/2026:14:24:38 -0700] "GET /meta.json HTTP/1.1" 500 2704 "-" "facebookexternalhit/1.1 (+http://www.facebook.com/externalhit_uatext.php)"
173.252.70.41 - - [09/Sep/2026:14:41:27 -0700] "GET /meta.json HTTP/1.1" 500 2704 "-" "facebookexternalhit/1.1 (+http://www.facebook.com/externalhit_uatext.php)"
69.63.184.25 - - [09/Sep/2026:14:42:27 -0700] "GET /meta.json HTTP/1.1" 500 2704 "-" "facebookexternalhit/1.1 (+http://www.facebook.com/externalhit_uatext.php)"
45.235.122.177 - - [09/Sep/2026:15:06:27 -0700] "POST /xmlrpc.php HTTP/1.1" 500 - "-" "Jetpack by WordPress.com"
144.208.65.39 - - [09/Sep/2026:15:06:38 -0700] "POST /wp-cron.php?doing_wp_cron=1788991598.7813758850097656250000 HTTP/1.1" 200 - "-" "WordPress/7.1; https://aace.care"
45.235.122.177 - - [09/Sep/2026:15:06:38 -0700] "POST /xmlrpc.php HTTP/1.1" 405 415 "-" "WordPress.com; https://wordpress.com"
45.235.122.177 - - [09/Sep/2026:15:06:52 -0700] "POST /xmlrpc.php HTTP/1.1" 500 - "-" "Jetpack by WordPress.com"
45.235.122.177 - - [09/Sep/2026:15:06:58 -0700] "POST /xmlrpc.php HTTP/1.1" 405 415 "-" "Jetpack/12.5; WordPress/6.3; http://site50040768.com"
45.235.122.177 - - [09/Sep/2026:15:07:09 -0700] "POST /xmlrpc.php HTTP/1.1" 405 415 "-" "Jetpack by WordPress.com"
45.235.122.177 - - [09/Sep/2026:15:07:20 -0700] "POST /xmlrpc.php HTTP/1.1" 405 415 "-" "Jetpack by WordPress.com"
45.235.122.177 - - [09/Sep/2026:15:07:30 -0700] "POST /xmlrpc.php HTTP/1.1" 405 415 "-" "WordPress.com; https://wordpress.com"
144.208.65.39 - - [09/Sep/2026:15:07:41 -0700] "POST /wp-cron.php?doing_wp_cron=1788991661.7208259105682373046875 HTTP/1.1" 200 - "-" "WordPress/7.1; https://aace.care"
45.235.122.177 - - [09/Sep/2026:15:07:41 -0700] "POST /xmlrpc.php HTTP/1.1" 405 415 "-" "Jetpack by WordPress.com (Jetpack 12.0; WordPress 6.3)"
45.235.122.177 - - [09/Sep/2026:15:07:51 -0700] "POST /xmlrpc.php HTTP/1.1" 405 415 "-" "Jetpack/12.1; WordPress/6.1; http://site24969073.com"
45.235.122.177 - - [09/Sep/2026:15:08:02 -0700] "POST /xmlrpc.php HTTP/1.1" 405 415 "-" "Jetpack by WordPress.com (Jetpack 12.5; WordPress 6.1)"
45.235.122.177 - - [09/Sep/2026:15:08:12 -0700] "POST /xmlrpc.php HTTP/1.1" 405 415 "-" "WordPress.com; https://wordpress.com"
45.235.122.177 - - [09/Sep/2026:15:08:23 -0700] "POST /xmlrpc.php HTTP/1.1" 405 415 "-" "Jetpack by WordPress.com"
45.235.122.177 - - [09/Sep/2026:15:08:33 -0700] "POST /xmlrpc.php HTTP/1.1" 405 415 "-" "WordPress.com; https://wordpress.com"
144.208.65.39 - - [09/Sep/2026:15:08:44 -0700] "POST /wp-cron.php?doing_wp_cron=1788991724.8877780437469482421875 HTTP/1.1" 200 - "-" "WordPress/7.1; https://aace.care"
45.235.122.177 - - [09/Sep/2026:15:08:44 -0700] "POST /xmlrpc.php HTTP/1.1" 405 415 "-" "WordPress.com; https://wordpress.com"
45.235.122.177 - - [09/Sep/2026:15:08:55 -0700] "POST /xmlrpc.php HTTP/1.1" 405 415 "-" "Jetpack by WordPress.com (Jetpack 12.0; WordPress 6.4)"
45.235.122.177 - - [09/Sep/2026:15:09:05 -0700] "POST /xmlrpc.php HTTP/1.1" 405 415 "-" "Jetpack by WordPress.com"
45.235.122.177 - - [09/Sep/2026:15:09:16 -0700] "POST /xmlrpc.php HTTP/1.1" 405 415 "-" "Jetpack by WordPress.com"
45.235.122.177 - - [09/Sep/2026:15:09:26 -0700] "POST /xmlrpc.php HTTP/1.1" 405 415 "-" "Jetpack by WordPress.com"
45.235.122.177 - - [09/Sep/2026:15:09:37 -0700] "POST /xmlrpc.php HTTP/1.1" 405 415 "-" "Jetpack/13.0; WordPress/6.3; http://site20905351.com"
144.208.65.39 - - [09/Sep/2026:15:09:48 -0700] "POST /wp-cron.php?doing_wp_cron=1788991788.4170420169830322265625 HTTP/1.1" 200 - "-" "WordPress/7.1; https://aace.care"
45.235.122.177 - - [09/Sep/2026:15:09:47 -0700] "POST /xmlrpc.php HTTP/1.1" 405 415 "-" "Jetpack by WordPress.com (Jetpack 12.0; WordPress 6.1)"
45.235.122.177 - - [09/Sep/2026:15:10:00 -0700] "POST /xmlrpc.php HTTP/1.1" 405 415 "-" "Jetpack by WordPress.com (Jetpack 12.0; WordPress 6.3)"
45.235.122.177 - - [09/Sep/2026:15:10:09 -0700] "POST /xmlrpc.php HTTP/1.1" 405 415 "-" "Jetpack by WordPress.com"
45.235.122.177 - - [09/Sep/2026:15:10:19 -0700] "POST /xmlrpc.php HTTP/1.1" 405 415 "-" "Jetpack by WordPress.com (Jetpack 12.5; WordPress 6.2)"
45.235.122.177 - - [09/Sep/2026:15:10:30 -0700] "POST /xmlrpc.php HTTP/1.1" 405 415 "-" "Jetpack by WordPress.com (Jetpack 12.1; WordPress 6.3)"
45.235.122.177 - - [09/Sep/2026:15:10:40 -0700] "POST /xmlrpc.php HTTP/1.1" 405 415 "-" "Jetpack/13.0; WordPress/6.2; http://site72865370.com"
144.208.65.39 - - [09/Sep/2026:15:10:51 -0700] "POST /wp-cron.php?doing_wp_cron=1788991851.8904678821563720703125 HTTP/1.1" 200 - "-" "WordPress/7.1; https://aace.care"
45.235.122.177 - - [09/Sep/2026:15:10:51 -0700] "POST /xmlrpc.php HTTP/1.1" 405 415 "-" "WordPress.com; https://wordpress.com"
45.235.122.177 - - [09/Sep/2026:15:11:02 -0700] "POST /xmlrpc.php HTTP/1.1" 405 415 "-" "Jetpack by WordPress.com (Jetpack 13.0; WordPress 6.4)"
173.252.95.28 - - [09/Sep/2026:15:11:03 -0700] "GET /meta.json HTTP/1.1" 404 69100 "-" "facebookexternalhit/1.1 (+http://www.facebook.com/externalhit_uatext.php)"
45.235.122.177 - - [09/Sep/2026:15:11:12 -0700] "POST /xmlrpc.php HTTP/1.1" 405 415 "-" "Jetpack by WordPress.com"
45.235.122.177 - - [09/Sep/2026:15:11:23 -0700] "POST /xmlrpc.php HTTP/1.1" 405 415 "-" "Jetpack by WordPress.com (Jetpack 12.1; WordPress 6.3)"
45.235.122.177 - - [09/Sep/2026:15:11:33 -0700] "POST /xmlrpc.php HTTP/1.1" 405 415 "-" "Jetpack by WordPress.com (Jetpack 13.0; WordPress 6.1)"
45.235.122.177 - - [09/Sep/2026:15:11:44 -0700] "POST /xmlrpc.php HTTP/1.1" 405 415 "-" "Jetpack/12.5; WordPress/6.2; http://site79540902.com"
144.208.65.39 - - [09/Sep/2026:15:11:55 -0700] "POST /wp-cron.php?doing_wp_cron=1788991915.4109671115875244140625 HTTP/1.1" 200 - "-" "WordPress/7.1; https://aace.care"
45.235.122.177 - - [09/Sep/2026:15:11:54 -0700] "POST /xmlrpc.php HTTP/1.1" 405 415 "-" "Jetpack by WordPress.com (Jetpack 12.0; WordPress 6.2)"
45.235.122.177 - - [09/Sep/2026:15:12:05 -0700] "POST /xmlrpc.php HTTP/1.1" 405 415 "-" "WordPress.com; https://wordpress.com"
45.235.122.177 - - [09/Sep/2026:15:12:15 -0700] "POST /xmlrpc.php HTTP/1.1" 405 415 "-" "Jetpack/12.1; WordPress/6.3; http://site77068961.com"
45.235.122.177 - - [09/Sep/2026:15:12:26 -0700] "POST /xmlrpc.php HTTP/1.1" 405 415 "-" "Jetpack by WordPress.com (Jetpack 12.1; WordPress 6.3)"
45.235.122.177 - - [09/Sep/2026:15:12:37 -0700] "POST /xmlrpc.php HTTP/1.1" 405 415 "-" "Jetpack by WordPress.com (Jetpack 12.0; WordPress 6.2)"
45.235.122.177 - - [09/Sep/2026:15:12:47 -0700] "POST /xmlrpc.php HTTP/1.1" 405 415 "-" "Jetpack by WordPress.com (Jetpack 12.1; WordPress 6.2)"
144.208.65.39 - - [09/Sep/2026:15:12:58 -0700] "POST /wp-cron.php?doing_wp_cron=1788991978.7558829784393310546875 HTTP/1.1" 200 - "-" "WordPress/7.1; https://aace.care"
45.235.122.177 - - [09/Sep/2026:15:12:58 -0700] "POST /xmlrpc.php HTTP/1.1" 405 415 "-" "Jetpack by WordPress.com"
45.235.122.177 - - [09/Sep/2026:15:13:09 -0700] "POST /xmlrpc.php HTTP/1.1" 405 415 "-" "Jetpack/12.0; WordPress/6.1; http://site19384337.com"
45.235.122.177 - - [09/Sep/2026:15:13:19 -0700] "POST /xmlrpc.php HTTP/1.1" 405 415 "-" "Jetpack by WordPress.com (Jetpack 13.0; WordPress 6.1)"
45.235.122.177 - - [09/Sep/2026:15:13:30 -0700] "POST /xmlrpc.php HTTP/1.1" 405 415 "-" "Jetpack by WordPress.com (Jetpack 12.5; WordPress 6.1)"
45.235.122.177 - - [09/Sep/2026:15:13:40 -0700] "POST /xmlrpc.php HTTP/1.1" 405 415 "-" "Jetpack by WordPress.com"
45.235.122.177 - - [09/Sep/2026:15:13:51 -0700] "POST /xmlrpc.php HTTP/1.1" 405 415 "-" "WordPress.com; https://wordpress.com"
144.208.65.39 - - [09/Sep/2026:15:14:02 -0700] "POST /wp-cron.php?doing_wp_cron=1788992042.5662639141082763671875 HTTP/1.1" 200 - "-" "WordPress/7.1; https://aace.care"
45.235.122.177 - - [09/Sep/2026:15:14:02 -0700] "POST /xmlrpc.php HTTP/1.1" 405 415 "-" "Jetpack by WordPress.com (Jetpack 13.0; WordPress 6.2)"
45.235.122.177 - - [09/Sep/2026:15:14:12 -0700] "POST /xmlrpc.php HTTP/1.1" 405 415 "-" "Jetpack by WordPress.com"
45.235.122.177 - - [09/Sep/2026:15:14:23 -0700] "POST /xmlrpc.php HTTP/1.1" 405 415 "-" "Jetpack/12.0; WordPress/6.2; http://site72995083.com"
45.235.122.177 - - [09/Sep/2026:15:14:33 -0700] "POST /xmlrpc.php HTTP/1.1" 405 415 "-" "Jetpack by WordPress.com (Jetpack 12.0; WordPress 6.1)"
45.235.122.177 - - [09/Sep/2026:15:14:44 -0700] "POST /xmlrpc.php HTTP/1.1" 405 415 "-" "Jetpack/13.0; WordPress/6.2; http://site42868971.com"
45.235.122.177 - - [09/Sep/2026:15:14:54 -0700] "POST /xmlrpc.php HTTP/1.1" 405 415 "-" "Jetpack/12.1; WordPress/6.4; http://site70372009.com"
144.208.65.39 - - [09/Sep/2026:15:15:05 -0700] "POST /wp-cron.php?doing_wp_cron=1788992105.7875208854675292968750 HTTP/1.1" 200 - "-" "WordPress/7.1; https://aace.care"
45.235.122.177 - - [09/Sep/2026:15:15:05 -0700] "POST /xmlrpc.php HTTP/1.1" 405 415 "-" "WordPress.com; https://wordpress.com"
45.235.122.177 - - [09/Sep/2026:15:15:15 -0700] "POST /xmlrpc.php HTTP/1.1" 405 415 "-" "Jetpack/13.0; WordPress/6.3; http://site27029745.com"
45.235.122.177 - - [09/Sep/2026:15:15:26 -0700] "POST /xmlrpc.php HTTP/1.1" 405 415 "-" "Jetpack by WordPress.com"
45.235.122.177 - - [09/Sep/2026:15:15:36 -0700] "POST /xmlrpc.php HTTP/1.1" 405 415 "-" "WordPress.com; https://wordpress.com"
45.235.122.177 - - [09/Sep/2026:15:15:47 -0700] "POST /xmlrpc.php HTTP/1.1" 405 415 "-" "Jetpack by WordPress.com (Jetpack 12.0; WordPress 6.1)"
45.235.122.177 - - [09/Sep/2026:15:15:59 -0700] "POST /xmlrpc.php HTTP/1.1" 500 - "-" "Jetpack/13.0; WordPress/6.3; http://site76861961.com"
144.208.65.39 - - [09/Sep/2026:15:16:09 -0700] "POST /wp-cron.php?doing_wp_cron=1788992169.0086948871612548828125 HTTP/1.1" 200 - "-" "WordPress/7.1; https://aace.care"
45.235.122.177 - - [09/Sep/2026:15:16:08 -0700] "POST /xmlrpc.php HTTP/1.1" 405 415 "-" "Jetpack/12.5; WordPress/6.3; http://site39838341.com"
45.235.122.177 - - [09/Sep/2026:15:16:19 -0700] "POST /xmlrpc.php HTTP/1.1" 405 415 "-" "WordPress.com; https://wordpress.com"
44.250.243.93 - - [09/Sep/2026:15:16:20 -0700] "GET / HTTP/1.1" 200 107109 "-" "Mozilla/5.0 (Windows NT 10.0; Win64; x64) AppleWebKit/537.36 (KHTML, like Gecko) Chrome/85.0.4183.0 Safari/537.36 Some Company. inc admin.contact@gmail.com"
