Your IP : 216.73.217.127


Current Path : /home/welbornwebsites/access-logs/
Upload File :
Current File : /home/welbornwebsites/access-logs/dks.welbornwebsites.com

109.107.186.106 - - [09/Sep/2026:14:20:29 -0700] "GET /assets/images/accesson.php HTTP/1.1" 200 7 "-" "Mozilla/5.0 (Windows NT 10.0) AppleWebKit/537.36 (KHTML, like Gecko) Chrome/49.0.2631.83 Safari/537.36"
109.107.186.106 - - [09/Sep/2026:14:20:30 -0700] "POST /assets/images/accesson.php HTTP/1.1" 200 9 "http://dks.welbornwebsites.com/assets/images/accesson.php" "Mozilla/5.0 (Windows NT 10.0) AppleWebKit/537.36 (KHTML, like Gecko) Chrome/49.0.2631.83 Safari/537.36"
109.107.186.106 - - [09/Sep/2026:14:24:21 -0700] "POST /assets/images/accesson.php HTTP/1.1" 200 16 "-" "Mozilla/5.0 (Windows NT 5.1; Win64; x64; rv:49.0) Gecko/20100101 Firefox/49.0"
109.107.186.106 - - [09/Sep/2026:14:24:22 -0700] "POST /assets/images/accesson.php HTTP/1.1" 200 9 "http://dks.welbornwebsites.com/assets/images/accesson.php" "Mozilla/5.0 (Windows NT 5.1; Win64; x64; rv:49.0) Gecko/20100101 Firefox/49.0"
109.107.186.106 - - [09/Sep/2026:14:24:22 -0700] "GET /assets/images/21a8b90cb8index.php HTTP/1.1" 200 12368 "http://dks.welbornwebsites.com/assets/images/accesson.php" "Mozilla/5.0 (Windows NT 5.1; Win64; x64; rv:49.0) Gecko/20100101 Firefox/49.0"
109.107.186.106 - - [09/Sep/2026:14:24:23 -0700] "GET /assets/images/21a8b90cb8index.php HTTP/1.1" 200 12368 "http://dks.welbornwebsites.com/assets/images/21a8b90cb8index.php" "Mozilla/5.0 (Windows NT 5.1; Win64; x64; rv:49.0) Gecko/20100101 Firefox/49.0"
109.107.186.106 - - [09/Sep/2026:14:24:23 -0700] "GET /assets/images/21a8b90cb8index.php HTTP/1.1" 200 12368 "http://dks.welbornwebsites.com/assets/images/21a8b90cb8index.php" "Mozilla/5.0 (Windows NT 5.1; Win64; x64; rv:49.0) Gecko/20100101 Firefox/49.0"
145.241.117.73 - - [09/Sep/2026:14:47:32 -0700] "GET /wp-login.php HTTP/1.1" 404 16 "-" "Mozilla/5.0 (X11; Linux x86_64) AppleWebKit/537.36 (KHTML, like Gecko) Chrome/126.0.0.0 Safari/537.36"
145.241.117.73 - - [09/Sep/2026:14:47:32 -0700] "GET /wp-login.php?loggedout=true HTTP/1.1" 404 16 "-" "Mozilla/5.0 (X11; Linux x86_64) AppleWebKit/537.36 (KHTML, like Gecko) Chrome/126.0.0.0 Safari/537.36"
145.241.117.73 - - [09/Sep/2026:14:47:33 -0700] "GET /wp-admin/ HTTP/1.1" 404 - "-" "Mozilla/5.0 (X11; Linux x86_64) AppleWebKit/537.36 (KHTML, like Gecko) Chrome/126.0.0.0 Safari/537.36"
109.107.178.102 - - [09/Sep/2026:15:01:10 -0700] "GET /assets/images/accesson.php HTTP/1.1" 200 7 "-" "Mozilla/5.0 (Windows NT 6.3; Win64; x64; rv:49.0) Gecko/20100101 Firefox/49.0"
109.107.178.102 - - [09/Sep/2026:15:01:10 -0700] "POST /assets/images/accesson.php HTTP/1.1" 200 9 "http://dks.welbornwebsites.com/assets/images/accesson.php" "Mozilla/5.0 (Windows NT 6.3; Win64; x64; rv:49.0) Gecko/20100101 Firefox/49.0"
109.107.186.106 - - [09/Sep/2026:15:02:28 -0700] "POST /assets/images/accesson.php HTTP/1.1" 200 16 "-" "Mozilla/5.0 (X11; Ubuntu; Linux x86_64; rv:47.0) Gecko/20100101 Firefox/47.0"
109.107.186.106 - - [09/Sep/2026:15:02:28 -0700] "POST /assets/images/accesson.php HTTP/1.1" 200 9 "http://dks.welbornwebsites.com/assets/images/accesson.php" "Mozilla/5.0 (X11; Ubuntu; Linux x86_64; rv:47.0) Gecko/20100101 Firefox/47.0"
109.107.186.106 - - [09/Sep/2026:15:02:29 -0700] "GET /assets/images/8d97478fefindex.php HTTP/1.1" 200 5694 "http://dks.welbornwebsites.com/assets/images/accesson.php" "Mozilla/5.0 (X11; Ubuntu; Linux x86_64; rv:47.0) Gecko/20100101 Firefox/47.0"
109.107.186.106 - - [09/Sep/2026:15:02:29 -0700] "GET /assets/images/8d97478fefindex.php HTTP/1.1" 200 5694 "http://dks.welbornwebsites.com/assets/images/8d97478fefindex.php" "Mozilla/5.0 (X11; Ubuntu; Linux x86_64; rv:47.0) Gecko/20100101 Firefox/47.0"
109.107.186.106 - - [09/Sep/2026:15:02:29 -0700] "GET /assets/images/8d97478fefindex.php HTTP/1.1" 200 5694 "http://dks.welbornwebsites.com/assets/images/8d97478fefindex.php" "Mozilla/5.0 (X11; Ubuntu; Linux x86_64; rv:47.0) Gecko/20100101 Firefox/47.0"
109.107.178.102 - - [09/Sep/2026:15:02:35 -0700] "POST /assets/images/accesson.php HTTP/1.1" 200 16 "-" "Mozilla/5.0 (Windows NT 6.3; rv:48.0) Gecko/20100101 Firefox/48.0"
109.107.178.102 - - [09/Sep/2026:15:02:35 -0700] "POST /assets/images/accesson.php HTTP/1.1" 200 9 "http://dks.welbornwebsites.com/assets/images/accesson.php" "Mozilla/5.0 (Windows NT 6.3; rv:48.0) Gecko/20100101 Firefox/48.0"
109.107.178.102 - - [09/Sep/2026:15:02:36 -0700] "GET /assets/images/21a8b90cb8index.php HTTP/1.1" 200 13102 "http://dks.welbornwebsites.com/assets/images/accesson.php" "Mozilla/5.0 (Windows NT 6.3; rv:48.0) Gecko/20100101 Firefox/48.0"
109.107.178.102 - - [09/Sep/2026:15:02:37 -0700] "GET /assets/images/21a8b90cb8index.php HTTP/1.1" 200 13102 "http://dks.welbornwebsites.com/assets/images/21a8b90cb8index.php" "Mozilla/5.0 (Windows NT 6.3; rv:48.0) Gecko/20100101 Firefox/48.0"
109.107.178.102 - - [09/Sep/2026:15:02:37 -0700] "GET /assets/images/21a8b90cb8index.php HTTP/1.1" 200 13102 "http://dks.welbornwebsites.com/assets/images/21a8b90cb8index.php" "Mozilla/5.0 (Windows NT 6.3; rv:48.0) Gecko/20100101 Firefox/48.0"
92.255.209.234 - - [09/Sep/2026:15:12:02 -0700] "GET /assets/images/accesson.php HTTP/1.1" 200 7 "-" "Mozilla/5.0 (X11; Linux i686; rv:51.0) Gecko/20100101 Firefox/51.0"
92.255.209.234 - - [09/Sep/2026:15:12:02 -0700] "POST /assets/images/accesson.php HTTP/1.1" 200 9 "http://dks.welbornwebsites.com/assets/images/accesson.php" "Mozilla/5.0 (X11; Linux i686; rv:51.0) Gecko/20100101 Firefox/51.0"
92.255.209.234 - - [09/Sep/2026:15:18:24 -0700] "POST /assets/images/accesson.php HTTP/1.1" 200 16 "-" "Mozilla/5.0 (X11; Linux x86_64) AppleWebKit/537.36 (KHTML, like Gecko) Chrome/50.0.2675.39 Safari/537.36"
92.255.209.234 - - [09/Sep/2026:15:18:24 -0700] "POST /assets/images/accesson.php HTTP/1.1" 200 9 "http://dks.welbornwebsites.com/assets/images/accesson.php" "Mozilla/5.0 (X11; Linux x86_64) AppleWebKit/537.36 (KHTML, like Gecko) Chrome/50.0.2675.39 Safari/537.36"
92.255.209.234 - - [09/Sep/2026:15:18:25 -0700] "GET /assets/images/21a8b90cb8index.php HTTP/1.1" 200 13101 "http://dks.welbornwebsites.com/assets/images/accesson.php" "Mozilla/5.0 (X11; Linux x86_64) AppleWebKit/537.36 (KHTML, like Gecko) Chrome/50.0.2675.39 Safari/537.36"
92.255.209.234 - - [09/Sep/2026:15:18:26 -0700] "GET /assets/images/21a8b90cb8index.php HTTP/1.1" 200 13101 "http://dks.welbornwebsites.com/assets/images/21a8b90cb8index.php" "Mozilla/5.0 (X11; Linux x86_64) AppleWebKit/537.36 (KHTML, like Gecko) Chrome/50.0.2675.39 Safari/537.36"
92.255.209.234 - - [09/Sep/2026:15:18:26 -0700] "GET /assets/images/21a8b90cb8index.php HTTP/1.1" 200 13101 "http://dks.welbornwebsites.com/assets/images/21a8b90cb8index.php" "Mozilla/5.0 (X11; Linux x86_64) AppleWebKit/537.36 (KHTML, like Gecko) Chrome/50.0.2675.39 Safari/537.36"
109.107.178.102 - - [09/Sep/2026:15:38:38 -0700] "POST /assets/images/accesson.php HTTP/1.1" 200 16 "-" "Mozilla/5.0 (Windows NT 6.3; Win64; x64) AppleWebKit/537.36 (KHTML, like Gecko) Chrome/54.0.2872.95 Safari/537.36"
109.107.178.102 - - [09/Sep/2026:15:38:39 -0700] "POST /assets/images/accesson.php HTTP/1.1" 200 9 "http://dks.welbornwebsites.com/assets/images/accesson.php" "Mozilla/5.0 (Windows NT 6.3; Win64; x64) AppleWebKit/537.36 (KHTML, like Gecko) Chrome/54.0.2872.95 Safari/537.36"
109.107.178.102 - - [09/Sep/2026:15:38:39 -0700] "GET /assets/images/8d97478fefindex.php HTTP/1.1" 200 5694 "http://dks.welbornwebsites.com/assets/images/accesson.php" "Mozilla/5.0 (Windows NT 6.3; Win64; x64) AppleWebKit/537.36 (KHTML, like Gecko) Chrome/54.0.2872.95 Safari/537.36"
109.107.178.102 - - [09/Sep/2026:15:38:40 -0700] "GET /assets/images/8d97478fefindex.php HTTP/1.1" 200 5694 "http://dks.welbornwebsites.com/assets/images/8d97478fefindex.php" "Mozilla/5.0 (Windows NT 6.3; Win64; x64) AppleWebKit/537.36 (KHTML, like Gecko) Chrome/54.0.2872.95 Safari/537.36"
109.107.178.102 - - [09/Sep/2026:15:38:40 -0700] "GET /assets/images/8d97478fefindex.php HTTP/1.1" 200 5694 "http://dks.welbornwebsites.com/assets/images/8d97478fefindex.php" "Mozilla/5.0 (Windows NT 6.3; Win64; x64) AppleWebKit/537.36 (KHTML, like Gecko) Chrome/54.0.2872.95 Safari/537.36"
109.107.178.102 - - [09/Sep/2026:15:41:16 -0700] "POST /assets/images/accesson.php HTTP/1.1" 200 17 "-" "Mozilla/5.0 (Macintosh; Intel Mac OS X 10.12; rv:46.0) Gecko/20100101 Firefox/46.0"
109.107.178.102 - - [09/Sep/2026:15:41:45 -0700] "GET /adman.607.txt HTTP/1.1" 200 6 "http://dks.welbornwebsites.com/assets/images/accesson.php" "Mozilla/5.0 (Macintosh; Intel Mac OS X 10.12; rv:46.0) Gecko/20100101 Firefox/46.0"
109.107.178.102 - - [09/Sep/2026:15:41:47 -0700] "POST /assets/images/accesson.php HTTP/1.1" 200 9 "http://dks.welbornwebsites.com/adman.607.txt" "Mozilla/5.0 (Macintosh; Intel Mac OS X 10.12; rv:46.0) Gecko/20100101 Firefox/46.0"
109.107.178.102 - - [09/Sep/2026:15:41:48 -0700] "POST /assets/images/accesson.php HTTP/1.1" 200 9 "http://dks.welbornwebsites.com/assets/images/accesson.php" "Mozilla/5.0 (Macintosh; Intel Mac OS X 10.12; rv:46.0) Gecko/20100101 Firefox/46.0"
65.109.179.105 - - [09/Sep/2026:15:42:44 -0700] "POST /assets/images/accesson.php HTTP/1.1" 200 17 "-" "Mozilla/5.0 (Macintosh; Intel Mac OS X 10.8; rv:49.0) Gecko/20100101 Firefox/49.0"
109.107.186.106 - - [09/Sep/2026:15:42:52 -0700] "POST /assets/images/accesson.php HTTP/1.1" 200 17 "-" "Mozilla/5.0 (X11; Ubuntu; Linux i686) AppleWebKit/537.36 (KHTML, like Gecko) Chrome/51.0.2730.86 Safari/537.36"
109.107.186.106 - - [09/Sep/2026:15:42:52 -0700] "GET /adman.870.txt HTTP/1.1" 200 6 "http://dks.welbornwebsites.com/assets/images/accesson.php" "Mozilla/5.0 (X11; Ubuntu; Linux i686) AppleWebKit/537.36 (KHTML, like Gecko) Chrome/51.0.2730.86 Safari/537.36"
109.107.186.106 - - [09/Sep/2026:15:42:53 -0700] "POST /assets/images/accesson.php HTTP/1.1" 200 9 "http://dks.welbornwebsites.com/adman.870.txt" "Mozilla/5.0 (X11; Ubuntu; Linux i686) AppleWebKit/537.36 (KHTML, like Gecko) Chrome/51.0.2730.86 Safari/537.36"
65.109.179.105 - - [09/Sep/2026:15:44:08 -0700] "GET /assets/images/accesson.php HTTP/1.1" 200 7 "-" "Mozilla/5.0 (Windows NT 6.3; Win64; x64) AppleWebKit/537.36 (KHTML, like Gecko) Chrome/56.0.2980.51 Safari/537.36"
109.107.186.106 - - [09/Sep/2026:15:44:11 -0700] "POST /assets/images/accesson.php HTTP/1.1" 200 9 "http://dks.welbornwebsites.com/assets/images/accesson.php" "Mozilla/5.0 (X11; Ubuntu; Linux i686) AppleWebKit/537.36 (KHTML, like Gecko) Chrome/51.0.2730.86 Safari/537.36"
109.107.186.106 - - [09/Sep/2026:15:44:23 -0700] "POST /assets/images/accesson.php HTTP/1.1" 200 9 "http://dks.welbornwebsites.com/assets/images/accesson.php" "Mozilla/5.0 (X11; Ubuntu; Linux i686) AppleWebKit/537.36 (KHTML, like Gecko) Chrome/51.0.2730.86 Safari/537.36"
109.107.186.106 - - [09/Sep/2026:15:44:30 -0700] "POST /assets/images/accesson.php HTTP/1.1" 200 9 "http://dks.welbornwebsites.com/assets/images/accesson.php" "Mozilla/5.0 (X11; Ubuntu; Linux i686) AppleWebKit/537.36 (KHTML, like Gecko) Chrome/51.0.2730.86 Safari/537.36"
109.107.186.106 - - [09/Sep/2026:15:44:32 -0700] "POST /assets/images/accesson.php HTTP/1.1" 200 9 "http://dks.welbornwebsites.com/assets/images/accesson.php" "Mozilla/5.0 (X11; Ubuntu; Linux i686) AppleWebKit/537.36 (KHTML, like Gecko) Chrome/51.0.2730.86 Safari/537.36"
65.109.179.105 - - [09/Sep/2026:15:44:53 -0700] "GET /adman.675.txt HTTP/1.1" 200 6 "http://dks.welbornwebsites.com/assets/images/accesson.php" "Mozilla/5.0 (Macintosh; Intel Mac OS X 10.8; rv:49.0) Gecko/20100101 Firefox/49.0"
65.109.179.105 - - [09/Sep/2026:15:44:53 -0700] "POST /assets/images/accesson.php HTTP/1.1" 200 9 "http://dks.welbornwebsites.com/adman.675.txt" "Mozilla/5.0 (Macintosh; Intel Mac OS X 10.8; rv:49.0) Gecko/20100101 Firefox/49.0"
65.109.179.105 - - [09/Sep/2026:15:44:54 -0700] "POST /assets/images/accesson.php HTTP/1.1" 200 9 "http://dks.welbornwebsites.com/assets/images/accesson.php" "Mozilla/5.0 (Macintosh; Intel Mac OS X 10.8; rv:49.0) Gecko/20100101 Firefox/49.0"
65.109.179.105 - - [09/Sep/2026:15:44:55 -0700] "POST /assets/images/accesson.php HTTP/1.1" 200 9 "http://dks.welbornwebsites.com/assets/images/accesson.php" "Mozilla/5.0 (Macintosh; Intel Mac OS X 10.8; rv:49.0) Gecko/20100101 Firefox/49.0"
65.109.179.105 - - [09/Sep/2026:15:44:55 -0700] "POST /assets/images/accesson.php HTTP/1.1" 200 9 "http://dks.welbornwebsites.com/assets/images/accesson.php" "Mozilla/5.0 (Macintosh; Intel Mac OS X 10.8; rv:49.0) Gecko/20100101 Firefox/49.0"
65.109.179.105 - - [09/Sep/2026:15:44:56 -0700] "POST /assets/images/accesson.php HTTP/1.1" 200 9 "http://dks.welbornwebsites.com/assets/images/accesson.php" "Mozilla/5.0 (Macintosh; Intel Mac OS X 10.8; rv:49.0) Gecko/20100101 Firefox/49.0"
193.29.139.203 - - [09/Sep/2026:15:45:35 -0700] "POST /assets/images/accesson.php HTTP/1.1" 200 17 "-" "Mozilla/5.0 (Macintosh; Intel Mac OS X 10_9_0) AppleWebKit/537.36 (KHTML, like Gecko) Chrome/54.0.2851.88 Safari/537.36"
193.29.139.203 - - [09/Sep/2026:15:45:37 -0700] "GET /adman.982.txt HTTP/1.1" 200 6 "http://dks.welbornwebsites.com/assets/images/accesson.php" "Mozilla/5.0 (Macintosh; Intel Mac OS X 10_9_0) AppleWebKit/537.36 (KHTML, like Gecko) Chrome/54.0.2851.88 Safari/537.36"
193.29.139.203 - - [09/Sep/2026:15:45:38 -0700] "POST /assets/images/accesson.php HTTP/1.1" 200 9 "http://dks.welbornwebsites.com/adman.982.txt" "Mozilla/5.0 (Macintosh; Intel Mac OS X 10_9_0) AppleWebKit/537.36 (KHTML, like Gecko) Chrome/54.0.2851.88 Safari/537.36"
65.109.179.105 - - [09/Sep/2026:15:45:54 -0700] "POST /assets/images/accesson.php HTTP/1.1" 200 9 "http://dks.welbornwebsites.com/assets/images/accesson.php" "Mozilla/5.0 (Windows NT 6.3; Win64; x64) AppleWebKit/537.36 (KHTML, like Gecko) Chrome/56.0.2980.51 Safari/537.36"
109.107.178.102 - - [09/Sep/2026:15:48:07 -0700] "POST /assets/images/accesson.php HTTP/1.1" 200 9 "http://dks.welbornwebsites.com/assets/images/accesson.php" "Mozilla/5.0 (Macintosh; Intel Mac OS X 10.12; rv:46.0) Gecko/20100101 Firefox/46.0"
109.107.178.102 - - [09/Sep/2026:15:48:07 -0700] "POST /assets/images/accesson.php HTTP/1.1" 200 9 "http://dks.welbornwebsites.com/assets/images/accesson.php" "Mozilla/5.0 (Macintosh; Intel Mac OS X 10.12; rv:46.0) Gecko/20100101 Firefox/46.0"
31.56.189.27 - - [09/Sep/2026:15:49:00 -0700] "POST /assets/images/accesson.php HTTP/1.1" 200 17 "-" "Mozilla/5.0 (Windows NT 6.3; Win64; x64) AppleWebKit/537.36 (KHTML, like Gecko) Chrome/50.0.2667.98 Safari/537.36"
31.56.189.27 - - [09/Sep/2026:15:49:08 -0700] "GET /adman.288.txt HTTP/1.1" 200 5 "http://dks.welbornwebsites.com/assets/images/accesson.php" "Mozilla/5.0 (Windows NT 6.3; Win64; x64) AppleWebKit/537.36 (KHTML, like Gecko) Chrome/50.0.2667.98 Safari/537.36"
31.56.189.27 - - [09/Sep/2026:15:49:08 -0700] "POST /assets/images/accesson.php HTTP/1.1" 200 9 "http://dks.welbornwebsites.com/adman.288.txt" "Mozilla/5.0 (Windows NT 6.3; Win64; x64) AppleWebKit/537.36 (KHTML, like Gecko) Chrome/50.0.2667.98 Safari/537.36"
31.56.189.27 - - [09/Sep/2026:15:49:09 -0700] "POST /assets/images/accesson.php HTTP/1.1" 200 9 "http://dks.welbornwebsites.com/assets/images/accesson.php" "Mozilla/5.0 (Windows NT 6.3; Win64; x64) AppleWebKit/537.36 (KHTML, like Gecko) Chrome/50.0.2667.98 Safari/537.36"
31.56.189.27 - - [09/Sep/2026:15:49:09 -0700] "POST /assets/images/accesson.php HTTP/1.1" 200 9 "http://dks.welbornwebsites.com/assets/images/accesson.php" "Mozilla/5.0 (Windows NT 6.3; Win64; x64) AppleWebKit/537.36 (KHTML, like Gecko) Chrome/50.0.2667.98 Safari/537.36"
92.255.209.234 - - [09/Sep/2026:15:50:09 -0700] "POST /assets/images/accesson.php HTTP/1.1" 200 17 "-" "Mozilla/5.0 (Macintosh; Intel Mac OS X 10.9; rv:47.0) Gecko/20100101 Firefox/47.0"
92.255.209.234 - - [09/Sep/2026:15:50:09 -0700] "GET /adman.187.txt HTTP/1.1" 200 5 "http://dks.welbornwebsites.com/assets/images/accesson.php" "Mozilla/5.0 (Macintosh; Intel Mac OS X 10.9; rv:47.0) Gecko/20100101 Firefox/47.0"
31.56.189.27 - - [09/Sep/2026:15:50:09 -0700] "POST /assets/images/accesson.php HTTP/1.1" 200 9 "http://dks.welbornwebsites.com/assets/images/accesson.php" "Mozilla/5.0 (Windows NT 6.3; Win64; x64) AppleWebKit/537.36 (KHTML, like Gecko) Chrome/50.0.2667.98 Safari/537.36"
92.255.209.234 - - [09/Sep/2026:15:50:10 -0700] "POST /assets/images/accesson.php HTTP/1.1" 200 9 "http://dks.welbornwebsites.com/adman.187.txt" "Mozilla/5.0 (Macintosh; Intel Mac OS X 10.9; rv:47.0) Gecko/20100101 Firefox/47.0"
31.56.189.27 - - [09/Sep/2026:15:50:11 -0700] "POST /assets/images/accesson.php HTTP/1.1" 200 9 "http://dks.welbornwebsites.com/assets/images/accesson.php" "Mozilla/5.0 (Windows NT 6.3; Win64; x64) AppleWebKit/537.36 (KHTML, like Gecko) Chrome/50.0.2667.98 Safari/537.36"
92.255.209.234 - - [09/Sep/2026:15:50:11 -0700] "POST /assets/images/accesson.php HTTP/1.1" 200 9 "http://dks.welbornwebsites.com/assets/images/accesson.php" "Mozilla/5.0 (Macintosh; Intel Mac OS X 10.9; rv:47.0) Gecko/20100101 Firefox/47.0"
92.255.209.234 - - [09/Sep/2026:15:50:14 -0700] "POST /assets/images/accesson.php HTTP/1.1" 200 9 "http://dks.welbornwebsites.com/assets/images/accesson.php" "Mozilla/5.0 (Macintosh; Intel Mac OS X 10.9; rv:47.0) Gecko/20100101 Firefox/47.0"
92.255.209.234 - - [09/Sep/2026:15:50:15 -0700] "POST /assets/images/accesson.php HTTP/1.1" 200 9 "http://dks.welbornwebsites.com/assets/images/accesson.php" "Mozilla/5.0 (Macintosh; Intel Mac OS X 10.9; rv:47.0) Gecko/20100101 Firefox/47.0"
92.255.209.234 - - [09/Sep/2026:15:50:20 -0700] "POST /assets/images/accesson.php HTTP/1.1" 200 9 "http://dks.welbornwebsites.com/assets/images/accesson.php" "Mozilla/5.0 (Macintosh; Intel Mac OS X 10.9; rv:47.0) Gecko/20100101 Firefox/47.0"
35.243.105.136 - - [09/Sep/2026:15:54:34 -0700] "GET / HTTP/1.1" 200 2613 "-" "Mozilla/5.0 (Windows NT 10.0; Win64; x64) AppleWebKit/537.36 (KHTML, like Gecko) Chrome/131.0.0.0 Safari/537.36 Edg/131.0.0.0"
65.109.179.105 - - [09/Sep/2026:15:54:55 -0700] "POST /assets/images/accesson.php HTTP/1.1" 200 16 "-" "Mozilla/5.0 (compatible; MSIE 8.0; Windows NT 6.3; Win64; x64; Trident/4.0)"
65.109.179.105 - - [09/Sep/2026:15:54:55 -0700] "POST /assets/images/accesson.php HTTP/1.1" 200 9 "http://dks.welbornwebsites.com/assets/images/accesson.php" "Mozilla/5.0 (compatible; MSIE 8.0; Windows NT 6.3; Win64; x64; Trident/4.0)"
65.109.179.105 - - [09/Sep/2026:15:54:56 -0700] "GET /assets/images/21a8b90cb8index.php HTTP/1.1" 200 13101 "http://dks.welbornwebsites.com/assets/images/accesson.php" "Mozilla/5.0 (compatible; MSIE 8.0; Windows NT 6.3; Win64; x64; Trident/4.0)"
65.109.179.105 - - [09/Sep/2026:15:54:56 -0700] "GET /assets/images/21a8b90cb8index.php HTTP/1.1" 200 13101 "http://dks.welbornwebsites.com/assets/images/21a8b90cb8index.php" "Mozilla/5.0 (compatible; MSIE 8.0; Windows NT 6.3; Win64; x64; Trident/4.0)"
65.109.179.105 - - [09/Sep/2026:15:54:56 -0700] "GET /assets/images/21a8b90cb8index.php HTTP/1.1" 200 13101 "http://dks.welbornwebsites.com/assets/images/21a8b90cb8index.php" "Mozilla/5.0 (compatible; MSIE 8.0; Windows NT 6.3; Win64; x64; Trident/4.0)"
94.183.170.135 - - [09/Sep/2026:16:01:59 -0700] "POST /assets/images/accesson.php HTTP/1.1" 200 17 "-" "Mozilla/5.0 (X11; Linux i686 on x86_64) AppleWebKit/537.36 (KHTML, like Gecko) Chrome/54.0.2860.76 Safari/537.36"
109.107.178.102 - - [09/Sep/2026:16:02:45 -0700] "POST /assets/images/accesson.php HTTP/1.1" 200 9 "http://dks.welbornwebsites.com/assets/images/accesson.php" "Mozilla/5.0 (Macintosh; Intel Mac OS X 10.12; rv:46.0) Gecko/20100101 Firefox/46.0"
94.183.170.135 - - [09/Sep/2026:16:04:47 -0700] "GET /adman.314.txt HTTP/1.1" 200 5 "http://dks.welbornwebsites.com/assets/images/accesson.php" "Mozilla/5.0 (X11; Linux i686 on x86_64) AppleWebKit/537.36 (KHTML, like Gecko) Chrome/54.0.2860.76 Safari/537.36"
94.183.170.135 - - [09/Sep/2026:16:04:47 -0700] "POST /assets/images/accesson.php HTTP/1.1" 200 9 "http://dks.welbornwebsites.com/adman.314.txt" "Mozilla/5.0 (X11; Linux i686 on x86_64) AppleWebKit/537.36 (KHTML, like Gecko) Chrome/54.0.2860.76 Safari/537.36"
94.183.170.135 - - [09/Sep/2026:16:04:48 -0700] "POST /assets/images/accesson.php HTTP/1.1" 200 9 "http://dks.welbornwebsites.com/assets/images/accesson.php" "Mozilla/5.0 (X11; Linux i686 on x86_64) AppleWebKit/537.36 (KHTML, like Gecko) Chrome/54.0.2860.76 Safari/537.36"
94.183.170.135 - - [09/Sep/2026:16:04:49 -0700] "POST /assets/images/accesson.php HTTP/1.1" 200 9 "http://dks.welbornwebsites.com/assets/images/accesson.php" "Mozilla/5.0 (X11; Linux i686 on x86_64) AppleWebKit/537.36 (KHTML, like Gecko) Chrome/54.0.2860.76 Safari/537.36"
94.183.170.135 - - [09/Sep/2026:16:11:37 -0700] "POST /assets/images/accesson.php HTTP/1.1" 200 9 "http://dks.welbornwebsites.com/assets/images/accesson.php" "Mozilla/5.0 (X11; Linux i686 on x86_64) AppleWebKit/537.36 (KHTML, like Gecko) Chrome/54.0.2860.76 Safari/537.36"
94.183.170.135 - - [09/Sep/2026:16:11:39 -0700] "POST /assets/images/accesson.php HTTP/1.1" 200 9 "http://dks.welbornwebsites.com/assets/images/accesson.php" "Mozilla/5.0 (X11; Linux i686 on x86_64) AppleWebKit/537.36 (KHTML, like Gecko) Chrome/54.0.2860.76 Safari/537.36"
66.42.38.87 - - [09/Sep/2026:16:21:02 -0700] "GET /9d845/index.php HTTP/1.1" 200 6104 "http://dks.welbornwebsites.com/9d845/index.php" "Mozilla/4.0 (compatible; MSIE 9.0; Windows NT 6.1)"
65.109.179.105 - - [09/Sep/2026:16:57:11 -0700] "POST /assets/images/accesson.php HTTP/1.1" 200 16 "-" "Mozilla/5.0 (Windows NT 6.1; WOW64; rv:46.0) Gecko/20100101 Firefox/46.0"
65.109.179.105 - - [09/Sep/2026:16:57:12 -0700] "POST /assets/images/accesson.php HTTP/1.1" 200 9 "http://dks.welbornwebsites.com/assets/images/accesson.php" "Mozilla/5.0 (Windows NT 6.1; WOW64; rv:46.0) Gecko/20100101 Firefox/46.0"
65.109.179.105 - - [09/Sep/2026:16:57:12 -0700] "GET /assets/images/8d97478fefindex.php HTTP/1.1" 200 5693 "http://dks.welbornwebsites.com/assets/images/accesson.php" "Mozilla/5.0 (Windows NT 6.1; WOW64; rv:46.0) Gecko/20100101 Firefox/46.0"
65.109.179.105 - - [09/Sep/2026:16:57:13 -0700] "GET /assets/images/8d97478fefindex.php HTTP/1.1" 200 5693 "http://dks.welbornwebsites.com/assets/images/8d97478fefindex.php" "Mozilla/5.0 (Windows NT 6.1; WOW64; rv:46.0) Gecko/20100101 Firefox/46.0"
65.109.179.105 - - [09/Sep/2026:16:57:13 -0700] "GET /assets/images/8d97478fefindex.php HTTP/1.1" 200 5693 "http://dks.welbornwebsites.com/assets/images/8d97478fefindex.php" "Mozilla/5.0 (Windows NT 6.1; WOW64; rv:46.0) Gecko/20100101 Firefox/46.0"
66.42.38.87 - - [09/Sep/2026:16:59:06 -0700] "GET /9d845/index.php HTTP/1.1" 200 6104 "-" "Mozilla/5.0 (compatible; MSIE 9.0; Windows NT 6.1; WOW64; Trident/5.0)"
45.143.20.147 - - [09/Sep/2026:17:00:14 -0700] "POST /assets/images/accesson.php HTTP/1.1" 200 17 "-" "Mozilla/5.0 (Windows NT 6.3) AppleWebKit/537.36 (KHTML, like Gecko) Chrome/52.0.2759.88 Safari/537.36"
45.143.20.147 - - [09/Sep/2026:17:00:14 -0700] "GET /adman.867.txt HTTP/1.1" 200 6 "http://dks.welbornwebsites.com/assets/images/accesson.php" "Mozilla/5.0 (Windows NT 6.3) AppleWebKit/537.36 (KHTML, like Gecko) Chrome/52.0.2759.88 Safari/537.36"
66.42.38.87 - - [09/Sep/2026:17:03:41 -0700] "GET /022ce/index.php HTTP/1.1" 200 5224 "http://dks.welbornwebsites.com/022ce/index.php" "Mozilla/4.0 (compatible; MSIE 9.0; Windows NT 6.1)"
66.42.38.87 - - [09/Sep/2026:17:06:17 -0700] "GET /022ce/index.php HTTP/1.1" 200 5224 "-" "Mozilla/5.0 (compatible; MSIE 9.0; Windows NT 6.1; WOW64; Trident/5.0)"
66.42.38.87 - - [09/Sep/2026:17:09:51 -0700] "GET /75678/index.php HTTP/1.1" 200 2809 "http://dks.welbornwebsites.com/75678/index.php" "Mozilla/4.0 (compatible; MSIE 9.0; Windows NT 6.1)"
66.42.38.87 - - [09/Sep/2026:17:12:39 -0700] "GET /75678/index.php HTTP/1.1" 200 2809 "-" "Mozilla/5.0 (compatible; MSIE 9.0; Windows NT 6.1; WOW64; Trident/5.0)"
92.255.209.234 - - [09/Sep/2026:17:36:21 -0700] "POST /assets/images/accesson.php HTTP/1.1" 200 16 "-" "Mozilla/5.0 (X11; Ubuntu; Linux x86_64) AppleWebKit/537.36 (KHTML, like Gecko) Chrome/55.0.2915.66 Safari/537.36"
92.255.209.234 - - [09/Sep/2026:17:36:22 -0700] "POST /assets/images/accesson.php HTTP/1.1" 200 9 "http://dks.welbornwebsites.com/assets/images/accesson.php" "Mozilla/5.0 (X11; Ubuntu; Linux x86_64) AppleWebKit/537.36 (KHTML, like Gecko) Chrome/55.0.2915.66 Safari/537.36"
92.255.209.234 - - [09/Sep/2026:17:36:23 -0700] "GET /assets/images/8d97478fefindex.php HTTP/1.1" 200 5693 "http://dks.welbornwebsites.com/assets/images/accesson.php" "Mozilla/5.0 (X11; Ubuntu; Linux x86_64) AppleWebKit/537.36 (KHTML, like Gecko) Chrome/55.0.2915.66 Safari/537.36"
92.255.209.234 - - [09/Sep/2026:17:36:23 -0700] "GET /assets/images/8d97478fefindex.php HTTP/1.1" 200 5693 "http://dks.welbornwebsites.com/assets/images/8d97478fefindex.php" "Mozilla/5.0 (X11; Ubuntu; Linux x86_64) AppleWebKit/537.36 (KHTML, like Gecko) Chrome/55.0.2915.66 Safari/537.36"
92.255.209.234 - - [09/Sep/2026:17:36:23 -0700] "GET /assets/images/8d97478fefindex.php HTTP/1.1" 200 5693 "http://dks.welbornwebsites.com/assets/images/8d97478fefindex.php" "Mozilla/5.0 (X11; Ubuntu; Linux x86_64) AppleWebKit/537.36 (KHTML, like Gecko) Chrome/55.0.2915.66 Safari/537.36"
63.141.253.98 - - [09/Sep/2026:19:06:19 -0700] "GET / HTTP/1.1" 200 2975 "-" "Mozilla/5.0 (Windows NT 10.0; Win64; x64) AppleWebKit/537.36 (KHTML, like Gecko) Chrome/103.0.0.0 Safari/537.36"
63.141.253.98 - - [09/Sep/2026:19:06:19 -0700] "GET / HTTP/1.1" 200 2975 "-" "Googlebot/2.1 (+http://www.googlebot.com/bot.html)"
74.7.230.5 - - [09/Sep/2026:19:44:20 -0700] "GET /robots.txt HTTP/1.1" 404 - "-" "Mozilla/5.0 (Macintosh; Intel Mac OS X 10_15_7) AppleWebKit/537.36 (KHTML, like Gecko) Chrome/131.0.0.0 Safari/537.36; compatible; OAI-SearchBot/1.4; robots.txt; +https://openai.com/searchbot"
91.92.241.196 - - [09/Sep/2026:20:39:57 -0700] "GET /.git/HEAD HTTP/1.1" 404 - "-" "Mozilla/5.0 (Windows NT 10.0; Win64; x64) AppleWebKit/537.36"
91.92.241.196 - - [09/Sep/2026:20:39:58 -0700] "GET /.git/config HTTP/1.1" 404 - "-" "Mozilla/5.0 (Windows NT 10.0; Win64; x64) AppleWebKit/537.36"
92.255.209.234 - - [09/Sep/2026:21:38:34 -0700] "GET /assets/images/accesson.php HTTP/1.1" 200 7 "-" "Mozilla/5.0 (X11; Ubuntu; Linux i686) AppleWebKit/537.36 (KHTML, like Gecko) Chrome/56.0.2938.3 Safari/537.36"
92.255.209.234 - - [09/Sep/2026:21:38:35 -0700] "POST /assets/images/accesson.php HTTP/1.1" 200 9 "http://dks.welbornwebsites.com/assets/images/accesson.php" "Mozilla/5.0 (X11; Ubuntu; Linux i686) AppleWebKit/537.36 (KHTML, like Gecko) Chrome/56.0.2938.3 Safari/537.36"
92.255.209.234 - - [09/Sep/2026:21:45:55 -0700] "POST /assets/images/accesson.php HTTP/1.1" 200 16 "-" "Mozilla/5.0 (Macintosh; Intel Mac OS X 10_8_4) AppleWebKit/537.36 (KHTML, like Gecko) Chrome/50.0.2690.66 Safari/537.36"
92.255.209.234 - - [09/Sep/2026:21:46:16 -0700] "POST /assets/images/accesson.php HTTP/1.1" 200 9 "http://dks.welbornwebsites.com/assets/images/accesson.php" "Mozilla/5.0 (Macintosh; Intel Mac OS X 10_8_4) AppleWebKit/537.36 (KHTML, like Gecko) Chrome/50.0.2690.66 Safari/537.36"
92.255.209.234 - - [09/Sep/2026:21:46:16 -0700] "GET /assets/images/21a8b90cb8index.php HTTP/1.1" 200 13101 "http://dks.welbornwebsites.com/assets/images/accesson.php" "Mozilla/5.0 (Macintosh; Intel Mac OS X 10_8_4) AppleWebKit/537.36 (KHTML, like Gecko) Chrome/50.0.2690.66 Safari/537.36"
109.107.186.106 - - [09/Sep/2026:21:51:54 -0700] "GET /assets/images/accesson.php HTTP/1.1" 200 7 "-" "Mozilla/5.0 (Macintosh; Intel Mac OS X 10_12_1) AppleWebKit/537.36 (KHTML, like Gecko) Chrome/52.0.2768.70 Safari/537.36"
109.107.186.106 - - [09/Sep/2026:21:51:54 -0700] "POST /assets/images/accesson.php HTTP/1.1" 200 9 "http://dks.welbornwebsites.com/assets/images/accesson.php" "Mozilla/5.0 (Macintosh; Intel Mac OS X 10_12_1) AppleWebKit/537.36 (KHTML, like Gecko) Chrome/52.0.2768.70 Safari/537.36"
109.107.186.106 - - [09/Sep/2026:21:55:55 -0700] "POST /assets/images/accesson.php HTTP/1.1" 200 16 "-" "Mozilla/5.0 (compatible; MSIE 9.0; Windows NT 5.1; Win64; x64; Trident/5.0)"
109.107.186.106 - - [09/Sep/2026:21:55:56 -0700] "POST /assets/images/accesson.php HTTP/1.1" 200 9 "http://dks.welbornwebsites.com/assets/images/accesson.php" "Mozilla/5.0 (compatible; MSIE 9.0; Windows NT 5.1; Win64; x64; Trident/5.0)"
109.107.186.106 - - [09/Sep/2026:21:55:56 -0700] "GET /assets/images/21a8b90cb8index.php HTTP/1.1" 200 13102 "http://dks.welbornwebsites.com/assets/images/accesson.php" "Mozilla/5.0 (compatible; MSIE 9.0; Windows NT 5.1; Win64; x64; Trident/5.0)"
109.107.186.106 - - [09/Sep/2026:21:55:57 -0700] "GET /assets/images/21a8b90cb8index.php HTTP/1.1" 200 13102 "http://dks.welbornwebsites.com/assets/images/21a8b90cb8index.php" "Mozilla/5.0 (compatible; MSIE 9.0; Windows NT 5.1; Win64; x64; Trident/5.0)"
109.107.186.106 - - [09/Sep/2026:21:55:57 -0700] "GET /assets/images/21a8b90cb8index.php HTTP/1.1" 200 13102 "http://dks.welbornwebsites.com/assets/images/21a8b90cb8index.php" "Mozilla/5.0 (compatible; MSIE 9.0; Windows NT 5.1; Win64; x64; Trident/5.0)"
92.255.209.234 - - [09/Sep/2026:21:56:33 -0700] "GET /assets/images/21a8b90cb8index.php HTTP/1.1" 200 13101 "http://dks.welbornwebsites.com/assets/images/21a8b90cb8index.php" "Mozilla/5.0 (Macintosh; Intel Mac OS X 10_8_4) AppleWebKit/537.36 (KHTML, like Gecko) Chrome/50.0.2690.66 Safari/537.36"
92.255.209.234 - - [09/Sep/2026:21:56:34 -0700] "GET /assets/images/21a8b90cb8index.php HTTP/1.1" 200 13101 "http://dks.welbornwebsites.com/assets/images/21a8b90cb8index.php" "Mozilla/5.0 (Macintosh; Intel Mac OS X 10_8_4) AppleWebKit/537.36 (KHTML, like Gecko) Chrome/50.0.2690.66 Safari/537.36"
109.107.186.106 - - [09/Sep/2026:22:38:31 -0700] "POST /assets/images/accesson.php HTTP/1.1" 200 16 "-" "Mozilla/5.0 (Macintosh; Intel Mac OS X 10.8; rv:47.0) Gecko/20100101 Firefox/47.0"
109.107.186.106 - - [09/Sep/2026:22:38:32 -0700] "POST /assets/images/accesson.php HTTP/1.1" 200 9 "http://dks.welbornwebsites.com/assets/images/accesson.php" "Mozilla/5.0 (Macintosh; Intel Mac OS X 10.8; rv:47.0) Gecko/20100101 Firefox/47.0"
109.107.186.106 - - [09/Sep/2026:22:38:32 -0700] "GET /assets/images/8d97478fefindex.php HTTP/1.1" 200 5694 "http://dks.welbornwebsites.com/assets/images/accesson.php" "Mozilla/5.0 (Macintosh; Intel Mac OS X 10.8; rv:47.0) Gecko/20100101 Firefox/47.0"
109.107.186.106 - - [09/Sep/2026:22:38:32 -0700] "GET /assets/images/8d97478fefindex.php HTTP/1.1" 200 5694 "http://dks.welbornwebsites.com/assets/images/8d97478fefindex.php" "Mozilla/5.0 (Macintosh; Intel Mac OS X 10.8; rv:47.0) Gecko/20100101 Firefox/47.0"
109.107.186.106 - - [09/Sep/2026:22:38:33 -0700] "GET /assets/images/8d97478fefindex.php HTTP/1.1" 200 5694 "http://dks.welbornwebsites.com/assets/images/8d97478fefindex.php" "Mozilla/5.0 (Macintosh; Intel Mac OS X 10.8; rv:47.0) Gecko/20100101 Firefox/47.0"
109.107.178.102 - - [09/Sep/2026:22:46:50 -0700] "GET /assets/images/accesson.php HTTP/1.1" 200 7 "-" "Mozilla/5.0 (X11; Ubuntu; Linux x86_64) AppleWebKit/537.36 (KHTML, like Gecko) Chrome/54.0.2870.11 Safari/537.36"
109.107.178.102 - - [09/Sep/2026:22:46:50 -0700] "POST /assets/images/accesson.php HTTP/1.1" 200 9 "http://dks.welbornwebsites.com/assets/images/accesson.php" "Mozilla/5.0 (X11; Ubuntu; Linux x86_64) AppleWebKit/537.36 (KHTML, like Gecko) Chrome/54.0.2870.11 Safari/537.36"
109.107.178.102 - - [09/Sep/2026:22:55:02 -0700] "POST /assets/images/accesson.php HTTP/1.1" 200 16 "-" "Mozilla/5.0 (Macintosh; Intel Mac OS X 10_9_2) AppleWebKit/537.36 (KHTML, like Gecko) Chrome/50.0.2701.91 Safari/537.36"
109.107.178.102 - - [09/Sep/2026:22:55:02 -0700] "POST /assets/images/accesson.php HTTP/1.1" 200 9 "http://dks.welbornwebsites.com/assets/images/accesson.php" "Mozilla/5.0 (Macintosh; Intel Mac OS X 10_9_2) AppleWebKit/537.36 (KHTML, like Gecko) Chrome/50.0.2701.91 Safari/537.36"
109.107.178.102 - - [09/Sep/2026:22:55:03 -0700] "GET /assets/images/21a8b90cb8index.php HTTP/1.1" 200 13102 "http://dks.welbornwebsites.com/assets/images/accesson.php" "Mozilla/5.0 (Macintosh; Intel Mac OS X 10_9_2) AppleWebKit/537.36 (KHTML, like Gecko) Chrome/50.0.2701.91 Safari/537.36"
109.107.178.102 - - [09/Sep/2026:22:55:04 -0700] "GET /assets/images/21a8b90cb8index.php HTTP/1.1" 200 13102 "http://dks.welbornwebsites.com/assets/images/21a8b90cb8index.php" "Mozilla/5.0 (Macintosh; Intel Mac OS X 10_9_2) AppleWebKit/537.36 (KHTML, like Gecko) Chrome/50.0.2701.91 Safari/537.36"
109.107.178.102 - - [09/Sep/2026:22:55:04 -0700] "GET /assets/images/21a8b90cb8index.php HTTP/1.1" 200 13102 "http://dks.welbornwebsites.com/assets/images/21a8b90cb8index.php" "Mozilla/5.0 (Macintosh; Intel Mac OS X 10_9_2) AppleWebKit/537.36 (KHTML, like Gecko) Chrome/50.0.2701.91 Safari/537.36"
109.206.241.10 - - [09/Sep/2026:23:39:33 -0700] "POST /assets/images/accesson.php HTTP/1.1" 200 16 "-" "Mozilla/5.0 (Macintosh; Intel Mac OS X 10.8; rv:49.0) Gecko/20100101 Firefox/49.0"
109.206.241.10 - - [09/Sep/2026:23:39:33 -0700] "POST /assets/images/accesson.php HTTP/1.1" 200 9 "http://dks.welbornwebsites.com/assets/images/accesson.php" "Mozilla/5.0 (Macintosh; Intel Mac OS X 10.8; rv:49.0) Gecko/20100101 Firefox/49.0"
109.206.241.10 - - [09/Sep/2026:23:39:34 -0700] "GET /assets/images/21a8b90cb8index.php HTTP/1.1" 200 13101 "http://dks.welbornwebsites.com/assets/images/accesson.php" "Mozilla/5.0 (Macintosh; Intel Mac OS X 10.8; rv:49.0) Gecko/20100101 Firefox/49.0"
109.206.241.10 - - [09/Sep/2026:23:39:34 -0700] "GET /assets/images/21a8b90cb8index.php HTTP/1.1" 200 13101 "http://dks.welbornwebsites.com/assets/images/21a8b90cb8index.php" "Mozilla/5.0 (Macintosh; Intel Mac OS X 10.8; rv:49.0) Gecko/20100101 Firefox/49.0"
109.206.241.10 - - [09/Sep/2026:23:39:34 -0700] "GET /assets/images/21a8b90cb8index.php HTTP/1.1" 200 13101 "http://dks.welbornwebsites.com/assets/images/21a8b90cb8index.php" "Mozilla/5.0 (Macintosh; Intel Mac OS X 10.8; rv:49.0) Gecko/20100101 Firefox/49.0"
109.107.178.102 - - [09/Sep/2026:23:42:01 -0700] "POST /assets/images/accesson.php HTTP/1.1" 200 16 "-" "Mozilla/5.0 (X11; Linux i686 on x86_64; rv:50.0) Gecko/20100101 Firefox/50.0"
109.107.178.102 - - [09/Sep/2026:23:42:02 -0700] "POST /assets/images/accesson.php HTTP/1.1" 200 9 "http://dks.welbornwebsites.com/assets/images/accesson.php" "Mozilla/5.0 (X11; Linux i686 on x86_64; rv:50.0) Gecko/20100101 Firefox/50.0"
109.107.178.102 - - [09/Sep/2026:23:42:02 -0700] "GET /assets/images/8d97478fefindex.php HTTP/1.1" 200 5694 "http://dks.welbornwebsites.com/assets/images/accesson.php" "Mozilla/5.0 (X11; Linux i686 on x86_64; rv:50.0) Gecko/20100101 Firefox/50.0"
109.107.178.102 - - [09/Sep/2026:23:42:02 -0700] "GET /assets/images/8d97478fefindex.php HTTP/1.1" 200 5694 "http://dks.welbornwebsites.com/assets/images/8d97478fefindex.php" "Mozilla/5.0 (X11; Linux i686 on x86_64; rv:50.0) Gecko/20100101 Firefox/50.0"
109.107.178.102 - - [09/Sep/2026:23:42:03 -0700] "GET /assets/images/8d97478fefindex.php HTTP/1.1" 200 5694 "http://dks.welbornwebsites.com/assets/images/8d97478fefindex.php" "Mozilla/5.0 (X11; Linux i686 on x86_64; rv:50.0) Gecko/20100101 Firefox/50.0"
92.255.209.234 - - [10/Sep/2026:00:04:14 -0700] "POST /assets/images/accesson.php HTTP/1.1" 200 16 "-" "Mozilla/5.0 (Windows NT 10.0; Win64; x64) AppleWebKit/537.36 (KHTML, like Gecko) Chrome/49.0.2635.21 Safari/537.36"
92.255.209.234 - - [10/Sep/2026:00:04:14 -0700] "POST /assets/images/accesson.php HTTP/1.1" 200 9 "http://dks.welbornwebsites.com/assets/images/accesson.php" "Mozilla/5.0 (Windows NT 10.0; Win64; x64) AppleWebKit/537.36 (KHTML, like Gecko) Chrome/49.0.2635.21 Safari/537.36"
92.255.209.234 - - [10/Sep/2026:00:04:15 -0700] "GET /assets/images/8d97478fefindex.php HTTP/1.1" 200 5693 "http://dks.welbornwebsites.com/assets/images/accesson.php" "Mozilla/5.0 (Windows NT 10.0; Win64; x64) AppleWebKit/537.36 (KHTML, like Gecko) Chrome/49.0.2635.21 Safari/537.36"
92.255.209.234 - - [10/Sep/2026:00:04:15 -0700] "GET /assets/images/8d97478fefindex.php HTTP/1.1" 200 5693 "http://dks.welbornwebsites.com/assets/images/8d97478fefindex.php" "Mozilla/5.0 (Windows NT 10.0; Win64; x64) AppleWebKit/537.36 (KHTML, like Gecko) Chrome/49.0.2635.21 Safari/537.36"
92.255.209.234 - - [10/Sep/2026:00:04:16 -0700] "GET /assets/images/8d97478fefindex.php HTTP/1.1" 200 5693 "http://dks.welbornwebsites.com/assets/images/8d97478fefindex.php" "Mozilla/5.0 (Windows NT 10.0; Win64; x64) AppleWebKit/537.36 (KHTML, like Gecko) Chrome/49.0.2635.21 Safari/537.36"
109.206.241.10 - - [10/Sep/2026:01:02:43 -0700] "POST /assets/images/accesson.php HTTP/1.1" 200 16 "-" "Mozilla/5.0 (X11; Linux i686; rv:46.0) Gecko/20100101 Firefox/46.0"
109.206.241.10 - - [10/Sep/2026:01:02:46 -0700] "POST /assets/images/accesson.php HTTP/1.1" 200 9 "http://dks.welbornwebsites.com/assets/images/accesson.php" "Mozilla/5.0 (X11; Linux i686; rv:46.0) Gecko/20100101 Firefox/46.0"
109.206.241.10 - - [10/Sep/2026:01:02:47 -0700] "GET /assets/images/8d97478fefindex.php HTTP/1.1" 200 6495 "http://dks.welbornwebsites.com/assets/images/accesson.php" "Mozilla/5.0 (X11; Linux i686; rv:46.0) Gecko/20100101 Firefox/46.0"
109.206.241.10 - - [10/Sep/2026:01:02:48 -0700] "GET /assets/images/8d97478fefindex.php HTTP/1.1" 200 6495 "http://dks.welbornwebsites.com/assets/images/8d97478fefindex.php" "Mozilla/5.0 (X11; Linux i686; rv:46.0) Gecko/20100101 Firefox/46.0"
109.206.241.10 - - [10/Sep/2026:01:02:48 -0700] "GET /assets/images/8d97478fefindex.php HTTP/1.1" 200 6495 "http://dks.welbornwebsites.com/assets/images/8d97478fefindex.php" "Mozilla/5.0 (X11; Linux i686; rv:46.0) Gecko/20100101 Firefox/46.0"