49.37.128.250 - - [09/Sep/2026:20:59:46 -0700] "POST /xmlrpc.php HTTP/1.1" 200 403 "-" "Mozilla/5.0 (Windows NT 6.2; x86) AppleWebKit/537.36 (KHTML, like Gecko) Edge/80.0.0.0 Safari/537.36"
38.134.139.167 - - [09/Sep/2026:20:59:49 -0700] "POST /xmlrpc.php HTTP/1.1" 200 403 "-" "WordPress.com; https://wordpress.com"
38.134.139.167 - - [09/Sep/2026:21:00:00 -0700] "POST /xmlrpc.php HTTP/1.1" 200 403 "-" "Jetpack by WordPress.com (Jetpack 12.0; WordPress 6.2)"
144.208.65.39 - - [09/Sep/2026:21:00:21 -0700] "POST /wp-cron.php?doing_wp_cron=1789012821.9023981094360351562500 HTTP/1.1" 200 - "-" "WordPress/6.6.7; https://dunbarconstructioninc.com"
98.84.70.201 - - [09/Sep/2026:21:00:21 -0700] "GET /feed/ HTTP/1.1" 200 1140 "-" "Mozilla/5.0 AppleWebKit/537.36 (KHTML, like Gecko; compatible; Amazonbot/0.1; +https://developer.amazon.com/support/amazonbot) Chrome/119.0.6045.214 Safari/537.36"
49.37.128.250 - - [09/Sep/2026:21:00:22 -0700] "POST /xmlrpc.php HTTP/1.1" 200 403 "-" "Mozilla/5.0 (Windows NT 10.0; x64) AppleWebKit/537.36 (KHTML, like Gecko) Firefox/73.0.0.0 Safari/537.36"
49.37.128.250 - - [09/Sep/2026:21:00:43 -0700] "POST /xmlrpc.php HTTP/1.1" 200 403 "-" "Mozilla/5.0 (X11; Ubuntu; Linux x86_64; x86) AppleWebKit/537.36 (KHTML, like Gecko) Safari/10.0.0.0 Safari/537.36"
49.37.128.250 - - [09/Sep/2026:21:01:13 -0700] "POST /xmlrpc.php HTTP/1.1" 200 403 "-" "Mozilla/5.0 (Macintosh; Intel Mac OS X 10_15_7; arm64) AppleWebKit/537.36 (KHTML, like Gecko) Edge/87.0.0.0 Safari/537.36"
144.208.65.39 - - [09/Sep/2026:21:02:21 -0700] "POST /wp-cron.php?doing_wp_cron=1789012941.7009220123291015625000 HTTP/1.1" 200 - "-" "WordPress/6.6.7; https://dunbarconstructioninc.com"
49.37.128.250 - - [09/Sep/2026:21:02:21 -0700] "POST /xmlrpc.php HTTP/1.1" 200 403 "-" "Mozilla/5.0 (X11; Ubuntu; Linux x86_64; x64) AppleWebKit/537.36 (KHTML, like Gecko) Firefox/89.0.0.0 Safari/537.36"
49.37.128.250 - - [09/Sep/2026:21:02:39 -0700] "POST /xmlrpc.php HTTP/1.1" 200 403 "-" "Mozilla/5.0 (Windows NT 10.0; arm64) AppleWebKit/537.36 (KHTML, like Gecko) Firefox/83.0.0.0 Safari/537.36"
49.37.128.250 - - [09/Sep/2026:21:02:57 -0700] "POST /xmlrpc.php HTTP/1.1" 200 403 "-" "Mozilla/5.0 (Macintosh; Intel Mac OS X 10_15_7; arm64) AppleWebKit/537.36 (KHTML, like Gecko) Opera/77.0.0.0 Safari/537.36"
49.37.128.250 - - [09/Sep/2026:21:03:34 -0700] "POST /xmlrpc.php HTTP/1.1" 200 403 "-" "Mozilla/5.0 (Windows NT 6.3; x64) AppleWebKit/537.36 (KHTML, like Gecko) Safari/14.0.0.0 Safari/537.36"
49.37.128.250 - - [09/Sep/2026:21:04:07 -0700] "POST /xmlrpc.php HTTP/1.1" 200 403 "-" "Mozilla/5.0 (Windows NT 6.3; x64) AppleWebKit/537.36 (KHTML, like Gecko) Opera/77.0.0.0 Safari/537.36"
144.208.65.39 - - [09/Sep/2026:21:04:59 -0700] "POST /wp-cron.php?doing_wp_cron=1789013099.9776411056518554687500 HTTP/1.1" 200 - "-" "WordPress/6.6.7; https://dunbarconstructioninc.com"
49.37.128.250 - - [09/Sep/2026:21:04:59 -0700] "POST /xmlrpc.php HTTP/1.1" 200 403 "-" "Mozilla/5.0 (Windows NT 6.2; x86) AppleWebKit/537.36 (KHTML, like Gecko) Edge/91.0.0.0 Safari/537.36"
144.208.65.39 - - [09/Sep/2026:21:05:26 -0700] "POST /wp-cron.php?doing_wp_cron=1789013126.9363999366760253906250 HTTP/1.1" 200 - "-" "WordPress/6.6.7; https://dunbarconstructioninc.com"
49.37.128.250 - - [09/Sep/2026:21:05:26 -0700] "POST /xmlrpc.php HTTP/1.1" 200 403 "-" "Mozilla/5.0 (Windows NT 10.0; arm64) AppleWebKit/537.36 (KHTML, like Gecko) Safari/13.0.0.0 Safari/537.36"
49.37.128.250 - - [09/Sep/2026:21:05:44 -0700] "POST /xmlrpc.php HTTP/1.1" 200 403 "-" "Mozilla/5.0 (Windows NT 6.3; x64) AppleWebKit/537.36 (KHTML, like Gecko) Firefox/95.0.0.0 Safari/537.36"
49.37.128.250 - - [09/Sep/2026:21:06:02 -0700] "POST /xmlrpc.php HTTP/1.1" 200 403 "-" "Mozilla/5.0 (Windows NT 10.0; x86) AppleWebKit/537.36 (KHTML, like Gecko) Edge/98.0.0.0 Safari/537.36"
144.208.65.39 - - [09/Sep/2026:21:06:21 -0700] "POST /wp-cron.php?doing_wp_cron=1789013181.6087338924407958984375 HTTP/1.1" 200 - "-" "WordPress/6.6.7; https://dunbarconstructioninc.com"
49.37.128.250 - - [09/Sep/2026:21:06:21 -0700] "POST /xmlrpc.php HTTP/1.1" 200 403 "-" "Mozilla/5.0 (Macintosh; Intel Mac OS X 10_15_7; x64) AppleWebKit/537.36 (KHTML, like Gecko) Opera/69.0.0.0 Safari/537.36"
49.37.128.250 - - [09/Sep/2026:21:06:40 -0700] "POST /xmlrpc.php HTTP/1.1" 200 403 "-" "Mozilla/5.0 (Linux; Android 10; arm64) AppleWebKit/537.36 (KHTML, like Gecko) Chrome/106.0.0.0 Safari/537.36"
49.37.128.250 - - [09/Sep/2026:21:06:59 -0700] "POST /xmlrpc.php HTTP/1.1" 200 403 "-" "Mozilla/5.0 (Linux; Android 10; x86) AppleWebKit/537.36 (KHTML, like Gecko) Chrome/97.0.0.0 Safari/537.36"
144.208.65.39 - - [09/Sep/2026:21:14:54 -0700] "POST /wp-cron.php?doing_wp_cron=1789013694.2290930747985839843750 HTTP/1.1" 200 - "-" "WordPress/6.6.7; https://dunbarconstructioninc.com"
45.76.92.236 - - [09/Sep/2026:21:14:53 -0700] "GET /file.php HTTP/1.1" 404 39792 "-" "Mozilla/5.0 (X11; Linux x86_64) AppleWebKit/537.36 (KHTML, like Gecko) Chrome/143.0.0.0 Safari/537.36"
144.208.65.39 - - [09/Sep/2026:21:15:22 -0700] "POST /wp-cron.php?doing_wp_cron=1789013722.7682840824127197265625 HTTP/1.1" 200 - "-" "WordPress/6.6.7; https://dunbarconstructioninc.com"
49.37.128.250 - - [09/Sep/2026:21:15:22 -0700] "POST /xmlrpc.php HTTP/1.1" 200 403 "-" "Mozilla/5.0 (Windows NT 10.0; x64) AppleWebKit/537.36 (KHTML, like Gecko) Chrome/88.0.0.0 Safari/537.36"
49.37.128.250 - - [09/Sep/2026:21:15:46 -0700] "POST /xmlrpc.php HTTP/1.1" 200 403 "-" "Mozilla/5.0 (Windows NT 6.2; x64) AppleWebKit/537.36 (KHTML, like Gecko) Opera/74.0.0.0 Safari/537.36"
49.37.128.250 - - [09/Sep/2026:21:16:04 -0700] "POST /xmlrpc.php HTTP/1.1" 200 403 "-" "Mozilla/5.0 (Windows NT 10.0; x64) AppleWebKit/537.36 (KHTML, like Gecko) Firefox/89.0.0.0 Safari/537.36"
144.208.65.39 - - [09/Sep/2026:21:16:22 -0700] "POST /wp-cron.php?doing_wp_cron=1789013782.0256218910217285156250 HTTP/1.1" 200 - "-" "WordPress/6.6.7; https://dunbarconstructioninc.com"
49.37.128.250 - - [09/Sep/2026:21:16:21 -0700] "POST /xmlrpc.php HTTP/1.1" 200 403 "-" "Mozilla/5.0 (Windows NT 6.2; x64) AppleWebKit/537.36 (KHTML, like Gecko) Chrome/95.0.0.0 Safari/537.36"
49.37.128.250 - - [09/Sep/2026:21:16:38 -0700] "POST /xmlrpc.php HTTP/1.1" 200 403 "-" "Mozilla/5.0 (Linux; Android 10; x86) AppleWebKit/537.36 (KHTML, like Gecko) Opera/80.0.0.0 Safari/537.36"
49.37.128.250 - - [09/Sep/2026:21:16:55 -0700] "POST /xmlrpc.php HTTP/1.1" 200 403 "-" "Mozilla/5.0 (X11; Ubuntu; Linux x86_64; x86) AppleWebKit/537.36 (KHTML, like Gecko) Edge/95.0.0.0 Safari/537.36"
49.37.128.250 - - [09/Sep/2026:21:17:16 -0700] "POST /xmlrpc.php HTTP/1.1" 200 403 "-" "Mozilla/5.0 (Macintosh; Intel Mac OS X 10_15_7; arm64) AppleWebKit/537.36 (KHTML, like Gecko) Opera/62.0.0.0 Safari/537.36"
49.37.128.250 - - [09/Sep/2026:21:17:34 -0700] "POST /xmlrpc.php HTTP/1.1" 200 403 "-" "Mozilla/5.0 (Linux; Android 10; arm64) AppleWebKit/537.36 (KHTML, like Gecko) Safari/10.0.0.0 Safari/537.36"
49.37.128.250 - - [09/Sep/2026:21:17:54 -0700] "POST /xmlrpc.php HTTP/1.1" 200 403 "-" "Mozilla/5.0 (Windows NT 6.2; x64) AppleWebKit/537.36 (KHTML, like Gecko) Chrome/82.0.0.0 Safari/537.36"
49.37.128.250 - - [09/Sep/2026:21:18:13 -0700] "POST /xmlrpc.php HTTP/1.1" 200 403 "-" "Mozilla/5.0 (Windows NT 6.3; x86) AppleWebKit/537.36 (KHTML, like Gecko) Opera/66.0.0.0 Safari/537.36"
144.208.65.39 - - [09/Sep/2026:21:18:30 -0700] "POST /wp-cron.php?doing_wp_cron=1789013910.8488380908966064453125 HTTP/1.1" 200 - "-" "WordPress/6.6.7; https://dunbarconstructioninc.com"
49.37.128.250 - - [09/Sep/2026:21:18:30 -0700] "POST /xmlrpc.php HTTP/1.1" 200 403 "-" "Mozilla/5.0 (Windows NT 10.0; arm64) AppleWebKit/537.36 (KHTML, like Gecko) Firefox/80.0.0.0 Safari/537.36"
49.37.128.250 - - [09/Sep/2026:21:18:47 -0700] "POST /xmlrpc.php HTTP/1.1" 200 403 "-" "Mozilla/5.0 (X11; Ubuntu; Linux x86_64; x64) AppleWebKit/537.36 (KHTML, like Gecko) Opera/79.0.0.0 Safari/537.36"
49.37.128.250 - - [09/Sep/2026:21:19:04 -0700] "POST /xmlrpc.php HTTP/1.1" 200 403 "-" "Mozilla/5.0 (Windows NT 6.3; x86) AppleWebKit/537.36 (KHTML, like Gecko) Edge/97.0.0.0 Safari/537.36"
144.208.65.39 - - [09/Sep/2026:21:20:40 -0700] "POST /wp-cron.php?doing_wp_cron=1789014040.7419269084930419921875 HTTP/1.1" 200 - "-" "WordPress/6.6.7; https://dunbarconstructioninc.com"
51.68.163.208 - - [09/Sep/2026:21:20:40 -0700] "GET /wp-content/plugins/wp-content-filter/wp-content-filter.php?k=woo2026 HTTP/1.1" 404 39792 "-" "Mozilla/5.0 (Macintosh; Intel Mac OS X 10_15_7) AppleWebKit/537.36 (KHTML, like Gecko) Chrome/146.0.0.0 Safari/537.36"
51.68.163.208 - - [09/Sep/2026:21:20:41 -0700] "GET /wp-content/plugins/wp-content-filter/wp-content-filter.php?k=woo2026 HTTP/1.1" 404 39855 "-" "Mozilla/5.0 (Windows NT 10.0; Win64; x64; rv:149.0) Gecko/20100101 Firefox/149.0"
51.68.163.208 - - [09/Sep/2026:21:20:48 -0700] "GET /wp-content/plugins/cidaas-pro-master/composer.json HTTP/1.1" 404 39792 "-" "Mozilla/5.0 (Windows NT 10.0; Win64; x64) AppleWebKit/537.36 (KHTML, like Gecko) Chrome/147.0.0.0 Safari/537.36"
51.68.163.208 - - [09/Sep/2026:21:20:49 -0700] "GET /wp-content/plugins/cidaas-pro-master/composer.json HTTP/1.1" 404 39855 "-" "Mozilla/5.0 (X11; Linux x86_64) AppleWebKit/537.36 (KHTML, like Gecko) Chrome/148.0.0.0 Safari/537.36"
144.208.65.39 - - [09/Sep/2026:21:27:25 -0700] "POST /wp-cron.php?doing_wp_cron=1789014445.6013510227203369140625 HTTP/1.1" 200 - "-" "WordPress/6.6.7; https://dunbarconstructioninc.com"
149.88.24.187 - - [09/Sep/2026:21:27:25 -0700] "GET /products-and-services HTTP/1.1" 301 - "-" "Mozilla/5.0 (Windows NT 10.0; Win64; x64) AppleWebKit/537.36 (KHTML, like Gecko) Chrome/126.0 Safari/537.36"
149.88.24.187 - - [09/Sep/2026:21:27:26 -0700] "GET /products-and-services/ HTTP/1.1" 200 56050 "-" "Mozilla/5.0 (Windows NT 10.0; Win64; x64) AppleWebKit/537.36 (KHTML, like Gecko) Chrome/126.0 Safari/537.36"
149.88.24.187 - - [09/Sep/2026:21:27:27 -0700] "GET /about-us HTTP/1.1" 301 - "-" "Mozilla/5.0 (Windows NT 10.0; Win64; x64) AppleWebKit/537.36 (KHTML, like Gecko) Chrome/126.0 Safari/537.36"
149.88.24.187 - - [09/Sep/2026:21:27:28 -0700] "GET /about-us/ HTTP/1.1" 200 59042 "-" "Mozilla/5.0 (Windows NT 10.0; Win64; x64) AppleWebKit/537.36 (KHTML, like Gecko) Chrome/126.0 Safari/537.36"
209.141.52.196 - - [09/Sep/2026:21:35:44 -0700] "GET /wp-login.php HTTP/1.1" 200 6218 "-" "Mozilla/5.0 (compatible; MSIE 9.0; Windows NT 6.1; WOW64; Trident/5.0)"
209.141.52.196 - - [09/Sep/2026:21:35:45 -0700] "POST /wp-login.php HTTP/1.1" 200 6727 "-" "Mozilla/5.0 (compatible; MSIE 9.0; Windows NT 6.1; WOW64; Trident/5.0)"
144.208.65.39 - - [09/Sep/2026:21:38:38 -0700] "POST /wp-cron.php?doing_wp_cron=1789015118.9096879959106445312500 HTTP/1.1" 200 - "-" "WordPress/6.6.7; https://dunbarconstructioninc.com"
45.61.187.148 - - [09/Sep/2026:21:38:38 -0700] "GET /wp-login.php HTTP/1.1" 200 6218 "-" "Mozilla/5.0 (Linux; Android 14; SM-G998B) AppleWebKit/537.36 (KHTML, like Gecko) Chrome/121.0.0.0 Mobile Safari/537.36"
45.61.187.148 - - [09/Sep/2026:21:38:40 -0700] "POST /wp-login.php HTTP/1.1" 200 6711 "-" "Mozilla/5.0 (Linux; Android 14; SM-G998B) AppleWebKit/537.36 (KHTML, like Gecko) Chrome/121.0.0.0 Mobile Safari/537.36"
144.208.65.39 - - [09/Sep/2026:21:46:46 -0700] "POST /wp-cron.php?doing_wp_cron=1789015606.4391500949859619140625 HTTP/1.1" 200 - "-" "WordPress/6.6.7; https://dunbarconstructioninc.com"
209.141.37.250 - - [09/Sep/2026:21:46:46 -0700] "GET /wp-login.php HTTP/1.1" 200 6218 "-" "Mozilla/5.0 (Windows NT 10.0; Win64; x64; rv:121.0) Gecko/20100101 Firefox/121.0"
74.7.244.52 - - [09/Sep/2026:21:47:05 -0700] "GET /robots.txt HTTP/1.1" 200 126 "-" "Mozilla/5.0 (Macintosh; Intel Mac OS X 10_15_7) AppleWebKit/537.36 (KHTML, like Gecko) Chrome/131.0.0.0 Safari/537.36; compatible; OAI-SearchBot/1.4; robots.txt; +https://openai.com/searchbot"
74.7.227.46 - - [09/Sep/2026:21:47:05 -0700] "GET / HTTP/1.1" 301 - "-" "Mozilla/5.0 AppleWebKit/537.36 (KHTML, like Gecko; compatible; GPTBot/1.4; +https://openai.com/gptbot)"
209.141.37.250 - - [09/Sep/2026:21:47:05 -0700] "POST /wp-login.php HTTP/1.1" 200 6727 "-" "Mozilla/5.0 (Windows NT 10.0; Win64; x64; rv:121.0) Gecko/20100101 Firefox/121.0"
51.68.163.208 - - [09/Sep/2026:21:49:42 -0700] "GET /blog-verify HTTP/1.1" 404 39792 "-" "Mozilla/5.0 (X11; Linux x86_64; rv:150.0) Gecko/20100101 Firefox/150.0"
51.68.163.208 - - [09/Sep/2026:21:49:44 -0700] "GET /blog-verify HTTP/1.1" 404 39855 "-" "Mozilla/5.0 (Windows NT 10.0; Win64; x64) AppleWebKit/537.36 (KHTML, like Gecko) Chrome/149.0.0.0 Safari/537.36"
144.208.65.39 - - [09/Sep/2026:21:51:02 -0700] "POST /wp-cron.php?doing_wp_cron=1789015862.1607699394226074218750 HTTP/1.1" 200 - "-" "WordPress/6.6.7; https://dunbarconstructioninc.com"
194.61.28.204 - - [09/Sep/2026:21:51:01 -0700] "GET / HTTP/1.1" 301 - "-" "Mozilla/5.0 (X11; Linux x86_64) AppleWebKit/537.36 (KHTML, like Gecko) Chrome/125.0.0.0 Safari/537.36"
194.61.28.204 - - [09/Sep/2026:21:51:05 -0700] "GET / HTTP/1.1" 200 74104 "-" "Mozilla/5.0 (X11; Linux x86_64) AppleWebKit/537.36 (KHTML, like Gecko) Chrome/125.0.0.0 Safari/537.36"
144.208.65.39 - - [09/Sep/2026:21:52:26 -0700] "POST /wp-cron.php?doing_wp_cron=1789015946.8721239566802978515625 HTTP/1.1" 200 - "-" "WordPress/6.6.7; https://dunbarconstructioninc.com"
209.141.37.195 - - [09/Sep/2026:21:52:26 -0700] "GET /wp-login.php HTTP/1.1" 200 6218 "-" "Mozilla/5.0 (Macintosh; Intel Mac OS X 10_9_4) AppleWebKit/537.36 (KHTML, like Gecko) Chrome/36.0.1985.143 Safari/537.36"
209.141.37.195 - - [09/Sep/2026:21:52:27 -0700] "POST /wp-login.php HTTP/1.1" 200 6711 "-" "Mozilla/5.0 (Macintosh; Intel Mac OS X 10_9_4) AppleWebKit/537.36 (KHTML, like Gecko) Chrome/36.0.1985.143 Safari/537.36"
209.141.55.190 - - [09/Sep/2026:21:53:57 -0700] "GET /wp-login.php HTTP/1.1" 200 6218 "-" "Mozilla/5.0 (Macintosh; Intel Mac OS X 10_9_2) AppleWebKit/537.75.14 (KHTML, like Gecko) Version/7.0.3 Safari/537.75.14"
144.208.65.39 - - [09/Sep/2026:21:54:42 -0700] "POST /wp-cron.php?doing_wp_cron=1789016081.9794080257415771484375 HTTP/1.1" 200 - "-" "WordPress/6.6.7; https://dunbarconstructioninc.com"
91.234.25.218 - - [09/Sep/2026:21:54:41 -0700] "GET /wp-login.php HTTP/1.1" 200 6218 "-" "Mozilla/5.0 (Windows NT 10.0; Win64; x64) AppleWebKit/537.36 (KHTML, like Gecko) Chrome/150.0.0.0 Safari/537.36"
209.141.55.190 - - [09/Sep/2026:21:54:43 -0700] "POST /wp-login.php HTTP/1.1" 200 6711 "-" "Mozilla/5.0 (Macintosh; Intel Mac OS X 10_9_2) AppleWebKit/537.75.14 (KHTML, like Gecko) Version/7.0.3 Safari/537.75.14"
146.158.126.112 - - [09/Sep/2026:21:54:49 -0700] "POST /wp-login.php HTTP/1.1" 200 6693 "https://dunbarconstructioninc.welbornwebsites.com/wp-login.php" "Mozilla/5.0 (Windows NT 10.0; Win64; x64) AppleWebKit/537.36 (KHTML, like Gecko) Chrome/150.0.0.0 Safari/537.36"
66.249.66.77 - - [09/Sep/2026:22:23:58 -0700] "GET /robots.txt HTTP/1.1" 301 - "-" "Mozilla/5.0 (compatible; Googlebot/2.1; +http://www.google.com/bot.html)"
66.249.66.193 - - [09/Sep/2026:22:23:58 -0700] "GET /robots.txt HTTP/1.1" 200 126 "-" "Mozilla/5.0 (compatible; Googlebot/2.1; +http://www.google.com/bot.html)"
144.208.65.39 - - [09/Sep/2026:22:32:42 -0700] "POST /wp-cron.php?doing_wp_cron=1789018362.8503479957580566406250 HTTP/1.1" 200 - "-" "WordPress/6.6.7; https://dunbarconstructioninc.com"
45.61.187.30 - - [09/Sep/2026:22:32:42 -0700] "GET /wp-login.php HTTP/1.1" 200 6218 "-" "Mozilla/5.0 (iPhone; CPU iPhone OS 18_7 like Mac OS X) AppleWebKit/605.1.15 (KHTML, like Gecko) CriOS/146.0.0.0 Mobile/15E148 Safari/604.1"
45.61.187.30 - - [09/Sep/2026:22:33:16 -0700] "POST /wp-login.php HTTP/1.1" 200 6727 "-" "Mozilla/5.0 (iPhone; CPU iPhone OS 18_7 like Mac OS X) AppleWebKit/605.1.15 (KHTML, like Gecko) CriOS/146.0.0.0 Mobile/15E148 Safari/604.1"
144.208.65.39 - - [09/Sep/2026:22:36:58 -0700] "POST /wp-cron.php?doing_wp_cron=1789018618.1779060363769531250000 HTTP/1.1" 200 - "-" "WordPress/6.6.7; https://dunbarconstructioninc.com"
138.84.137.226 - - [09/Sep/2026:22:36:57 -0700] "HEAD / HTTP/1.1" 200 - "-" "Mozilla/5.0 (Windows NT 10.0; Win64; x64) AppleWebKit/537.36 (KHTML, like Gecko) Chrome/58.0.3029.110 Safari/537.3"
144.208.65.39 - - [09/Sep/2026:22:41:12 -0700] "POST /wp-cron.php?doing_wp_cron=1789018872.8876020908355712890625 HTTP/1.1" 200 - "-" "WordPress/6.6.7; https://dunbarconstructioninc.com"
216.73.217.154 - - [09/Sep/2026:22:41:12 -0700] "GET /robots.txt HTTP/1.1" 200 126 "-" "Mozilla/5.0 AppleWebKit/537.36 (KHTML, like Gecko; compatible; ClaudeBot/1.0; +claudebot@anthropic.com)"
216.73.217.154 - - [09/Sep/2026:22:41:13 -0700] "GET /wp-sitemap.xml HTTP/1.1" 200 310 "-" "Mozilla/5.0 AppleWebKit/537.36 (KHTML, like Gecko; compatible; ClaudeBot/1.0; +claudebot@anthropic.com)"
144.208.65.39 - - [09/Sep/2026:22:47:13 -0700] "POST /wp-cron.php?doing_wp_cron=1789019233.1389720439910888671875 HTTP/1.1" 200 - "-" "WordPress/6.6.7; https://dunbarconstructioninc.com"
109.255.145.175 - - [09/Sep/2026:22:47:12 -0700] "GET /wp-login.php HTTP/1.1" 200 6218 "-" "Mozilla/5.0 (Windows NT 10.0; Win64; x64) AppleWebKit/537.36 (KHTML, like Gecko) Chrome/150.0.0.0 Safari/537.36"
51.187.34.152 - - [09/Sep/2026:22:47:16 -0700] "POST /wp-login.php HTTP/1.1" 200 6693 "https://dunbarconstructioninc.welbornwebsites.com/wp-login.php" "Mozilla/5.0 (Windows NT 10.0; Win64; x64) AppleWebKit/537.36 (KHTML, like Gecko) Chrome/150.0.0.0 Safari/537.36"
198.98.59.181 - - [09/Sep/2026:22:47:38 -0700] "GET /wp-login.php HTTP/1.1" 200 6218 "-" "Mozilla/5.0 (iPhone; CPU iPhone OS 16_0 like Mac OS X)"
198.98.59.181 - - [09/Sep/2026:22:47:39 -0700] "POST /wp-login.php HTTP/1.1" 200 6727 "-" "Mozilla/5.0 (iPhone; CPU iPhone OS 16_0 like Mac OS X)"
144.208.65.39 - - [09/Sep/2026:23:04:33 -0700] "POST /wp-cron.php?doing_wp_cron=1789020273.5447070598602294921875 HTTP/1.1" 200 - "-" "WordPress/6.6.7; https://dunbarconstructioninc.com"
45.61.187.30 - - [09/Sep/2026:23:04:33 -0700] "GET /wp-login.php HTTP/1.1" 200 6218 "-" "Mozilla/5.0 (Linux; Android 13; Pixel 7) AppleWebKit/537.36 (KHTML, like Gecko) Chrome/120.0.0.0 Mobile Safari/537.36"
144.208.65.39 - - [09/Sep/2026:23:05:19 -0700] "POST /wp-cron.php?doing_wp_cron=1789020319.0362119674682617187500 HTTP/1.1" 200 - "-" "WordPress/6.6.7; https://dunbarconstructioninc.com"
45.61.187.30 - - [09/Sep/2026:23:05:18 -0700] "POST /wp-login.php HTTP/1.1" 200 6711 "-" "Mozilla/5.0 (Linux; Android 13; Pixel 7) AppleWebKit/537.36 (KHTML, like Gecko) Chrome/120.0.0.0 Mobile Safari/537.36"
45.196.236.77 - - [09/Sep/2026:23:19:59 -0700] "GET /a676d/index.php HTTP/1.1" 200 6132 "-" "Mozilla/5.0 (Windows NT 10.0; Win64; x64) AppleWebKit/537.36 (KHTML, like Gecko) Chrome/152.0.0.0 Safari/537.36"
144.208.65.39 - - [09/Sep/2026:23:21:21 -0700] "POST /wp-cron.php?doing_wp_cron=1789021281.2166650295257568359375 HTTP/1.1" 200 - "-" "WordPress/6.6.7; https://dunbarconstructioninc.com"
94.154.43.122 - - [09/Sep/2026:23:21:20 -0700] "GET /.env HTTP/1.1" 404 39792 "-" "Mozilla/5.0 (Windows NT 10.0; Win64; x64) AppleWebKit/537.36 (KHTML, like Gecko) Chrome/147.0.0.0 Safari/537.36"
94.154.43.135 - - [09/Sep/2026:23:21:24 -0700] "GET /.env HTTP/1.1" 404 39855 "-" "Mozilla/5.0 (Windows NT 10.0; Win64; x64) AppleWebKit/537.36 (KHTML, like Gecko) Chrome/147.0.0.0 Safari/537.36"
144.208.65.39 - - [09/Sep/2026:23:22:23 -0700] "POST /wp-cron.php?doing_wp_cron=1789021343.1425321102142333984375 HTTP/1.1" 200 - "-" "WordPress/6.6.7; https://dunbarconstructioninc.com"
205.210.31.74 - - [09/Sep/2026:23:22:22 -0700] "GET /wp-json/ HTTP/1.1" 200 187540 "-" "Hello from Palo Alto Networks, find out more about our scans in https://docs-cortex.paloaltonetworks.com/r/1/Cortex-Xpanse/Scanning-activity"
205.210.31.15 - - [09/Sep/2026:23:22:42 -0700] "GET /?rest_route=/wp/v2/users HTTP/1.1" 200 622 "-" "Hello from Palo Alto Networks, find out more about our scans in https://docs-cortex.paloaltonetworks.com/r/1/Cortex-Xpanse/Scanning-activity"
147.185.132.21 - - [09/Sep/2026:23:23:47 -0700] "GET /wp-login.php HTTP/1.1" 200 6218 "-" "Hello from Palo Alto Networks, find out more about our scans in https://docs-cortex.paloaltonetworks.com/r/1/Cortex-Xpanse/Scanning-activity"
144.208.65.39 - - [09/Sep/2026:23:24:31 -0700] "POST /wp-cron.php?doing_wp_cron=1789021471.8193919658660888671875 HTTP/1.1" 200 - "-" "WordPress/6.6.7; https://dunbarconstructioninc.com"
205.210.31.174 - - [09/Sep/2026:23:24:31 -0700] "GET /wp-json/wp/v2/users HTTP/1.1" 200 622 "-" "Hello from Palo Alto Networks, find out more about our scans in https://docs-cortex.paloaltonetworks.com/r/1/Cortex-Xpanse/Scanning-activity"
205.210.31.2 - - [09/Sep/2026:23:24:49 -0700] "GET /xmlrpc.php HTTP/1.1" 405 42 "-" "Hello from Palo Alto Networks, find out more about our scans in https://docs-cortex.paloaltonetworks.com/r/1/Cortex-Xpanse/Scanning-activity"
209.141.33.142 - - [09/Sep/2026:23:30:14 -0700] "GET /wp-login.php HTTP/1.1" 200 6218 "-" "Mozilla/5.0 (Windows NT 6.1; WOW64) AppleWebKit/537.36 (KHTML, like Gecko) Chrome/35.0.1916.153 Safari/537.36"
144.208.65.39 - - [09/Sep/2026:23:30:34 -0700] "POST /wp-cron.php?doing_wp_cron=1789021834.1713080406188964843750 HTTP/1.1" 200 - "-" "WordPress/6.6.7; https://dunbarconstructioninc.com"
209.141.33.142 - - [09/Sep/2026:23:30:33 -0700] "POST /wp-login.php HTTP/1.1" 200 6711 "-" "Mozilla/5.0 (Windows NT 6.1; WOW64) AppleWebKit/537.36 (KHTML, like Gecko) Chrome/35.0.1916.153 Safari/537.36"
129.227.235.105 - - [09/Sep/2026:23:30:43 -0700] "GET /a676d/index.php HTTP/1.1" 200 6134 "-" "Mozilla/5.0 (Windows NT 10.0; Win64; x64) AppleWebKit/537.36 (KHTML, like Gecko) Chrome/152.0.0.0 Safari/537.36"
129.227.235.105 - - [09/Sep/2026:23:31:10 -0700] "GET /favicon.ico HTTP/1.1" 302 - "https://dunbarconstructioninc.com/a676d/index.php" "Mozilla/5.0 (Windows NT 10.0; Win64; x64) AppleWebKit/537.36 (KHTML, like Gecko) Chrome/152.0.0.0 Safari/537.36"
129.227.235.105 - - [09/Sep/2026:23:31:11 -0700] "GET /wp-content/uploads/2020/05/cropped-DC-logo-front-32x32.png HTTP/1.1" 200 1096 "https://dunbarconstructioninc.com/a676d/index.php" "Mozilla/5.0 (Windows NT 10.0; Win64; x64) AppleWebKit/537.36 (KHTML, like Gecko) Chrome/152.0.0.0 Safari/537.36"
129.227.235.101 - - [09/Sep/2026:23:31:39 -0700] "GET /a676d/index.php?path=/home/welbornwebsites/dunbarconstructioninc.com HTTP/1.1" 200 44725 "https://dunbarconstructioninc.com/a676d/index.php" "Mozilla/5.0 (Windows NT 10.0; Win64; x64) AppleWebKit/537.36 (KHTML, like Gecko) Chrome/152.0.0.0 Safari/537.36"
129.227.235.105 - - [09/Sep/2026:23:35:36 -0700] "POST /a676d/index.php?path=/home/welbornwebsites/dunbarconstructioninc.com HTTP/1.1" 200 44850 "https://dunbarconstructioninc.com/a676d/index.php?path=/home/welbornwebsites/dunbarconstructioninc.com" "Mozilla/5.0 (Windows NT 10.0; Win64; x64) AppleWebKit/537.36 (KHTML, like Gecko) Chrome/152.0.0.0 Safari/537.36"
129.227.235.101 - - [09/Sep/2026:23:35:37 -0700] "GET /a676d/index.php?path=/home/welbornwebsites/dunbarconstructioninc.com HTTP/1.1" 200 45767 "https://dunbarconstructioninc.com/a676d/index.php?path=/home/welbornwebsites/dunbarconstructioninc.com" "Mozilla/5.0 (Windows NT 10.0; Win64; x64) AppleWebKit/537.36 (KHTML, like Gecko) Chrome/152.0.0.0 Safari/537.36"
129.227.235.105 - - [09/Sep/2026:23:37:58 -0700] "POST /wp-conffq.php HTTP/1.1" 200 73385 "https://mozv6e.ncndwx.top/" "Mozilla/5.0 (Windows NT 10.0; Win64; x64) AppleWebKit/537.36 (KHTML, like Gecko) Chrome/152.0.0.0 Safari/537.36"
129.227.235.101 - - [09/Sep/2026:23:38:24 -0700] "POST /wp-conffq.php?path=/home/welbornwebsites/dunbarconstructioninc.com/wp-conffq.php HTTP/1.1" 200 74080 "https://dunbarconstructioninc.com/wp-conffq.php" "Mozilla/5.0 (Windows NT 10.0; Win64; x64) AppleWebKit/537.36 (KHTML, like Gecko) Chrome/152.0.0.0 Safari/537.36"
129.227.235.101 - - [09/Sep/2026:23:38:57 -0700] "GET /wp-content/themes/twentytwenty/inc/wp-blog-header.php HTTP/1.1" 200 - "-" "googlebot,bot,google"
129.227.235.105 - - [09/Sep/2026:23:39:01 -0700] "GET /favicon.ico HTTP/1.1" 500 55 "https://dunbarconstructioninc.com/wp-content/themes/twentytwenty/inc/wp-blog-header.php" "googlebot,bot,google"
144.208.65.39 - - [09/Sep/2026:23:39:09 -0700] "POST /wp-cron.php?doing_wp_cron=1789022349.3617839813232421875000 HTTP/1.1" 404 39792 "-" "WordPress/6.6.7; https://dunbarconstructioninc.com"
198.98.54.225 - - [09/Sep/2026:23:39:08 -0700] "GET /wp-login.php HTTP/1.1" 200 6218 "-" "Mozilla/5.0 (Linux; Android 13; Pixel 7) AppleWebKit/537.36 (KHTML, like Gecko) Chrome/120.0.0.0 Mobile Safari/537.36"
129.227.235.101 - - [09/Sep/2026:23:39:24 -0700] "POST /wp-conffq.php?path=/home/welbornwebsites/dunbarconstructioninc.com/wp-conffq.php HTTP/1.1" 200 77690 "https://dunbarconstructioninc.com/wp-conffq.php?path=/home/welbornwebsites/dunbarconstructioninc.com/wp-conffq.php" "Mozilla/5.0 (Windows NT 10.0; Win64; x64) AppleWebKit/537.36 (KHTML, like Gecko) Chrome/152.0.0.0 Safari/537.36"
40.77.167.57 - - [09/Sep/2026:23:39:39 -0700] "GET /wp-sitemap-posts-page-1.xml HTTP/1.1" 200 1132418 "-" "Mozilla/5.0 AppleWebKit/537.36 (KHTML, like Gecko; compatible; bingbot/2.0; +http://www.bing.com/bingbot.htm) Chrome/116.0.1938.76 Safari/537.36"
129.227.235.105 - - [09/Sep/2026:23:40:15 -0700] "POST /wp-conffq.php?path=/home/welbornwebsites/dunbarconstructioninc.com/wp-conffq.php HTTP/1.1" 200 73495 "https://dunbarconstructioninc.com/wp-conffq.php?path=/home/welbornwebsites/dunbarconstructioninc.com/wp-conffq.php" "Mozilla/5.0 (Windows NT 10.0; Win64; x64) AppleWebKit/537.36 (KHTML, like Gecko) Chrome/152.0.0.0 Safari/537.36"
129.227.235.105 - - [09/Sep/2026:23:40:41 -0700] "POST /wp-conffq.php?path=/home/welbornwebsites/dunbarconstructioninc.com/wp-conffq.php HTTP/1.1" 200 74819 "https://dunbarconstructioninc.com/wp-conffq.php?path=/home/welbornwebsites/dunbarconstructioninc.com/wp-conffq.php" "Mozilla/5.0 (Windows NT 10.0; Win64; x64) AppleWebKit/537.36 (KHTML, like Gecko) Chrome/152.0.0.0 Safari/537.36"
144.208.65.39 - - [09/Sep/2026:23:41:32 -0700] "POST /wp-cron.php?doing_wp_cron=1789022492.1955430507659912109375 HTTP/1.1" 404 39792 "-" "WordPress/6.6.7; https://dunbarconstructioninc.com"
198.98.54.225 - - [09/Sep/2026:23:41:31 -0700] "POST /wp-login.php HTTP/1.1" 200 6711 "-" "Mozilla/5.0 (Linux; Android 13; Pixel 7) AppleWebKit/537.36 (KHTML, like Gecko) Chrome/120.0.0.0 Mobile Safari/537.36"
144.208.65.39 - - [09/Sep/2026:23:43:33 -0700] "POST /wp-cron.php?doing_wp_cron=1789022613.3092980384826660156250 HTTP/1.1" 404 39792 "-" "WordPress/6.6.7; https://dunbarconstructioninc.com"
93.164.134.125 - - [09/Sep/2026:23:43:32 -0700] "GET /wp-login.php HTTP/1.1" 200 6218 "-" "Mozilla/5.0 (Windows NT 10.0; Win64; x64) AppleWebKit/537.36 (KHTML, like Gecko) Chrome/147.0.0.0 Safari/537.36"
188.150.160.117 - - [09/Sep/2026:23:43:35 -0700] "POST /wp-login.php HTTP/1.1" 200 6693 "https://dunbarconstructioninc.com/wp-login.php" "Mozilla/5.0 (Windows NT 10.0; Win64; x64) AppleWebKit/537.36 (KHTML, like Gecko) Chrome/147.0.0.0 Safari/537.36"
129.227.235.101 - - [09/Sep/2026:23:48:22 -0700] "GET /dddsitemap.xml HTTP/1.1" 200 117 "-" "googlebot,bot,google"
129.227.235.101 - - [09/Sep/2026:23:48:25 -0700] "GET /favicon.ico HTTP/1.1" 500 55 "https://dunbarconstructioninc.com/dddsitemap.xml" "googlebot,bot,google"
129.227.235.105 - - [09/Sep/2026:23:50:10 -0700] "GET /a676d/index.php HTTP/1.1" 301 - "-" "Mozilla/5.0 (Windows NT 10.0; Win64; x64) AppleWebKit/537.36 (KHTML, like Gecko) Chrome/152.0.0.0 Safari/537.36"
129.227.235.105 - - [09/Sep/2026:23:50:11 -0700] "GET /a676d/ HTTP/1.1" 404 39792 "-" "Mozilla/5.0 (Windows NT 10.0; Win64; x64) AppleWebKit/537.36 (KHTML, like Gecko) Chrome/152.0.0.0 Safari/537.36"
129.227.235.105 - - [09/Sep/2026:23:50:12 -0700] "GET /wp-includes/css/dist/block-library/style.min.css?ver=6.6.7 HTTP/1.1" 200 112427 "https://dunbarconstructioninc.com/a676d/" "Mozilla/5.0 (Windows NT 10.0; Win64; x64) AppleWebKit/537.36 (KHTML, like Gecko) Chrome/152.0.0.0 Safari/537.36"
129.227.235.105 - - [09/Sep/2026:23:50:12 -0700] "GET /wp-content/plugins/video-backgrounds-for-siteorigin-page-builder/assets/jquery.background-video.css?ver=6.6.7 HTTP/1.1" 200 3142 "https://dunbarconstructioninc.com/a676d/" "Mozilla/5.0 (Windows NT 10.0; Win64; x64) AppleWebKit/537.36 (KHTML, like Gecko) Chrome/152.0.0.0 Safari/537.36"
129.227.235.105 - - [09/Sep/2026:23:50:12 -0700] "GET /wp-content/plugins/video-backgrounds-for-siteorigin-page-builder/assets/so_video_background.css?ver=6.6.7 HTTP/1.1" 200 831 "https://dunbarconstructioninc.com/a676d/" "Mozilla/5.0 (Windows NT 10.0; Win64; x64) AppleWebKit/537.36 (KHTML, like Gecko) Chrome/152.0.0.0 Safari/537.36"
129.227.235.105 - - [09/Sep/2026:23:50:13 -0700] "GET /wp-content/themes/vantage/fontawesome/css/font-awesome.css?ver=4.6.2 HTTP/1.1" 200 37414 "https://dunbarconstructioninc.com/a676d/" "Mozilla/5.0 (Windows NT 10.0; Win64; x64) AppleWebKit/537.36 (KHTML, like Gecko) Chrome/152.0.0.0 Safari/537.36"
129.227.235.105 - - [09/Sep/2026:23:50:13 -0700] "GET /wp-content/themes/vantage/inc/mobilenav/css/mobilenav.css?ver=1.20.25 HTTP/1.1" 200 2701 "https://dunbarconstructioninc.com/a676d/" "Mozilla/5.0 (Windows NT 10.0; Win64; x64) AppleWebKit/537.36 (KHTML, like Gecko) Chrome/152.0.0.0 Safari/537.36"
129.227.235.105 - - [09/Sep/2026:23:50:13 -0700] "GET /wp-content/themes/vantage/style.css?ver=1.20.25 HTTP/1.1" 200 94274 "https://dunbarconstructioninc.com/a676d/" "Mozilla/5.0 (Windows NT 10.0; Win64; x64) AppleWebKit/537.36 (KHTML, like Gecko) Chrome/152.0.0.0 Safari/537.36"
129.227.235.105 - - [09/Sep/2026:23:50:13 -0700] "GET /wp-content/plugins/easy-fancybox/fancybox/1.5.4/jquery.fancybox.min.css?ver=6.6.7 HTTP/1.1" 200 5396 "https://dunbarconstructioninc.com/a676d/" "Mozilla/5.0 (Windows NT 10.0; Win64; x64) AppleWebKit/537.36 (KHTML, like Gecko) Chrome/152.0.0.0 Safari/537.36"
129.227.235.105 - - [09/Sep/2026:23:50:13 -0700] "GET /wp-includes/js/jquery/jquery.min.js?ver=3.7.1 HTTP/1.1" 200 87553 "https://dunbarconstructioninc.com/a676d/" "Mozilla/5.0 (Windows NT 10.0; Win64; x64) AppleWebKit/537.36 (KHTML, like Gecko) Chrome/152.0.0.0 Safari/537.36"
129.227.235.105 - - [09/Sep/2026:23:50:13 -0700] "GET /wp-includes/js/jquery/jquery-migrate.min.js?ver=3.4.1 HTTP/1.1" 200 13577 "https://dunbarconstructioninc.com/a676d/" "Mozilla/5.0 (Windows NT 10.0; Win64; x64) AppleWebKit/537.36 (KHTML, like Gecko) Chrome/152.0.0.0 Safari/537.36"
129.227.235.105 - - [09/Sep/2026:23:50:13 -0700] "GET /wp-content/themes/vantage/js/jquery.flexslider.min.js?ver=2.1 HTTP/1.1" 200 22946 "https://dunbarconstructioninc.com/a676d/" "Mozilla/5.0 (Windows NT 10.0; Win64; x64) AppleWebKit/537.36 (KHTML, like Gecko) Chrome/152.0.0.0 Safari/537.36"
129.227.235.105 - - [09/Sep/2026:23:50:13 -0700] "GET /wp-content/themes/vantage/js/jquery.touchSwipe.min.js?ver=1.6.6 HTTP/1.1" 200 9953 "https://dunbarconstructioninc.com/a676d/" "Mozilla/5.0 (Windows NT 10.0; Win64; x64) AppleWebKit/537.36 (KHTML, like Gecko) Chrome/152.0.0.0 Safari/537.36"
129.227.235.105 - - [09/Sep/2026:23:50:13 -0700] "GET /wp-content/themes/vantage/js/jquery.theme-main.min.js?ver=1.20.25 HTTP/1.1" 200 5947 "https://dunbarconstructioninc.com/a676d/" "Mozilla/5.0 (Windows NT 10.0; Win64; x64) AppleWebKit/537.36 (KHTML, like Gecko) Chrome/152.0.0.0 Safari/537.36"
129.227.235.105 - - [09/Sep/2026:23:50:14 -0700] "GET /wp-content/plugins/so-widgets-bundle/js/lib/jquery.fitvids.min.js?ver=1.1 HTTP/1.1" 200 2055 "https://dunbarconstructioninc.com/a676d/" "Mozilla/5.0 (Windows NT 10.0; Win64; x64) AppleWebKit/537.36 (KHTML, like Gecko) Chrome/152.0.0.0 Safari/537.36"
129.227.235.101 - - [09/Sep/2026:23:50:14 -0700] "GET /wp-content/plugins/page-scroll-to-id/js/page-scroll-to-id.min.js?ver=1.7.9 HTTP/1.1" 200 26200 "https://dunbarconstructioninc.com/a676d/" "Mozilla/5.0 (Windows NT 10.0; Win64; x64) AppleWebKit/537.36 (KHTML, like Gecko) Chrome/152.0.0.0 Safari/537.36"
129.227.235.105 - - [09/Sep/2026:23:50:14 -0700] "GET /wp-content/themes/vantage/inc/mobilenav/js/mobilenav.min.js?ver=1.20.25 HTTP/1.1" 200 3107 "https://dunbarconstructioninc.com/a676d/" "Mozilla/5.0 (Windows NT 10.0; Win64; x64) AppleWebKit/537.36 (KHTML, like Gecko) Chrome/152.0.0.0 Safari/537.36"
129.227.235.105 - - [09/Sep/2026:23:50:14 -0700] "GET /wp-content/uploads/2020/05/DC_logo_sm.png HTTP/1.1" 200 16459 "https://dunbarconstructioninc.com/a676d/" "Mozilla/5.0 (Windows NT 10.0; Win64; x64) AppleWebKit/537.36 (KHTML, like Gecko) Chrome/152.0.0.0 Safari/537.36"
129.227.235.105 - - [09/Sep/2026:23:50:14 -0700] "GET /wp-content/plugins/video-backgrounds-for-siteorigin-page-builder/assets/jquery.background-video.js?ver=1.1.1 HTTP/1.1" 200 7216 "https://dunbarconstructioninc.com/a676d/" "Mozilla/5.0 (Windows NT 10.0; Win64; x64) AppleWebKit/537.36 (KHTML, like Gecko) Chrome/152.0.0.0 Safari/537.36"
129.227.235.101 - - [09/Sep/2026:23:50:14 -0700] "GET /wp-content/plugins/easy-fancybox/vendor/jquery.mousewheel.min.js?ver=3.1.13 HTTP/1.1" 200 2609 "https://dunbarconstructioninc.com/a676d/" "Mozilla/5.0 (Windows NT 10.0; Win64; x64) AppleWebKit/537.36 (KHTML, like Gecko) Chrome/152.0.0.0 Safari/537.36"
129.227.235.105 - - [09/Sep/2026:23:50:14 -0700] "GET /wp-content/plugins/easy-fancybox/fancybox/1.5.4/jquery.fancybox.min.js?ver=6.6.7 HTTP/1.1" 200 17698 "https://dunbarconstructioninc.com/a676d/" "Mozilla/5.0 (Windows NT 10.0; Win64; x64) AppleWebKit/537.36 (KHTML, like Gecko) Chrome/152.0.0.0 Safari/537.36"
129.227.235.105 - - [09/Sep/2026:23:50:14 -0700] "GET /wp-includes/js/wp-emoji-release.min.js?ver=6.6.7 HTTP/1.1" 200 18726 "https://dunbarconstructioninc.com/a676d/" "Mozilla/5.0 (Windows NT 10.0; Win64; x64) AppleWebKit/537.36 (KHTML, like Gecko) Chrome/152.0.0.0 Safari/537.36"
129.227.235.105 - - [09/Sep/2026:23:50:15 -0700] "GET /wp-content/themes/vantage/icons/vantage-icons.woff HTTP/1.1" 200 1380 "https://dunbarconstructioninc.com/wp-content/themes/vantage/style.css?ver=1.20.25" "Mozilla/5.0 (Windows NT 10.0; Win64; x64) AppleWebKit/537.36 (KHTML, like Gecko) Chrome/152.0.0.0 Safari/537.36"
40.77.167.48 - - [10/Sep/2026:00:11:33 -0700] "GET /wp-sitemap.xml HTTP/1.1" 200 3946 "-" "Mozilla/5.0 AppleWebKit/537.36 (KHTML, like Gecko; compatible; bingbot/2.0; +http://www.bing.com/bingbot.htm) Chrome/116.0.1938.76 Safari/537.36"
144.208.65.39 - - [10/Sep/2026:00:17:29 -0700] "POST /wp-cron.php?doing_wp_cron=1789024649.3093059062957763671875 HTTP/1.1" 404 39792 "-" "WordPress/6.6.7; https://dunbarconstructioninc.com"
31.145.106.129 - - [10/Sep/2026:00:17:28 -0700] "GET /wp-login.php HTTP/1.1" 200 6218 "-" "Mozilla/5.0 (X11; Linux x86_64) AppleWebKit/537.36 (KHTML, like Gecko) Chrome/151.0.0.0 Safari/537.36"
85.108.104.241 - - [10/Sep/2026:00:17:30 -0700] "POST /wp-login.php HTTP/1.1" 200 6693 "https://dunbarconstructioninc.com/wp-login.php" "Mozilla/5.0 (X11; Linux x86_64) AppleWebKit/537.36 (KHTML, like Gecko) Chrome/151.0.0.0 Safari/537.36"
216.250.104.11 - - [10/Sep/2026:00:28:26 -0700] "GET /allsitemap.xml HTTP/1.1" 200 4105 "-" "Mozilla/5.0 (Windows NT 10.0; Win64; x64) AppleWebKit/537.36 (KHTML, like Gecko) Chrome/109.0.0.0 Safari/537.36"
216.250.104.11 - - [10/Sep/2026:00:28:30 -0700] "GET /favicon.ico HTTP/1.1" 500 55 "https://dunbarconstructioninc.com/allsitemap.xml" "Mozilla/5.0 (Windows NT 10.0; Win64; x64) AppleWebKit/537.36 (KHTML, like Gecko) Chrome/109.0.0.0 Safari/537.36"
216.250.104.11 - - [10/Sep/2026:00:29:36 -0700] "GET /?allsitemap.xml HTTP/1.1" 200 3789 "-" "Mozilla/5.0 (Windows NT 10.0; Win64; x64) AppleWebKit/537.36 (KHTML, like Gecko) Chrome/109.0.0.0 Safari/537.36"
216.250.104.11 - - [10/Sep/2026:00:29:39 -0700] "GET /favicon.ico HTTP/1.1" 500 55 "https://dunbarconstructioninc.com/?allsitemap.xml" "Mozilla/5.0 (Windows NT 10.0; Win64; x64) AppleWebKit/537.36 (KHTML, like Gecko) Chrome/109.0.0.0 Safari/537.36"
216.250.104.11 - - [10/Sep/2026:00:32:15 -0700] "GET /allsitemap.xml HTTP/1.1" 200 4104 "-" "Mozilla/5.0 (Windows NT 10.0; Win64; x64) AppleWebKit/537.36 (KHTML, like Gecko) Chrome/109.0.0.0 Safari/537.36"
216.250.104.11 - - [10/Sep/2026:00:32:17 -0700] "GET /favicon.ico HTTP/1.1" 500 55 "https://dunbarconstructioninc.com/allsitemap.xml" "Mozilla/5.0 (Windows NT 10.0; Win64; x64) AppleWebKit/537.36 (KHTML, like Gecko) Chrome/109.0.0.0 Safari/537.36"
103.84.91.5 - - [10/Sep/2026:00:34:39 -0700] "GET /sxallsitemap.xml HTTP/1.1" 200 4369 "-" "Mozilla/5.0 (Windows NT 10.0; Win64; x64) AppleWebKit/537.36 (KHTML, like Gecko) Chrome/109.0.0.0 Safari/537.36"
103.84.91.5 - - [10/Sep/2026:00:34:44 -0700] "GET /favicon.ico HTTP/1.1" 500 55 "https://www.dunbarconstructioninc.com/sxallsitemap.xml" "Mozilla/5.0 (Windows NT 10.0; Win64; x64) AppleWebKit/537.36 (KHTML, like Gecko) Chrome/109.0.0.0 Safari/537.36"
209.141.48.118 - - [10/Sep/2026:00:37:46 -0700] "GET /wp-login.php HTTP/1.1" 200 6218 "-" "Mozilla/5.0 (Macintosh; Intel Mac OS X 10_15_7) AppleWebKit/605.1.15 (KHTML, like Gecko) Version/17.1 Safari/605.1.15"
209.141.48.118 - - [10/Sep/2026:00:37:46 -0700] "POST /wp-login.php HTTP/1.1" 200 6727 "-" "Mozilla/5.0 (Macintosh; Intel Mac OS X 10_15_7) AppleWebKit/605.1.15 (KHTML, like Gecko) Version/17.1 Safari/605.1.15"
144.208.65.39 - - [10/Sep/2026:00:39:14 -0700] "POST /wp-cron.php?doing_wp_cron=1789025954.9004468917846679687500 HTTP/1.1" 404 39792 "-" "WordPress/6.6.7; https://dunbarconstructioninc.com"
209.141.48.118 - - [10/Sep/2026:00:39:14 -0700] "GET /wp-login.php HTTP/1.1" 200 6218 "-" "Mozilla/5.0 (X11; Linux x86_64) AppleWebKit/537.36 (KHTML, like Gecko) Chrome/36.0.1985.125 Safari/537.36"
209.141.48.118 - - [10/Sep/2026:00:39:15 -0700] "POST /wp-login.php HTTP/1.1" 200 6727 "-" "Mozilla/5.0 (X11; Linux x86_64) AppleWebKit/537.36 (KHTML, like Gecko) Chrome/36.0.1985.125 Safari/537.36"
216.250.104.11 - - [10/Sep/2026:00:39:25 -0700] "GET /sxallsitemap.xml HTTP/1.1" 200 4699 "-" "Mozilla/5.0 (Windows NT 10.0; Win64; x64) AppleWebKit/537.36 (KHTML, like Gecko) Chrome/109.0.0.0 Safari/537.36"
216.250.104.11 - - [10/Sep/2026:00:39:26 -0700] "GET /favicon.ico HTTP/1.1" 500 55 "https://www.dunbarconstructioninc.com/sxallsitemap.xml" "Mozilla/5.0 (Windows NT 10.0; Win64; x64) AppleWebKit/537.36 (KHTML, like Gecko) Chrome/109.0.0.0 Safari/537.36"
216.250.104.11 - - [10/Sep/2026:00:40:08 -0700] "GET /sxallsitemap.xml HTTP/1.1" 200 4695 "-" "Mozilla/5.0 (Windows NT 10.0; Win64; x64) AppleWebKit/537.36 (KHTML, like Gecko) Chrome/109.0.0.0 Safari/537.36"
216.250.104.11 - - [10/Sep/2026:00:40:08 -0700] "GET /favicon.ico HTTP/1.1" 500 55 "https://www.dunbarconstructioninc.com/sxallsitemap.xml" "Mozilla/5.0 (Windows NT 10.0; Win64; x64) AppleWebKit/537.36 (KHTML, like Gecko) Chrome/109.0.0.0 Safari/537.36"
216.250.104.11 - - [10/Sep/2026:00:42:10 -0700] "GET /sxallsitemap.xml HTTP/1.1" 200 4695 "-" "Mozilla/5.0 (Windows NT 10.0; Win64; x64) AppleWebKit/537.36 (KHTML, like Gecko) Chrome/109.0.0.0 Safari/537.36"
216.250.104.11 - - [10/Sep/2026:00:42:12 -0700] "GET /favicon.ico HTTP/1.1" 500 55 "https://www.dunbarconstructioninc.com/sxallsitemap.xml" "Mozilla/5.0 (Windows NT 10.0; Win64; x64) AppleWebKit/537.36 (KHTML, like Gecko) Chrome/109.0.0.0 Safari/537.36"
34.70.234.66 - - [10/Sep/2026:00:42:17 -0700] "GET /robots.txt HTTP/1.1" 200 1084 "-" "Mozilla/5.0 AppleWebKit/537.36 (KHTML, like Gecko; compatible; SleepBot/1.0; +http://sleepbot.com/) Chrome/131.0.0.0 Safari/537.36"
216.250.104.11 - - [10/Sep/2026:00:42:57 -0700] "GET /sxallsitemap.xml HTTP/1.1" 200 4690 "-" "Mozilla/5.0 (Windows NT 10.0; Win64; x64) AppleWebKit/537.36 (KHTML, like Gecko) Chrome/109.0.0.0 Safari/537.36"
216.250.104.11 - - [10/Sep/2026:00:42:57 -0700] "GET /favicon.ico HTTP/1.1" 500 55 "https://www.dunbarconstructioninc.com/sxallsitemap.xml" "Mozilla/5.0 (Windows NT 10.0; Win64; x64) AppleWebKit/537.36 (KHTML, like Gecko) Chrome/109.0.0.0 Safari/537.36"
34.67.42.10 - - [10/Sep/2026:00:43:11 -0700] "GET /wp-sitemap.xml HTTP/1.1" 200 3947 "-" "Mozilla/5.0 AppleWebKit/537.36 (KHTML, like Gecko; compatible; SleepBot/1.0; +http://sleepbot.com/) Chrome/131.0.0.0 Safari/537.36"
103.84.91.5 - - [10/Sep/2026:00:45:07 -0700] "GET /allsitemap.xml HTTP/1.1" 200 3632 "-" "Mozilla/5.0 (Windows NT 10.0; Win64; x64) AppleWebKit/537.36 (KHTML, like Gecko) Chrome/109.0.0.0 Safari/537.36"
103.84.91.5 - - [10/Sep/2026:00:45:08 -0700] "GET /favicon.ico HTTP/1.1" 500 55 "https://dunbarconstructioninc.com/allsitemap.xml" "Mozilla/5.0 (Windows NT 10.0; Win64; x64) AppleWebKit/537.36 (KHTML, like Gecko) Chrome/109.0.0.0 Safari/537.36"
144.208.65.39 - - [10/Sep/2026:00:45:12 -0700] "POST /wp-cron.php?doing_wp_cron=1789026312.3865139484405517578125 HTTP/1.1" 404 39792 "-" "WordPress/6.6.7; https://dunbarconstructioninc.com"
136.119.144.165 - - [10/Sep/2026:00:45:11 -0700] "GET / HTTP/1.1" 200 74104 "-" "Mozilla/5.0 AppleWebKit/537.36 (KHTML, like Gecko; compatible; SleepBot/1.0; +http://sleepbot.com/) Chrome/131.0.0.0 Safari/537.36"
35.193.33.90 - - [10/Sep/2026:00:45:12 -0700] "GET /sitemap24.xml HTTP/1.1" 200 1137691 "-" "Mozilla/5.0 AppleWebKit/537.36 (KHTML, like Gecko; compatible; SleepBot/1.0; +http://sleepbot.com/) Chrome/131.0.0.0 Safari/537.36"
216.73.217.154 - - [10/Sep/2026:00:45:14 -0700] "GET /robots.txt HTTP/1.1" 200 - "-" "Mozilla/5.0 AppleWebKit/537.36 (KHTML, like Gecko; compatible; ClaudeBot/1.0; +claudebot@anthropic.com)"
216.73.217.154 - - [10/Sep/2026:00:45:14 -0700] "GET /wp-sitemap.xml HTTP/1.1" 200 - "-" "Mozilla/5.0 AppleWebKit/537.36 (KHTML, like Gecko; compatible; ClaudeBot/1.0; +claudebot@anthropic.com)"
34.59.66.89 - - [10/Sep/2026:00:45:23 -0700] "GET /sitemap25.xml HTTP/1.1" 200 1141842 "-" "Mozilla/5.0 AppleWebKit/537.36 (KHTML, like Gecko; compatible; SleepBot/1.0; +http://sleepbot.com/) Chrome/131.0.0.0 Safari/537.36"
136.111.186.12 - - [10/Sep/2026:00:45:26 -0700] "GET /sitemap83.xml HTTP/1.1" 200 1141857 "-" "Mozilla/5.0 AppleWebKit/537.36 (KHTML, like Gecko; compatible; SleepBot/1.0; +http://sleepbot.com/) Chrome/131.0.0.0 Safari/537.36"
34.61.144.1 - - [10/Sep/2026:00:45:51 -0700] "GET /sitemap37.xml HTTP/1.1" 200 1141857 "-" "Mozilla/5.0 AppleWebKit/537.36 (KHTML, like Gecko; compatible; SleepBot/1.0; +http://sleepbot.com/) Chrome/131.0.0.0 Safari/537.36"
209.141.55.190 - - [10/Sep/2026:00:51:51 -0700] "GET /wp-login.php HTTP/1.1" 200 6218 "-" "Mozilla/5.0 (Windows NT 10.0; Win64; x64) AppleWebKit/537.36 (KHTML, like Gecko) Chrome/146.0.0.0 Safari/537.36"
100.59.3.142 - - [10/Sep/2026:00:52:06 -0700] "POST /?rest_route=/batch/v1 HTTP/1.1" 500 1511 "-" "Mozilla/5.0 (Windows NT 10.0; Win64; x64) AppleWebKit/537.36 (KHTML, like Gecko) Chrome/131.0.0.0 Safari/537.36"
100.59.3.142 - - [10/Sep/2026:00:52:06 -0700] "POST /?rest_route=/batch/v1 HTTP/1.1" 500 1511 "-" "Mozilla/5.0 (Windows NT 10.0; Win64; x64) AppleWebKit/537.36 (KHTML, like Gecko) Chrome/131.0.0.0 Safari/537.36"
100.59.3.142 - - [10/Sep/2026:00:52:07 -0700] "POST /?rest_route=/batch/v1 HTTP/1.1" 400 321 "-" "Mozilla/5.0 (Windows NT 10.0; Win64; x64) AppleWebKit/537.36 (KHTML, like Gecko) Chrome/131.0.0.0 Safari/537.36"
100.59.3.142 - - [10/Sep/2026:00:52:08 -0700] "POST /wp-json/batch/v1 HTTP/1.1" 500 1511 "-" "Mozilla/5.0 (Windows NT 10.0; Win64; x64) AppleWebKit/537.36 (KHTML, like Gecko) Chrome/131.0.0.0 Safari/537.36"
100.59.3.142 - - [10/Sep/2026:00:52:09 -0700] "POST /wp-json/batch/v1 HTTP/1.1" 500 1511 "-" "Mozilla/5.0 (Windows NT 10.0; Win64; x64) AppleWebKit/537.36 (KHTML, like Gecko) Chrome/131.0.0.0 Safari/537.36"
100.59.3.142 - - [10/Sep/2026:00:52:10 -0700] "POST /wp-json/batch/v1 HTTP/1.1" 400 321 "-" "Mozilla/5.0 (Windows NT 10.0; Win64; x64) AppleWebKit/537.36 (KHTML, like Gecko) Chrome/131.0.0.0 Safari/537.36"
100.59.3.142 - - [10/Sep/2026:00:52:10 -0700] "POST /index.php?rest_route=/batch/v1 HTTP/1.1" 500 1511 "-" "Mozilla/5.0 (Windows NT 10.0; Win64; x64) AppleWebKit/537.36 (KHTML, like Gecko) Chrome/131.0.0.0 Safari/537.36"
100.59.3.142 - - [10/Sep/2026:00:52:11 -0700] "POST /index.php?rest_route=/batch/v1 HTTP/1.1" 500 1511 "-" "Mozilla/5.0 (Windows NT 10.0; Win64; x64) AppleWebKit/537.36 (KHTML, like Gecko) Chrome/131.0.0.0 Safari/537.36"
100.59.3.142 - - [10/Sep/2026:00:52:12 -0700] "POST /index.php?rest_route=/batch/v1 HTTP/1.1" 400 321 "-" "Mozilla/5.0 (Windows NT 10.0; Win64; x64) AppleWebKit/537.36 (KHTML, like Gecko) Chrome/131.0.0.0 Safari/537.36"
100.59.3.142 - - [10/Sep/2026:00:52:13 -0700] "POST /index.php/wp-json/batch/v1 HTTP/1.1" 500 1511 "-" "Mozilla/5.0 (Windows NT 10.0; Win64; x64) AppleWebKit/537.36 (KHTML, like Gecko) Chrome/131.0.0.0 Safari/537.36"
100.59.3.142 - - [10/Sep/2026:00:52:13 -0700] "POST /index.php/wp-json/batch/v1 HTTP/1.1" 500 1511 "-" "Mozilla/5.0 (Windows NT 10.0; Win64; x64) AppleWebKit/537.36 (KHTML, like Gecko) Chrome/131.0.0.0 Safari/537.36"
100.59.3.142 - - [10/Sep/2026:00:52:14 -0700] "POST /index.php/wp-json/batch/v1 HTTP/1.1" 400 321 "-" "Mozilla/5.0 (Windows NT 10.0; Win64; x64) AppleWebKit/537.36 (KHTML, like Gecko) Chrome/131.0.0.0 Safari/537.36"
100.59.3.142 - - [10/Sep/2026:00:52:15 -0700] "POST //wp-json/batch/v1 HTTP/1.1" 500 1511 "-" "Mozilla/5.0 (Windows NT 10.0; Win64; x64) AppleWebKit/537.36 (KHTML, like Gecko) Chrome/131.0.0.0 Safari/537.36"
100.59.3.142 - - [10/Sep/2026:00:52:16 -0700] "POST //wp-json/batch/v1 HTTP/1.1" 500 1511 "-" "Mozilla/5.0 (Windows NT 10.0; Win64; x64) AppleWebKit/537.36 (KHTML, like Gecko) Chrome/131.0.0.0 Safari/537.36"
100.59.3.142 - - [10/Sep/2026:00:52:16 -0700] "POST //wp-json/batch/v1 HTTP/1.1" 400 321 "-" "Mozilla/5.0 (Windows NT 10.0; Win64; x64) AppleWebKit/537.36 (KHTML, like Gecko) Chrome/131.0.0.0 Safari/537.36"
100.59.3.142 - - [10/Sep/2026:00:52:17 -0700] "POST /wp-json//batch/v1 HTTP/1.1" 404 114 "-" "Mozilla/5.0 (Windows NT 10.0; Win64; x64) AppleWebKit/537.36 (KHTML, like Gecko) Chrome/131.0.0.0 Safari/537.36"
100.59.3.142 - - [10/Sep/2026:00:52:18 -0700] "POST /wp-json//batch/v1 HTTP/1.1" 404 114 "-" "Mozilla/5.0 (Windows NT 10.0; Win64; x64) AppleWebKit/537.36 (KHTML, like Gecko) Chrome/131.0.0.0 Safari/537.36"
100.59.3.142 - - [10/Sep/2026:00:52:19 -0700] "POST /wp-json//batch/v1 HTTP/1.1" 404 114 "-" "Mozilla/5.0 (Windows NT 10.0; Win64; x64) AppleWebKit/537.36 (KHTML, like Gecko) Chrome/131.0.0.0 Safari/537.36"
100.59.3.142 - - [10/Sep/2026:00:52:19 -0700] "POST /?rest_route=%2Fbatch%2Fv1 HTTP/1.1" 500 1511 "-" "Mozilla/5.0 (Windows NT 10.0; Win64; x64) AppleWebKit/537.36 (KHTML, like Gecko) Chrome/131.0.0.0 Safari/537.36"
100.59.3.142 - - [10/Sep/2026:00:52:20 -0700] "POST /?rest_route=%2Fbatch%2Fv1 HTTP/1.1" 500 1511 "-" "Mozilla/5.0 (Windows NT 10.0; Win64; x64) AppleWebKit/537.36 (KHTML, like Gecko) Chrome/131.0.0.0 Safari/537.36"
100.59.3.142 - - [10/Sep/2026:00:52:21 -0700] "POST /?rest_route=%2Fbatch%2Fv1 HTTP/1.1" 400 321 "-" "Mozilla/5.0 (Windows NT 10.0; Win64; x64) AppleWebKit/537.36 (KHTML, like Gecko) Chrome/131.0.0.0 Safari/537.36"
100.59.3.142 - - [10/Sep/2026:00:52:22 -0700] "POST /wp-json/batch/v1/ HTTP/1.1" 500 1511 "-" "Mozilla/5.0 (Windows NT 10.0; Win64; x64) AppleWebKit/537.36 (KHTML, like Gecko) Chrome/131.0.0.0 Safari/537.36"
100.59.3.142 - - [10/Sep/2026:00:52:22 -0700] "POST /wp-json/batch/v1/ HTTP/1.1" 500 1511 "-" "Mozilla/5.0 (Windows NT 10.0; Win64; x64) AppleWebKit/537.36 (KHTML, like Gecko) Chrome/131.0.0.0 Safari/537.36"
100.59.3.142 - - [10/Sep/2026:00:52:23 -0700] "POST /wp-json/batch/v1/ HTTP/1.1" 400 321 "-" "Mozilla/5.0 (Windows NT 10.0; Win64; x64) AppleWebKit/537.36 (KHTML, like Gecko) Chrome/131.0.0.0 Safari/537.36"
100.59.3.142 - - [10/Sep/2026:00:52:24 -0700] "POST /?rest_route=/batch/v1 HTTP/1.1" 500 1511 "-" "Mozilla/5.0 (Windows NT 10.0; Win64; x64) AppleWebKit/537.36 (KHTML, like Gecko) Chrome/131.0.0.0 Safari/537.36"
100.59.3.142 - - [10/Sep/2026:00:52:24 -0700] "POST /?rest_route=/batch/v1 HTTP/1.1" 500 1511 "-" "Mozilla/5.0 (Windows NT 10.0; Win64; x64) AppleWebKit/537.36 (KHTML, like Gecko) Chrome/131.0.0.0 Safari/537.36"
100.59.3.142 - - [10/Sep/2026:00:52:25 -0700] "POST /?rest_route=/batch/v1 HTTP/1.1" 500 1511 "-" "Mozilla/5.0 (Windows NT 10.0; Win64; x64) AppleWebKit/537.36 (KHTML, like Gecko) Chrome/131.0.0.0 Safari/537.36"
100.59.3.142 - - [10/Sep/2026:00:52:26 -0700] "POST /?rest_route=/batch/v1 HTTP/1.1" 500 1511 "-" "Mozilla/5.0 (Windows NT 10.0; Win64; x64) AppleWebKit/537.36 (KHTML, like Gecko) Chrome/131.0.0.0 Safari/537.36"
100.59.3.142 - - [10/Sep/2026:00:52:27 -0700] "POST /?rest_route=/batch/v1 HTTP/1.1" 500 1511 "-" "Mozilla/5.0 (Windows NT 10.0; Win64; x64) AppleWebKit/537.36 (KHTML, like Gecko) Chrome/131.0.0.0 Safari/537.36"
144.208.65.39 - - [10/Sep/2026:00:52:28 -0700] "POST /wp-cron.php?doing_wp_cron=1789026748.4674839973449707031250 HTTP/1.1" 404 39792 "-" "WordPress/6.6.7; https://dunbarconstructioninc.com"
100.59.3.142 - - [10/Sep/2026:00:52:27 -0700] "POST /?rest_route=/batch/v1 HTTP/1.1" 500 1511 "-" "Mozilla/5.0 (Windows NT 10.0; Win64; x64) AppleWebKit/537.36 (KHTML, like Gecko) Chrome/131.0.0.0 Safari/537.36"
209.141.55.190 - - [10/Sep/2026:00:52:28 -0700] "POST /wp-login.php HTTP/1.1" 200 6727 "-" "Mozilla/5.0 (Windows NT 10.0; Win64; x64) AppleWebKit/537.36 (KHTML, like Gecko) Chrome/146.0.0.0 Safari/537.36"
100.59.3.142 - - [10/Sep/2026:00:52:29 -0700] "POST /?rest_route=/batch/v1 HTTP/1.1" 500 1511 "-" "Mozilla/5.0 (Windows NT 10.0; Win64; x64) AppleWebKit/537.36 (KHTML, like Gecko) Chrome/131.0.0.0 Safari/537.36"
100.59.3.142 - - [10/Sep/2026:00:52:30 -0700] "POST /?rest_route=/batch/v1 HTTP/1.1" 500 1511 "-" "Mozilla/5.0 (Windows NT 10.0; Win64; x64) AppleWebKit/537.36 (KHTML, like Gecko) Chrome/131.0.0.0 Safari/537.36"
100.59.3.142 - - [10/Sep/2026:00:52:30 -0700] "POST /?rest_route=/batch/v1 HTTP/1.1" 500 1511 "-" "Mozilla/5.0 (Windows NT 10.0; Win64; x64) AppleWebKit/537.36 (KHTML, like Gecko) Chrome/131.0.0.0 Safari/537.36"
100.59.3.142 - - [10/Sep/2026:00:52:31 -0700] "POST /?rest_route=/batch/v1 HTTP/1.1" 500 1511 "-" "Mozilla/5.0 (Windows NT 10.0; Win64; x64) AppleWebKit/537.36 (KHTML, like Gecko) Chrome/131.0.0.0 Safari/537.36"
