74.7.243.201 - - [09/Sep/2026:14:08:30 -0700] "GET /wp-json/oembed/1.0/embed?url=https%3A%2F%2Fdunbarconstructioninc.com%2F HTTP/1.1" 200 2201 "https://dunbarconstructioninc.com/" "Mozilla/5.0 AppleWebKit/537.36 (KHTML, like Gecko; compatible; GPTBot/1.4; +https://openai.com/gptbot)"
74.7.243.201 - - [09/Sep/2026:14:08:32 -0700] "GET /wp-content/uploads/siteorigin-widgets/sow-features-default-ef310dd2b597-14.css?ver=6.6.7 HTTP/1.1" 200 6194 "https://dunbarconstructioninc.com/" "Mozilla/5.0 AppleWebKit/537.36 (KHTML, like Gecko; compatible; GPTBot/1.4; +https://openai.com/gptbot)"
74.7.243.201 - - [09/Sep/2026:14:08:34 -0700] "GET /wp-content/uploads/siteorigin-widgets/sow-image-default-113ccd71f3e6-14.css?ver=6.6.7 HTTP/1.1" 200 674 "https://dunbarconstructioninc.com/" "Mozilla/5.0 AppleWebKit/537.36 (KHTML, like Gecko; compatible; GPTBot/1.4; +https://openai.com/gptbot)"
74.7.243.201 - - [09/Sep/2026:14:08:37 -0700] "GET /wp-content/uploads/2024/08/solar-panel-7518786_1280.jpg HTTP/1.1" 200 269482 "https://dunbarconstructioninc.com/" "Mozilla/5.0 AppleWebKit/537.36 (KHTML, like Gecko; compatible; GPTBot/1.4; +https://openai.com/gptbot)"
74.7.243.201 - - [09/Sep/2026:14:08:39 -0700] "GET /wp-content/plugins/so-widgets-bundle/icons/fontawesome/style.css?ver=6.6.7 HTTP/1.1" 200 2330 "https://dunbarconstructioninc.com/" "Mozilla/5.0 AppleWebKit/537.36 (KHTML, like Gecko; compatible; GPTBot/1.4; +https://openai.com/gptbot)"
74.7.243.201 - - [09/Sep/2026:14:08:40 -0700] "GET /wp-content/uploads/2020/05/cropped-DC-logo-front-192x192.png HTTP/1.1" 200 20664 "https://dunbarconstructioninc.com/" "Mozilla/5.0 AppleWebKit/537.36 (KHTML, like Gecko; compatible; GPTBot/1.4; +https://openai.com/gptbot)"
74.7.243.201 - - [09/Sep/2026:14:08:41 -0700] "GET /wp-content/uploads/2020/05/cropped-DC-logo-front-180x180.png HTTP/1.1" 200 18369 "https://dunbarconstructioninc.com/" "Mozilla/5.0 AppleWebKit/537.36 (KHTML, like Gecko; compatible; GPTBot/1.4; +https://openai.com/gptbot)"
74.7.243.201 - - [09/Sep/2026:14:08:42 -0700] "GET /wp-content/uploads/2022/11/IMG_2609.jpg HTTP/1.1" 200 85229 "https://dunbarconstructioninc.com/" "Mozilla/5.0 AppleWebKit/537.36 (KHTML, like Gecko; compatible; GPTBot/1.4; +https://openai.com/gptbot)"
74.7.243.201 - - [09/Sep/2026:14:08:43 -0700] "GET /wp-content/uploads/2022/11/IMG_0633-150x150.jpg HTTP/1.1" 200 6819 "https://dunbarconstructioninc.com/" "Mozilla/5.0 AppleWebKit/537.36 (KHTML, like Gecko; compatible; GPTBot/1.4; +https://openai.com/gptbot)"
74.7.243.201 - - [09/Sep/2026:14:08:44 -0700] "GET /wp-content/uploads/2022/11/IMG_0634-150x150.jpg HTTP/1.1" 200 8213 "https://dunbarconstructioninc.com/" "Mozilla/5.0 AppleWebKit/537.36 (KHTML, like Gecko; compatible; GPTBot/1.4; +https://openai.com/gptbot)"
74.7.243.201 - - [09/Sep/2026:14:08:45 -0700] "GET /wp-content/uploads/2022/11/20190130_-150x150.jpg HTTP/1.1" 200 7862 "https://dunbarconstructioninc.com/" "Mozilla/5.0 AppleWebKit/537.36 (KHTML, like Gecko; compatible; GPTBot/1.4; +https://openai.com/gptbot)"
74.7.243.201 - - [09/Sep/2026:14:08:46 -0700] "GET /wp-content/uploads/2020/05/photovoltaic-2138992_1920.jpg HTTP/1.1" 200 487374 "https://dunbarconstructioninc.com/" "Mozilla/5.0 AppleWebKit/537.36 (KHTML, like Gecko; compatible; GPTBot/1.4; +https://openai.com/gptbot)"
74.7.243.201 - - [09/Sep/2026:14:08:47 -0700] "GET /wp-content/uploads/2020/05/DC_logo_sm.png HTTP/1.1" 200 16459 "https://dunbarconstructioninc.com/" "Mozilla/5.0 AppleWebKit/537.36 (KHTML, like Gecko; compatible; GPTBot/1.4; +https://openai.com/gptbot)"
74.7.243.201 - - [09/Sep/2026:14:08:47 -0700] "GET /wp-content/uploads/2020/05/los-angeles-view-369x500.jpg HTTP/1.1" 200 34680 "https://dunbarconstructioninc.com/" "Mozilla/5.0 AppleWebKit/537.36 (KHTML, like Gecko; compatible; GPTBot/1.4; +https://openai.com/gptbot)"
74.7.243.201 - - [09/Sep/2026:14:08:48 -0700] "GET /wp-content/uploads/2020/05/blue-solar-bg.png HTTP/1.1" 200 816224 "https://dunbarconstructioninc.com/" "Mozilla/5.0 AppleWebKit/537.36 (KHTML, like Gecko; compatible; GPTBot/1.4; +https://openai.com/gptbot)"
74.7.243.201 - - [09/Sep/2026:14:08:48 -0700] "GET /wp-content/uploads/2020/05/DC-logo-front.png HTTP/1.1" 200 34092 "https://dunbarconstructioninc.com/" "Mozilla/5.0 AppleWebKit/537.36 (KHTML, like Gecko; compatible; GPTBot/1.4; +https://openai.com/gptbot)"
74.7.243.201 - - [09/Sep/2026:14:08:48 -0700] "GET /wp-content/uploads/2020/05/ground-mounts-500x500.png HTTP/1.1" 200 332377 "https://dunbarconstructioninc.com/" "Mozilla/5.0 AppleWebKit/537.36 (KHTML, like Gecko; compatible; GPTBot/1.4; +https://openai.com/gptbot)"
74.7.243.201 - - [09/Sep/2026:14:08:49 -0700] "GET /wp-content/uploads/2020/05/solar-500x500.png HTTP/1.1" 200 342264 "https://dunbarconstructioninc.com/" "Mozilla/5.0 AppleWebKit/537.36 (KHTML, like Gecko; compatible; GPTBot/1.4; +https://openai.com/gptbot)"
74.7.243.201 - - [09/Sep/2026:14:08:49 -0700] "GET /wp-content/uploads/2020/05/electrical-500x500.png HTTP/1.1" 200 363144 "https://dunbarconstructioninc.com/" "Mozilla/5.0 AppleWebKit/537.36 (KHTML, like Gecko; compatible; GPTBot/1.4; +https://openai.com/gptbot)"
74.7.243.201 - - [09/Sep/2026:14:08:50 -0700] "GET /wp-content/uploads/2020/05/carport-500x500.png HTTP/1.1" 200 307126 "https://dunbarconstructioninc.com/" "Mozilla/5.0 AppleWebKit/537.36 (KHTML, like Gecko; compatible; GPTBot/1.4; +https://openai.com/gptbot)"
74.7.243.201 - - [09/Sep/2026:14:08:52 -0700] "GET /xmlrpc.php?rsd HTTP/1.1" 200 864 "https://dunbarconstructioninc.com/" "Mozilla/5.0 AppleWebKit/537.36 (KHTML, like Gecko; compatible; GPTBot/1.4; +https://openai.com/gptbot)"
74.7.243.201 - - [09/Sep/2026:14:08:52 -0700] "GET /wp-content/themes/vantage/inc/mobilenav/images/next.png HTTP/1.1" 200 596 "https://dunbarconstructioninc.com/" "Mozilla/5.0 AppleWebKit/537.36 (KHTML, like Gecko; compatible; GPTBot/1.4; +https://openai.com/gptbot)"
74.7.243.201 - - [09/Sep/2026:14:08:53 -0700] "GET /wp-content/uploads/siteorigin-widgets/sow-button-wire-0a6af5e912c7.css?ver=6.6.7 HTTP/1.1" 200 2027 "https://dunbarconstructioninc.com/" "Mozilla/5.0 AppleWebKit/537.36 (KHTML, like Gecko; compatible; GPTBot/1.4; +https://openai.com/gptbot)"
74.7.243.201 - - [09/Sep/2026:14:08:53 -0700] "GET /wp-json/wp/v2/pages/14 HTTP/1.1" 200 28044 "https://dunbarconstructioninc.com/" "Mozilla/5.0 AppleWebKit/537.36 (KHTML, like Gecko; compatible; GPTBot/1.4; +https://openai.com/gptbot)"
74.7.243.201 - - [09/Sep/2026:14:08:54 -0700] "GET /wp-includes/js/wp-emoji-release.min.js?ver=6.6.7 HTTP/1.1" 200 18726 "https://dunbarconstructioninc.com/" "Mozilla/5.0 AppleWebKit/537.36 (KHTML, like Gecko; compatible; GPTBot/1.4; +https://openai.com/gptbot)"
74.7.243.201 - - [09/Sep/2026:14:08:54 -0700] "GET /wp-json/oembed/1.0/embed?format=xml&url=https%3A%2F%2Fdunbarconstructioninc.com%2F HTTP/1.1" 200 2360 "https://dunbarconstructioninc.com/" "Mozilla/5.0 AppleWebKit/537.36 (KHTML, like Gecko; compatible; GPTBot/1.4; +https://openai.com/gptbot)"
74.7.243.201 - - [09/Sep/2026:14:08:55 -0700] "GET /wp-content/plugins/easy-fancybox/fancybox/1.5.4/jquery.fancybox.min.js?ver=6.6.7 HTTP/1.1" 200 17698 "https://dunbarconstructioninc.com/" "Mozilla/5.0 AppleWebKit/537.36 (KHTML, like Gecko; compatible; GPTBot/1.4; +https://openai.com/gptbot)"
74.7.243.201 - - [09/Sep/2026:14:08:55 -0700] "GET /wp-includes/css/dist/block-library/style.min.css?ver=6.6.7 HTTP/1.1" 200 112427 "https://dunbarconstructioninc.com/" "Mozilla/5.0 AppleWebKit/537.36 (KHTML, like Gecko; compatible; GPTBot/1.4; +https://openai.com/gptbot)"
74.7.243.201 - - [09/Sep/2026:14:08:56 -0700] "GET /wp-content/plugins/video-backgrounds-for-siteorigin-page-builder/assets/so_video_background.css?ver=6.6.7 HTTP/1.1" 200 831 "https://dunbarconstructioninc.com/" "Mozilla/5.0 AppleWebKit/537.36 (KHTML, like Gecko; compatible; GPTBot/1.4; +https://openai.com/gptbot)"
74.7.243.201 - - [09/Sep/2026:14:08:56 -0700] "GET /wp-content/uploads/siteorigin-widgets/sow-image-grid-default-456fa5d5bebf-14.css?ver=6.6.7 HTTP/1.1" 200 661 "https://dunbarconstructioninc.com/" "Mozilla/5.0 AppleWebKit/537.36 (KHTML, like Gecko; compatible; GPTBot/1.4; +https://openai.com/gptbot)"
74.7.243.201 - - [09/Sep/2026:14:08:58 -0700] "GET /wp-content/plugins/video-backgrounds-for-siteorigin-page-builder/assets/jquery.background-video.css?ver=6.6.7 HTTP/1.1" 200 3142 "https://dunbarconstructioninc.com/" "Mozilla/5.0 AppleWebKit/537.36 (KHTML, like Gecko; compatible; GPTBot/1.4; +https://openai.com/gptbot)"
74.7.243.201 - - [09/Sep/2026:14:08:58 -0700] "GET /wp-content/uploads/siteorigin-widgets/sow-image-grid-default-fd6f3c75783d-14.css?ver=6.6.7 HTTP/1.1" 200 661 "https://dunbarconstructioninc.com/" "Mozilla/5.0 AppleWebKit/537.36 (KHTML, like Gecko; compatible; GPTBot/1.4; +https://openai.com/gptbot)"
74.7.243.201 - - [09/Sep/2026:14:08:59 -0700] "GET /wp-content/uploads/siteorigin-widgets/sow-image-default-c4f6304fc136-14.css?ver=6.6.7 HTTP/1.1" 200 541 "https://dunbarconstructioninc.com/" "Mozilla/5.0 AppleWebKit/537.36 (KHTML, like Gecko; compatible; GPTBot/1.4; +https://openai.com/gptbot)"
74.7.243.201 - - [09/Sep/2026:14:08:59 -0700] "GET /wp-content/uploads/siteorigin-widgets/sow-image-default-c67d20f9f743.css?ver=6.6.7 HTTP/1.1" 200 577 "https://dunbarconstructioninc.com/" "Mozilla/5.0 AppleWebKit/537.36 (KHTML, like Gecko; compatible; GPTBot/1.4; +https://openai.com/gptbot)"
74.7.243.201 - - [09/Sep/2026:14:09:00 -0700] "GET /wp-content/plugins/easy-fancybox/fancybox/1.5.4/jquery.fancybox.min.css?ver=6.6.7 HTTP/1.1" 200 5396 "https://dunbarconstructioninc.com/" "Mozilla/5.0 AppleWebKit/537.36 (KHTML, like Gecko; compatible; GPTBot/1.4; +https://openai.com/gptbot)"
74.7.243.201 - - [09/Sep/2026:14:09:00 -0700] "GET /wp-content/uploads/siteorigin-widgets/sow-features-default-ef310dd2b597.css?ver=6.6.7 HTTP/1.1" 200 6080 "https://dunbarconstructioninc.com/" "Mozilla/5.0 AppleWebKit/537.36 (KHTML, like Gecko; compatible; GPTBot/1.4; +https://openai.com/gptbot)"
74.7.243.201 - - [09/Sep/2026:14:09:01 -0700] "GET /wp-content/uploads/siteorigin-widgets/sow-image-default-c67d20f9f743-14.css?ver=6.6.7 HTTP/1.1" 200 589 "https://dunbarconstructioninc.com/" "Mozilla/5.0 AppleWebKit/537.36 (KHTML, like Gecko; compatible; GPTBot/1.4; +https://openai.com/gptbot)"
74.7.243.201 - - [09/Sep/2026:14:09:01 -0700] "GET /wp-content/uploads/siteorigin-widgets/sow-image-default-8b5b6f678277-14.css?ver=6.6.7 HTTP/1.1" 200 562 "https://dunbarconstructioninc.com/" "Mozilla/5.0 AppleWebKit/537.36 (KHTML, like Gecko; compatible; GPTBot/1.4; +https://openai.com/gptbot)"
74.7.243.201 - - [09/Sep/2026:14:09:02 -0700] "GET /wp-content/uploads/siteorigin-widgets/sow-button-flat-41705bdcc8d5-14.css?ver=6.6.7 HTTP/1.1" 200 1374 "https://dunbarconstructioninc.com/" "Mozilla/5.0 AppleWebKit/537.36 (KHTML, like Gecko; compatible; GPTBot/1.4; +https://openai.com/gptbot)"
34.227.234.246 - - [09/Sep/2026:14:09:42 -0700] "GET /reviews/ HTTP/1.1" 200 42428 "-" "Mozilla/5.0 AppleWebKit/537.36 (KHTML, like Gecko; compatible; Amazonbot/0.1; +https://developer.amazon.com/support/amazonbot) Chrome/119.0.6045.214 Safari/537.36"
144.208.65.39 - - [09/Sep/2026:14:18:43 -0700] "POST /wp-cron.php?doing_wp_cron=1788988723.7147920131683349609375 HTTP/1.1" 200 - "-" "WordPress/6.6.7; https://dunbarconstructioninc.com"
151.40.148.123 - - [09/Sep/2026:14:18:43 -0700] "GET /wp-login.php HTTP/1.1" 200 6218 "-" "Mozilla/5.0 (X11; Linux x86_64) AppleWebKit/537.36 (KHTML, like Gecko) Chrome/151.0.0.0 Safari/537.36"
79.33.42.215 - - [09/Sep/2026:14:18:48 -0700] "POST /wp-login.php HTTP/1.1" 200 6693 "https://dunbarconstructioninc.welbornwebsites.com/wp-login.php" "Mozilla/5.0 (X11; Linux x86_64) AppleWebKit/537.36 (KHTML, like Gecko) Chrome/151.0.0.0 Safari/537.36"
144.208.65.39 - - [09/Sep/2026:14:25:28 -0700] "POST /wp-cron.php?doing_wp_cron=1788989128.0348920822143554687500 HTTP/1.1" 200 - "-" "WordPress/6.6.7; https://dunbarconstructioninc.com"
57.141.20.57 - - [09/Sep/2026:14:25:27 -0700] "GET /news_sitemap.xml HTTP/1.1" 404 39792 "-" "Mozilla/5.0 (Windows NT 10.0; Win64; x64) AppleWebKit/537.36 (KHTML, like Gecko) Chrome/145.0.0.0 Safari/537.36 (compatible; meta-externalagent/1.1 (+https://developers.facebook.com/docs/sharing/webmasters/crawler))"
144.208.65.39 - - [09/Sep/2026:14:26:36 -0700] "POST /wp-cron.php?doing_wp_cron=1788989196.9140200614929199218750 HTTP/1.1" 200 - "-" "WordPress/6.6.7; https://dunbarconstructioninc.com"
159.26.104.31 - - [09/Sep/2026:14:26:36 -0700] "GET / HTTP/1.1" 200 74104 "-" "Mozilla/5.0 (Windows NT 10.0; Win64; x64) AppleWebKit/537.36 (KHTML, like Gecko) Chrome/126.0 Safari/537.36"
216.73.217.154 - - [09/Sep/2026:14:37:43 -0700] "GET /robots.txt HTTP/1.1" 200 126 "-" "Mozilla/5.0 AppleWebKit/537.36 (KHTML, like Gecko; compatible; ClaudeBot/1.0; +claudebot@anthropic.com)"
216.73.217.154 - - [09/Sep/2026:14:37:43 -0700] "GET /wp-sitemap.xml HTTP/1.1" 200 310 "-" "Mozilla/5.0 AppleWebKit/537.36 (KHTML, like Gecko; compatible; ClaudeBot/1.0; +claudebot@anthropic.com)"
45.148.10.5 - - [09/Sep/2026:14:44:04 -0700] "GET / HTTP/1.1" 200 74104 "-" "Mozilla/5.0 (Macintosh; Intel Mac OS X 10_13_6) AppleWebKit/605.1.15 (KHTML, like Gecko) Version/12.1.2 Safari/605.1.15"
45.148.10.5 - - [09/Sep/2026:14:44:04 -0700] "GET / HTTP/1.1" 301 - "-" "Mozilla/5.0 (Windows NT 6.1; Win64; x64) AppleWebKit/537.36 (KHTML, like Gecko) Chrome/74.0.3729.157 Safari/537.36"
45.148.10.5 - - [09/Sep/2026:14:44:05 -0700] "POST /wp-json/batch/v1 HTTP/1.1" 500 1511 "-" "curl/7.68.0"
45.148.10.5 - - [09/Sep/2026:14:44:05 -0700] "GET / HTTP/1.1" 200 74104 "https://dunbarconstructioninc.welbornwebsites.com" "Mozilla/5.0 (Windows NT 6.1; Win64; x64) AppleWebKit/537.36 (KHTML, like Gecko) Chrome/74.0.3729.157 Safari/537.36"
45.148.10.5 - - [09/Sep/2026:14:44:06 -0700] "POST /?rest_route=/batch/v1 HTTP/1.1" 500 1511 "-" "curl/7.68.0"
51.8.102.94 - - [09/Sep/2026:14:45:35 -0700] "GET /robots.txt HTTP/1.1" 200 126 "-" "Mozilla/5.0 (Macintosh; Intel Mac OS X 10_15_7) AppleWebKit/537.36 (KHTML, like Gecko) Chrome/131.0.0.0 Safari/537.36; compatible; OAI-SearchBot/1.0; +https://openai.com/searchbot"
62.60.130.199 - - [09/Sep/2026:14:58:04 -0700] "GET /wp-login.php HTTP/1.1" 200 6218 "-" "Mozilla/5.0 (Windows NT 10.0; Win64; x64; rv:121.0) Gecko/20100101 Firefox/121.0"
62.60.130.199 - - [09/Sep/2026:14:58:05 -0700] "GET /?author=1 HTTP/1.1" 301 - "-" "Mozilla/5.0 (Macintosh; Intel Mac OS X 10_15_7) AppleWebKit/537.36 (KHTML, like Gecko) Chrome/120.0.0.0 Safari/537.36"
62.60.130.199 - - [09/Sep/2026:14:58:05 -0700] "GET /author/lwelborn/ HTTP/1.1" 200 40840 "-" "Mozilla/5.0 (Macintosh; Intel Mac OS X 10_15_7) AppleWebKit/537.36 (KHTML, like Gecko) Chrome/120.0.0.0 Safari/537.36"
62.60.130.199 - - [09/Sep/2026:14:58:06 -0700] "GET /?author=2 HTTP/1.1" 404 42126 "-" "Mozilla/5.0 (X11; Linux x86_64) AppleWebKit/537.36 (KHTML, like Gecko) Chrome/120.0.0.0 Safari/537.36"
62.60.130.199 - - [09/Sep/2026:14:58:07 -0700] "GET /?author=3 HTTP/1.1" 404 42126 "-" "Mozilla/5.0 (Macintosh; Intel Mac OS X 10_15_7) AppleWebKit/537.36 (KHTML, like Gecko) Chrome/120.0.0.0 Safari/537.36"
62.60.130.199 - - [09/Sep/2026:14:58:08 -0700] "GET /?author=4 HTTP/1.1" 404 42126 "-" "Mozilla/5.0 (X11; Linux x86_64) AppleWebKit/537.36 (KHTML, like Gecko) Chrome/120.0.0.0 Safari/537.36"
62.60.130.199 - - [09/Sep/2026:14:58:08 -0700] "GET /?author=5 HTTP/1.1" 404 42126 "-" "Mozilla/5.0 (Windows NT 11.0; Win64; x64) AppleWebKit/537.36 (KHTML, like Gecko) Chrome/121.0.0.0 Safari/537.36"
62.60.130.199 - - [09/Sep/2026:14:58:09 -0700] "GET /?author=6 HTTP/1.1" 404 42126 "-" "Mozilla/5.0 (X11; Linux x86_64) AppleWebKit/537.36 (KHTML, like Gecko) Chrome/120.0.0.0 Safari/537.36"
62.60.130.199 - - [09/Sep/2026:14:58:10 -0700] "GET /?author=7 HTTP/1.1" 404 42126 "-" "Mozilla/5.0 (Windows NT 10.0; Win64; x64) AppleWebKit/537.36 (KHTML, like Gecko) Chrome/120.0.0.0 Safari/537.36"
62.60.130.199 - - [09/Sep/2026:14:58:10 -0700] "GET /?author=8 HTTP/1.1" 404 42126 "-" "Mozilla/5.0 (Windows NT 11.0; Win64; x64) AppleWebKit/537.36 (KHTML, like Gecko) Chrome/121.0.0.0 Safari/537.36"
62.60.130.199 - - [09/Sep/2026:14:58:11 -0700] "GET /?author=9 HTTP/1.1" 404 42126 "-" "Mozilla/5.0 (Macintosh; Intel Mac OS X 10_15_7) AppleWebKit/537.36 (KHTML, like Gecko) Chrome/120.0.0.0 Safari/537.36"
62.60.130.199 - - [09/Sep/2026:14:58:12 -0700] "GET /?rest_route=/wp/v2/users&per_page=30&orderby=id&order=asc HTTP/1.1" 200 622 "-" "Mozilla/5.0 (Windows NT 10.0; Win64; x64; rv:121.0) Gecko/20100101 Firefox/121.0"
62.60.130.199 - - [09/Sep/2026:14:58:12 -0700] "GET /?feed=feed HTTP/1.1" 301 - "-" "Mozilla/5.0 (X11; Linux x86_64) AppleWebKit/537.36 (KHTML, like Gecko) Chrome/120.0.0.0 Safari/537.36"
62.60.130.199 - - [09/Sep/2026:14:58:13 -0700] "GET /feed/ HTTP/1.1" 200 1140 "-" "Mozilla/5.0 (X11; Linux x86_64) AppleWebKit/537.36 (KHTML, like Gecko) Chrome/120.0.0.0 Safari/537.36"
62.60.130.199 - - [09/Sep/2026:14:58:13 -0700] "GET /?feed=rss HTTP/1.1" 301 - "-" "Mozilla/5.0 (Windows NT 10.0; Win64; x64; rv:121.0) Gecko/20100101 Firefox/121.0"
62.60.130.199 - - [09/Sep/2026:14:58:14 -0700] "GET /feed/ HTTP/1.1" 200 1140 "-" "Mozilla/5.0 (Windows NT 10.0; Win64; x64; rv:121.0) Gecko/20100101 Firefox/121.0"
62.60.130.199 - - [09/Sep/2026:14:58:14 -0700] "GET /?feed=rss2 HTTP/1.1" 301 - "-" "Mozilla/5.0 (X11; Linux x86_64) AppleWebKit/537.36 (KHTML, like Gecko) Chrome/120.0.0.0 Safari/537.36"
62.60.130.199 - - [09/Sep/2026:14:58:15 -0700] "GET /feed/ HTTP/1.1" 200 1140 "-" "Mozilla/5.0 (X11; Linux x86_64) AppleWebKit/537.36 (KHTML, like Gecko) Chrome/120.0.0.0 Safari/537.36"
62.60.130.199 - - [09/Sep/2026:14:58:15 -0700] "GET /?feed=atom HTTP/1.1" 301 - "-" "Mozilla/5.0 (Macintosh; Intel Mac OS X 10_15_7) AppleWebKit/537.36 (KHTML, like Gecko) Chrome/120.0.0.0 Safari/537.36"
62.60.130.199 - - [09/Sep/2026:14:58:16 -0700] "GET /feed/atom/ HTTP/1.1" 200 758 "-" "Mozilla/5.0 (Macintosh; Intel Mac OS X 10_15_7) AppleWebKit/537.36 (KHTML, like Gecko) Chrome/120.0.0.0 Safari/537.36"
144.208.65.39 - - [09/Sep/2026:15:06:20 -0700] "POST /wp-cron.php?doing_wp_cron=1788991580.0711069107055664062500 HTTP/1.1" 200 - "-" "WordPress/6.6.7; https://dunbarconstructioninc.com"
149.88.24.187 - - [09/Sep/2026:15:06:19 -0700] "GET / HTTP/1.1" 200 74104 "-" "Mozilla/5.0 (Windows NT 10.0; Win64; x64) AppleWebKit/537.36 (KHTML, like Gecko) Chrome/126.0 Safari/537.36"
149.88.24.187 - - [09/Sep/2026:15:06:22 -0700] "GET /products-and-services HTTP/1.1" 301 - "-" "Mozilla/5.0 (Windows NT 10.0; Win64; x64) AppleWebKit/537.36 (KHTML, like Gecko) Chrome/126.0 Safari/537.36"
149.88.24.187 - - [09/Sep/2026:15:06:23 -0700] "GET /products-and-services/ HTTP/1.1" 200 56050 "-" "Mozilla/5.0 (Windows NT 10.0; Win64; x64) AppleWebKit/537.36 (KHTML, like Gecko) Chrome/126.0 Safari/537.36"
149.88.24.187 - - [09/Sep/2026:15:06:26 -0700] "GET /about-us HTTP/1.1" 301 - "-" "Mozilla/5.0 (Windows NT 10.0; Win64; x64) AppleWebKit/537.36 (KHTML, like Gecko) Chrome/126.0 Safari/537.36"
149.88.24.187 - - [09/Sep/2026:15:06:26 -0700] "GET /about-us/ HTTP/1.1" 200 59042 "-" "Mozilla/5.0 (Windows NT 10.0; Win64; x64) AppleWebKit/537.36 (KHTML, like Gecko) Chrome/126.0 Safari/537.36"
149.88.24.187 - - [09/Sep/2026:15:06:29 -0700] "GET /solar-services-repairs HTTP/1.1" 301 - "-" "Mozilla/5.0 (Windows NT 10.0; Win64; x64) AppleWebKit/537.36 (KHTML, like Gecko) Chrome/126.0 Safari/537.36"
149.88.24.187 - - [09/Sep/2026:15:06:30 -0700] "GET /solar-services-repairs/ HTTP/1.1" 200 62350 "-" "Mozilla/5.0 (Windows NT 10.0; Win64; x64) AppleWebKit/537.36 (KHTML, like Gecko) Chrome/126.0 Safari/537.36"
149.88.24.187 - - [09/Sep/2026:15:06:32 -0700] "GET /contact-us HTTP/1.1" 301 - "-" "Mozilla/5.0 (Windows NT 10.0; Win64; x64) AppleWebKit/537.36 (KHTML, like Gecko) Chrome/126.0 Safari/537.36"
149.88.24.187 - - [09/Sep/2026:15:06:33 -0700] "GET /contact-us/ HTTP/1.1" 200 43732 "-" "Mozilla/5.0 (Windows NT 10.0; Win64; x64) AppleWebKit/537.36 (KHTML, like Gecko) Chrome/126.0 Safari/537.36"
144.208.65.39 - - [09/Sep/2026:15:25:31 -0700] "POST /wp-cron.php?doing_wp_cron=1788992731.3156290054321289062500 HTTP/1.1" 200 - "-" "WordPress/6.6.7; https://dunbarconstructioninc.com"
172.203.190.130 - - [09/Sep/2026:15:25:30 -0700] "GET /robots.txt HTTP/1.1" 200 126 "-" "Mozilla/5.0 (Macintosh; Intel Mac OS X 10_15_7) AppleWebKit/537.36 (KHTML, like Gecko) Chrome/131.0.0.0 Safari/537.36; compatible; OAI-SearchBot/1.0; +https://openai.com/searchbot"
212.156.70.154 - - [09/Sep/2026:15:31:38 -0700] "GET / HTTP/1.1" 301 - "-" "Mozilla/5.0 (Windows NT 10.0; Win64; x64) AppleWebKit/537.36 (KHTML, like Gecko) Chrome/150.0.0.0 Safari/537.36"
212.156.70.154 - - [09/Sep/2026:15:31:39 -0700] "GET / HTTP/1.1" 200 74104 "-" "Mozilla/5.0 (Windows NT 10.0; Win64; x64) AppleWebKit/537.36 (KHTML, like Gecko) Chrome/150.0.0.0 Safari/537.36"
173.239.213.59 - - [09/Sep/2026:15:47:31 -0700] "POST /wp-login.php HTTP/1.1" 200 6693 "-" "Mozilla/5.0 (Macintosh; Intel Mac OS X 10_15_7) AppleWebKit/605.1.15 Version/17.0 Safari/605.1.15"
144.208.65.39 - - [09/Sep/2026:15:52:54 -0700] "POST /wp-cron.php?doing_wp_cron=1788994374.9204659461975097656250 HTTP/1.1" 200 - "-" "WordPress/6.6.7; https://dunbarconstructioninc.com"
173.239.213.64 - - [09/Sep/2026:15:52:54 -0700] "POST /wp-login.php HTTP/1.1" 200 6693 "-" "Mozilla/5.0 (Windows NT 10.0; Win64; rv:143.0) Gecko/20100101 Firefox/143.0"
144.208.65.39 - - [09/Sep/2026:15:53:23 -0700] "POST /wp-cron.php?doing_wp_cron=1788994403.3692629337310791015625 HTTP/1.1" 200 - "-" "WordPress/6.6.7; https://dunbarconstructioninc.com"
194.233.75.200 - - [09/Sep/2026:15:53:22 -0700] "GET /old/ HTTP/1.1" 404 39855 "-" "Mozilla/5.0 (X11; Linux x86_64) AppleWebKit/537.36 (KHTML, like Gecko) Chrome/146.0.0.0 Safari/537.36"
194.163.147.154 - - [09/Sep/2026:15:58:06 -0700] "GET / HTTP/1.1" 200 74104 "-" "Mozilla/5.0 (compatible; InterviewOS/1.0; +https://www.thesubspace.io/bot)"
194.163.147.154 - - [09/Sep/2026:15:58:07 -0700] "GET /careers HTTP/1.1" 404 39792 "-" "Mozilla/5.0 (compatible; InterviewOS/1.0; +https://www.thesubspace.io/bot)"
194.163.147.154 - - [09/Sep/2026:15:58:08 -0700] "GET /jobs HTTP/1.1" 404 39792 "-" "Mozilla/5.0 (compatible; InterviewOS/1.0; +https://www.thesubspace.io/bot)"
194.163.147.154 - - [09/Sep/2026:15:58:08 -0700] "GET /karriere HTTP/1.1" 404 39792 "-" "Mozilla/5.0 (compatible; InterviewOS/1.0; +https://www.thesubspace.io/bot)"
194.163.147.154 - - [09/Sep/2026:15:58:09 -0700] "GET /empleos HTTP/1.1" 404 39792 "-" "Mozilla/5.0 (compatible; InterviewOS/1.0; +https://www.thesubspace.io/bot)"
194.163.147.154 - - [09/Sep/2026:15:58:10 -0700] "GET /emplois HTTP/1.1" 404 39792 "-" "Mozilla/5.0 (compatible; InterviewOS/1.0; +https://www.thesubspace.io/bot)"
194.163.147.154 - - [09/Sep/2026:15:58:10 -0700] "GET /vagas HTTP/1.1" 404 39792 "-" "Mozilla/5.0 (compatible; InterviewOS/1.0; +https://www.thesubspace.io/bot)"
194.163.147.154 - - [09/Sep/2026:15:58:11 -0700] "GET /vacatures HTTP/1.1" 404 39792 "-" "Mozilla/5.0 (compatible; InterviewOS/1.0; +https://www.thesubspace.io/bot)"
194.163.147.154 - - [09/Sep/2026:15:58:11 -0700] "GET /join-the-team HTTP/1.1" 404 39792 "-" "Mozilla/5.0 (compatible; InterviewOS/1.0; +https://www.thesubspace.io/bot)"
194.163.147.154 - - [09/Sep/2026:15:58:12 -0700] "GET /find-work HTTP/1.1" 404 39792 "-" "Mozilla/5.0 (compatible; InterviewOS/1.0; +https://www.thesubspace.io/bot)"
194.163.147.154 - - [09/Sep/2026:15:58:12 -0700] "GET /openings HTTP/1.1" 404 39792 "-" "Mozilla/5.0 (compatible; InterviewOS/1.0; +https://www.thesubspace.io/bot)"
173.239.213.67 - - [09/Sep/2026:15:58:13 -0700] "POST /wp-login.php HTTP/1.1" 200 6693 "-" "Mozilla/5.0 (Windows NT 10.0; Win64; rv:143.0) Gecko/20100101 Firefox/143.0"
194.163.147.154 - - [09/Sep/2026:15:58:13 -0700] "GET /positions HTTP/1.1" 404 39792 "-" "Mozilla/5.0 (compatible; InterviewOS/1.0; +https://www.thesubspace.io/bot)"
194.163.147.154 - - [09/Sep/2026:15:58:13 -0700] "GET /employment HTTP/1.1" 404 39792 "-" "Mozilla/5.0 (compatible; InterviewOS/1.0; +https://www.thesubspace.io/bot)"
194.163.147.154 - - [09/Sep/2026:15:58:14 -0700] "GET /human-resources HTTP/1.1" 404 39792 "-" "Mozilla/5.0 (compatible; InterviewOS/1.0; +https://www.thesubspace.io/bot)"
194.163.147.154 - - [09/Sep/2026:15:58:14 -0700] "GET /hr HTTP/1.1" 404 39792 "-" "Mozilla/5.0 (compatible; InterviewOS/1.0; +https://www.thesubspace.io/bot)"
194.163.147.154 - - [09/Sep/2026:15:58:15 -0700] "GET /opportunities HTTP/1.1" 404 39792 "-" "Mozilla/5.0 (compatible; InterviewOS/1.0; +https://www.thesubspace.io/bot)"
194.163.147.154 - - [09/Sep/2026:15:58:16 -0700] "GET /recruitment HTTP/1.1" 404 39792 "-" "Mozilla/5.0 (compatible; InterviewOS/1.0; +https://www.thesubspace.io/bot)"
194.163.147.154 - - [09/Sep/2026:15:58:16 -0700] "GET /vacancies HTTP/1.1" 404 39792 "-" "Mozilla/5.0 (compatible; InterviewOS/1.0; +https://www.thesubspace.io/bot)"
194.163.147.154 - - [09/Sep/2026:15:58:17 -0700] "GET /join-us HTTP/1.1" 404 39792 "-" "Mozilla/5.0 (compatible; InterviewOS/1.0; +https://www.thesubspace.io/bot)"
144.208.65.39 - - [09/Sep/2026:15:58:18 -0700] "POST /wp-cron.php?doing_wp_cron=1788994698.2398579120635986328125 HTTP/1.1" 200 - "-" "WordPress/6.6.7; https://dunbarconstructioninc.com"
194.163.147.154 - - [09/Sep/2026:15:58:17 -0700] "GET /work-with-us HTTP/1.1" 404 39792 "-" "Mozilla/5.0 (compatible; InterviewOS/1.0; +https://www.thesubspace.io/bot)"
194.163.147.154 - - [09/Sep/2026:15:58:18 -0700] "GET /jobs-at HTTP/1.1" 404 39792 "-" "Mozilla/5.0 (compatible; InterviewOS/1.0; +https://www.thesubspace.io/bot)"
194.163.147.154 - - [09/Sep/2026:15:58:19 -0700] "GET /sitemap.xml HTTP/1.1" 302 - "-" "Mozilla/5.0 (compatible; InterviewOS/1.0; +https://www.thesubspace.io/bot)"
194.163.147.154 - - [09/Sep/2026:15:58:19 -0700] "GET /wp-sitemap.xml HTTP/1.1" 200 310 "-" "Mozilla/5.0 (compatible; InterviewOS/1.0; +https://www.thesubspace.io/bot)"
194.163.147.154 - - [09/Sep/2026:15:58:20 -0700] "GET /sitemap_index.xml HTTP/1.1" 404 39792 "-" "Mozilla/5.0 (compatible; InterviewOS/1.0; +https://www.thesubspace.io/bot)"
173.239.213.87 - - [09/Sep/2026:16:03:27 -0700] "POST /wp-login.php HTTP/1.1" 200 6693 "-" "Mozilla/5.0 (Windows NT 10.0; Win64; rv:143.0) Gecko/20100101 Firefox/143.0"
144.208.65.39 - - [09/Sep/2026:16:08:34 -0700] "POST /wp-cron.php?doing_wp_cron=1788995314.3251879215240478515625 HTTP/1.1" 200 - "-" "WordPress/6.6.7; https://dunbarconstructioninc.com"
173.239.213.42 - - [09/Sep/2026:16:08:33 -0700] "POST /wp-login.php HTTP/1.1" 200 6693 "-" "Mozilla/5.0 (Macintosh; Intel Mac OS X 10_15_7) AppleWebKit/605.1.15 Version/17.0 Safari/605.1.15"
173.239.213.82 - - [09/Sep/2026:16:13:49 -0700] "POST /wp-login.php HTTP/1.1" 200 6693 "-" "Mozilla/5.0 (Windows NT 10.0; Win64; x64) AppleWebKit/537.36 Chrome/129.0.0.0 Safari/537.36"
109.163.131.17 - - [09/Sep/2026:16:15:41 -0700] "GET /wp-login.php HTTP/1.1" 200 6218 "-" "Mozilla/5.0 (Macintosh; Intel Mac OS X 10_15_7) AppleWebKit/537.36 (KHTML, like Gecko) Chrome/152.0.0.0 Safari/537.36"
144.208.65.39 - - [09/Sep/2026:16:18:56 -0700] "POST /wp-cron.php?doing_wp_cron=1788995936.3724989891052246093750 HTTP/1.1" 200 - "-" "WordPress/6.6.7; https://dunbarconstructioninc.com"
173.239.213.54 - - [09/Sep/2026:16:18:55 -0700] "POST /wp-login.php HTTP/1.1" 200 6693 "-" "Mozilla/5.0 (Macintosh; Intel Mac OS X 10_15_7) AppleWebKit/605.1.15 Version/17.0 Safari/605.1.15"
173.239.213.56 - - [09/Sep/2026:16:24:09 -0700] "POST /wp-login.php HTTP/1.1" 200 6693 "-" "Mozilla/5.0 (Windows NT 10.0; Win64; rv:143.0) Gecko/20100101 Firefox/143.0"
144.208.65.39 - - [09/Sep/2026:16:29:19 -0700] "POST /wp-cron.php?doing_wp_cron=1788996559.1535289287567138671875 HTTP/1.1" 200 - "-" "WordPress/6.6.7; https://dunbarconstructioninc.com"
173.239.213.48 - - [09/Sep/2026:16:29:18 -0700] "POST /wp-login.php HTTP/1.1" 200 6693 "-" "Mozilla/5.0 (Windows NT 10.0; Win64; x64) AppleWebKit/537.36 Chrome/129.0.0.0 Safari/537.36"
144.208.65.39 - - [09/Sep/2026:16:29:19 -0700] "POST /wp-admin/admin-ajax.php HTTP/1.1" 200 1 "-" "WordPress/6.6.7; https://dunbarconstructioninc.com"
144.208.65.39 - - [09/Sep/2026:16:34:30 -0700] "POST /wp-cron.php?doing_wp_cron=1788996869.9881200790405273437500 HTTP/1.1" 200 - "-" "WordPress/6.6.7; https://dunbarconstructioninc.com"
173.239.213.72 - - [09/Sep/2026:16:34:29 -0700] "POST /wp-login.php HTTP/1.1" 200 6693 "-" "Mozilla/5.0 (Windows NT 10.0; Win64; x64) AppleWebKit/537.36 Chrome/129.0.0.0 Safari/537.36"
216.73.217.154 - - [09/Sep/2026:16:37:43 -0700] "GET /robots.txt HTTP/1.1" 200 126 "-" "Mozilla/5.0 AppleWebKit/537.36 (KHTML, like Gecko; compatible; ClaudeBot/1.0; +claudebot@anthropic.com)"
216.73.217.154 - - [09/Sep/2026:16:37:43 -0700] "GET /wp-sitemap.xml HTTP/1.1" 200 310 "-" "Mozilla/5.0 AppleWebKit/537.36 (KHTML, like Gecko; compatible; ClaudeBot/1.0; +claudebot@anthropic.com)"
173.239.213.53 - - [09/Sep/2026:16:39:38 -0700] "POST /wp-login.php HTTP/1.1" 200 6693 "-" "Mozilla/5.0 (Windows NT 10.0; Win64; x64) AppleWebKit/537.36 Chrome/129.0.0.0 Safari/537.36"
144.208.65.39 - - [09/Sep/2026:16:44:48 -0700] "POST /wp-cron.php?doing_wp_cron=1788997488.0673730373382568359375 HTTP/1.1" 200 - "-" "WordPress/6.6.7; https://dunbarconstructioninc.com"
173.239.213.53 - - [09/Sep/2026:16:44:47 -0700] "POST /wp-login.php HTTP/1.1" 200 6693 "-" "Mozilla/5.0 (Windows NT 10.0; Win64; x64) AppleWebKit/537.36 Chrome/129.0.0.0 Safari/537.36"
173.239.213.75 - - [09/Sep/2026:16:49:59 -0700] "POST /wp-login.php HTTP/1.1" 200 6693 "-" "Mozilla/5.0 (Windows NT 10.0; Win64; x64) AppleWebKit/537.36 Chrome/129.0.0.0 Safari/537.36"
144.208.65.39 - - [09/Sep/2026:16:53:28 -0700] "GET / HTTP/1.1" 200 74104 "-" "WordPress/6.6.7; http://dunbarconstructioninc.com"
82.232.201.12 - - [09/Sep/2026:16:53:45 -0700] "GET /wp-login.php HTTP/1.1" 200 6218 "-" "Mozilla/5.0 (X11; Linux x86_64) AppleWebKit/537.36 (KHTML, like Gecko) Chrome/151.0.0.0 Safari/537.36"
82.121.80.211 - - [09/Sep/2026:16:53:46 -0700] "POST /wp-login.php HTTP/1.1" 200 6693 "https://dunbarconstructioninc.com/wp-login.php" "Mozilla/5.0 (X11; Linux x86_64) AppleWebKit/537.36 (KHTML, like Gecko) Chrome/151.0.0.0 Safari/537.36"
144.208.65.39 - - [09/Sep/2026:17:00:22 -0700] "POST /wp-cron.php?doing_wp_cron=1788998422.8028559684753417968750 HTTP/1.1" 200 - "-" "WordPress/6.6.7; https://dunbarconstructioninc.com"
173.239.213.70 - - [09/Sep/2026:17:00:22 -0700] "POST /wp-login.php HTTP/1.1" 200 6693 "-" "Mozilla/5.0 (Macintosh; Intel Mac OS X 10_15_7) AppleWebKit/605.1.15 Version/17.0 Safari/605.1.15"
173.239.213.79 - - [09/Sep/2026:17:05:39 -0700] "POST /wp-login.php HTTP/1.1" 200 6693 "-" "Mozilla/5.0 (Windows NT 10.0; Win64; rv:143.0) Gecko/20100101 Firefox/143.0"
144.208.65.39 - - [09/Sep/2026:17:08:34 -0700] "POST /wp-cron.php?doing_wp_cron=1788998914.0318160057067871093750 HTTP/1.1" 200 - "-" "WordPress/6.6.7; https://dunbarconstructioninc.com"
74.7.228.44 - - [09/Sep/2026:17:08:33 -0700] "GET /robots.txt HTTP/1.1" 200 126 "-" "Mozilla/5.0 (Macintosh; Intel Mac OS X 10_15_7) AppleWebKit/537.36 (KHTML, like Gecko) Chrome/131.0.0.0 Safari/537.36; compatible; OAI-SearchBot/1.4; robots.txt; +https://openai.com/searchbot"
144.208.65.39 - - [09/Sep/2026:17:10:56 -0700] "POST /wp-cron.php?doing_wp_cron=1788999056.3465559482574462890625 HTTP/1.1" 200 - "-" "WordPress/6.6.7; https://dunbarconstructioninc.com"
173.239.213.56 - - [09/Sep/2026:17:10:55 -0700] "POST /wp-login.php HTTP/1.1" 200 6693 "-" "Mozilla/5.0 (Macintosh; Intel Mac OS X 10_15_7) AppleWebKit/605.1.15 Version/17.0 Safari/605.1.15"
173.239.213.63 - - [09/Sep/2026:17:16:09 -0700] "POST /wp-login.php HTTP/1.1" 200 6693 "-" "Mozilla/5.0 (Macintosh; Intel Mac OS X 10_15_7) AppleWebKit/605.1.15 Version/17.0 Safari/605.1.15"
144.208.65.39 - - [09/Sep/2026:17:21:26 -0700] "POST /wp-cron.php?doing_wp_cron=1788999686.2697920799255371093750 HTTP/1.1" 200 - "-" "WordPress/6.6.7; https://dunbarconstructioninc.com"
173.239.213.47 - - [09/Sep/2026:17:21:25 -0700] "POST /wp-login.php HTTP/1.1" 200 6693 "-" "Mozilla/5.0 (Macintosh; Intel Mac OS X 10_15_7) AppleWebKit/605.1.15 Version/17.0 Safari/605.1.15"
195.178.110.93 - - [09/Sep/2026:17:24:02 -0700] "GET / HTTP/1.1" 200 74104 "-" "Mozilla/5.0 (Windows NT 10.0; Win64; x64) AppleWebKit/537.36 (KHTML, like Gecko) Chrome/126.0.0.0 Safari/537.36"
144.208.65.39 - - [09/Sep/2026:17:26:37 -0700] "POST /wp-cron.php?doing_wp_cron=1788999997.1474220752716064453125 HTTP/1.1" 200 - "-" "WordPress/6.6.7; https://dunbarconstructioninc.com"
173.239.213.79 - - [09/Sep/2026:17:26:36 -0700] "POST /wp-login.php HTTP/1.1" 200 6693 "-" "Mozilla/5.0 (Windows NT 10.0; Win64; x64) AppleWebKit/537.36 Chrome/129.0.0.0 Safari/537.36"
144.208.65.39 - - [09/Sep/2026:17:31:09 -0700] "POST /wp-cron.php?doing_wp_cron=1789000269.0293550491333007812500 HTTP/1.1" 200 - "-" "WordPress/6.6.7; https://dunbarconstructioninc.com"
74.7.243.201 - - [09/Sep/2026:17:31:08 -0700] "GET /wp-sitemap.xml HTTP/1.1" 200 310 "-" "Mozilla/5.0 AppleWebKit/537.36 (KHTML, like Gecko; compatible; GPTBot/1.4; +https://openai.com/gptbot)"
173.239.213.85 - - [09/Sep/2026:17:31:53 -0700] "POST /wp-login.php HTTP/1.1" 200 6693 "-" "Mozilla/5.0 (Windows NT 10.0; Win64; x64) AppleWebKit/537.36 Chrome/129.0.0.0 Safari/537.36"
144.208.65.39 - - [09/Sep/2026:17:35:28 -0700] "POST /wp-cron.php?doing_wp_cron=1789000528.9768350124359130859375 HTTP/1.1" 200 - "-" "WordPress/6.6.7; https://dunbarconstructioninc.com"
173.252.107.5 - - [09/Sep/2026:17:35:28 -0700] "GET /robots.txt HTTP/1.1" 200 126 "-" "facebookexternalhit/1.1 (+http://www.facebook.com/externalhit_uatext.php)"
57.141.20.72 - - [09/Sep/2026:17:35:34 -0700] "GET /wp-sitemap-posts-page-1.xml HTTP/1.1" 200 874 "-" "Mozilla/5.0 (Windows NT 10.0; Win64; x64) AppleWebKit/537.36 (KHTML, like Gecko) Chrome/145.0.0.0 Safari/537.36 (compatible; meta-webindexer/1.1 (+https://developers.facebook.com/docs/sharing/webmasters/crawler))"
144.208.65.39 - - [09/Sep/2026:17:37:06 -0700] "POST /wp-cron.php?doing_wp_cron=1789000626.7068600654602050781250 HTTP/1.1" 200 - "-" "WordPress/6.6.7; https://dunbarconstructioninc.com"
173.239.213.45 - - [09/Sep/2026:17:37:06 -0700] "POST /wp-login.php HTTP/1.1" 200 6693 "-" "Mozilla/5.0 (Windows NT 10.0; Win64; rv:143.0) Gecko/20100101 Firefox/143.0"
144.208.65.39 - - [09/Sep/2026:17:42:23 -0700] "POST /wp-cron.php?doing_wp_cron=1789000942.9945840835571289062500 HTTP/1.1" 200 - "-" "WordPress/6.6.7; https://dunbarconstructioninc.com"
173.239.213.52 - - [09/Sep/2026:17:42:22 -0700] "POST /wp-login.php HTTP/1.1" 200 6693 "-" "Mozilla/5.0 (Windows NT 10.0; Win64; rv:143.0) Gecko/20100101 Firefox/143.0"
198.235.24.129 - - [09/Sep/2026:17:43:51 -0700] "GET / HTTP/1.1" 200 74104 "-" "Hello from Palo Alto Networks, find out more about our scans in https://docs-cortex.paloaltonetworks.com/r/1/Cortex-Xpanse/Scanning-activity"
144.208.65.39 - - [09/Sep/2026:17:47:33 -0700] "POST /wp-cron.php?doing_wp_cron=1789001253.4907460212707519531250 HTTP/1.1" 200 - "-" "WordPress/6.6.7; https://dunbarconstructioninc.com"
173.239.213.60 - - [09/Sep/2026:17:47:33 -0700] "POST /wp-login.php HTTP/1.1" 200 6693 "-" "Mozilla/5.0 (Macintosh; Intel Mac OS X 10_15_7) AppleWebKit/605.1.15 Version/17.0 Safari/605.1.15"
144.208.65.39 - - [09/Sep/2026:17:52:48 -0700] "POST /wp-cron.php?doing_wp_cron=1789001568.8956549167633056640625 HTTP/1.1" 200 - "-" "WordPress/6.6.7; https://dunbarconstructioninc.com"
173.239.213.72 - - [09/Sep/2026:17:52:48 -0700] "POST /wp-login.php HTTP/1.1" 200 6693 "-" "Mozilla/5.0 (Windows NT 10.0; Win64; rv:143.0) Gecko/20100101 Firefox/143.0"
173.239.213.54 - - [09/Sep/2026:17:57:59 -0700] "POST /wp-login.php HTTP/1.1" 200 6693 "-" "Mozilla/5.0 (Macintosh; Intel Mac OS X 10_15_7) AppleWebKit/605.1.15 Version/17.0 Safari/605.1.15"
144.208.65.39 - - [09/Sep/2026:18:02:46 -0700] "POST /wp-cron.php?doing_wp_cron=1789002166.4989759922027587890625 HTTP/1.1" 200 - "-" "WordPress/6.6.7; https://dunbarconstructioninc.com"
134.98.156.229 - - [09/Sep/2026:18:02:46 -0700] "GET / HTTP/1.1" 200 74104 "-" "Mozilla/5.0 (Windows NT 10.0; Win64; x64) AppleWebKit/537.36 (KHTML, like Gecko) Chrome/131.0.0.0 Safari/537.36"
144.208.65.39 - - [09/Sep/2026:18:03:20 -0700] "POST /wp-cron.php?doing_wp_cron=1789002200.7617979049682617187500 HTTP/1.1" 200 - "-" "WordPress/6.6.7; https://dunbarconstructioninc.com"
173.239.213.70 - - [09/Sep/2026:18:03:20 -0700] "POST /wp-login.php HTTP/1.1" 200 6693 "-" "Mozilla/5.0 (Macintosh; Intel Mac OS X 10_15_7) AppleWebKit/605.1.15 Version/17.0 Safari/605.1.15"
144.208.65.39 - - [09/Sep/2026:18:08:38 -0700] "POST /wp-cron.php?doing_wp_cron=1789002518.2721209526062011718750 HTTP/1.1" 200 - "-" "WordPress/6.6.7; https://dunbarconstructioninc.com"
173.239.213.47 - - [09/Sep/2026:18:08:37 -0700] "POST /wp-login.php HTTP/1.1" 200 6693 "-" "Mozilla/5.0 (Macintosh; Intel Mac OS X 10_15_7) AppleWebKit/605.1.15 Version/17.0 Safari/605.1.15"
173.239.213.47 - - [09/Sep/2026:18:13:58 -0700] "POST /wp-login.php HTTP/1.1" 200 6693 "-" "Mozilla/5.0 (Macintosh; Intel Mac OS X 10_15_7) AppleWebKit/605.1.15 Version/17.0 Safari/605.1.15"
144.208.65.39 - - [09/Sep/2026:18:19:18 -0700] "POST /wp-cron.php?doing_wp_cron=1789003158.1884329319000244140625 HTTP/1.1" 200 - "-" "WordPress/6.6.7; https://dunbarconstructioninc.com"
173.239.213.76 - - [09/Sep/2026:18:19:17 -0700] "POST /wp-login.php HTTP/1.1" 200 6693 "-" "Mozilla/5.0 (Macintosh; Intel Mac OS X 10_15_7) AppleWebKit/605.1.15 Version/17.0 Safari/605.1.15"
144.208.65.39 - - [09/Sep/2026:18:24:42 -0700] "POST /wp-cron.php?doing_wp_cron=1789003482.9472119808197021484375 HTTP/1.1" 200 - "-" "WordPress/6.6.7; https://dunbarconstructioninc.com"
173.239.213.50 - - [09/Sep/2026:18:24:42 -0700] "POST /wp-login.php HTTP/1.1" 200 6693 "-" "Mozilla/5.0 (Windows NT 10.0; Win64; x64) AppleWebKit/537.36 Chrome/129.0.0.0 Safari/537.36"
144.208.65.39 - - [09/Sep/2026:18:29:15 -0700] "POST /wp-cron.php?doing_wp_cron=1789003755.6218929290771484375000 HTTP/1.1" 200 - "-" "WordPress/6.6.7; https://dunbarconstructioninc.com"
49.37.128.10 - - [09/Sep/2026:18:29:15 -0700] "POST /xmlrpc.php HTTP/1.1" 200 403 "-" "Mozilla/5.0 (Linux; Android 10; arm64) AppleWebKit/537.36 (KHTML, like Gecko) Chrome/115.0.0.0 Safari/537.36"
173.239.213.89 - - [09/Sep/2026:18:29:58 -0700] "POST /wp-login.php HTTP/1.1" 200 6693 "-" "Mozilla/5.0 (Windows NT 10.0; Win64; rv:143.0) Gecko/20100101 Firefox/143.0"
144.208.65.39 - - [09/Sep/2026:18:33:17 -0700] "POST /wp-cron.php?doing_wp_cron=1789003997.5752990245819091796875 HTTP/1.1" 200 - "-" "WordPress/6.6.7; https://dunbarconstructioninc.com"
49.37.128.10 - - [09/Sep/2026:18:33:17 -0700] "GET /wp-json/wp/v2/users HTTP/1.1" 200 622 "-" "Mozilla/4.0 (compatible; Win32; WinHttp.WinHttpRequest.5)"
49.37.128.10 - - [09/Sep/2026:18:34:14 -0700] "POST /xmlrpc.php HTTP/1.1" 200 403 "-" "Mozilla/5.0 (Linux; Android 10; arm64) AppleWebKit/537.36 (KHTML, like Gecko) Opera/63.0.0.0 Safari/537.36"
144.208.65.39 - - [09/Sep/2026:18:34:58 -0700] "POST /wp-cron.php?doing_wp_cron=1789004098.6254029273986816406250 HTTP/1.1" 200 - "-" "WordPress/6.6.7; https://dunbarconstructioninc.com"
49.37.128.10 - - [09/Sep/2026:18:34:58 -0700] "POST /xmlrpc.php HTTP/1.1" 200 403 "-" "Mozilla/5.0 (Windows NT 6.3; x64) AppleWebKit/537.36 (KHTML, like Gecko) Safari/13.0.0.0 Safari/537.36"
144.208.65.39 - - [09/Sep/2026:18:35:20 -0700] "POST /wp-cron.php?doing_wp_cron=1789004120.6529459953308105468750 HTTP/1.1" 200 - "-" "WordPress/6.6.7; https://dunbarconstructioninc.com"
173.239.213.76 - - [09/Sep/2026:18:35:20 -0700] "POST /wp-login.php HTTP/1.1" 200 6693 "-" "Mozilla/5.0 (Macintosh; Intel Mac OS X 10_15_7) AppleWebKit/605.1.15 Version/17.0 Safari/605.1.15"
49.37.128.10 - - [09/Sep/2026:18:35:50 -0700] "POST /xmlrpc.php HTTP/1.1" 200 403 "-" "Mozilla/5.0 (Windows NT 6.2; x64) AppleWebKit/537.36 (KHTML, like Gecko) Edge/87.0.0.0 Safari/537.36"
216.73.217.154 - - [09/Sep/2026:18:36:07 -0700] "GET /robots.txt HTTP/1.1" 200 126 "-" "Mozilla/5.0 AppleWebKit/537.36 (KHTML, like Gecko; compatible; ClaudeBot/1.0; +claudebot@anthropic.com)"
216.73.217.154 - - [09/Sep/2026:18:36:07 -0700] "GET /wp-sitemap.xml HTTP/1.1" 200 310 "-" "Mozilla/5.0 AppleWebKit/537.36 (KHTML, like Gecko; compatible; ClaudeBot/1.0; +claudebot@anthropic.com)"
144.208.65.39 - - [09/Sep/2026:18:36:29 -0700] "POST /wp-cron.php?doing_wp_cron=1789004189.8373770713806152343750 HTTP/1.1" 200 - "-" "WordPress/6.6.7; https://dunbarconstructioninc.com"
49.37.128.10 - - [09/Sep/2026:18:36:29 -0700] "POST /xmlrpc.php HTTP/1.1" 200 403 "-" "Mozilla/5.0 (Windows NT 6.2; x64) AppleWebKit/537.36 (KHTML, like Gecko) Firefox/71.0.0.0 Safari/537.36"
49.37.128.10 - - [09/Sep/2026:18:37:04 -0700] "POST /xmlrpc.php HTTP/1.1" 200 403 "-" "Mozilla/5.0 (X11; Ubuntu; Linux x86_64; arm64) AppleWebKit/537.36 (KHTML, like Gecko) Firefox/86.0.0.0 Safari/537.36"
49.37.128.10 - - [09/Sep/2026:18:37:40 -0700] "POST /xmlrpc.php HTTP/1.1" 200 403 "-" "Mozilla/5.0 (Windows NT 6.2; x86) AppleWebKit/537.36 (KHTML, like Gecko) Chrome/104.0.0.0 Safari/537.36"
144.208.65.39 - - [09/Sep/2026:18:38:19 -0700] "POST /wp-cron.php?doing_wp_cron=1789004299.1645400524139404296875 HTTP/1.1" 200 - "-" "WordPress/6.6.7; https://dunbarconstructioninc.com"
49.37.128.10 - - [09/Sep/2026:18:38:18 -0700] "POST /xmlrpc.php HTTP/1.1" 200 403 "-" "Mozilla/5.0 (Macintosh; Intel Mac OS X 10_15_7; arm64) AppleWebKit/537.36 (KHTML, like Gecko) Firefox/95.0.0.0 Safari/537.36"
49.37.128.10 - - [09/Sep/2026:18:38:54 -0700] "POST /xmlrpc.php HTTP/1.1" 200 403 "-" "Mozilla/5.0 (Windows NT 10.0; arm64) AppleWebKit/537.36 (KHTML, like Gecko) Firefox/87.0.0.0 Safari/537.36"
144.208.65.39 - - [09/Sep/2026:18:39:32 -0700] "POST /wp-cron.php?doing_wp_cron=1789004372.4998269081115722656250 HTTP/1.1" 200 - "-" "WordPress/6.6.7; https://dunbarconstructioninc.com"
49.37.128.10 - - [09/Sep/2026:18:39:32 -0700] "POST /xmlrpc.php HTTP/1.1" 200 403 "-" "Mozilla/5.0 (Linux; Android 10; arm64) AppleWebKit/537.36 (KHTML, like Gecko) Edge/100.0.0.0 Safari/537.36"
49.37.128.10 - - [09/Sep/2026:18:40:12 -0700] "POST /xmlrpc.php HTTP/1.1" 200 403 "-" "Mozilla/5.0 (Macintosh; Intel Mac OS X 10_15_7; x86) AppleWebKit/537.36 (KHTML, like Gecko) Firefox/100.0.0.0 Safari/537.36"
144.208.65.39 - - [09/Sep/2026:18:40:42 -0700] "POST /wp-cron.php?doing_wp_cron=1789004441.9996891021728515625000 HTTP/1.1" 200 - "-" "WordPress/6.6.7; https://dunbarconstructioninc.com"
173.239.213.54 - - [09/Sep/2026:18:40:41 -0700] "POST /wp-login.php HTTP/1.1" 200 6693 "-" "Mozilla/5.0 (Windows NT 10.0; Win64; x64) AppleWebKit/537.36 Chrome/129.0.0.0 Safari/537.36"
49.37.128.10 - - [09/Sep/2026:18:40:44 -0700] "POST /xmlrpc.php HTTP/1.1" 200 403 "-" "Mozilla/5.0 (Windows NT 6.3; arm64) AppleWebKit/537.36 (KHTML, like Gecko) Edge/95.0.0.0 Safari/537.36"
167.71.6.60 - - [09/Sep/2026:18:49:06 -0700] "GET /.env HTTP/1.1" 404 39792 "-" "Mozilla/5.0 (Macintosh; Intel Mac OS X 10_15_7) AppleWebKit/537.36 (KHTML, like Gecko) Chrome/142.0.0.0 Safari/537.36"
167.71.6.60 - - [09/Sep/2026:18:49:06 -0700] "GET /.env HTTP/1.1" 404 39855 "-" "Mozilla/5.0 (Macintosh; Intel Mac OS X 10_15_7) AppleWebKit/537.36 (KHTML, like Gecko) Chrome/142.0.0.0 Safari/537.36"
23.94.41.27 - - [09/Sep/2026:19:01:57 -0700] "GET /robots.txt HTTP/1.1" 200 126 "-" "IndiaBusinessContactMiner/1.0 (public business contact research)"
23.94.41.27 - - [09/Sep/2026:19:02:01 -0700] "GET / HTTP/1.1" 200 74104 "-" "IndiaBusinessContactMiner/1.0 (public business contact research)"
23.94.41.27 - - [09/Sep/2026:19:02:06 -0700] "GET /contact-us/ HTTP/1.1" 200 43732 "-" "IndiaBusinessContactMiner/1.0 (public business contact research)"
3.211.105.134 - - [09/Sep/2026:19:24:00 -0700] "GET / HTTP/1.1" 200 74104 "-" "Mozilla/5.0 AppleWebKit/537.36 (KHTML, like Gecko; compatible; Amazonbot/0.1; +https://developer.amazon.com/support/amazonbot) Chrome/119.0.6045.214 Safari/537.36"
144.208.65.39 - - [09/Sep/2026:19:37:19 -0700] "POST /wp-cron.php?doing_wp_cron=1789007839.4698240756988525390625 HTTP/1.1" 200 - "-" "WordPress/6.6.7; https://dunbarconstructioninc.com"
20.205.45.36 - - [09/Sep/2026:19:37:19 -0700] "GET / HTTP/1.1" 301 - "-" "Mozilla/5.0 (Windows NT 10.0; Win64; x64) AppleWebKit/537.36 (KHTML, like Gecko) Chrome/120.0.0.0 Safari/537.36"
144.208.65.39 - - [09/Sep/2026:19:45:18 -0700] "POST /wp-cron.php?doing_wp_cron=1789008318.5761730670928955078125 HTTP/1.1" 200 - "-" "WordPress/6.6.7; https://dunbarconstructioninc.com"
52.167.144.156 - - [09/Sep/2026:19:45:18 -0700] "GET /wp-sitemap.xml HTTP/1.1" 200 310 "-" "Mozilla/5.0 AppleWebKit/537.36 (KHTML, like Gecko; compatible; bingbot/2.0; +http://www.bing.com/bingbot.htm) Chrome/116.0.1938.76 Safari/537.36"
45.131.193.204 - - [09/Sep/2026:19:49:11 -0700] "GET /wp-login.php HTTP/1.1" 200 6218 "-" "Mozilla/5.0 (Macintosh; Intel Mac OS X 10_15_7) AppleWebKit/605.1.15 Version/17.0 Safari/605.1.15"
45.131.193.204 - - [09/Sep/2026:19:49:12 -0700] "GET /?author=1 HTTP/1.1" 301 - "-" "Mozilla/5.0 (Windows NT 10.0; Win64; rv:143.0) Gecko/20100101 Firefox/143.0"
45.131.193.204 - - [09/Sep/2026:19:49:13 -0700] "GET /?rest_route=/wp/v2/users HTTP/1.1" 200 622 "-" "Mozilla/5.0 (Macintosh; Intel Mac OS X 10_15_7) AppleWebKit/605.1.15 Version/17.0 Safari/605.1.15"
66.249.82.100 - - [09/Sep/2026:19:55:32 -0700] "GET /.well-known/traffic-advice HTTP/1.1" 404 39792 "-" "Chrome Privacy Preserving Prefetch Proxy"
193.186.4.161 - - [09/Sep/2026:19:55:32 -0700] "GET / HTTP/1.1" 200 74104 "https://www.google.com/" "Mozilla/5.0 (Windows NT 10.0; Win64; x64) AppleWebKit/537.36 (KHTML, like Gecko) Chrome/152.0.0.0 Safari/537.36"
66.249.82.99 - - [09/Sep/2026:19:55:33 -0700] "GET /.well-known/traffic-advice HTTP/1.1" 404 39792 "-" "Chrome Privacy Preserving Prefetch Proxy"
72.14.201.161 - - [09/Sep/2026:19:55:33 -0700] "GET /reviews/ HTTP/1.1" 200 42428 "https://www.google.com/" "Mozilla/5.0 (Windows NT 10.0; Win64; x64) AppleWebKit/537.36 (KHTML, like Gecko) Chrome/152.0.0.0 Safari/537.36"
144.208.65.39 - - [09/Sep/2026:19:57:06 -0700] "POST /wp-cron.php?doing_wp_cron=1789009026.2779419422149658203125 HTTP/1.1" 200 - "-" "WordPress/6.6.7; https://dunbarconstructioninc.com"
63.141.253.98 - - [09/Sep/2026:19:57:05 -0700] "GET / HTTP/1.1" 200 74104 "-" "Mozilla/5.0 (Windows NT 10.0; Win64; x64) AppleWebKit/537.36 (KHTML, like Gecko) Chrome/103.0.0.0 Safari/537.36"
63.141.253.98 - - [09/Sep/2026:19:57:06 -0700] "GET / HTTP/1.1" 200 74104 "-" "Googlebot/2.1 (+http://www.googlebot.com/bot.html)"
196.251.121.151 - - [09/Sep/2026:20:07:33 -0700] "GET /wp-login.php HTTP/1.1" 200 6218 "-" "Mozilla/5.0 (X11; Linux x86_64) AppleWebKit/537.36 (KHTML, like Gecko) Chrome/120.0.0.0 Safari/537.36"
196.251.121.151 - - [09/Sep/2026:20:07:33 -0700] "GET /wp-login.php HTTP/1.1" 200 6218 "-" "Mozilla/5.0 (Windows NT 10.0; Win64; x64) AppleWebKit/537.36 (KHTML, like Gecko) Chrome/120.0.0.0 Safari/537.36"
196.251.121.151 - - [09/Sep/2026:20:07:34 -0700] "POST /wp-login.php HTTP/1.1" 200 6639 "https://dunbarconstructioninc.com/wp-login.php" "Mozilla/5.0 (Windows NT 10.0; Win64; x64) AppleWebKit/537.36 (KHTML, like Gecko) Chrome/120.0.0.0 Safari/537.36"
196.251.121.151 - - [09/Sep/2026:20:07:34 -0700] "POST /wp-login.php HTTP/1.1" 200 6615 "https://dunbarconstructioninc.com/wp-login.php" "Mozilla/5.0 (Windows NT 10.0; Win64; x64) AppleWebKit/537.36 (KHTML, like Gecko) Chrome/120.0.0.0 Safari/537.36"
196.251.121.151 - - [09/Sep/2026:20:07:35 -0700] "POST /wp-login.php HTTP/1.1" 200 6615 "https://dunbarconstructioninc.com/wp-login.php" "Mozilla/5.0 (Windows NT 10.0; Win64; x64) AppleWebKit/537.36 (KHTML, like Gecko) Chrome/120.0.0.0 Safari/537.36"
196.251.121.151 - - [09/Sep/2026:20:07:35 -0700] "GET /wp-login.php HTTP/1.1" 200 6218 "-" "Mozilla/5.0 (X11; Linux x86_64) AppleWebKit/537.36 (KHTML, like Gecko) Chrome/120.0.0.0 Safari/537.36"
196.251.121.151 - - [09/Sep/2026:20:07:36 -0700] "POST /wp-login.php HTTP/1.1" 200 6644 "https://dunbarconstructioninc.com/wp-login.php" "Mozilla/5.0 (Windows NT 11.0; Win64; x64) AppleWebKit/537.36 (KHTML, like Gecko) Chrome/121.0.0.0 Safari/537.36"
196.251.121.151 - - [09/Sep/2026:20:07:37 -0700] "POST /wp-login.php HTTP/1.1" 200 6615 "https://dunbarconstructioninc.com/wp-login.php" "Mozilla/5.0 (Windows NT 11.0; Win64; x64) AppleWebKit/537.36 (KHTML, like Gecko) Chrome/121.0.0.0 Safari/537.36"
196.251.121.151 - - [09/Sep/2026:20:07:37 -0700] "POST /wp-login.php HTTP/1.1" 200 6615 "https://dunbarconstructioninc.com/wp-login.php" "Mozilla/5.0 (Windows NT 11.0; Win64; x64) AppleWebKit/537.36 (KHTML, like Gecko) Chrome/121.0.0.0 Safari/537.36"
196.251.121.151 - - [09/Sep/2026:20:07:38 -0700] "GET /wp-login.php HTTP/1.1" 200 6218 "-" "Mozilla/5.0 (Windows NT 10.0; Win64; x64) AppleWebKit/537.36 (KHTML, like Gecko) Chrome/120.0.0.0 Safari/537.36"
196.251.121.151 - - [09/Sep/2026:20:07:38 -0700] "POST /wp-login.php HTTP/1.1" 200 6643 "https://dunbarconstructioninc.com/wp-login.php" "Mozilla/5.0 (Windows NT 11.0; Win64; x64) AppleWebKit/537.36 (KHTML, like Gecko) Chrome/121.0.0.0 Safari/537.36"
196.251.121.151 - - [09/Sep/2026:20:07:39 -0700] "POST /wp-login.php HTTP/1.1" 200 6615 "https://dunbarconstructioninc.com/wp-login.php" "Mozilla/5.0 (Windows NT 11.0; Win64; x64) AppleWebKit/537.36 (KHTML, like Gecko) Chrome/121.0.0.0 Safari/537.36"
196.251.121.151 - - [09/Sep/2026:20:07:39 -0700] "POST /wp-login.php HTTP/1.1" 200 6615 "https://dunbarconstructioninc.com/wp-login.php" "Mozilla/5.0 (Windows NT 11.0; Win64; x64) AppleWebKit/537.36 (KHTML, like Gecko) Chrome/121.0.0.0 Safari/537.36"
196.251.121.151 - - [09/Sep/2026:20:07:40 -0700] "GET /wp-login.php HTTP/1.1" 200 6218 "-" "Mozilla/5.0 (Macintosh; Intel Mac OS X 10_15_7) AppleWebKit/537.36 (KHTML, like Gecko) Chrome/120.0.0.0 Safari/537.36"
