| Current Path : /home/welbornwebsites/access-logs/ |
| Current File : /home/welbornwebsites/access-logs/dunbarconstructioninc.welbornwebsites.com-ssl_log |
144.208.65.39 - - [09/Sep/2026:05:19:36 -0700] "POST /wp-cron.php?doing_wp_cron=1788956376.2144529819488525390625 HTTP/1.1" 200 - "-" "WordPress/6.6.7; https://dunbarconstructioninc.com"
129.146.99.47 - - [09/Sep/2026:05:19:35 -0700] "GET /wp-content/plugins/pods/readme.txt HTTP/1.1" 404 39792 "-" "Mozilla/5.0 (Windows NT 10.0; Win64; x64) AppleWebKit/537.36 (KHTML, like Gecko) Chrome/125.0.0.0 Safari/537.36"
129.146.99.47 - - [09/Sep/2026:05:19:36 -0700] "GET /wp-content/plugins/pods/init.php HTTP/1.1" 404 39792 "-" "Mozilla/5.0 (Windows NT 10.0; Win64; x64) AppleWebKit/537.36 (KHTML, like Gecko) Chrome/125.0.0.0 Safari/537.36"
83.190.39.209 - - [09/Sep/2026:05:27:39 -0700] "GET /wp-login.php HTTP/1.1" 200 6218 "-" "Mozilla/5.0 (Macintosh; Intel Mac OS X 10_15_7) AppleWebKit/537.36 (KHTML, like Gecko) Chrome/152.0.0.0 Safari/537.36"
121.127.46.183 - - [09/Sep/2026:05:27:41 -0700] "POST /wp-login.php HTTP/1.1" 200 6693 "https://dunbarconstructioninc.com/wp-login.php" "Mozilla/5.0 (Macintosh; Intel Mac OS X 10_15_7) AppleWebKit/537.36 (KHTML, like Gecko) Chrome/152.0.0.0 Safari/537.36"
23.27.17.70 - - [09/Sep/2026:05:31:35 -0700] "GET /wp-content/uploads/2022/11/IMG_2609-459x500.jpg HTTP/1.1" 200 52931 "-" "Mozilla/5.0 (compatible; crawler)"
144.208.65.39 - - [09/Sep/2026:06:13:41 -0700] "POST /wp-cron.php?doing_wp_cron=1788959621.1066029071807861328125 HTTP/1.1" 200 - "-" "WordPress/6.6.7; https://dunbarconstructioninc.com"
194.233.75.200 - - [09/Sep/2026:06:13:40 -0700] "GET / HTTP/1.1" 200 74104 "-" "Mozilla/5.0 (X11; Arch Linux; Linux x86_64; rv:149.0) Gecko/20100101 Firefox/149.0"
144.208.65.39 - - [09/Sep/2026:06:26:26 -0700] "POST /wp-cron.php?doing_wp_cron=1788960386.5001618862152099609375 HTTP/1.1" 200 - "-" "WordPress/6.6.7; https://dunbarconstructioninc.com"
173.239.213.78 - - [09/Sep/2026:06:26:26 -0700] "POST /wp-login.php HTTP/1.1" 200 6693 "-" "Mozilla/5.0 (Windows NT 10.0; Win64; x64) AppleWebKit/537.36 Chrome/129.0.0.0 Safari/537.36"
144.208.65.39 - - [09/Sep/2026:06:28:59 -0700] "POST /wp-cron.php?doing_wp_cron=1788960539.9831540584564208984375 HTTP/1.1" 200 - "-" "WordPress/6.6.7; https://dunbarconstructioninc.com"
122.172.85.15 - - [09/Sep/2026:06:28:59 -0700] "POST /xmlrpc.php HTTP/1.1" 200 403 "-" "Jetpack by WordPress.com (Jetpack 12.1; WordPress 6.2)"
122.172.85.15 - - [09/Sep/2026:06:29:09 -0700] "POST /xmlrpc.php HTTP/1.1" 200 403 "-" "WordPress.com; https://wordpress.com"
144.208.65.39 - - [09/Sep/2026:06:29:20 -0700] "POST /wp-cron.php?doing_wp_cron=1788960560.7597830295562744140625 HTTP/1.1" 200 - "-" "WordPress/6.6.7; https://dunbarconstructioninc.com"
122.172.85.15 - - [09/Sep/2026:06:29:20 -0700] "POST /xmlrpc.php HTTP/1.1" 200 403 "-" "Jetpack by WordPress.com (Jetpack 12.1; WordPress 6.2)"
122.172.85.15 - - [09/Sep/2026:06:29:30 -0700] "POST /xmlrpc.php HTTP/1.1" 200 403 "-" "WordPress.com; https://wordpress.com"
122.172.85.15 - - [09/Sep/2026:06:29:41 -0700] "POST /xmlrpc.php HTTP/1.1" 200 403 "-" "WordPress.com; https://wordpress.com"
122.172.85.15 - - [09/Sep/2026:06:29:51 -0700] "POST /xmlrpc.php HTTP/1.1" 200 403 "-" "Jetpack by WordPress.com (Jetpack 12.0; WordPress 6.1)"
122.172.85.15 - - [09/Sep/2026:06:30:02 -0700] "POST /xmlrpc.php HTTP/1.1" 200 403 "-" "Jetpack by WordPress.com (Jetpack 12.0; WordPress 6.4)"
122.172.85.15 - - [09/Sep/2026:06:30:12 -0700] "POST /xmlrpc.php HTTP/1.1" 200 403 "-" "Jetpack by WordPress.com (Jetpack 12.5; WordPress 6.4)"
144.208.65.39 - - [09/Sep/2026:06:30:23 -0700] "POST /wp-cron.php?doing_wp_cron=1788960623.5617499351501464843750 HTTP/1.1" 200 - "-" "WordPress/6.6.7; https://dunbarconstructioninc.com"
122.172.85.15 - - [09/Sep/2026:06:30:23 -0700] "POST /xmlrpc.php HTTP/1.1" 200 403 "-" "Jetpack by WordPress.com"
122.172.85.15 - - [09/Sep/2026:06:30:33 -0700] "POST /xmlrpc.php HTTP/1.1" 200 403 "-" "Jetpack by WordPress.com (Jetpack 12.5; WordPress 6.4)"
122.172.85.15 - - [09/Sep/2026:06:30:44 -0700] "POST /xmlrpc.php HTTP/1.1" 200 403 "-" "Jetpack by WordPress.com"
122.172.85.15 - - [09/Sep/2026:06:30:54 -0700] "POST /xmlrpc.php HTTP/1.1" 200 403 "-" "WordPress.com; https://wordpress.com"
122.172.85.15 - - [09/Sep/2026:06:31:05 -0700] "POST /xmlrpc.php HTTP/1.1" 200 403 "-" "Jetpack/12.1; WordPress/6.1; http://site29691365.com"
122.172.85.15 - - [09/Sep/2026:06:31:15 -0700] "POST /xmlrpc.php HTTP/1.1" 200 403 "-" "Jetpack/12.1; WordPress/6.1; http://site23836140.com"
144.208.65.39 - - [09/Sep/2026:06:31:26 -0700] "POST /wp-cron.php?doing_wp_cron=1788960686.6772100925445556640625 HTTP/1.1" 200 - "-" "WordPress/6.6.7; https://dunbarconstructioninc.com"
122.172.85.15 - - [09/Sep/2026:06:31:26 -0700] "POST /xmlrpc.php HTTP/1.1" 200 403 "-" "Jetpack/12.5; WordPress/6.3; http://site77985096.com"
122.172.85.15 - - [09/Sep/2026:06:31:36 -0700] "POST /xmlrpc.php HTTP/1.1" 200 403 "-" "WordPress.com; https://wordpress.com"
144.208.65.39 - - [09/Sep/2026:06:33:39 -0700] "POST /wp-cron.php?doing_wp_cron=1788960819.2257928848266601562500 HTTP/1.1" 200 - "-" "WordPress/6.6.7; https://dunbarconstructioninc.com"
173.239.213.71 - - [09/Sep/2026:06:33:38 -0700] "POST /wp-login.php HTTP/1.1" 200 6693 "-" "Mozilla/5.0 (Windows NT 10.0; Win64; x64) AppleWebKit/537.36 Chrome/129.0.0.0 Safari/537.36"
144.208.65.39 - - [09/Sep/2026:06:35:29 -0700] "POST /wp-cron.php?doing_wp_cron=1788960929.1258480548858642578125 HTTP/1.1" 200 - "-" "WordPress/6.6.7; https://dunbarconstructioninc.com"
216.73.217.154 - - [09/Sep/2026:06:35:28 -0700] "GET /robots.txt HTTP/1.1" 200 126 "-" "Mozilla/5.0 AppleWebKit/537.36 (KHTML, like Gecko; compatible; ClaudeBot/1.0; +claudebot@anthropic.com)"
216.73.217.154 - - [09/Sep/2026:06:35:29 -0700] "GET /wp-sitemap.xml HTTP/1.1" 200 310 "-" "Mozilla/5.0 AppleWebKit/537.36 (KHTML, like Gecko; compatible; ClaudeBot/1.0; +claudebot@anthropic.com)"
173.239.213.79 - - [09/Sep/2026:06:40:16 -0700] "POST /wp-login.php HTTP/1.1" 200 6693 "-" "Mozilla/5.0 (Windows NT 10.0; Win64; rv:143.0) Gecko/20100101 Firefox/143.0"
173.239.213.90 - - [09/Sep/2026:06:46:42 -0700] "POST /wp-login.php HTTP/1.1" 200 6693 "-" "Mozilla/5.0 (Macintosh; Intel Mac OS X 10_15_7) AppleWebKit/605.1.15 Version/17.0 Safari/605.1.15"
173.239.213.52 - - [09/Sep/2026:06:53:06 -0700] "POST /wp-login.php HTTP/1.1" 200 6693 "-" "Mozilla/5.0 (Windows NT 10.0; Win64; x64) AppleWebKit/537.36 Chrome/129.0.0.0 Safari/537.36"
20.205.45.36 - - [09/Sep/2026:06:54:12 -0700] "GET / HTTP/1.1" 301 - "-" "Mozilla/5.0 (Windows NT 10.0; Win64; x64) AppleWebKit/537.36 (KHTML, like Gecko) Chrome/120.0.0.0 Safari/537.36"
144.208.65.39 - - [09/Sep/2026:06:59:28 -0700] "POST /wp-cron.php?doing_wp_cron=1788962368.6963410377502441406250 HTTP/1.1" 200 - "-" "WordPress/6.6.7; https://dunbarconstructioninc.com"
173.239.213.78 - - [09/Sep/2026:06:59:28 -0700] "POST /wp-login.php HTTP/1.1" 200 6693 "-" "Mozilla/5.0 (Windows NT 10.0; Win64; rv:143.0) Gecko/20100101 Firefox/143.0"
213.179.124.195 - - [09/Sep/2026:07:03:47 -0700] "GET /wp-login.php HTTP/1.1" 200 6218 "-" "Mozilla/5.0 (Windows NT 10.0; Win64; x64) AppleWebKit/537.36 (KHTML, like Gecko) Chrome/152.0.0.0 Safari/537.36"
85.86.24.219 - - [09/Sep/2026:07:03:53 -0700] "POST /wp-login.php HTTP/1.1" 200 6693 "https://dunbarconstructioninc.welbornwebsites.com/wp-login.php" "Mozilla/5.0 (Windows NT 10.0; Win64; x64) AppleWebKit/537.36 (KHTML, like Gecko) Chrome/152.0.0.0 Safari/537.36"
173.239.213.80 - - [09/Sep/2026:07:06:05 -0700] "POST /wp-login.php HTTP/1.1" 200 6693 "-" "Mozilla/5.0 (Windows NT 10.0; Win64; rv:143.0) Gecko/20100101 Firefox/143.0"
144.208.65.39 - - [09/Sep/2026:07:11:33 -0700] "POST /wp-cron.php?doing_wp_cron=1788963093.2985630035400390625000 HTTP/1.1" 200 - "-" "WordPress/6.6.7; https://dunbarconstructioninc.com"
94.154.43.158 - - [09/Sep/2026:07:11:32 -0700] "GET /.env.local HTTP/1.1" 404 39792 "-" "Mozilla/5.0 (Windows NT 10.0; Win64; x64) AppleWebKit/537.36 (KHTML, like Gecko) Chrome/147.0.0.0 Safari/537.36"
94.154.43.125 - - [09/Sep/2026:07:11:36 -0700] "GET /.env.local HTTP/1.1" 404 39855 "-" "Mozilla/5.0 (Windows NT 10.0; Win64; x64) AppleWebKit/537.36 (KHTML, like Gecko) Chrome/147.0.0.0 Safari/537.36"
144.208.65.39 - - [09/Sep/2026:07:12:42 -0700] "POST /wp-cron.php?doing_wp_cron=1788963162.0846910476684570312500 HTTP/1.1" 200 - "-" "WordPress/6.6.7; https://dunbarconstructioninc.com"
173.239.213.66 - - [09/Sep/2026:07:12:41 -0700] "POST /wp-login.php HTTP/1.1" 200 6693 "-" "Mozilla/5.0 (Macintosh; Intel Mac OS X 10_15_7) AppleWebKit/605.1.15 Version/17.0 Safari/605.1.15"
144.208.65.39 - - [09/Sep/2026:07:19:24 -0700] "POST /wp-cron.php?doing_wp_cron=1788963564.3711390495300292968750 HTTP/1.1" 200 - "-" "WordPress/6.6.7; https://dunbarconstructioninc.com"
173.239.213.88 - - [09/Sep/2026:07:19:23 -0700] "POST /wp-login.php HTTP/1.1" 200 6693 "-" "Mozilla/5.0 (Windows NT 10.0; Win64; rv:143.0) Gecko/20100101 Firefox/143.0"
173.239.213.57 - - [09/Sep/2026:07:26:08 -0700] "POST /wp-login.php HTTP/1.1" 200 6693 "-" "Mozilla/5.0 (Windows NT 10.0; Win64; x64) AppleWebKit/537.36 Chrome/129.0.0.0 Safari/537.36"
173.239.213.53 - - [09/Sep/2026:07:37:44 -0700] "POST /wp-login.php HTTP/1.1" 200 6693 "-" "Mozilla/5.0 (Macintosh; Intel Mac OS X 10_15_7) AppleWebKit/605.1.15 Version/17.0 Safari/605.1.15"
144.208.65.39 - - [09/Sep/2026:07:45:03 -0700] "POST /wp-cron.php?doing_wp_cron=1788965103.7828938961029052734375 HTTP/1.1" 200 - "-" "WordPress/6.6.7; https://dunbarconstructioninc.com"
173.239.213.78 - - [09/Sep/2026:07:45:03 -0700] "POST /wp-login.php HTTP/1.1" 200 6693 "-" "Mozilla/5.0 (Windows NT 10.0; Win64; rv:143.0) Gecko/20100101 Firefox/143.0"
144.208.65.39 - - [09/Sep/2026:07:52:31 -0700] "POST /wp-cron.php?doing_wp_cron=1788965551.4623830318450927734375 HTTP/1.1" 200 - "-" "WordPress/6.6.7; https://dunbarconstructioninc.com"
173.239.213.67 - - [09/Sep/2026:07:52:31 -0700] "POST /wp-login.php HTTP/1.1" 200 6693 "-" "Mozilla/5.0 (Macintosh; Intel Mac OS X 10_15_7) AppleWebKit/605.1.15 Version/17.0 Safari/605.1.15"
173.239.213.52 - - [09/Sep/2026:07:59:44 -0700] "POST /wp-login.php HTTP/1.1" 200 6693 "-" "Mozilla/5.0 (Windows NT 10.0; Win64; x64) AppleWebKit/537.36 Chrome/129.0.0.0 Safari/537.36"
178.223.221.161 - - [09/Sep/2026:08:00:00 -0700] "POST /xmlrpc.php HTTP/1.1" 200 403 "-" "Jetpack by WordPress.com (Jetpack 13.0; WordPress 6.3)"
178.223.221.161 - - [09/Sep/2026:08:00:11 -0700] "POST /xmlrpc.php HTTP/1.1" 200 403 "-" "Jetpack by WordPress.com"
144.208.65.39 - - [09/Sep/2026:08:00:22 -0700] "POST /wp-cron.php?doing_wp_cron=1788966022.2120029926300048828125 HTTP/1.1" 200 - "-" "WordPress/6.6.7; https://dunbarconstructioninc.com"
178.223.221.161 - - [09/Sep/2026:08:00:21 -0700] "POST /xmlrpc.php HTTP/1.1" 200 403 "-" "Jetpack by WordPress.com (Jetpack 12.5; WordPress 6.3)"
178.223.221.161 - - [09/Sep/2026:08:00:32 -0700] "POST /xmlrpc.php HTTP/1.1" 200 403 "-" "Jetpack by WordPress.com (Jetpack 12.1; WordPress 6.4)"
178.223.221.161 - - [09/Sep/2026:08:00:43 -0700] "POST /xmlrpc.php HTTP/1.1" 200 403 "-" "WordPress.com; https://wordpress.com"
178.223.221.161 - - [09/Sep/2026:08:00:53 -0700] "POST /xmlrpc.php HTTP/1.1" 200 403 "-" "Jetpack by WordPress.com (Jetpack 12.1; WordPress 6.3)"
178.223.221.161 - - [09/Sep/2026:08:01:04 -0700] "POST /xmlrpc.php HTTP/1.1" 200 403 "-" "Jetpack/12.0; WordPress/6.2; http://site72648877.com"
178.223.221.161 - - [09/Sep/2026:08:01:15 -0700] "POST /xmlrpc.php HTTP/1.1" 200 403 "-" "WordPress.com; https://wordpress.com"
144.208.65.39 - - [09/Sep/2026:08:01:26 -0700] "POST /wp-cron.php?doing_wp_cron=1788966086.1103620529174804687500 HTTP/1.1" 200 - "-" "WordPress/6.6.7; https://dunbarconstructioninc.com"
178.223.221.161 - - [09/Sep/2026:08:01:25 -0700] "POST /xmlrpc.php HTTP/1.1" 200 403 "-" "WordPress.com; https://wordpress.com"
178.223.221.161 - - [09/Sep/2026:08:01:36 -0700] "POST /xmlrpc.php HTTP/1.1" 200 403 "-" "Jetpack by WordPress.com"
178.223.221.161 - - [09/Sep/2026:08:01:47 -0700] "POST /xmlrpc.php HTTP/1.1" 200 403 "-" "Jetpack by WordPress.com"
178.223.221.161 - - [09/Sep/2026:08:01:58 -0700] "POST /xmlrpc.php HTTP/1.1" 200 403 "-" "Jetpack by WordPress.com (Jetpack 13.0; WordPress 6.1)"
178.223.221.161 - - [09/Sep/2026:08:02:08 -0700] "POST /xmlrpc.php HTTP/1.1" 200 403 "-" "Jetpack by WordPress.com"
144.208.65.39 - - [09/Sep/2026:08:02:19 -0700] "POST /wp-cron.php?doing_wp_cron=1788966139.8104569911956787109375 HTTP/1.1" 200 - "-" "WordPress/6.6.7; https://dunbarconstructioninc.com"
178.223.221.161 - - [09/Sep/2026:08:02:19 -0700] "POST /xmlrpc.php HTTP/1.1" 200 403 "-" "Jetpack by WordPress.com (Jetpack 12.5; WordPress 6.2)"
178.223.221.161 - - [09/Sep/2026:08:02:30 -0700] "POST /xmlrpc.php HTTP/1.1" 200 403 "-" "WordPress.com; https://wordpress.com"
178.223.221.161 - - [09/Sep/2026:08:02:40 -0700] "POST /xmlrpc.php HTTP/1.1" 200 403 "-" "Jetpack by WordPress.com"
178.223.221.161 - - [09/Sep/2026:08:02:51 -0700] "POST /xmlrpc.php HTTP/1.1" 200 403 "-" "WordPress.com; https://wordpress.com"
178.223.221.161 - - [09/Sep/2026:08:03:01 -0700] "POST /xmlrpc.php HTTP/1.1" 200 403 "-" "Jetpack by WordPress.com"
178.223.221.161 - - [09/Sep/2026:08:03:12 -0700] "POST /xmlrpc.php HTTP/1.1" 200 403 "-" "Jetpack by WordPress.com"
144.208.65.39 - - [09/Sep/2026:08:03:23 -0700] "POST /wp-cron.php?doing_wp_cron=1788966203.7076489925384521484375 HTTP/1.1" 200 - "-" "WordPress/6.6.7; https://dunbarconstructioninc.com"
178.223.221.161 - - [09/Sep/2026:08:03:23 -0700] "POST /xmlrpc.php HTTP/1.1" 200 403 "-" "Jetpack/13.0; WordPress/6.1; http://site19050319.com"
178.223.221.161 - - [09/Sep/2026:08:03:33 -0700] "POST /xmlrpc.php HTTP/1.1" 200 403 "-" "WordPress.com; https://wordpress.com"
178.223.221.161 - - [09/Sep/2026:08:03:44 -0700] "POST /xmlrpc.php HTTP/1.1" 200 403 "-" "WordPress.com; https://wordpress.com"
178.223.221.161 - - [09/Sep/2026:08:03:55 -0700] "POST /xmlrpc.php HTTP/1.1" 200 403 "-" "Jetpack by WordPress.com (Jetpack 12.5; WordPress 6.4)"
178.223.221.161 - - [09/Sep/2026:08:04:05 -0700] "POST /xmlrpc.php HTTP/1.1" 200 403 "-" "Jetpack by WordPress.com"
178.223.221.161 - - [09/Sep/2026:08:04:16 -0700] "POST /xmlrpc.php HTTP/1.1" 200 403 "-" "WordPress.com; https://wordpress.com"
144.208.65.39 - - [09/Sep/2026:08:04:22 -0700] "POST /wp-cron.php?doing_wp_cron=1788966262.5022809505462646484375 HTTP/1.1" 200 - "-" "WordPress/6.6.7; https://dunbarconstructioninc.com"
188.251.128.232 - - [09/Sep/2026:08:04:22 -0700] "GET /wp-login.php HTTP/1.1" 200 6218 "-" "Mozilla/5.0 (Macintosh; Intel Mac OS X 10_15_7) AppleWebKit/537.36 (KHTML, like Gecko) Chrome/147.0.0.0 Safari/537.36"
178.223.221.161 - - [09/Sep/2026:08:04:27 -0700] "POST /xmlrpc.php HTTP/1.1" 200 403 "-" "Jetpack by WordPress.com"
78.137.205.74 - - [09/Sep/2026:08:04:31 -0700] "POST /wp-login.php HTTP/1.1" 200 6693 "https://dunbarconstructioninc.welbornwebsites.com/wp-login.php" "Mozilla/5.0 (Macintosh; Intel Mac OS X 10_15_7) AppleWebKit/537.36 (KHTML, like Gecko) Chrome/147.0.0.0 Safari/537.36"
178.223.221.161 - - [09/Sep/2026:08:04:37 -0700] "POST /xmlrpc.php HTTP/1.1" 200 403 "-" "Jetpack by WordPress.com"
178.223.221.161 - - [09/Sep/2026:08:04:48 -0700] "POST /xmlrpc.php HTTP/1.1" 200 403 "-" "Jetpack by WordPress.com (Jetpack 12.1; WordPress 6.3)"
178.223.221.161 - - [09/Sep/2026:08:04:59 -0700] "POST /xmlrpc.php HTTP/1.1" 200 403 "-" "Jetpack/12.0; WordPress/6.2; http://site45413508.com"
178.223.221.161 - - [09/Sep/2026:08:05:09 -0700] "POST /xmlrpc.php HTTP/1.1" 200 403 "-" "Jetpack/12.5; WordPress/6.4; http://site69023059.com"
144.208.65.39 - - [09/Sep/2026:08:05:20 -0700] "POST /wp-cron.php?doing_wp_cron=1788966320.8776679039001464843750 HTTP/1.1" 200 - "-" "WordPress/6.6.7; https://dunbarconstructioninc.com"
178.223.221.161 - - [09/Sep/2026:08:05:20 -0700] "POST /xmlrpc.php HTTP/1.1" 200 403 "-" "Jetpack/12.1; WordPress/6.3; http://site74697132.com"
178.223.221.161 - - [09/Sep/2026:08:05:31 -0700] "POST /xmlrpc.php HTTP/1.1" 200 403 "-" "WordPress.com; https://wordpress.com"
178.223.221.161 - - [09/Sep/2026:08:05:41 -0700] "POST /xmlrpc.php HTTP/1.1" 200 403 "-" "Jetpack/12.5; WordPress/6.3; http://site90301775.com"
178.223.221.161 - - [09/Sep/2026:08:05:52 -0700] "POST /xmlrpc.php HTTP/1.1" 200 403 "-" "Jetpack by WordPress.com"
178.223.221.161 - - [09/Sep/2026:08:06:03 -0700] "POST /xmlrpc.php HTTP/1.1" 200 403 "-" "Jetpack by WordPress.com"
178.223.221.161 - - [09/Sep/2026:08:06:13 -0700] "POST /xmlrpc.php HTTP/1.1" 200 403 "-" "Jetpack by WordPress.com (Jetpack 12.0; WordPress 6.3)"
144.208.65.39 - - [09/Sep/2026:08:06:24 -0700] "POST /wp-cron.php?doing_wp_cron=1788966384.8481240272521972656250 HTTP/1.1" 200 - "-" "WordPress/6.6.7; https://dunbarconstructioninc.com"
178.223.221.161 - - [09/Sep/2026:08:06:24 -0700] "POST /xmlrpc.php HTTP/1.1" 200 403 "-" "Jetpack by WordPress.com"
173.239.213.48 - - [09/Sep/2026:08:06:32 -0700] "POST /wp-login.php HTTP/1.1" 200 6693 "-" "Mozilla/5.0 (Macintosh; Intel Mac OS X 10_15_7) AppleWebKit/605.1.15 Version/17.0 Safari/605.1.15"
178.223.221.161 - - [09/Sep/2026:08:06:35 -0700] "POST /xmlrpc.php HTTP/1.1" 200 403 "-" "WordPress.com; https://wordpress.com"
178.223.221.161 - - [09/Sep/2026:08:06:45 -0700] "POST /xmlrpc.php HTTP/1.1" 200 403 "-" "WordPress.com; https://wordpress.com"
178.223.221.161 - - [09/Sep/2026:08:06:56 -0700] "POST /xmlrpc.php HTTP/1.1" 200 403 "-" "Jetpack by WordPress.com (Jetpack 13.0; WordPress 6.2)"
178.223.221.161 - - [09/Sep/2026:08:07:07 -0700] "POST /xmlrpc.php HTTP/1.1" 200 403 "-" "Jetpack/12.0; WordPress/6.2; http://site78141257.com"
144.208.65.39 - - [09/Sep/2026:08:07:18 -0700] "POST /wp-cron.php?doing_wp_cron=1788966438.2337489128112792968750 HTTP/1.1" 200 - "-" "WordPress/6.6.7; https://dunbarconstructioninc.com"
178.223.221.161 - - [09/Sep/2026:08:07:17 -0700] "POST /xmlrpc.php HTTP/1.1" 200 403 "-" "Jetpack by WordPress.com"
178.223.221.161 - - [09/Sep/2026:08:07:28 -0700] "POST /xmlrpc.php HTTP/1.1" 200 403 "-" "Jetpack by WordPress.com (Jetpack 13.0; WordPress 6.3)"
178.223.221.161 - - [09/Sep/2026:08:07:39 -0700] "POST /xmlrpc.php HTTP/1.1" 200 403 "-" "WordPress.com; https://wordpress.com"
178.223.221.161 - - [09/Sep/2026:08:07:50 -0700] "POST /xmlrpc.php HTTP/1.1" 200 403 "-" "Jetpack by WordPress.com"
178.223.221.161 - - [09/Sep/2026:08:08:00 -0700] "POST /xmlrpc.php HTTP/1.1" 200 403 "-" "Jetpack by WordPress.com (Jetpack 13.0; WordPress 6.3)"
178.223.221.161 - - [09/Sep/2026:08:08:11 -0700] "POST /xmlrpc.php HTTP/1.1" 200 403 "-" "WordPress.com; https://wordpress.com"
144.208.65.39 - - [09/Sep/2026:08:08:22 -0700] "POST /wp-cron.php?doing_wp_cron=1788966502.5250959396362304687500 HTTP/1.1" 200 - "-" "WordPress/6.6.7; https://dunbarconstructioninc.com"
178.223.221.161 - - [09/Sep/2026:08:08:22 -0700] "POST /xmlrpc.php HTTP/1.1" 200 403 "-" "Jetpack by WordPress.com (Jetpack 13.0; WordPress 6.2)"
178.223.221.161 - - [09/Sep/2026:08:08:32 -0700] "POST /xmlrpc.php HTTP/1.1" 200 403 "-" "Jetpack/12.0; WordPress/6.1; http://site44050611.com"
178.223.221.161 - - [09/Sep/2026:08:08:43 -0700] "POST /xmlrpc.php HTTP/1.1" 200 403 "-" "Jetpack by WordPress.com"
178.223.221.161 - - [09/Sep/2026:08:08:54 -0700] "POST /xmlrpc.php HTTP/1.1" 200 403 "-" "Jetpack/12.0; WordPress/6.4; http://site78530211.com"
178.223.221.161 - - [09/Sep/2026:08:09:04 -0700] "POST /xmlrpc.php HTTP/1.1" 200 403 "-" "WordPress.com; https://wordpress.com"
178.223.221.161 - - [09/Sep/2026:08:09:15 -0700] "POST /xmlrpc.php HTTP/1.1" 200 403 "-" "Jetpack by WordPress.com (Jetpack 12.5; WordPress 6.4)"
144.208.65.39 - - [09/Sep/2026:08:09:26 -0700] "POST /wp-cron.php?doing_wp_cron=1788966566.5768580436706542968750 HTTP/1.1" 200 - "-" "WordPress/6.6.7; https://dunbarconstructioninc.com"
178.223.221.161 - - [09/Sep/2026:08:09:26 -0700] "POST /xmlrpc.php HTTP/1.1" 200 403 "-" "Jetpack by WordPress.com (Jetpack 13.0; WordPress 6.4)"
178.223.221.161 - - [09/Sep/2026:08:09:36 -0700] "POST /xmlrpc.php HTTP/1.1" 200 403 "-" "Jetpack/12.5; WordPress/6.3; http://site40275602.com"
178.223.221.161 - - [09/Sep/2026:08:09:47 -0700] "POST /xmlrpc.php HTTP/1.1" 200 403 "-" "Jetpack by WordPress.com (Jetpack 12.1; WordPress 6.4)"
178.223.221.161 - - [09/Sep/2026:08:09:58 -0700] "POST /xmlrpc.php HTTP/1.1" 200 403 "-" "Jetpack/12.0; WordPress/6.4; http://site58740306.com"
178.223.221.161 - - [09/Sep/2026:08:10:08 -0700] "POST /xmlrpc.php HTTP/1.1" 200 403 "-" "Jetpack/12.0; WordPress/6.3; http://site81069462.com"
144.208.65.39 - - [09/Sep/2026:08:10:19 -0700] "POST /wp-cron.php?doing_wp_cron=1788966619.8212909698486328125000 HTTP/1.1" 200 - "-" "WordPress/6.6.7; https://dunbarconstructioninc.com"
178.223.221.161 - - [09/Sep/2026:08:10:19 -0700] "POST /xmlrpc.php HTTP/1.1" 200 403 "-" "WordPress.com; https://wordpress.com"
178.223.221.161 - - [09/Sep/2026:08:10:30 -0700] "POST /xmlrpc.php HTTP/1.1" 200 403 "-" "WordPress.com; https://wordpress.com"
178.223.221.161 - - [09/Sep/2026:08:10:40 -0700] "POST /xmlrpc.php HTTP/1.1" 200 403 "-" "Jetpack by WordPress.com (Jetpack 12.0; WordPress 6.3)"
178.223.221.161 - - [09/Sep/2026:08:10:51 -0700] "POST /xmlrpc.php HTTP/1.1" 200 403 "-" "Jetpack by WordPress.com"
178.223.221.161 - - [09/Sep/2026:08:11:02 -0700] "POST /xmlrpc.php HTTP/1.1" 200 403 "-" "Jetpack by WordPress.com (Jetpack 13.0; WordPress 6.3)"
178.223.221.161 - - [09/Sep/2026:08:11:12 -0700] "POST /xmlrpc.php HTTP/1.1" 200 403 "-" "Jetpack/12.5; WordPress/6.4; http://site97878583.com"
144.208.65.39 - - [09/Sep/2026:08:11:23 -0700] "POST /wp-cron.php?doing_wp_cron=1788966683.8724479675292968750000 HTTP/1.1" 200 - "-" "WordPress/6.6.7; https://dunbarconstructioninc.com"
178.223.221.161 - - [09/Sep/2026:08:11:23 -0700] "POST /xmlrpc.php HTTP/1.1" 200 403 "-" "WordPress.com; https://wordpress.com"
178.223.221.161 - - [09/Sep/2026:08:11:34 -0700] "POST /xmlrpc.php HTTP/1.1" 200 403 "-" "Jetpack by WordPress.com"
178.223.221.161 - - [09/Sep/2026:08:11:44 -0700] "POST /xmlrpc.php HTTP/1.1" 200 403 "-" "Jetpack/12.5; WordPress/6.3; http://site56880773.com"
178.223.221.161 - - [09/Sep/2026:08:11:55 -0700] "POST /xmlrpc.php HTTP/1.1" 200 403 "-" "Jetpack by WordPress.com"
178.223.221.161 - - [09/Sep/2026:08:12:06 -0700] "POST /xmlrpc.php HTTP/1.1" 200 403 "-" "Jetpack/12.1; WordPress/6.3; http://site61236250.com"
178.223.221.161 - - [09/Sep/2026:08:12:16 -0700] "POST /xmlrpc.php HTTP/1.1" 200 403 "-" "Jetpack/12.0; WordPress/6.3; http://site77294543.com"
144.208.65.39 - - [09/Sep/2026:08:12:27 -0700] "POST /wp-cron.php?doing_wp_cron=1788966747.8395919799804687500000 HTTP/1.1" 200 - "-" "WordPress/6.6.7; https://dunbarconstructioninc.com"
178.223.221.161 - - [09/Sep/2026:08:12:27 -0700] "POST /xmlrpc.php HTTP/1.1" 200 403 "-" "Jetpack by WordPress.com"
178.223.221.161 - - [09/Sep/2026:08:12:38 -0700] "POST /xmlrpc.php HTTP/1.1" 200 403 "-" "WordPress.com; https://wordpress.com"
178.223.221.161 - - [09/Sep/2026:08:12:48 -0700] "POST /xmlrpc.php HTTP/1.1" 200 403 "-" "Jetpack/12.0; WordPress/6.2; http://site53720799.com"
178.223.221.161 - - [09/Sep/2026:08:12:59 -0700] "POST /xmlrpc.php HTTP/1.1" 200 403 "-" "Jetpack/12.0; WordPress/6.4; http://site94479445.com"
206.189.203.69 - - [09/Sep/2026:08:13:08 -0700] "GET / HTTP/1.1" 200 74104 "-" "Mozilla/5.0 (X11; Linux x86_64; rv:142.0) Gecko/20100101 Firefox/142.0"
178.223.221.161 - - [09/Sep/2026:08:13:10 -0700] "POST /xmlrpc.php HTTP/1.1" 200 403 "-" "Jetpack/12.1; WordPress/6.2; http://site97113424.com"
206.189.203.69 - - [09/Sep/2026:08:13:11 -0700] "GET /wp-content/uploads/2020/05/cropped-DC-logo-front-32x32.png HTTP/1.1" 200 1096 "https://dunbarconstructioninc.com/" "Mozilla/5.0 (X11; Linux x86_64; rv:142.0) Gecko/20100101 Firefox/142.0"
173.239.213.85 - - [09/Sep/2026:08:13:14 -0700] "POST /wp-login.php HTTP/1.1" 200 6693 "-" "Mozilla/5.0 (Windows NT 10.0; Win64; rv:143.0) Gecko/20100101 Firefox/143.0"
144.208.65.39 - - [09/Sep/2026:08:13:21 -0700] "POST /wp-cron.php?doing_wp_cron=1788966801.3395810127258300781250 HTTP/1.1" 200 - "-" "WordPress/6.6.7; https://dunbarconstructioninc.com"
178.223.221.161 - - [09/Sep/2026:08:13:20 -0700] "POST /xmlrpc.php HTTP/1.1" 200 403 "-" "WordPress.com; https://wordpress.com"
178.223.221.161 - - [09/Sep/2026:08:13:31 -0700] "POST /xmlrpc.php HTTP/1.1" 200 403 "-" "Jetpack by WordPress.com (Jetpack 12.0; WordPress 6.2)"
178.223.221.161 - - [09/Sep/2026:08:13:42 -0700] "POST /xmlrpc.php HTTP/1.1" 200 403 "-" "Jetpack by WordPress.com"
178.223.221.161 - - [09/Sep/2026:08:13:52 -0700] "POST /xmlrpc.php HTTP/1.1" 200 403 "-" "WordPress.com; https://wordpress.com"
178.223.221.161 - - [09/Sep/2026:08:14:03 -0700] "POST /xmlrpc.php HTTP/1.1" 200 403 "-" "Jetpack by WordPress.com (Jetpack 12.0; WordPress 6.3)"
178.223.221.161 - - [09/Sep/2026:08:14:14 -0700] "POST /xmlrpc.php HTTP/1.1" 200 403 "-" "Jetpack by WordPress.com (Jetpack 12.1; WordPress 6.2)"
144.208.65.39 - - [09/Sep/2026:08:14:25 -0700] "POST /wp-cron.php?doing_wp_cron=1788966865.3199429512023925781250 HTTP/1.1" 200 - "-" "WordPress/6.6.7; https://dunbarconstructioninc.com"
178.223.221.161 - - [09/Sep/2026:08:14:24 -0700] "POST /xmlrpc.php HTTP/1.1" 200 403 "-" "Jetpack by WordPress.com (Jetpack 12.5; WordPress 6.3)"
178.223.221.161 - - [09/Sep/2026:08:14:35 -0700] "POST /xmlrpc.php HTTP/1.1" 200 403 "-" "Jetpack by WordPress.com"
178.223.221.161 - - [09/Sep/2026:08:14:46 -0700] "POST /xmlrpc.php HTTP/1.1" 200 403 "-" "Jetpack by WordPress.com (Jetpack 12.1; WordPress 6.1)"
178.223.221.161 - - [09/Sep/2026:08:14:56 -0700] "POST /xmlrpc.php HTTP/1.1" 200 403 "-" "WordPress.com; https://wordpress.com"
178.223.221.161 - - [09/Sep/2026:08:15:07 -0700] "POST /xmlrpc.php HTTP/1.1" 200 403 "-" "Jetpack by WordPress.com (Jetpack 13.0; WordPress 6.4)"
144.208.65.39 - - [09/Sep/2026:08:15:18 -0700] "POST /wp-cron.php?doing_wp_cron=1788966918.7705171108245849609375 HTTP/1.1" 200 - "-" "WordPress/6.6.7; https://dunbarconstructioninc.com"
178.223.221.161 - - [09/Sep/2026:08:15:18 -0700] "POST /xmlrpc.php HTTP/1.1" 200 403 "-" "Jetpack by WordPress.com"
178.223.221.161 - - [09/Sep/2026:08:15:29 -0700] "POST /xmlrpc.php HTTP/1.1" 200 403 "-" "Jetpack by WordPress.com"
178.223.221.161 - - [09/Sep/2026:08:15:39 -0700] "POST /xmlrpc.php HTTP/1.1" 200 403 "-" "Jetpack/12.0; WordPress/6.2; http://site80080618.com"
178.223.221.161 - - [09/Sep/2026:08:15:50 -0700] "POST /xmlrpc.php HTTP/1.1" 200 403 "-" "Jetpack by WordPress.com"
178.223.221.161 - - [09/Sep/2026:08:16:01 -0700] "POST /xmlrpc.php HTTP/1.1" 200 403 "-" "Jetpack by WordPress.com (Jetpack 12.5; WordPress 6.3)"
178.223.221.161 - - [09/Sep/2026:08:16:11 -0700] "POST /xmlrpc.php HTTP/1.1" 200 403 "-" "Jetpack/13.0; WordPress/6.4; http://site76447940.com"
144.208.65.39 - - [09/Sep/2026:08:16:22 -0700] "POST /wp-cron.php?doing_wp_cron=1788966982.9077789783477783203125 HTTP/1.1" 200 - "-" "WordPress/6.6.7; https://dunbarconstructioninc.com"
178.223.221.161 - - [09/Sep/2026:08:16:22 -0700] "POST /xmlrpc.php HTTP/1.1" 200 403 "-" "Jetpack by WordPress.com (Jetpack 12.5; WordPress 6.4)"
178.223.221.161 - - [09/Sep/2026:08:16:33 -0700] "POST /xmlrpc.php HTTP/1.1" 200 403 "-" "WordPress.com; https://wordpress.com"
178.223.221.161 - - [09/Sep/2026:08:16:43 -0700] "POST /xmlrpc.php HTTP/1.1" 200 403 "-" "Jetpack by WordPress.com (Jetpack 12.1; WordPress 6.2)"
178.223.221.161 - - [09/Sep/2026:08:16:54 -0700] "POST /xmlrpc.php HTTP/1.1" 200 403 "-" "Jetpack by WordPress.com"
178.223.221.161 - - [09/Sep/2026:08:17:05 -0700] "POST /xmlrpc.php HTTP/1.1" 200 403 "-" "Jetpack/12.5; WordPress/6.3; http://site23965470.com"
178.223.221.161 - - [09/Sep/2026:08:17:15 -0700] "POST /xmlrpc.php HTTP/1.1" 200 403 "-" "WordPress.com; https://wordpress.com"
144.208.65.39 - - [09/Sep/2026:08:17:27 -0700] "POST /wp-cron.php?doing_wp_cron=1788967047.0622980594635009765625 HTTP/1.1" 200 - "-" "WordPress/6.6.7; https://dunbarconstructioninc.com"
178.223.221.161 - - [09/Sep/2026:08:17:26 -0700] "POST /xmlrpc.php HTTP/1.1" 200 403 "-" "Jetpack by WordPress.com"
178.223.221.161 - - [09/Sep/2026:08:17:37 -0700] "POST /xmlrpc.php HTTP/1.1" 200 403 "-" "Jetpack by WordPress.com"
178.223.221.161 - - [09/Sep/2026:08:17:48 -0700] "POST /xmlrpc.php HTTP/1.1" 200 403 "-" "WordPress.com; https://wordpress.com"
178.223.221.161 - - [09/Sep/2026:08:17:58 -0700] "POST /xmlrpc.php HTTP/1.1" 200 403 "-" "Jetpack by WordPress.com (Jetpack 12.0; WordPress 6.4)"
178.223.221.161 - - [09/Sep/2026:08:18:09 -0700] "POST /xmlrpc.php HTTP/1.1" 200 403 "-" "WordPress.com; https://wordpress.com"
144.208.65.39 - - [09/Sep/2026:08:18:20 -0700] "POST /wp-cron.php?doing_wp_cron=1788967100.4651169776916503906250 HTTP/1.1" 200 - "-" "WordPress/6.6.7; https://dunbarconstructioninc.com"
178.223.221.161 - - [09/Sep/2026:08:18:20 -0700] "POST /xmlrpc.php HTTP/1.1" 200 403 "-" "Jetpack/12.0; WordPress/6.4; http://site14010890.com"
178.223.221.161 - - [09/Sep/2026:08:18:30 -0700] "POST /xmlrpc.php HTTP/1.1" 200 403 "-" "Jetpack by WordPress.com (Jetpack 12.5; WordPress 6.2)"
178.223.221.161 - - [09/Sep/2026:08:18:41 -0700] "POST /xmlrpc.php HTTP/1.1" 200 403 "-" "WordPress.com; https://wordpress.com"
178.223.221.161 - - [09/Sep/2026:08:18:51 -0700] "POST /xmlrpc.php HTTP/1.1" 200 403 "-" "Jetpack by WordPress.com"
178.223.221.161 - - [09/Sep/2026:08:19:02 -0700] "POST /xmlrpc.php HTTP/1.1" 200 403 "-" "Jetpack by WordPress.com"
178.223.221.161 - - [09/Sep/2026:08:19:13 -0700] "POST /xmlrpc.php HTTP/1.1" 200 403 "-" "Jetpack by WordPress.com"
178.223.221.161 - - [09/Sep/2026:08:19:34 -0700] "POST /xmlrpc.php HTTP/1.1" 200 403 "-" "Jetpack by WordPress.com (Jetpack 12.1; WordPress 6.1)"
144.208.65.39 - - [09/Sep/2026:08:19:35 -0700] "POST /wp-cron.php?doing_wp_cron=1788967175.0004029273986816406250 HTTP/1.1" 200 - "-" "WordPress/6.6.7; https://dunbarconstructioninc.com"
178.223.221.161 - - [09/Sep/2026:08:19:23 -0700] "POST /xmlrpc.php HTTP/1.1" 200 403 "-" "WordPress.com; https://wordpress.com"
178.223.221.161 - - [09/Sep/2026:08:19:45 -0700] "POST /xmlrpc.php HTTP/1.1" 200 403 "-" "Jetpack/12.1; WordPress/6.2; http://site30093021.com"
178.223.221.161 - - [09/Sep/2026:08:19:55 -0700] "POST /xmlrpc.php HTTP/1.1" 200 403 "-" "Jetpack by WordPress.com (Jetpack 13.0; WordPress 6.4)"
173.239.213.46 - - [09/Sep/2026:08:19:57 -0700] "POST /wp-login.php HTTP/1.1" 200 6693 "-" "Mozilla/5.0 (Windows NT 10.0; Win64; x64) AppleWebKit/537.36 Chrome/129.0.0.0 Safari/537.36"
178.223.221.161 - - [09/Sep/2026:08:20:06 -0700] "POST /xmlrpc.php HTTP/1.1" 200 403 "-" "Jetpack by WordPress.com (Jetpack 12.1; WordPress 6.3)"
178.223.221.161 - - [09/Sep/2026:08:20:17 -0700] "POST /xmlrpc.php HTTP/1.1" 200 403 "-" "Jetpack by WordPress.com"
144.208.65.39 - - [09/Sep/2026:08:20:28 -0700] "POST /wp-cron.php?doing_wp_cron=1788967228.2967278957366943359375 HTTP/1.1" 200 - "-" "WordPress/6.6.7; https://dunbarconstructioninc.com"
178.223.221.161 - - [09/Sep/2026:08:20:27 -0700] "POST /xmlrpc.php HTTP/1.1" 200 403 "-" "Jetpack by WordPress.com"
178.223.221.161 - - [09/Sep/2026:08:20:38 -0700] "POST /xmlrpc.php HTTP/1.1" 200 403 "-" "WordPress.com; https://wordpress.com"
178.223.221.161 - - [09/Sep/2026:08:20:49 -0700] "POST /xmlrpc.php HTTP/1.1" 200 403 "-" "Jetpack/12.5; WordPress/6.1; http://site20535316.com"
178.223.221.161 - - [09/Sep/2026:08:20:59 -0700] "POST /xmlrpc.php HTTP/1.1" 200 403 "-" "Jetpack by WordPress.com"
178.223.221.161 - - [09/Sep/2026:08:21:10 -0700] "POST /xmlrpc.php HTTP/1.1" 200 403 "-" "Jetpack by WordPress.com (Jetpack 13.0; WordPress 6.3)"
144.208.65.39 - - [09/Sep/2026:08:21:21 -0700] "POST /wp-cron.php?doing_wp_cron=1788967281.6912579536437988281250 HTTP/1.1" 200 - "-" "WordPress/6.6.7; https://dunbarconstructioninc.com"
178.223.221.161 - - [09/Sep/2026:08:21:21 -0700] "POST /xmlrpc.php HTTP/1.1" 200 403 "-" "Jetpack by WordPress.com"
178.223.221.161 - - [09/Sep/2026:08:21:32 -0700] "POST /xmlrpc.php HTTP/1.1" 200 403 "-" "Jetpack/12.0; WordPress/6.2; http://site29916149.com"
178.223.221.161 - - [09/Sep/2026:08:21:42 -0700] "POST /xmlrpc.php HTTP/1.1" 200 403 "-" "Jetpack by WordPress.com (Jetpack 13.0; WordPress 6.1)"
178.223.221.161 - - [09/Sep/2026:08:21:53 -0700] "POST /xmlrpc.php HTTP/1.1" 200 403 "-" "Jetpack by WordPress.com (Jetpack 12.5; WordPress 6.2)"
178.223.221.161 - - [09/Sep/2026:08:22:03 -0700] "POST /xmlrpc.php HTTP/1.1" 200 403 "-" "Jetpack by WordPress.com"
178.223.221.161 - - [09/Sep/2026:08:22:14 -0700] "POST /xmlrpc.php HTTP/1.1" 200 403 "-" "Jetpack by WordPress.com (Jetpack 13.0; WordPress 6.2)"
144.208.65.39 - - [09/Sep/2026:08:22:25 -0700] "POST /wp-cron.php?doing_wp_cron=1788967345.6507499217987060546875 HTTP/1.1" 200 - "-" "WordPress/6.6.7; https://dunbarconstructioninc.com"
178.223.221.161 - - [09/Sep/2026:08:22:25 -0700] "POST /xmlrpc.php HTTP/1.1" 200 403 "-" "Jetpack by WordPress.com (Jetpack 12.1; WordPress 6.1)"
178.223.221.161 - - [09/Sep/2026:08:22:36 -0700] "POST /xmlrpc.php HTTP/1.1" 200 403 "-" "Jetpack/13.0; WordPress/6.2; http://site95800555.com"
178.223.221.161 - - [09/Sep/2026:08:22:46 -0700] "POST /xmlrpc.php HTTP/1.1" 200 403 "-" "WordPress.com; https://wordpress.com"
178.223.221.161 - - [09/Sep/2026:08:22:57 -0700] "POST /xmlrpc.php HTTP/1.1" 200 403 "-" "Jetpack by WordPress.com"
178.223.221.161 - - [09/Sep/2026:08:23:08 -0700] "POST /xmlrpc.php HTTP/1.1" 200 403 "-" "Jetpack by WordPress.com (Jetpack 12.0; WordPress 6.4)"
144.208.65.39 - - [09/Sep/2026:08:23:19 -0700] "POST /wp-cron.php?doing_wp_cron=1788967399.1994299888610839843750 HTTP/1.1" 200 - "-" "WordPress/6.6.7; https://dunbarconstructioninc.com"
178.223.221.161 - - [09/Sep/2026:08:23:18 -0700] "POST /xmlrpc.php HTTP/1.1" 200 403 "-" "Jetpack by WordPress.com"
178.223.221.161 - - [09/Sep/2026:08:23:29 -0700] "POST /xmlrpc.php HTTP/1.1" 200 403 "-" "Jetpack by WordPress.com (Jetpack 12.1; WordPress 6.1)"
178.223.221.161 - - [09/Sep/2026:08:23:40 -0700] "POST /xmlrpc.php HTTP/1.1" 200 403 "-" "Jetpack by WordPress.com (Jetpack 12.5; WordPress 6.1)"
178.223.221.161 - - [09/Sep/2026:08:23:50 -0700] "POST /xmlrpc.php HTTP/1.1" 200 403 "-" "Jetpack by WordPress.com"
178.223.221.161 - - [09/Sep/2026:08:24:01 -0700] "POST /xmlrpc.php HTTP/1.1" 200 403 "-" "Jetpack/12.5; WordPress/6.1; http://site93875014.com"
178.223.221.161 - - [09/Sep/2026:08:24:12 -0700] "POST /xmlrpc.php HTTP/1.1" 200 403 "-" "Jetpack by WordPress.com"
144.208.65.39 - - [09/Sep/2026:08:24:23 -0700] "POST /wp-cron.php?doing_wp_cron=1788967463.2379870414733886718750 HTTP/1.1" 200 - "-" "WordPress/6.6.7; https://dunbarconstructioninc.com"
178.223.221.161 - - [09/Sep/2026:08:24:22 -0700] "POST /xmlrpc.php HTTP/1.1" 200 403 "-" "Jetpack by WordPress.com (Jetpack 12.0; WordPress 6.3)"
178.223.221.161 - - [09/Sep/2026:08:24:33 -0700] "POST /xmlrpc.php HTTP/1.1" 200 403 "-" "Jetpack by WordPress.com (Jetpack 12.0; WordPress 6.1)"
178.223.221.161 - - [09/Sep/2026:08:24:44 -0700] "POST /xmlrpc.php HTTP/1.1" 200 403 "-" "Jetpack by WordPress.com (Jetpack 12.0; WordPress 6.2)"
178.223.221.161 - - [09/Sep/2026:08:24:54 -0700] "POST /xmlrpc.php HTTP/1.1" 200 403 "-" "Jetpack by WordPress.com"
178.223.221.161 - - [09/Sep/2026:08:25:05 -0700] "POST /xmlrpc.php HTTP/1.1" 200 403 "-" "Jetpack by WordPress.com"
178.223.221.161 - - [09/Sep/2026:08:25:16 -0700] "POST /xmlrpc.php HTTP/1.1" 200 403 "-" "Jetpack/13.0; WordPress/6.1; http://site73842943.com"
144.208.65.39 - - [09/Sep/2026:08:25:27 -0700] "POST /wp-cron.php?doing_wp_cron=1788967527.4117350578308105468750 HTTP/1.1" 200 - "-" "WordPress/6.6.7; https://dunbarconstructioninc.com"
178.223.221.161 - - [09/Sep/2026:08:25:27 -0700] "POST /xmlrpc.php HTTP/1.1" 200 403 "-" "Jetpack by WordPress.com (Jetpack 12.1; WordPress 6.1)"
178.223.221.161 - - [09/Sep/2026:08:25:37 -0700] "POST /xmlrpc.php HTTP/1.1" 200 403 "-" "Jetpack by WordPress.com (Jetpack 12.0; WordPress 6.2)"
178.223.221.161 - - [09/Sep/2026:08:25:48 -0700] "POST /xmlrpc.php HTTP/1.1" 200 403 "-" "Jetpack/12.1; WordPress/6.1; http://site75002158.com"
178.223.221.161 - - [09/Sep/2026:08:25:58 -0700] "POST /xmlrpc.php HTTP/1.1" 200 403 "-" "Jetpack/13.0; WordPress/6.2; http://site80068862.com"
178.223.221.161 - - [09/Sep/2026:08:26:09 -0700] "POST /xmlrpc.php HTTP/1.1" 200 403 "-" "Jetpack/12.5; WordPress/6.3; http://site61551849.com"
144.208.65.39 - - [09/Sep/2026:08:26:20 -0700] "POST /wp-cron.php?doing_wp_cron=1788967580.8028368949890136718750 HTTP/1.1" 200 - "-" "WordPress/6.6.7; https://dunbarconstructioninc.com"
178.223.221.161 - - [09/Sep/2026:08:26:20 -0700] "POST /xmlrpc.php HTTP/1.1" 200 403 "-" "WordPress.com; https://wordpress.com"
178.223.221.161 - - [09/Sep/2026:08:26:31 -0700] "POST /xmlrpc.php HTTP/1.1" 200 403 "-" "Jetpack by WordPress.com (Jetpack 12.0; WordPress 6.2)"
173.239.213.73 - - [09/Sep/2026:08:26:44 -0700] "POST /wp-login.php HTTP/1.1" 200 6693 "-" "Mozilla/5.0 (Windows NT 10.0; Win64; x64) AppleWebKit/537.36 Chrome/129.0.0.0 Safari/537.36"
100.55.37.54 - - [09/Sep/2026:08:27:25 -0700] "GET / HTTP/1.1" 200 74129 "-" "Mozilla/5.0 (Linux U; en-US) AppleWebKit/528.5 (KHTML, like Gecko, Safari/528.5 ) Version/4.0 Kindle/3.0 (screen 600x800; rotate)"
144.208.65.39 - - [09/Sep/2026:08:33:28 -0700] "POST /wp-cron.php?doing_wp_cron=1788968008.4140288829803466796875 HTTP/1.1" 200 - "-" "WordPress/6.6.7; https://dunbarconstructioninc.com"
173.239.213.61 - - [09/Sep/2026:08:33:27 -0700] "POST /wp-login.php HTTP/1.1" 200 6693 "-" "Mozilla/5.0 (Windows NT 10.0; Win64; x64) AppleWebKit/537.36 Chrome/129.0.0.0 Safari/537.36"
65.111.28.213 - - [09/Sep/2026:08:33:40 -0700] "GET / HTTP/1.1" 200 74104 "-" "CMS-Security-Auditor/1.0 (+authorized self-check; contact: local-admin)"
65.111.28.213 - - [09/Sep/2026:08:33:48 -0700] "GET /wp-json/ HTTP/1.1" 200 187540 "-" "CMS-Security-Auditor/1.0 (+authorized self-check; contact: local-admin)"
144.208.65.39 - - [09/Sep/2026:08:34:40 -0700] "POST /wp-cron.php?doing_wp_cron=1788968080.8919839859008789062500 HTTP/1.1" 200 - "-" "WordPress/6.6.7; https://dunbarconstructioninc.com"
216.26.231.35 - - [09/Sep/2026:08:34:40 -0700] "GET /?rest_route=/ HTTP/1.1" 200 187540 "-" "CMS-Security-Auditor/1.0 (+authorized self-check; contact: local-admin)"
216.26.231.35 - - [09/Sep/2026:08:34:48 -0700] "GET /wp-includes/version.php HTTP/1.1" 200 - "-" "CMS-Security-Auditor/1.0 (+authorized self-check; contact: local-admin)"
216.26.231.35 - - [09/Sep/2026:08:34:56 -0700] "POST /wp-json/batch/v1 HTTP/1.1" 207 16 "-" "CMS-Security-Auditor/1.0 (+authorized self-check; contact: local-admin)"
144.208.65.39 - - [09/Sep/2026:08:37:19 -0700] "POST /wp-cron.php?doing_wp_cron=1788968239.7380108833312988281250 HTTP/1.1" 200 - "-" "WordPress/6.6.7; https://dunbarconstructioninc.com"
216.26.231.35 - - [09/Sep/2026:08:37:19 -0700] "GET /wp-content/plugins/wp-ticket/readme.txt HTTP/1.1" 404 39792 "-" "CMS-Security-Auditor/1.0 (+authorized self-check; contact: local-admin)"
216.26.231.35 - - [09/Sep/2026:08:37:26 -0700] "GET /wp-content/plugins/wp-automatic/readme.txt HTTP/1.1" 404 39792 "-" "CMS-Security-Auditor/1.0 (+authorized self-check; contact: local-admin)"
216.26.231.35 - - [09/Sep/2026:08:37:34 -0700] "GET /wp-content/plugins/wp-fastest-cache/readme.txt HTTP/1.1" 404 39792 "-" "CMS-Security-Auditor/1.0 (+authorized self-check; contact: local-admin)"
216.26.231.35 - - [09/Sep/2026:08:37:42 -0700] "GET /wp-content/plugins/gamipress/readme.txt HTTP/1.1" 404 39792 "-" "CMS-Security-Auditor/1.0 (+authorized self-check; contact: local-admin)"
216.26.231.35 - - [09/Sep/2026:08:37:52 -0700] "GET /wp-content/plugins/userswp/readme.txt HTTP/1.1" 404 39792 "-" "CMS-Security-Auditor/1.0 (+authorized self-check; contact: local-admin)"
216.26.231.35 - - [09/Sep/2026:08:38:00 -0700] "GET /wp-content/plugins/bookingpress-appointment-booking/readme.txt HTTP/1.1" 404 39792 "-" "CMS-Security-Auditor/1.0 (+authorized self-check; contact: local-admin)"
173.239.213.63 - - [09/Sep/2026:08:40:07 -0700] "POST /wp-login.php HTTP/1.1" 200 6693 "-" "Mozilla/5.0 (Windows NT 10.0; Win64; rv:143.0) Gecko/20100101 Firefox/143.0"
144.208.65.39 - - [09/Sep/2026:08:46:50 -0700] "POST /wp-cron.php?doing_wp_cron=1788968810.7399849891662597656250 HTTP/1.1" 200 - "-" "WordPress/6.6.7; https://dunbarconstructioninc.com"
173.239.213.65 - - [09/Sep/2026:08:46:50 -0700] "POST /wp-login.php HTTP/1.1" 200 6693 "-" "Mozilla/5.0 (Macintosh; Intel Mac OS X 10_15_7) AppleWebKit/605.1.15 Version/17.0 Safari/605.1.15"
144.208.65.39 - - [09/Sep/2026:08:51:13 -0700] "POST /wp-cron.php?doing_wp_cron=1788969073.3238039016723632812500 HTTP/1.1" 200 - "-" "WordPress/6.6.7; https://dunbarconstructioninc.com"
216.73.217.154 - - [09/Sep/2026:08:51:12 -0700] "GET /robots.txt HTTP/1.1" 200 126 "-" "Mozilla/5.0 AppleWebKit/537.36 (KHTML, like Gecko; compatible; ClaudeBot/1.0; +claudebot@anthropic.com)"
216.73.217.154 - - [09/Sep/2026:08:51:13 -0700] "GET /wp-sitemap.xml HTTP/1.1" 200 310 "-" "Mozilla/5.0 AppleWebKit/537.36 (KHTML, like Gecko; compatible; ClaudeBot/1.0; +claudebot@anthropic.com)"
144.208.65.39 - - [09/Sep/2026:08:53:33 -0700] "POST /wp-cron.php?doing_wp_cron=1788969213.6469299793243408203125 HTTP/1.1" 200 - "-" "WordPress/6.6.7; https://dunbarconstructioninc.com"
173.239.213.79 - - [09/Sep/2026:08:53:33 -0700] "POST /wp-login.php HTTP/1.1" 200 6693 "-" "Mozilla/5.0 (Macintosh; Intel Mac OS X 10_15_7) AppleWebKit/605.1.15 Version/17.0 Safari/605.1.15"
173.239.213.77 - - [09/Sep/2026:09:00:11 -0700] "POST /wp-login.php HTTP/1.1" 200 6693 "-" "Mozilla/5.0 (Windows NT 10.0; Win64; x64) AppleWebKit/537.36 Chrome/129.0.0.0 Safari/537.36"
144.208.65.39 - - [09/Sep/2026:09:06:53 -0700] "POST /wp-cron.php?doing_wp_cron=1788970013.0034379959106445312500 HTTP/1.1" 200 - "-" "WordPress/6.6.7; https://dunbarconstructioninc.com"
173.239.213.85 - - [09/Sep/2026:09:06:52 -0700] "POST /wp-login.php HTTP/1.1" 200 6693 "-" "Mozilla/5.0 (Windows NT 10.0; Win64; x64) AppleWebKit/537.36 Chrome/129.0.0.0 Safari/537.36"
44.214.252.38 - - [09/Sep/2026:09:10:09 -0700] "GET /robots.txt HTTP/1.1" 200 126 "-" "Mozilla/5.0 (Macintosh; Intel Mac OS X 10_10_1) AppleWebKit/600.2.5 (KHTML, like Gecko) Version/8.0.2 Safari/600.2.5 (Gort)"
144.208.65.39 - - [09/Sep/2026:09:10:46 -0700] "POST /wp-cron.php?doing_wp_cron=1788970246.8705229759216308593750 HTTP/1.1" 200 - "-" "WordPress/6.6.7; https://dunbarconstructioninc.com"
45.61.188.240 - - [09/Sep/2026:09:10:46 -0700] "GET / HTTP/1.1" 200 74129 "https://www.bing.com/" "Mozilla/5.0 (iPhone; CPU iPhone OS 17_2 like Mac OS X) AppleWebKit/605.1.15 (KHTML, like Gecko) Version/17.2 Mobile/15E148 Safari/604.1"
91.98.178.13 - - [09/Sep/2026:09:11:42 -0700] "GET / HTTP/1.1" 200 74104 "-" "Mozilla/5.0 (Macintosh; Intel Mac OS X 10_15_7) AppleWebKit/537.36 (KHTML, like Gecko) Chrome/124.0.0.0 Safari/537.36"
173.239.213.90 - - [09/Sep/2026:09:13:35 -0700] "POST /wp-login.php HTTP/1.1" 200 6693 "-" "Mozilla/5.0 (Macintosh; Intel Mac OS X 10_15_7) AppleWebKit/605.1.15 Version/17.0 Safari/605.1.15"
144.208.65.39 - - [09/Sep/2026:09:16:30 -0700] "POST /wp-cron.php?doing_wp_cron=1788970590.7475979328155517578125 HTTP/1.1" 200 - "-" "WordPress/6.6.7; https://dunbarconstructioninc.com"
45.61.188.240 - - [09/Sep/2026:09:16:30 -0700] "GET /wp-json/ HTTP/1.1" 200 187540 "http://www.google.com.hk" "Mozilla/5.0 (Windows NT 10.0; Win64; x64) AppleWebKit/537.36 (KHTML, like Gecko) Chrome/120.0.0.0 Safari/537.36"
144.208.65.39 - - [09/Sep/2026:09:19:23 -0700] "POST /wp-cron.php?doing_wp_cron=1788970763.1630609035491943359375 HTTP/1.1" 200 - "-" "WordPress/6.6.7; https://dunbarconstructioninc.com"
46.11.192.142 - - [09/Sep/2026:09:19:22 -0700] "GET /wp-login.php HTTP/1.1" 200 6218 "-" "Mozilla/5.0 (X11; Linux x86_64) AppleWebKit/537.36 (KHTML, like Gecko) Chrome/150.0.0.0 Safari/537.36"
77.71.204.167 - - [09/Sep/2026:09:19:29 -0700] "POST /wp-login.php HTTP/1.1" 200 6693 "https://dunbarconstructioninc.com/wp-login.php" "Mozilla/5.0 (X11; Linux x86_64) AppleWebKit/537.36 (KHTML, like Gecko) Chrome/150.0.0.0 Safari/537.36"
144.208.65.39 - - [09/Sep/2026:09:20:21 -0700] "POST /wp-cron.php?doing_wp_cron=1788970820.9943439960479736328125 HTTP/1.1" 200 - "-" "WordPress/6.6.7; https://dunbarconstructioninc.com"
173.239.213.70 - - [09/Sep/2026:09:20:20 -0700] "POST /wp-login.php HTTP/1.1" 200 6693 "-" "Mozilla/5.0 (Windows NT 10.0; Win64; rv:143.0) Gecko/20100101 Firefox/143.0"
45.61.188.240 - - [09/Sep/2026:09:22:19 -0700] "POST /wp-json/batch/v1 HTTP/1.1" 500 1511 "-" "Mozilla/5.0 (Macintosh; Intel Mac OS X 10_15_7) AppleWebKit/605.1.15 (KHTML, like Gecko) Version/17.2 Safari/605.1.15"
45.61.188.240 - - [09/Sep/2026:09:22:23 -0700] "POST /wp-json/batch/v1 HTTP/1.1" 500 1511 "-" "Mozilla/5.0 (iPhone; CPU iPhone OS 17_2 like Mac OS X) AppleWebKit/605.1.15 (KHTML, like Gecko) Version/17.2 Mobile/15E148 Safari/604.1"
45.61.188.240 - - [09/Sep/2026:09:22:25 -0700] "POST /wp-json/batch/v1 HTTP/1.1" 500 1511 "-" "Mozilla/5.0 (X11; Linux x86_64) AppleWebKit/537.36 (KHTML, like Gecko) Chrome/120.0.0.0 Safari/537.36"
45.61.188.240 - - [09/Sep/2026:09:22:26 -0700] "POST /wp-json/batch/v1 HTTP/1.1" 500 1511 "-" "Mozilla/5.0 (iPhone; CPU iPhone OS 17_2 like Mac OS X) AppleWebKit/605.1.15 (KHTML, like Gecko) Version/17.2 Mobile/15E148 Safari/604.1"
45.61.188.240 - - [09/Sep/2026:09:22:30 -0700] "POST /?rest_route=/batch/v1 HTTP/1.1" 500 1511 "-" "Mozilla/5.0 (X11; Linux x86_64) AppleWebKit/537.36 (KHTML, like Gecko) Chrome/120.0.0.0 Safari/537.36"
45.61.188.240 - - [09/Sep/2026:09:22:38 -0700] "POST /wp-json/batch/v1 HTTP/1.1" 500 1511 "-" "Mozilla/5.0 (Windows NT 10.0; Win64; x64; rv:120.0) Gecko/20100101 Firefox/120.0"
45.61.188.240 - - [09/Sep/2026:09:22:40 -0700] "POST /?rest_route=/batch/v1 HTTP/1.1" 500 1511 "-" "Mozilla/5.0 (Macintosh; Intel Mac OS X 10_15_7) AppleWebKit/605.1.15 (KHTML, like Gecko) Version/17.2 Safari/605.1.15"
45.61.188.240 - - [09/Sep/2026:09:22:41 -0700] "POST /wp-json/batch/v1 HTTP/1.1" 500 1511 "-" "Mozilla/5.0 (X11; Linux x86_64) AppleWebKit/537.36 (KHTML, like Gecko) Chrome/120.0.0.0 Safari/537.36"
45.61.188.240 - - [09/Sep/2026:09:22:44 -0700] "POST /?rest_route=/batch/v1 HTTP/1.1" 500 1511 "-" "Mozilla/5.0 (Windows NT 10.0; Win64; x64; rv:120.0) Gecko/20100101 Firefox/120.0"
45.61.188.240 - - [09/Sep/2026:09:22:45 -0700] "POST /wp-admin/admin-ajax.php?action=updraft_central_ajaxcallback HTTP/1.1" 400 1 "-" "python-requests/2.34.2"
45.61.188.240 - - [09/Sep/2026:09:22:50 -0700] "GET /wp-content/plugins/wp_yziugjr/wp_yziugjr.php HTTP/1.1" 404 39792 "-" "python-requests/2.34.2"
144.208.65.39 - - [09/Sep/2026:09:22:45 -0700] "POST /wp-admin/admin-ajax.php?action=as_async_request_queue_runner&nonce=65898c0925 HTTP/1.1" 200 - "-" "WordPress/6.6.7; https://dunbarconstructioninc.com"
45.61.188.240 - - [09/Sep/2026:09:22:51 -0700] "GET /wp-content/plugins/wp_yziugjr/wp_yziugjr.php HTTP/1.1" 404 39792 "-" "python-requests/2.34.2"
45.61.188.240 - - [09/Sep/2026:09:22:55 -0700] "GET /wp-content/plugins/wp_yziugjr/wp_yziugjr.php HTTP/1.1" 404 39792 "-" "python-requests/2.34.2"
45.61.188.240 - - [09/Sep/2026:09:22:59 -0700] "GET /wp-content/plugins/wp_yziugjr/wp_yziugjr.php HTTP/1.1" 404 39792 "-" "python-requests/2.34.2"
45.61.188.240 - - [09/Sep/2026:09:23:02 -0700] "GET /wp-content/plugins/wp_yziugjr/wp_yziugjr.php HTTP/1.1" 404 39792 "-" "python-requests/2.34.2"
45.61.188.240 - - [09/Sep/2026:09:23:05 -0700] "POST /wp-admin/admin-ajax.php HTTP/1.1" 302 - "https://duckduckgo.com/" "Mozilla/5.0 (X11; Linux x86_64) AppleWebKit/537.36 (KHTML, like Gecko) Chrome/120.0.0.0 Safari/537.36"
45.61.188.240 - - [09/Sep/2026:09:23:07 -0700] "GET /wp-login.php HTTP/1.1" 200 6218 "https://www.google.com/" "Mozilla/5.0 (Windows NT 10.0; Win64; x64) AppleWebKit/537.36 (KHTML, like Gecko) Chrome/120.0.0.0 Safari/537.36"
45.61.188.240 - - [09/Sep/2026:09:23:08 -0700] "GET /?trp-edit-translation=preview HTTP/1.1" 200 74104 "-" "Mozilla/5.0 (Windows NT 10.0; Win64; x64; rv:120.0) Gecko/20100101 Firefox/120.0"
45.61.188.240 - - [09/Sep/2026:09:23:12 -0700] "GET / HTTP/1.1" 200 74104 "-" "Mozilla/5.0 (Macintosh; Intel Mac OS X 10_15_7) AppleWebKit/605.1.15 (KHTML, like Gecko) Version/17.2 Safari/605.1.15"
144.208.65.39 - - [09/Sep/2026:09:27:09 -0700] "POST /wp-cron.php?doing_wp_cron=1788971229.2357990741729736328125 HTTP/1.1" 200 - "-" "WordPress/6.6.7; https://dunbarconstructioninc.com"
173.239.213.86 - - [09/Sep/2026:09:27:08 -0700] "POST /wp-login.php HTTP/1.1" 200 6693 "-" "Mozilla/5.0 (Windows NT 10.0; Win64; x64) AppleWebKit/537.36 Chrome/129.0.0.0 Safari/537.36"
144.208.65.39 - - [09/Sep/2026:09:29:28 -0700] "POST /wp-cron.php?doing_wp_cron=1788971368.7046980857849121093750 HTTP/1.1" 200 - "-" "WordPress/6.6.7; https://dunbarconstructioninc.com"
94.154.43.180 - - [09/Sep/2026:09:29:28 -0700] "GET /.env.local HTTP/1.1" 404 39855 "-" "Mozilla/5.0 (Windows NT 10.0; Win64; x64) AppleWebKit/537.36 (KHTML, like Gecko) Chrome/147.0.0.0 Safari/537.36"
173.239.213.54 - - [09/Sep/2026:09:33:49 -0700] "POST /wp-login.php HTTP/1.1" 200 6693 "-" "Mozilla/5.0 (Windows NT 10.0; Win64; rv:143.0) Gecko/20100101 Firefox/143.0"
144.208.65.39 - - [09/Sep/2026:09:40:36 -0700] "POST /wp-cron.php?doing_wp_cron=1788972036.0815339088439941406250 HTTP/1.1" 200 - "-" "WordPress/6.6.7; https://dunbarconstructioninc.com"
173.239.213.56 - - [09/Sep/2026:09:40:35 -0700] "POST /wp-login.php HTTP/1.1" 200 6693 "-" "Mozilla/5.0 (Windows NT 10.0; Win64; x64) AppleWebKit/537.36 Chrome/129.0.0.0 Safari/537.36"
144.208.65.39 - - [09/Sep/2026:09:44:45 -0700] "POST /wp-cron.php?doing_wp_cron=1788972285.4337289333343505859375 HTTP/1.1" 200 - "-" "WordPress/6.6.7; https://dunbarconstructioninc.com"
74.125.212.132 - - [09/Sep/2026:09:44:45 -0700] "GET /.well-known/traffic-advice HTTP/1.1" 404 39792 "-" "Chrome Privacy Preserving Prefetch Proxy"
