62.60.130.199 - - [09/Sep/2026:20:56:24 -0700] "GET /wp-admin/index.php HTTP/1.1" 302 - "http://dunbarconstructioninc.com/wp-login.php" "Mozilla/5.0 (Windows NT 10.0; Win64; x64) AppleWebKit/537.36 (KHTML, like Gecko) Chrome/121.0.6167.85 Safari/537.36"
62.60.130.199 - - [09/Sep/2026:20:56:25 -0700] "GET /wp-login.php?redirect_to=http%3A%2F%2Fdunbarconstructioninc.com%2Fwp-admin%2Findex.php&reauth=1 HTTP/1.1" 200 6208 "http://dunbarconstructioninc.com/wp-login.php" "Mozilla/5.0 (Windows NT 10.0; Win64; x64) AppleWebKit/537.36 (KHTML, like Gecko) Chrome/121.0.6167.85 Safari/537.36"
62.60.130.199 - - [09/Sep/2026:20:56:26 -0700] "POST /wp-login.php HTTP/1.1" 200 6623 "http://dunbarconstructioninc.com/wp-login.php" "Mozilla/5.0 (X11; Linux x86_64) AppleWebKit/537.36 (KHTML, like Gecko) Chrome/118.0.5993.88 Safari/537.36"
62.60.130.199 - - [09/Sep/2026:20:56:27 -0700] "GET /wp-admin/index.php HTTP/1.1" 302 - "http://dunbarconstructioninc.com/wp-login.php" "Mozilla/5.0 (X11; Linux x86_64) AppleWebKit/537.36 (KHTML, like Gecko) Chrome/118.0.5993.88 Safari/537.36"
62.60.130.199 - - [09/Sep/2026:20:56:29 -0700] "GET /wp-login.php?redirect_to=http%3A%2F%2Fdunbarconstructioninc.com%2Fwp-admin%2Findex.php&reauth=1 HTTP/1.1" 200 6208 "http://dunbarconstructioninc.com/wp-login.php" "Mozilla/5.0 (X11; Linux x86_64) AppleWebKit/537.36 (KHTML, like Gecko) Chrome/118.0.5993.88 Safari/537.36"
62.60.130.199 - - [09/Sep/2026:20:56:30 -0700] "POST /wp-login.php HTTP/1.1" 200 6626 "http://dunbarconstructioninc.com/wp-login.php" "Mozilla/5.0 (Macintosh; Intel Mac OS X 10_15_7) AppleWebKit/605.1.15 (KHTML, like Gecko) Version/16.6.1 Safari/605.1.15"
62.60.130.199 - - [09/Sep/2026:20:56:31 -0700] "GET /wp-admin/index.php HTTP/1.1" 302 - "http://dunbarconstructioninc.com/wp-login.php" "Mozilla/5.0 (Macintosh; Intel Mac OS X 10_15_7) AppleWebKit/605.1.15 (KHTML, like Gecko) Version/16.6.1 Safari/605.1.15"
62.60.130.199 - - [09/Sep/2026:20:56:32 -0700] "GET /wp-login.php?redirect_to=http%3A%2F%2Fdunbarconstructioninc.com%2Fwp-admin%2Findex.php&reauth=1 HTTP/1.1" 200 6208 "http://dunbarconstructioninc.com/wp-login.php" "Mozilla/5.0 (Macintosh; Intel Mac OS X 10_15_7) AppleWebKit/605.1.15 (KHTML, like Gecko) Version/16.6.1 Safari/605.1.15"
144.208.65.39 - - [09/Sep/2026:20:56:28 -0700] "POST /wp-admin/admin-ajax.php?action=as_async_request_queue_runner&nonce=a4e24b6891 HTTP/1.1" 200 - "-" "WordPress/6.6.7; http://dunbarconstructioninc.com"
62.60.130.199 - - [09/Sep/2026:20:56:33 -0700] "POST /wp-login.php HTTP/1.1" 200 6623 "http://dunbarconstructioninc.com/wp-login.php" "Mozilla/5.0 (X11; Ubuntu; Linux x86_64; rv:118.0.2) Gecko/20100101 Firefox/118.0.2"
62.60.130.199 - - [09/Sep/2026:20:56:34 -0700] "GET /wp-admin/index.php HTTP/1.1" 302 - "http://dunbarconstructioninc.com/wp-login.php" "Mozilla/5.0 (X11; Ubuntu; Linux x86_64; rv:118.0.2) Gecko/20100101 Firefox/118.0.2"
62.60.130.199 - - [09/Sep/2026:20:56:35 -0700] "GET /wp-login.php?redirect_to=http%3A%2F%2Fdunbarconstructioninc.com%2Fwp-admin%2Findex.php&reauth=1 HTTP/1.1" 200 6208 "http://dunbarconstructioninc.com/wp-login.php" "Mozilla/5.0 (X11; Ubuntu; Linux x86_64; rv:118.0.2) Gecko/20100101 Firefox/118.0.2"
62.60.130.199 - - [09/Sep/2026:20:56:36 -0700] "POST /wp-login.php HTTP/1.1" 200 6618 "http://dunbarconstructioninc.com/wp-login.php" "Mozilla/5.0 (X11; Linux x86_64) Gecko/20100101 Firefox/118.0.2"
62.60.130.199 - - [09/Sep/2026:20:56:37 -0700] "GET /wp-admin/index.php HTTP/1.1" 302 - "http://dunbarconstructioninc.com/wp-login.php" "Mozilla/5.0 (X11; Linux x86_64) Gecko/20100101 Firefox/118.0.2"
62.60.130.199 - - [09/Sep/2026:20:56:38 -0700] "GET /wp-login.php?redirect_to=http%3A%2F%2Fdunbarconstructioninc.com%2Fwp-admin%2Findex.php&reauth=1 HTTP/1.1" 200 6208 "http://dunbarconstructioninc.com/wp-login.php" "Mozilla/5.0 (X11; Linux x86_64) Gecko/20100101 Firefox/118.0.2"
62.60.130.199 - - [09/Sep/2026:20:56:39 -0700] "POST /wp-login.php HTTP/1.1" 200 6625 "http://dunbarconstructioninc.com/wp-login.php" "Mozilla/5.0 (Macintosh; Intel Mac OS X 13_6_1) AppleWebKit/605.1.15 (KHTML, like Gecko) Version/17.2.1 Safari/605.1.15"
62.60.130.199 - - [09/Sep/2026:20:56:40 -0700] "GET /wp-admin/index.php HTTP/1.1" 302 - "http://dunbarconstructioninc.com/wp-login.php" "Mozilla/5.0 (Macintosh; Intel Mac OS X 13_6_1) AppleWebKit/605.1.15 (KHTML, like Gecko) Version/17.2.1 Safari/605.1.15"
62.60.130.199 - - [09/Sep/2026:20:56:41 -0700] "GET /wp-login.php?redirect_to=http%3A%2F%2Fdunbarconstructioninc.com%2Fwp-admin%2Findex.php&reauth=1 HTTP/1.1" 200 6208 "http://dunbarconstructioninc.com/wp-login.php" "Mozilla/5.0 (Macintosh; Intel Mac OS X 13_6_1) AppleWebKit/605.1.15 (KHTML, like Gecko) Version/17.2.1 Safari/605.1.15"
62.60.130.199 - - [09/Sep/2026:20:56:42 -0700] "POST /wp-login.php HTTP/1.1" 200 6622 "http://dunbarconstructioninc.com/wp-login.php" "Mozilla/5.0 (X11; Linux x86_64) Gecko/20100101 Firefox/118.0.2"
62.60.130.199 - - [09/Sep/2026:20:56:43 -0700] "GET /wp-admin/index.php HTTP/1.1" 302 - "http://dunbarconstructioninc.com/wp-login.php" "Mozilla/5.0 (X11; Linux x86_64) Gecko/20100101 Firefox/118.0.2"
62.60.130.199 - - [09/Sep/2026:20:56:44 -0700] "GET /wp-login.php?redirect_to=http%3A%2F%2Fdunbarconstructioninc.com%2Fwp-admin%2Findex.php&reauth=1 HTTP/1.1" 200 6208 "http://dunbarconstructioninc.com/wp-login.php" "Mozilla/5.0 (X11; Linux x86_64) Gecko/20100101 Firefox/118.0.2"
62.60.130.199 - - [09/Sep/2026:20:56:46 -0700] "POST /wp-login.php HTTP/1.1" 200 6633 "http://dunbarconstructioninc.com/wp-login.php" "Mozilla/5.0 (Macintosh; Intel Mac OS X 11_7_2) AppleWebKit/605.1.15 (KHTML, like Gecko) Version/17.0 Safari/605.1.15"
62.60.130.199 - - [09/Sep/2026:20:56:47 -0700] "GET /wp-admin/index.php HTTP/1.1" 302 - "http://dunbarconstructioninc.com/wp-login.php" "Mozilla/5.0 (Macintosh; Intel Mac OS X 11_7_2) AppleWebKit/605.1.15 (KHTML, like Gecko) Version/17.0 Safari/605.1.15"
62.60.130.199 - - [09/Sep/2026:20:56:47 -0700] "GET /wp-login.php?redirect_to=http%3A%2F%2Fdunbarconstructioninc.com%2Fwp-admin%2Findex.php&reauth=1 HTTP/1.1" 200 6208 "http://dunbarconstructioninc.com/wp-login.php" "Mozilla/5.0 (Macintosh; Intel Mac OS X 11_7_2) AppleWebKit/605.1.15 (KHTML, like Gecko) Version/17.0 Safari/605.1.15"
62.60.130.199 - - [09/Sep/2026:20:56:49 -0700] "POST /wp-login.php HTTP/1.1" 200 6622 "http://dunbarconstructioninc.com/wp-login.php" "Mozilla/5.0 (Macintosh; Intel Mac OS X 10_15_7) AppleWebKit/605.1.15 (KHTML, like Gecko) Version/17.1 Safari/605.1.15"
62.60.130.199 - - [09/Sep/2026:20:56:50 -0700] "GET /wp-admin/index.php HTTP/1.1" 302 - "http://dunbarconstructioninc.com/wp-login.php" "Mozilla/5.0 (Macintosh; Intel Mac OS X 10_15_7) AppleWebKit/605.1.15 (KHTML, like Gecko) Version/17.1 Safari/605.1.15"
62.60.130.199 - - [09/Sep/2026:20:56:50 -0700] "GET /wp-login.php?redirect_to=http%3A%2F%2Fdunbarconstructioninc.com%2Fwp-admin%2Findex.php&reauth=1 HTTP/1.1" 200 6208 "http://dunbarconstructioninc.com/wp-login.php" "Mozilla/5.0 (Macintosh; Intel Mac OS X 10_15_7) AppleWebKit/605.1.15 (KHTML, like Gecko) Version/17.1 Safari/605.1.15"
62.60.130.199 - - [09/Sep/2026:20:56:52 -0700] "POST /wp-login.php HTTP/1.1" 200 6618 "http://dunbarconstructioninc.com/wp-login.php" "Mozilla/5.0 (Windows NT 10.0; Win64; x64) AppleWebKit/537.36 (KHTML, like Gecko) Chrome/120.0.6099.130 Safari/537.36"
62.60.130.199 - - [09/Sep/2026:20:56:52 -0700] "GET /wp-admin/index.php HTTP/1.1" 302 - "http://dunbarconstructioninc.com/wp-login.php" "Mozilla/5.0 (Windows NT 10.0; Win64; x64) AppleWebKit/537.36 (KHTML, like Gecko) Chrome/120.0.6099.130 Safari/537.36"
62.60.130.199 - - [09/Sep/2026:20:56:53 -0700] "GET /wp-login.php?redirect_to=http%3A%2F%2Fdunbarconstructioninc.com%2Fwp-admin%2Findex.php&reauth=1 HTTP/1.1" 200 6208 "http://dunbarconstructioninc.com/wp-login.php" "Mozilla/5.0 (Windows NT 10.0; Win64; x64) AppleWebKit/537.36 (KHTML, like Gecko) Chrome/120.0.6099.130 Safari/537.36"
62.60.130.199 - - [09/Sep/2026:20:56:55 -0700] "POST /wp-login.php HTTP/1.1" 200 6623 "http://dunbarconstructioninc.com/wp-login.php" "Mozilla/5.0 (X11; Ubuntu; Linux x86_64) AppleWebKit/537.36 (KHTML, like Gecko) Chrome/118.0.5993.88 Safari/537.36"
62.60.130.199 - - [09/Sep/2026:20:56:56 -0700] "GET /wp-admin/index.php HTTP/1.1" 302 - "http://dunbarconstructioninc.com/wp-login.php" "Mozilla/5.0 (X11; Ubuntu; Linux x86_64) AppleWebKit/537.36 (KHTML, like Gecko) Chrome/118.0.5993.88 Safari/537.36"
62.60.130.199 - - [09/Sep/2026:20:56:56 -0700] "GET /wp-login.php?redirect_to=http%3A%2F%2Fdunbarconstructioninc.com%2Fwp-admin%2Findex.php&reauth=1 HTTP/1.1" 200 6208 "http://dunbarconstructioninc.com/wp-login.php" "Mozilla/5.0 (X11; Ubuntu; Linux x86_64) AppleWebKit/537.36 (KHTML, like Gecko) Chrome/118.0.5993.88 Safari/537.36"
62.60.130.199 - - [09/Sep/2026:20:56:58 -0700] "POST /wp-login.php HTTP/1.1" 200 6619 "http://dunbarconstructioninc.com/wp-login.php" "Mozilla/5.0 (Windows NT 10.0; Win64; x64) AppleWebKit/537.36 (KHTML, like Gecko) Chrome/121.0.0.0 Safari/537.36 Edg/121.0.2277.83"
62.60.130.199 - - [09/Sep/2026:20:56:59 -0700] "GET /wp-admin/index.php HTTP/1.1" 302 - "http://dunbarconstructioninc.com/wp-login.php" "Mozilla/5.0 (Windows NT 10.0; Win64; x64) AppleWebKit/537.36 (KHTML, like Gecko) Chrome/121.0.0.0 Safari/537.36 Edg/121.0.2277.83"
144.208.65.39 - - [09/Sep/2026:20:57:00 -0700] "POST /wp-cron.php?doing_wp_cron=1789012620.1501948833465576171875 HTTP/1.1" 200 - "-" "WordPress/6.6.7; http://dunbarconstructioninc.com"
62.60.130.199 - - [09/Sep/2026:20:56:59 -0700] "GET /wp-login.php?redirect_to=http%3A%2F%2Fdunbarconstructioninc.com%2Fwp-admin%2Findex.php&reauth=1 HTTP/1.1" 200 6208 "http://dunbarconstructioninc.com/wp-login.php" "Mozilla/5.0 (Windows NT 10.0; Win64; x64) AppleWebKit/537.36 (KHTML, like Gecko) Chrome/121.0.0.0 Safari/537.36 Edg/121.0.2277.83"
62.60.130.199 - - [09/Sep/2026:20:57:01 -0700] "POST /wp-login.php HTTP/1.1" 200 6624 "http://dunbarconstructioninc.com/wp-login.php" "Mozilla/5.0 (Macintosh; Intel Mac OS X 10.15) Gecko/20100101 Firefox/120.0.1"
62.60.130.199 - - [09/Sep/2026:20:57:02 -0700] "GET /wp-admin/index.php HTTP/1.1" 302 - "http://dunbarconstructioninc.com/wp-login.php" "Mozilla/5.0 (Macintosh; Intel Mac OS X 10.15) Gecko/20100101 Firefox/120.0.1"
62.60.130.199 - - [09/Sep/2026:20:57:02 -0700] "GET /wp-login.php?redirect_to=http%3A%2F%2Fdunbarconstructioninc.com%2Fwp-admin%2Findex.php&reauth=1 HTTP/1.1" 200 6208 "http://dunbarconstructioninc.com/wp-login.php" "Mozilla/5.0 (Macintosh; Intel Mac OS X 10.15) Gecko/20100101 Firefox/120.0.1"
62.60.130.199 - - [09/Sep/2026:20:57:04 -0700] "POST /wp-login.php HTTP/1.1" 200 6626 "http://dunbarconstructioninc.com/wp-login.php" "Mozilla/5.0 (Windows NT 10.0; Win64; x64) AppleWebKit/537.36 (KHTML, like Gecko) Chrome/120.0.6099.130 Safari/537.36"
62.60.130.199 - - [09/Sep/2026:20:57:05 -0700] "GET /wp-admin/index.php HTTP/1.1" 302 - "http://dunbarconstructioninc.com/wp-login.php" "Mozilla/5.0 (Windows NT 10.0; Win64; x64) AppleWebKit/537.36 (KHTML, like Gecko) Chrome/120.0.6099.130 Safari/537.36"
62.60.130.199 - - [09/Sep/2026:20:57:05 -0700] "GET /wp-login.php?redirect_to=http%3A%2F%2Fdunbarconstructioninc.com%2Fwp-admin%2Findex.php&reauth=1 HTTP/1.1" 200 6208 "http://dunbarconstructioninc.com/wp-login.php" "Mozilla/5.0 (Windows NT 10.0; Win64; x64) AppleWebKit/537.36 (KHTML, like Gecko) Chrome/120.0.6099.130 Safari/537.36"
62.60.130.199 - - [09/Sep/2026:20:57:07 -0700] "POST /wp-login.php HTTP/1.1" 200 6622 "http://dunbarconstructioninc.com/wp-login.php" "Mozilla/5.0 (Macintosh; Intel Mac OS X 10_15_7) AppleWebKit/537.36 (KHTML, like Gecko) Chrome/121.0.6167.85 Safari/537.36"
62.60.130.199 - - [09/Sep/2026:20:57:07 -0700] "GET /wp-admin/index.php HTTP/1.1" 302 - "http://dunbarconstructioninc.com/wp-login.php" "Mozilla/5.0 (Macintosh; Intel Mac OS X 10_15_7) AppleWebKit/537.36 (KHTML, like Gecko) Chrome/121.0.6167.85 Safari/537.36"
62.60.130.199 - - [09/Sep/2026:20:57:08 -0700] "GET /wp-login.php?redirect_to=http%3A%2F%2Fdunbarconstructioninc.com%2Fwp-admin%2Findex.php&reauth=1 HTTP/1.1" 200 6208 "http://dunbarconstructioninc.com/wp-login.php" "Mozilla/5.0 (Macintosh; Intel Mac OS X 10_15_7) AppleWebKit/537.36 (KHTML, like Gecko) Chrome/121.0.6167.85 Safari/537.36"
62.60.130.199 - - [09/Sep/2026:20:57:09 -0700] "POST /wp-login.php HTTP/1.1" 200 6625 "http://dunbarconstructioninc.com/wp-login.php" "Mozilla/5.0 (X11; Linux x86_64) AppleWebKit/537.36 (KHTML, like Gecko) Chrome/119.0.6045.159 Safari/537.36"
62.60.130.199 - - [09/Sep/2026:20:57:10 -0700] "GET /wp-admin/index.php HTTP/1.1" 302 - "http://dunbarconstructioninc.com/wp-login.php" "Mozilla/5.0 (X11; Linux x86_64) AppleWebKit/537.36 (KHTML, like Gecko) Chrome/119.0.6045.159 Safari/537.36"
62.60.130.199 - - [09/Sep/2026:20:57:10 -0700] "GET /wp-login.php?redirect_to=http%3A%2F%2Fdunbarconstructioninc.com%2Fwp-admin%2Findex.php&reauth=1 HTTP/1.1" 200 6208 "http://dunbarconstructioninc.com/wp-login.php" "Mozilla/5.0 (X11; Linux x86_64) AppleWebKit/537.36 (KHTML, like Gecko) Chrome/119.0.6045.159 Safari/537.36"
62.60.130.199 - - [09/Sep/2026:20:57:11 -0700] "POST /wp-login.php HTTP/1.1" 200 6621 "http://dunbarconstructioninc.com/wp-login.php" "Mozilla/5.0 (Windows NT 11.0; Win64; x64) AppleWebKit/537.36 (KHTML, like Gecko) Chrome/120.0.6099.130 Safari/537.36"
62.60.130.199 - - [09/Sep/2026:20:57:12 -0700] "GET /wp-admin/index.php HTTP/1.1" 302 - "http://dunbarconstructioninc.com/wp-login.php" "Mozilla/5.0 (Windows NT 11.0; Win64; x64) AppleWebKit/537.36 (KHTML, like Gecko) Chrome/120.0.6099.130 Safari/537.36"
62.60.130.199 - - [09/Sep/2026:20:57:13 -0700] "GET /wp-login.php?redirect_to=http%3A%2F%2Fdunbarconstructioninc.com%2Fwp-admin%2Findex.php&reauth=1 HTTP/1.1" 200 6208 "http://dunbarconstructioninc.com/wp-login.php" "Mozilla/5.0 (Windows NT 11.0; Win64; x64) AppleWebKit/537.36 (KHTML, like Gecko) Chrome/120.0.6099.130 Safari/537.36"
62.60.130.199 - - [09/Sep/2026:20:57:14 -0700] "POST /wp-login.php HTTP/1.1" 200 6619 "http://dunbarconstructioninc.com/wp-login.php" "Mozilla/5.0 (Windows NT 10.0; Win64; x64) AppleWebKit/537.36 (KHTML, like Gecko) Chrome/121.0.0.0 Safari/537.36 Edg/121.0.2277.83"
62.60.130.199 - - [09/Sep/2026:20:57:14 -0700] "GET /wp-admin/index.php HTTP/1.1" 302 - "http://dunbarconstructioninc.com/wp-login.php" "Mozilla/5.0 (Windows NT 10.0; Win64; x64) AppleWebKit/537.36 (KHTML, like Gecko) Chrome/121.0.0.0 Safari/537.36 Edg/121.0.2277.83"
62.60.130.199 - - [09/Sep/2026:20:57:15 -0700] "GET /wp-login.php?redirect_to=http%3A%2F%2Fdunbarconstructioninc.com%2Fwp-admin%2Findex.php&reauth=1 HTTP/1.1" 200 6208 "http://dunbarconstructioninc.com/wp-login.php" "Mozilla/5.0 (Windows NT 10.0; Win64; x64) AppleWebKit/537.36 (KHTML, like Gecko) Chrome/121.0.0.0 Safari/537.36 Edg/121.0.2277.83"
62.60.130.199 - - [09/Sep/2026:20:57:16 -0700] "POST /wp-login.php HTTP/1.1" 200 6619 "http://dunbarconstructioninc.com/wp-login.php" "Mozilla/5.0 (Windows NT 10.0; Win64; x64) AppleWebKit/537.36 (KHTML, like Gecko) Chrome/121.0.0.0 Safari/537.36 Edg/121.0.2277.83"
62.60.130.199 - - [09/Sep/2026:20:57:16 -0700] "GET /wp-admin/index.php HTTP/1.1" 302 - "http://dunbarconstructioninc.com/wp-login.php" "Mozilla/5.0 (Windows NT 10.0; Win64; x64) AppleWebKit/537.36 (KHTML, like Gecko) Chrome/121.0.0.0 Safari/537.36 Edg/121.0.2277.83"
62.60.130.199 - - [09/Sep/2026:20:57:17 -0700] "GET /wp-login.php?redirect_to=http%3A%2F%2Fdunbarconstructioninc.com%2Fwp-admin%2Findex.php&reauth=1 HTTP/1.1" 200 6208 "http://dunbarconstructioninc.com/wp-login.php" "Mozilla/5.0 (Windows NT 10.0; Win64; x64) AppleWebKit/537.36 (KHTML, like Gecko) Chrome/121.0.0.0 Safari/537.36 Edg/121.0.2277.83"
144.208.65.39 - - [09/Sep/2026:20:57:18 -0700] "POST /wp-cron.php?doing_wp_cron=1789012638.9355208873748779296875 HTTP/1.1" 200 - "-" "WordPress/6.6.7; http://dunbarconstructioninc.com"
62.60.130.199 - - [09/Sep/2026:20:57:18 -0700] "POST /wp-login.php HTTP/1.1" 200 6619 "http://dunbarconstructioninc.com/wp-login.php" "Mozilla/5.0 (Windows NT 10.0; Win64; x64) AppleWebKit/537.36 (KHTML, like Gecko) Chrome/121.0.0.0 Safari/537.36 Edg/121.0.2277.83"
62.60.130.199 - - [09/Sep/2026:20:57:19 -0700] "GET /wp-admin/index.php HTTP/1.1" 302 - "http://dunbarconstructioninc.com/wp-login.php" "Mozilla/5.0 (Windows NT 10.0; Win64; x64) AppleWebKit/537.36 (KHTML, like Gecko) Chrome/121.0.0.0 Safari/537.36 Edg/121.0.2277.83"
62.60.130.199 - - [09/Sep/2026:20:57:19 -0700] "GET /wp-login.php?redirect_to=http%3A%2F%2Fdunbarconstructioninc.com%2Fwp-admin%2Findex.php&reauth=1 HTTP/1.1" 200 6208 "http://dunbarconstructioninc.com/wp-login.php" "Mozilla/5.0 (Windows NT 10.0; Win64; x64) AppleWebKit/537.36 (KHTML, like Gecko) Chrome/121.0.0.0 Safari/537.36 Edg/121.0.2277.83"
62.60.130.199 - - [09/Sep/2026:20:57:20 -0700] "POST /wp-login.php HTTP/1.1" 200 6635 "http://dunbarconstructioninc.com/wp-login.php" "Mozilla/5.0 (Windows NT 10.0; Win64; x64) AppleWebKit/537.36 (KHTML, like Gecko) Chrome/120.0.0.0 Safari/537.36 Edg/120.0.2210.133"
62.60.130.199 - - [09/Sep/2026:20:57:21 -0700] "GET /wp-admin/index.php HTTP/1.1" 302 - "http://dunbarconstructioninc.com/wp-login.php" "Mozilla/5.0 (Windows NT 10.0; Win64; x64) AppleWebKit/537.36 (KHTML, like Gecko) Chrome/120.0.0.0 Safari/537.36 Edg/120.0.2210.133"
62.60.130.199 - - [09/Sep/2026:20:57:21 -0700] "GET /wp-login.php?redirect_to=http%3A%2F%2Fdunbarconstructioninc.com%2Fwp-admin%2Findex.php&reauth=1 HTTP/1.1" 200 6208 "http://dunbarconstructioninc.com/wp-login.php" "Mozilla/5.0 (Windows NT 10.0; Win64; x64) AppleWebKit/537.36 (KHTML, like Gecko) Chrome/120.0.0.0 Safari/537.36 Edg/120.0.2210.133"
62.60.130.199 - - [09/Sep/2026:20:57:23 -0700] "POST /wp-login.php HTTP/1.1" 200 6635 "http://dunbarconstructioninc.com/wp-login.php" "Mozilla/5.0 (Windows NT 10.0; Win64; x64) AppleWebKit/537.36 (KHTML, like Gecko) Chrome/119.0.0.0 Safari/537.36 Edg/119.0.2151.97"
62.60.130.199 - - [09/Sep/2026:20:57:23 -0700] "GET /wp-admin/index.php HTTP/1.1" 302 - "http://dunbarconstructioninc.com/wp-login.php" "Mozilla/5.0 (Windows NT 10.0; Win64; x64) AppleWebKit/537.36 (KHTML, like Gecko) Chrome/119.0.0.0 Safari/537.36 Edg/119.0.2151.97"
62.60.130.199 - - [09/Sep/2026:20:57:24 -0700] "GET /wp-login.php?redirect_to=http%3A%2F%2Fdunbarconstructioninc.com%2Fwp-admin%2Findex.php&reauth=1 HTTP/1.1" 200 6208 "http://dunbarconstructioninc.com/wp-login.php" "Mozilla/5.0 (Windows NT 10.0; Win64; x64) AppleWebKit/537.36 (KHTML, like Gecko) Chrome/119.0.0.0 Safari/537.36 Edg/119.0.2151.97"
34.196.51.17 - - [09/Sep/2026:20:57:32 -0700] "HEAD / HTTP/1.1" 200 - "http://dunbarconstructioninc.com/" "WPMUDEV Uptime Monitor 5.0 (https://wpmudev.com)"
34.196.51.17 - - [09/Sep/2026:20:59:33 -0700] "HEAD / HTTP/1.1" 200 - "http://dunbarconstructioninc.com/" "WPMUDEV Uptime Monitor 5.0 (https://wpmudev.com)"
144.208.65.39 - - [09/Sep/2026:21:01:33 -0700] "POST /wp-cron.php?doing_wp_cron=1789012893.9520220756530761718750 HTTP/1.1" 200 - "-" "WordPress/6.6.7; http://dunbarconstructioninc.com"
34.196.51.17 - - [09/Sep/2026:21:01:33 -0700] "HEAD / HTTP/1.1" 200 - "http://dunbarconstructioninc.com/" "WPMUDEV Uptime Monitor 5.0 (https://wpmudev.com)"
144.208.65.39 - - [09/Sep/2026:21:03:34 -0700] "POST /wp-cron.php?doing_wp_cron=1789013014.4595649242401123046875 HTTP/1.1" 200 - "-" "WordPress/6.6.7; http://dunbarconstructioninc.com"
34.196.51.17 - - [09/Sep/2026:21:03:34 -0700] "HEAD / HTTP/1.1" 200 - "http://dunbarconstructioninc.com/" "WPMUDEV Uptime Monitor 5.0 (https://wpmudev.com)"
34.196.51.17 - - [09/Sep/2026:21:05:35 -0700] "HEAD / HTTP/1.1" 200 - "http://dunbarconstructioninc.com/" "WPMUDEV Uptime Monitor 5.0 (https://wpmudev.com)"
144.208.65.39 - - [09/Sep/2026:21:07:35 -0700] "POST /wp-cron.php?doing_wp_cron=1789013255.4899330139160156250000 HTTP/1.1" 200 - "-" "WordPress/6.6.7; http://dunbarconstructioninc.com"
34.196.51.17 - - [09/Sep/2026:21:07:35 -0700] "HEAD / HTTP/1.1" 200 - "http://dunbarconstructioninc.com/" "WPMUDEV Uptime Monitor 5.0 (https://wpmudev.com)"
144.208.65.39 - - [09/Sep/2026:21:09:32 -0700] "POST /wp-cron.php?doing_wp_cron=1789013371.9888160228729248046875 HTTP/1.1" 200 - "-" "WordPress/6.6.7; http://dunbarconstructioninc.com"
34.196.51.17 - - [09/Sep/2026:21:09:31 -0700] "HEAD / HTTP/1.1" 200 - "http://dunbarconstructioninc.com/" "WPMUDEV Uptime Monitor 5.0 (https://wpmudev.com)"
144.208.65.39 - - [09/Sep/2026:21:11:35 -0700] "POST /wp-cron.php?doing_wp_cron=1789013495.8193020820617675781250 HTTP/1.1" 200 - "-" "WordPress/6.6.7; http://dunbarconstructioninc.com"
34.196.51.17 - - [09/Sep/2026:21:11:35 -0700] "HEAD / HTTP/1.1" 200 - "http://dunbarconstructioninc.com/" "WPMUDEV Uptime Monitor 5.0 (https://wpmudev.com)"
144.208.65.39 - - [09/Sep/2026:21:13:34 -0700] "POST /wp-cron.php?doing_wp_cron=1789013614.2698190212249755859375 HTTP/1.1" 200 - "-" "WordPress/6.6.7; http://dunbarconstructioninc.com"
34.196.51.17 - - [09/Sep/2026:21:13:33 -0700] "HEAD / HTTP/1.1" 200 - "http://dunbarconstructioninc.com/" "WPMUDEV Uptime Monitor 5.0 (https://wpmudev.com)"
34.196.51.17 - - [09/Sep/2026:21:15:34 -0700] "HEAD / HTTP/1.1" 200 - "http://dunbarconstructioninc.com/" "WPMUDEV Uptime Monitor 5.0 (https://wpmudev.com)"
144.208.65.39 - - [09/Sep/2026:21:17:34 -0700] "POST /wp-cron.php?doing_wp_cron=1789013854.2459070682525634765625 HTTP/1.1" 200 - "-" "WordPress/6.6.7; http://dunbarconstructioninc.com"
34.196.51.17 - - [09/Sep/2026:21:17:33 -0700] "HEAD / HTTP/1.1" 200 - "http://dunbarconstructioninc.com/" "WPMUDEV Uptime Monitor 5.0 (https://wpmudev.com)"
144.208.65.39 - - [09/Sep/2026:21:19:31 -0700] "POST /wp-cron.php?doing_wp_cron=1789013971.5811579227447509765625 HTTP/1.1" 200 - "-" "WordPress/6.6.7; http://dunbarconstructioninc.com"
34.196.51.17 - - [09/Sep/2026:21:19:31 -0700] "HEAD / HTTP/1.1" 200 - "http://dunbarconstructioninc.com/" "WPMUDEV Uptime Monitor 5.0 (https://wpmudev.com)"
145.220.91.19 - - [09/Sep/2026:21:19:48 -0700] "GET / HTTP/1.1" 200 73986 "-" "Mozilla/5.0 (Macintosh; Intel Mac OS X 10.15; rv:122.0) Gecko/20100101 Firefox/122.0"
144.208.65.39 - - [09/Sep/2026:21:21:28 -0700] "POST /wp-cron.php?doing_wp_cron=1789014088.1423130035400390625000 HTTP/1.1" 200 - "-" "WordPress/6.6.7; http://dunbarconstructioninc.com"
34.196.51.17 - - [09/Sep/2026:21:21:27 -0700] "HEAD / HTTP/1.1" 200 - "http://dunbarconstructioninc.com/" "WPMUDEV Uptime Monitor 5.0 (https://wpmudev.com)"
144.208.65.39 - - [09/Sep/2026:21:23:29 -0700] "POST /wp-cron.php?doing_wp_cron=1789014209.6266078948974609375000 HTTP/1.1" 200 - "-" "WordPress/6.6.7; http://dunbarconstructioninc.com"
34.196.51.17 - - [09/Sep/2026:21:23:29 -0700] "HEAD / HTTP/1.1" 200 - "http://dunbarconstructioninc.com/" "WPMUDEV Uptime Monitor 5.0 (https://wpmudev.com)"
144.208.65.39 - - [09/Sep/2026:21:25:31 -0700] "POST /wp-cron.php?doing_wp_cron=1789014331.7887580394744873046875 HTTP/1.1" 200 - "-" "WordPress/6.6.7; http://dunbarconstructioninc.com"
34.196.51.17 - - [09/Sep/2026:21:25:31 -0700] "HEAD / HTTP/1.1" 200 - "http://dunbarconstructioninc.com/" "WPMUDEV Uptime Monitor 5.0 (https://wpmudev.com)"
34.196.51.17 - - [09/Sep/2026:21:27:29 -0700] "HEAD / HTTP/1.1" 200 - "http://dunbarconstructioninc.com/" "WPMUDEV Uptime Monitor 5.0 (https://wpmudev.com)"
144.208.65.39 - - [09/Sep/2026:21:29:29 -0700] "POST /wp-cron.php?doing_wp_cron=1789014569.4412820339202880859375 HTTP/1.1" 200 - "-" "WordPress/6.6.7; http://dunbarconstructioninc.com"
34.196.51.17 - - [09/Sep/2026:21:29:29 -0700] "HEAD / HTTP/1.1" 200 - "http://dunbarconstructioninc.com/" "WPMUDEV Uptime Monitor 5.0 (https://wpmudev.com)"
144.208.65.39 - - [09/Sep/2026:21:31:32 -0700] "POST /wp-cron.php?doing_wp_cron=1789014692.0551760196685791015625 HTTP/1.1" 200 - "-" "WordPress/6.6.7; http://dunbarconstructioninc.com"
34.196.51.17 - - [09/Sep/2026:21:31:31 -0700] "HEAD / HTTP/1.1" 200 - "http://dunbarconstructioninc.com/" "WPMUDEV Uptime Monitor 5.0 (https://wpmudev.com)"
144.208.65.39 - - [09/Sep/2026:21:33:30 -0700] "POST /wp-cron.php?doing_wp_cron=1789014810.7426609992980957031250 HTTP/1.1" 200 - "-" "WordPress/6.6.7; http://dunbarconstructioninc.com"
34.196.51.17 - - [09/Sep/2026:21:33:30 -0700] "HEAD / HTTP/1.1" 200 - "http://dunbarconstructioninc.com/" "WPMUDEV Uptime Monitor 5.0 (https://wpmudev.com)"
144.208.65.39 - - [09/Sep/2026:21:35:32 -0700] "POST /wp-cron.php?doing_wp_cron=1789014932.0448710918426513671875 HTTP/1.1" 200 - "-" "WordPress/6.6.7; http://dunbarconstructioninc.com"
34.196.51.17 - - [09/Sep/2026:21:35:31 -0700] "HEAD / HTTP/1.1" 200 - "http://dunbarconstructioninc.com/" "WPMUDEV Uptime Monitor 5.0 (https://wpmudev.com)"
144.208.65.39 - - [09/Sep/2026:21:37:28 -0700] "POST /wp-cron.php?doing_wp_cron=1789015048.9883639812469482421875 HTTP/1.1" 200 - "-" "WordPress/6.6.7; http://dunbarconstructioninc.com"
34.196.51.17 - - [09/Sep/2026:21:37:28 -0700] "HEAD / HTTP/1.1" 200 - "http://dunbarconstructioninc.com/" "WPMUDEV Uptime Monitor 5.0 (https://wpmudev.com)"
144.208.65.39 - - [09/Sep/2026:21:39:31 -0700] "POST /wp-cron.php?doing_wp_cron=1789015171.0696899890899658203125 HTTP/1.1" 200 - "-" "WordPress/6.6.7; http://dunbarconstructioninc.com"
34.196.51.17 - - [09/Sep/2026:21:39:30 -0700] "HEAD / HTTP/1.1" 200 - "http://dunbarconstructioninc.com/" "WPMUDEV Uptime Monitor 5.0 (https://wpmudev.com)"
144.208.65.39 - - [09/Sep/2026:21:40:53 -0700] "POST /wp-cron.php?doing_wp_cron=1789015253.0727450847625732421875 HTTP/1.1" 200 - "-" "WordPress/6.6.7; http://dunbarconstructioninc.com"
5.183.200.135 - - [09/Sep/2026:21:40:52 -0700] "GET /wp-includes/blocks/post-excerpt/alfa-rex.PHP HTTP/1.1" 404 39776 "-" "Mozlila/5.0 (Linux; Android 7.0; SM-G892A Bulid/NRD90M; wv) AppleWebKit/537.36 (KHTML, like Gecko) Version/4.0 Chrome/60.0.3112.107 Moblie Safari/537.36"
5.183.200.135 - - [09/Sep/2026:21:40:53 -0700] "GET /wp-includes/blocks/post-excerpt/index.php HTTP/1.1" 301 - "-" "Mozlila/5.0 (Linux; Android 7.0; SM-G892A Bulid/NRD90M; wv) AppleWebKit/537.36 (KHTML, like Gecko) Version/4.0 Chrome/60.0.3112.107 Moblie Safari/537.36"
5.183.200.135 - - [09/Sep/2026:21:40:54 -0700] "GET /wp-includes/blocks/post-excerpt/ HTTP/1.1" 200 2336 "http://dunbarconstructioninc.com/wp-includes/blocks/post-excerpt/index.php" "Mozlila/5.0 (Linux; Android 7.0; SM-G892A Bulid/NRD90M; wv) AppleWebKit/537.36 (KHTML, like Gecko) Version/4.0 Chrome/60.0.3112.107 Moblie Safari/537.36"
5.183.200.135 - - [09/Sep/2026:21:40:54 -0700] "GET /wp-content/plugins/index.php HTTP/1.1" 200 - "-" "Mozlila/5.0 (Linux; Android 7.0; SM-G892A Bulid/NRD90M; wv) AppleWebKit/537.36 (KHTML, like Gecko) Version/4.0 Chrome/60.0.3112.107 Moblie Safari/537.36"
5.183.200.135 - - [09/Sep/2026:21:40:54 -0700] "GET /simple.php HTTP/1.1" 404 39776 "-" "Mozlila/5.0 (Linux; Android 7.0; SM-G892A Bulid/NRD90M; wv) AppleWebKit/537.36 (KHTML, like Gecko) Version/4.0 Chrome/60.0.3112.107 Moblie Safari/537.36"
5.183.200.135 - - [09/Sep/2026:21:40:55 -0700] "GET /wp-admin/about.php HTTP/1.1" 302 - "-" "Mozlila/5.0 (Linux; Android 7.0; SM-G892A Bulid/NRD90M; wv) AppleWebKit/537.36 (KHTML, like Gecko) Version/4.0 Chrome/60.0.3112.107 Moblie Safari/537.36"
5.183.200.135 - - [09/Sep/2026:21:40:55 -0700] "GET /wp-login.php?redirect_to=http%3A%2F%2Fdunbarconstructioninc.com%2Fwp-admin%2Fabout.php&reauth=1 HTTP/1.1" 200 6208 "http://dunbarconstructioninc.com/wp-admin/about.php" "Mozlila/5.0 (Linux; Android 7.0; SM-G892A Bulid/NRD90M; wv) AppleWebKit/537.36 (KHTML, like Gecko) Version/4.0 Chrome/60.0.3112.107 Moblie Safari/537.36"
5.183.200.135 - - [09/Sep/2026:21:40:56 -0700] "GET /wp-content/uploads/index.php HTTP/1.1" 301 - "-" "Mozlila/5.0 (Linux; Android 7.0; SM-G892A Bulid/NRD90M; wv) AppleWebKit/537.36 (KHTML, like Gecko) Version/4.0 Chrome/60.0.3112.107 Moblie Safari/537.36"
5.183.200.135 - - [09/Sep/2026:21:40:56 -0700] "GET /wp-content/uploads/ HTTP/1.1" 200 2424 "http://dunbarconstructioninc.com/wp-content/uploads/index.php" "Mozlila/5.0 (Linux; Android 7.0; SM-G892A Bulid/NRD90M; wv) AppleWebKit/537.36 (KHTML, like Gecko) Version/4.0 Chrome/60.0.3112.107 Moblie Safari/537.36"
5.183.200.135 - - [09/Sep/2026:21:40:57 -0700] "GET /wp-content/plugins/zwso.php HTTP/1.1" 404 39776 "-" "Mozlila/5.0 (Linux; Android 7.0; SM-G892A Bulid/NRD90M; wv) AppleWebKit/537.36 (KHTML, like Gecko) Version/4.0 Chrome/60.0.3112.107 Moblie Safari/537.36"
5.183.200.135 - - [09/Sep/2026:21:40:57 -0700] "GET /chosen.php?p= HTTP/1.1" 301 - "-" "Mozlila/5.0 (Linux; Android 7.0; SM-G892A Bulid/NRD90M; wv) AppleWebKit/537.36 (KHTML, like Gecko) Version/4.0 Chrome/60.0.3112.107 Moblie Safari/537.36"
5.183.200.135 - - [09/Sep/2026:21:40:58 -0700] "GET /chosen.php HTTP/1.1" 404 39776 "http://dunbarconstructioninc.com/chosen.php?p=" "Mozlila/5.0 (Linux; Android 7.0; SM-G892A Bulid/NRD90M; wv) AppleWebKit/537.36 (KHTML, like Gecko) Version/4.0 Chrome/60.0.3112.107 Moblie Safari/537.36"
5.183.200.135 - - [09/Sep/2026:21:40:59 -0700] "GET /goods.php HTTP/1.1" 404 39776 "-" "Mozlila/5.0 (Linux; Android 7.0; SM-G892A Bulid/NRD90M; wv) AppleWebKit/537.36 (KHTML, like Gecko) Version/4.0 Chrome/60.0.3112.107 Moblie Safari/537.36"
5.183.200.135 - - [09/Sep/2026:21:40:59 -0700] "GET /wp-admin/css/colors/index.php HTTP/1.1" 301 - "-" "Mozlila/5.0 (Linux; Android 7.0; SM-G892A Bulid/NRD90M; wv) AppleWebKit/537.36 (KHTML, like Gecko) Version/4.0 Chrome/60.0.3112.107 Moblie Safari/537.36"
5.183.200.135 - - [09/Sep/2026:21:41:00 -0700] "GET /wp-admin/css/colors/ HTTP/1.1" 200 2620 "http://dunbarconstructioninc.com/wp-admin/css/colors/index.php" "Mozlila/5.0 (Linux; Android 7.0; SM-G892A Bulid/NRD90M; wv) AppleWebKit/537.36 (KHTML, like Gecko) Version/4.0 Chrome/60.0.3112.107 Moblie Safari/537.36"
5.183.200.135 - - [09/Sep/2026:21:41:00 -0700] "GET /wp-admin/includes/nav.php HTTP/1.1" 404 39776 "-" "Mozlila/5.0 (Linux; Android 7.0; SM-G892A Bulid/NRD90M; wv) AppleWebKit/537.36 (KHTML, like Gecko) Version/4.0 Chrome/60.0.3112.107 Moblie Safari/537.36"
5.183.200.135 - - [09/Sep/2026:21:41:01 -0700] "GET /file.php HTTP/1.1" 404 39776 "-" "Mozlila/5.0 (Linux; Android 7.0; SM-G892A Bulid/NRD90M; wv) AppleWebKit/537.36 (KHTML, like Gecko) Version/4.0 Chrome/60.0.3112.107 Moblie Safari/537.36"
5.183.200.135 - - [09/Sep/2026:21:41:02 -0700] "GET /file17.php HTTP/1.1" 404 39776 "-" "Mozlila/5.0 (Linux; Android 7.0; SM-G892A Bulid/NRD90M; wv) AppleWebKit/537.36 (KHTML, like Gecko) Version/4.0 Chrome/60.0.3112.107 Moblie Safari/537.36"
5.183.200.135 - - [09/Sep/2026:21:41:03 -0700] "GET /file5.php HTTP/1.1" 404 39776 "-" "Mozlila/5.0 (Linux; Android 7.0; SM-G892A Bulid/NRD90M; wv) AppleWebKit/537.36 (KHTML, like Gecko) Version/4.0 Chrome/60.0.3112.107 Moblie Safari/537.36"
5.183.200.135 - - [09/Sep/2026:21:41:03 -0700] "GET /file88.php HTTP/1.1" 404 39776 "-" "Mozlila/5.0 (Linux; Android 7.0; SM-G892A Bulid/NRD90M; wv) AppleWebKit/537.36 (KHTML, like Gecko) Version/4.0 Chrome/60.0.3112.107 Moblie Safari/537.36"
5.183.200.135 - - [09/Sep/2026:21:41:04 -0700] "GET /NewFile.php/ HTTP/1.1" 404 39776 "-" "Mozlila/5.0 (Linux; Android 7.0; SM-G892A Bulid/NRD90M; wv) AppleWebKit/537.36 (KHTML, like Gecko) Version/4.0 Chrome/60.0.3112.107 Moblie Safari/537.36"
5.183.200.135 - - [09/Sep/2026:21:41:05 -0700] "GET /dropdown.php?p= HTTP/1.1" 301 - "-" "Mozlila/5.0 (Linux; Android 7.0; SM-G892A Bulid/NRD90M; wv) AppleWebKit/537.36 (KHTML, like Gecko) Version/4.0 Chrome/60.0.3112.107 Moblie Safari/537.36"
5.183.200.135 - - [09/Sep/2026:21:41:06 -0700] "GET /dropdown.php HTTP/1.1" 404 39776 "http://dunbarconstructioninc.com/dropdown.php?p=" "Mozlila/5.0 (Linux; Android 7.0; SM-G892A Bulid/NRD90M; wv) AppleWebKit/537.36 (KHTML, like Gecko) Version/4.0 Chrome/60.0.3112.107 Moblie Safari/537.36"
170.106.37.134 - - [09/Sep/2026:21:41:13 -0700] "GET / HTTP/1.1" 200 74011 "-" "Mozilla/5.0 (iPhone; CPU iPhone OS 13_2_3 like Mac OS X) AppleWebKit/605.1.15 (KHTML, like Gecko) Version/13.0.3 Mobile/15E148 Safari/604.1"
144.208.65.39 - - [09/Sep/2026:21:41:29 -0700] "POST /wp-cron.php?doing_wp_cron=1789015289.1593101024627685546875 HTTP/1.1" 200 - "-" "WordPress/6.6.7; http://dunbarconstructioninc.com"
34.196.51.17 - - [09/Sep/2026:21:41:28 -0700] "HEAD / HTTP/1.1" 200 - "http://dunbarconstructioninc.com/" "WPMUDEV Uptime Monitor 5.0 (https://wpmudev.com)"
92.255.209.234 - - [09/Sep/2026:21:43:21 -0700] "GET /assets/images/accesson.php HTTP/1.1" 200 7 "-" "Mozilla/5.0 (Macintosh; Intel Mac OS X 10.11; rv:49.0) Gecko/20100101 Firefox/49.0"
92.255.209.234 - - [09/Sep/2026:21:43:21 -0700] "POST /assets/images/accesson.php HTTP/1.1" 200 9 "http://dunbarconstructioninc.com/assets/images/accesson.php" "Mozilla/5.0 (Macintosh; Intel Mac OS X 10.11; rv:49.0) Gecko/20100101 Firefox/49.0"
144.208.65.39 - - [09/Sep/2026:21:43:30 -0700] "POST /wp-cron.php?doing_wp_cron=1789015410.9049301147460937500000 HTTP/1.1" 200 - "-" "WordPress/6.6.7; http://dunbarconstructioninc.com"
34.196.51.17 - - [09/Sep/2026:21:43:30 -0700] "HEAD / HTTP/1.1" 200 - "http://dunbarconstructioninc.com/" "WPMUDEV Uptime Monitor 5.0 (https://wpmudev.com)"
144.208.65.39 - - [09/Sep/2026:21:45:29 -0700] "POST /wp-cron.php?doing_wp_cron=1789015529.9580109119415283203125 HTTP/1.1" 200 - "-" "WordPress/6.6.7; http://dunbarconstructioninc.com"
34.196.51.17 - - [09/Sep/2026:21:45:29 -0700] "HEAD / HTTP/1.1" 200 - "http://dunbarconstructioninc.com/" "WPMUDEV Uptime Monitor 5.0 (https://wpmudev.com)"
92.255.209.234 - - [09/Sep/2026:21:46:44 -0700] "POST /assets/images/accesson.php HTTP/1.1" 200 16 "-" "Mozilla/5.0 (Macintosh; Intel Mac OS X 10.10; rv:50.0) Gecko/20100101 Firefox/50.0"
92.255.209.234 - - [09/Sep/2026:21:46:45 -0700] "POST /assets/images/accesson.php HTTP/1.1" 200 9 "http://dunbarconstructioninc.com/assets/images/accesson.php" "Mozilla/5.0 (Macintosh; Intel Mac OS X 10.10; rv:50.0) Gecko/20100101 Firefox/50.0"
92.255.209.234 - - [09/Sep/2026:21:46:45 -0700] "GET /assets/images/b787b819fbindex.php HTTP/1.1" 200 13125 "http://dunbarconstructioninc.com/assets/images/accesson.php" "Mozilla/5.0 (Macintosh; Intel Mac OS X 10.10; rv:50.0) Gecko/20100101 Firefox/50.0"
92.255.209.234 - - [09/Sep/2026:21:46:46 -0700] "GET /assets/images/b787b819fbindex.php HTTP/1.1" 200 13125 "http://dunbarconstructioninc.com/assets/images/b787b819fbindex.php" "Mozilla/5.0 (Macintosh; Intel Mac OS X 10.10; rv:50.0) Gecko/20100101 Firefox/50.0"
92.255.209.234 - - [09/Sep/2026:21:46:46 -0700] "GET /assets/images/b787b819fbindex.php HTTP/1.1" 200 13125 "http://dunbarconstructioninc.com/assets/images/b787b819fbindex.php" "Mozilla/5.0 (Macintosh; Intel Mac OS X 10.10; rv:50.0) Gecko/20100101 Firefox/50.0"
144.208.65.39 - - [09/Sep/2026:21:47:29 -0700] "POST /wp-cron.php?doing_wp_cron=1789015649.5409469604492187500000 HTTP/1.1" 200 - "-" "WordPress/6.6.7; http://dunbarconstructioninc.com"
34.196.51.17 - - [09/Sep/2026:21:47:29 -0700] "HEAD / HTTP/1.1" 200 - "http://dunbarconstructioninc.com/" "WPMUDEV Uptime Monitor 5.0 (https://wpmudev.com)"
144.208.65.39 - - [09/Sep/2026:21:49:12 -0700] "GET /.well-known/acme-challenge/I133E_25UA36O8C5KOTS-365C5XO32S8 HTTP/1.1" 200 64 "-" "Cpanel-HTTP-Client/1.0"
144.208.65.39 - - [09/Sep/2026:21:49:12 -0700] "GET /.well-known/acme-challenge/A0IDH9NR0-4H4FJB8N4P0S74PQK0LTQZ HTTP/1.1" 200 64 "-" "Cpanel-HTTP-Client/1.0"
144.208.65.39 - - [09/Sep/2026:21:49:12 -0700] "GET /.well-known/acme-challenge/Y2UFK-G2QRYZTPLPNK6OGW1EGN0GQU0H HTTP/1.1" 200 64 "-" "Cpanel-HTTP-Client/1.0"
144.208.65.39 - - [09/Sep/2026:21:49:12 -0700] "GET /.well-known/acme-challenge/DX99C9QKPDP37QKE50RSMCQLHGG_2L7H HTTP/1.1" 200 64 "-" "Cpanel-HTTP-Client/1.0"
144.208.65.39 - - [09/Sep/2026:21:49:31 -0700] "POST /wp-cron.php?doing_wp_cron=1789015771.2821741104125976562500 HTTP/1.1" 200 - "-" "WordPress/6.6.7; http://dunbarconstructioninc.com"
34.196.51.17 - - [09/Sep/2026:21:49:30 -0700] "HEAD / HTTP/1.1" 200 - "http://dunbarconstructioninc.com/" "WPMUDEV Uptime Monitor 5.0 (https://wpmudev.com)"
144.208.65.39 - - [09/Sep/2026:21:51:18 -0700] "POST /wp-cron.php?doing_wp_cron=1789015878.7884030342102050781250 HTTP/1.1" 200 - "-" "WordPress/6.6.7; http://dunbarconstructioninc.com"
34.196.51.17 - - [09/Sep/2026:21:51:18 -0700] "HEAD / HTTP/1.1" 200 - "http://dunbarconstructioninc.com/" "WPMUDEV Uptime Monitor 5.0 (https://wpmudev.com)"
109.107.186.106 - - [09/Sep/2026:21:51:57 -0700] "GET /assets/images/accesson.php HTTP/1.1" 200 7 "-" "Mozilla/5.0 (Macintosh; Intel Mac OS X 10_11_2) AppleWebKit/537.36 (KHTML, like Gecko) Chrome/55.0.2919.75 Safari/537.36"
109.107.186.106 - - [09/Sep/2026:21:51:58 -0700] "POST /assets/images/accesson.php HTTP/1.1" 200 9 "http://dunbarconstructioninc.com/assets/images/accesson.php" "Mozilla/5.0 (Macintosh; Intel Mac OS X 10_11_2) AppleWebKit/537.36 (KHTML, like Gecko) Chrome/55.0.2919.75 Safari/537.36"
144.208.65.39 - - [09/Sep/2026:21:53:30 -0700] "POST /wp-cron.php?doing_wp_cron=1789016010.3648118972778320312500 HTTP/1.1" 200 - "-" "WordPress/6.6.7; http://dunbarconstructioninc.com"
34.196.51.17 - - [09/Sep/2026:21:53:29 -0700] "HEAD / HTTP/1.1" 200 - "http://dunbarconstructioninc.com/" "WPMUDEV Uptime Monitor 5.0 (https://wpmudev.com)"
144.208.65.39 - - [09/Sep/2026:21:55:31 -0700] "POST /wp-cron.php?doing_wp_cron=1789016131.7896349430084228515625 HTTP/1.1" 200 - "-" "WordPress/6.6.7; http://dunbarconstructioninc.com"
34.196.51.17 - - [09/Sep/2026:21:55:31 -0700] "HEAD / HTTP/1.1" 200 - "http://dunbarconstructioninc.com/" "WPMUDEV Uptime Monitor 5.0 (https://wpmudev.com)"
109.107.186.106 - - [09/Sep/2026:21:56:01 -0700] "POST /assets/images/accesson.php HTTP/1.1" 200 16 "-" "Mozilla/5.0 (Windows NT 6.1; rv:48.0) Gecko/20100101 Firefox/48.0"
109.107.186.106 - - [09/Sep/2026:21:56:02 -0700] "POST /assets/images/accesson.php HTTP/1.1" 200 9 "http://dunbarconstructioninc.com/assets/images/accesson.php" "Mozilla/5.0 (Windows NT 6.1; rv:48.0) Gecko/20100101 Firefox/48.0"
109.107.186.106 - - [09/Sep/2026:21:56:02 -0700] "GET /assets/images/b787b819fbindex.php HTTP/1.1" 200 13126 "http://dunbarconstructioninc.com/assets/images/accesson.php" "Mozilla/5.0 (Windows NT 6.1; rv:48.0) Gecko/20100101 Firefox/48.0"
109.107.186.106 - - [09/Sep/2026:21:56:02 -0700] "GET /assets/images/b787b819fbindex.php HTTP/1.1" 200 13126 "http://dunbarconstructioninc.com/assets/images/b787b819fbindex.php" "Mozilla/5.0 (Windows NT 6.1; rv:48.0) Gecko/20100101 Firefox/48.0"
109.107.186.106 - - [09/Sep/2026:21:56:04 -0700] "GET /assets/images/b787b819fbindex.php HTTP/1.1" 200 13126 "http://dunbarconstructioninc.com/assets/images/b787b819fbindex.php" "Mozilla/5.0 (Windows NT 6.1; rv:48.0) Gecko/20100101 Firefox/48.0"
144.208.65.39 - - [09/Sep/2026:21:57:32 -0700] "POST /wp-cron.php?doing_wp_cron=1789016252.0360031127929687500000 HTTP/1.1" 200 - "-" "WordPress/6.6.7; http://dunbarconstructioninc.com"
34.196.51.17 - - [09/Sep/2026:21:57:31 -0700] "HEAD / HTTP/1.1" 200 - "http://dunbarconstructioninc.com/" "WPMUDEV Uptime Monitor 5.0 (https://wpmudev.com)"
144.208.65.39 - - [09/Sep/2026:21:59:31 -0700] "POST /wp-cron.php?doing_wp_cron=1789016371.6260819435119628906250 HTTP/1.1" 200 - "-" "WordPress/6.6.7; http://dunbarconstructioninc.com"
34.196.51.17 - - [09/Sep/2026:21:59:31 -0700] "HEAD / HTTP/1.1" 200 - "http://dunbarconstructioninc.com/" "WPMUDEV Uptime Monitor 5.0 (https://wpmudev.com)"
144.208.65.39 - - [09/Sep/2026:22:01:30 -0700] "POST /wp-cron.php?doing_wp_cron=1789016490.2291719913482666015625 HTTP/1.1" 200 - "-" "WordPress/6.6.7; http://dunbarconstructioninc.com"
34.196.51.17 - - [09/Sep/2026:22:01:29 -0700] "HEAD / HTTP/1.1" 200 - "http://dunbarconstructioninc.com/" "WPMUDEV Uptime Monitor 5.0 (https://wpmudev.com)"
144.208.65.39 - - [09/Sep/2026:22:02:27 -0700] "POST /wp-cron.php?doing_wp_cron=1789016547.2336289882659912109375 HTTP/1.1" 200 - "-" "WordPress/6.6.7; http://dunbarconstructioninc.com"
202.51.199.2 - - [09/Sep/2026:22:02:26 -0700] "GET /wp-login.php HTTP/1.1" 200 6199 "-" "Mozilla/5.0 (iPhone; CPU iPhone OS 17_1 like Mac OS X) AppleWebKit/605.1.15 (KHTML, like Gecko) Version/17.1 Mobile/15E148 Safari/604.1"
202.51.199.2 - - [09/Sep/2026:22:02:27 -0700] "GET /?rest_route=/wp/v2/users HTTP/1.1" 200 601 "-" "Mozilla/5.0 (X11; Linux x86_64) AppleWebKit/537.36 (KHTML, like Gecko) Chrome/120.0.0.0 Safari/537.36"
202.51.199.2 - - [09/Sep/2026:22:02:28 -0700] "GET /xmlrpc.php HTTP/1.1" 405 42 "-" "Mozilla/5.0 (Macintosh; Intel Mac OS X 14_3) AppleWebKit/537.36 (KHTML, like Gecko) Chrome/121.0.0.0 Safari/537.36"
202.51.199.2 - - [09/Sep/2026:22:02:28 -0700] "POST /xmlrpc.php HTTP/1.1" 200 403 "-" "Mozilla/5.0 (Macintosh; Intel Mac OS X 14_1) AppleWebKit/605.1.15 (KHTML, like Gecko) Version/17.0 Safari/605.1.15"
202.51.199.2 - - [09/Sep/2026:22:02:29 -0700] "POST /xmlrpc.php HTTP/1.1" 200 403 "-" "Mozilla/5.0 (Windows NT 10.0; Win64; x64; rv:120.0) Gecko/20100101 Firefox/120.0"
202.51.199.2 - - [09/Sep/2026:22:02:30 -0700] "POST /xmlrpc.php HTTP/1.1" 200 403 "-" "Mozilla/5.0 (Windows NT 11.0; Win64; x64) AppleWebKit/537.36 (KHTML, like Gecko) Chrome/120.0.0.0 Safari/537.36"
202.51.199.2 - - [09/Sep/2026:22:02:31 -0700] "POST /xmlrpc.php HTTP/1.1" 200 403 "-" "Mozilla/5.0 (Macintosh; Intel Mac OS X 14_2) AppleWebKit/537.36 (KHTML, like Gecko) Chrome/120.0.0.0 Safari/537.36"
202.51.199.2 - - [09/Sep/2026:22:02:32 -0700] "POST /xmlrpc.php HTTP/1.1" 200 403 "-" "Mozilla/5.0 (Windows NT 10.0; Win64; x64) AppleWebKit/537.36 (KHTML, like Gecko) Edge/119.0.2151.97"
202.51.199.2 - - [09/Sep/2026:22:02:33 -0700] "POST /xmlrpc.php HTTP/1.1" 200 403 "-" "Mozilla/5.0 (Macintosh; Intel Mac OS X 14_1) AppleWebKit/605.1.15 (KHTML, like Gecko) Version/17.0 Safari/605.1.15"
202.51.199.2 - - [09/Sep/2026:22:02:33 -0700] "POST /xmlrpc.php HTTP/1.1" 200 403 "-" "Mozilla/5.0 (Linux; Android 13; Pixel 7) AppleWebKit/537.36 (KHTML, like Gecko) Chrome/119.0.0.0 Mobile Safari/537.36"
202.51.199.2 - - [09/Sep/2026:22:02:34 -0700] "POST /xmlrpc.php HTTP/1.1" 200 403 "-" "Mozilla/5.0 (iPhone; CPU iPhone OS 17_1 like Mac OS X) AppleWebKit/605.1.15 (KHTML, like Gecko) Version/17.1 Mobile/15E148 Safari/604.1"
202.51.199.2 - - [09/Sep/2026:22:02:35 -0700] "POST /xmlrpc.php HTTP/1.1" 200 403 "-" "Mozilla/5.0 (Windows NT 10.0; Win64; x64) AppleWebKit/537.36 (KHTML, like Gecko) Chrome/120.0.0.0 Safari/537.36"
202.51.199.2 - - [09/Sep/2026:22:02:36 -0700] "POST /xmlrpc.php HTTP/1.1" 200 403 "-" "Mozilla/5.0 (Linux; Android 14; SM-S918B) AppleWebKit/537.36 (KHTML, like Gecko) Chrome/120.0.0.0 Mobile Safari/537.36"
202.51.199.2 - - [09/Sep/2026:22:02:37 -0700] "POST /xmlrpc.php HTTP/1.1" 200 403 "-" "Mozilla/5.0 (X11; Linux x86_64) AppleWebKit/537.36 (KHTML, like Gecko) Chrome/120.0.0.0 Safari/537.36"
202.51.199.2 - - [09/Sep/2026:22:02:38 -0700] "POST /xmlrpc.php HTTP/1.1" 200 403 "-" "Mozilla/5.0 (X11; Ubuntu; Linux x86_64; rv:121.0) Gecko/20100101 Firefox/121.0"
202.51.199.2 - - [09/Sep/2026:22:02:39 -0700] "POST /xmlrpc.php HTTP/1.1" 200 403 "-" "Mozilla/5.0 (Windows NT 11.0; Win64; x64) AppleWebKit/537.36 (KHTML, like Gecko) Chrome/121.0.0.0 Safari/537.36"
202.51.199.2 - - [09/Sep/2026:22:02:40 -0700] "POST /xmlrpc.php HTTP/1.1" 200 403 "-" "Mozilla/5.0 (Linux; Android 13; Pixel 7) AppleWebKit/537.36 (KHTML, like Gecko) Chrome/119.0.0.0 Mobile Safari/537.36"
202.51.199.2 - - [09/Sep/2026:22:02:40 -0700] "POST /xmlrpc.php HTTP/1.1" 200 403 "-" "Mozilla/5.0 (Macintosh; Intel Mac OS X 14_2_1) AppleWebKit/537.36 (KHTML, like Gecko) Chrome/120.0.0.0 Safari/537.36"
202.51.199.2 - - [09/Sep/2026:22:02:41 -0700] "POST /xmlrpc.php HTTP/1.1" 200 403 "-" "Mozilla/5.0 (Macintosh; Intel Mac OS X 14_2_1) AppleWebKit/605.1.15 (KHTML, like Gecko) Version/17.1 Safari/605.1.15"
202.51.199.2 - - [09/Sep/2026:22:02:42 -0700] "POST /xmlrpc.php HTTP/1.1" 200 403 "-" "Mozilla/5.0 (Windows NT 10.0; Win64; x64; rv:121.0) Gecko/20100101 Firefox/121.0"
202.51.199.2 - - [09/Sep/2026:22:02:43 -0700] "POST /xmlrpc.php HTTP/1.1" 200 403 "-" "Mozilla/5.0 (Linux; Android 14; SM-S918B) AppleWebKit/537.36 (KHTML, like Gecko) Chrome/120.0.0.0 Mobile Safari/537.36"
202.51.199.2 - - [09/Sep/2026:22:02:44 -0700] "POST /xmlrpc.php HTTP/1.1" 200 403 "-" "Mozilla/5.0 (Macintosh; Intel Mac OS X 14_2) AppleWebKit/537.36 (KHTML, like Gecko) Chrome/120.0.0.0 Safari/537.36"
202.51.199.2 - - [09/Sep/2026:22:02:45 -0700] "POST /xmlrpc.php HTTP/1.1" 200 403 "-" "Mozilla/5.0 (Windows NT 10.0; Win64; x64) AppleWebKit/537.36 (KHTML, like Gecko) Chrome/119.0.0.0 Safari/537.36"
202.51.199.2 - - [09/Sep/2026:22:02:47 -0700] "POST /xmlrpc.php HTTP/1.1" 200 403 "-" "Mozilla/5.0 (X11; Ubuntu; Linux x86_64; rv:121.0) Gecko/20100101 Firefox/121.0"
202.51.199.2 - - [09/Sep/2026:22:02:48 -0700] "POST /xmlrpc.php HTTP/1.1" 200 403 "-" "Mozilla/5.0 (X11; Linux x86_64) AppleWebKit/537.36 (KHTML, like Gecko) Chrome/120.0.0.0 Safari/537.36"
202.51.199.2 - - [09/Sep/2026:22:02:48 -0700] "POST /xmlrpc.php HTTP/1.1" 200 403 "-" "Mozilla/5.0 (Windows NT 11.0; Win64; x64) AppleWebKit/537.36 (KHTML, like Gecko) Chrome/120.0.0.0 Safari/537.36"
202.51.199.2 - - [09/Sep/2026:22:02:49 -0700] "POST /xmlrpc.php HTTP/1.1" 200 403 "-" "Mozilla/5.0 (Windows NT 10.0; Win64; x64; rv:121.0) Gecko/20100101 Firefox/121.0"
202.51.199.2 - - [09/Sep/2026:22:02:50 -0700] "POST /xmlrpc.php HTTP/1.1" 200 403 "-" "Mozilla/5.0 (iPhone; CPU iPhone OS 17_1 like Mac OS X) AppleWebKit/605.1.15 (KHTML, like Gecko) Version/17.1 Mobile/15E148 Safari/604.1"
202.51.199.2 - - [09/Sep/2026:22:02:53 -0700] "POST /xmlrpc.php HTTP/1.1" 200 403 "-" "Mozilla/5.0 (Macintosh; Intel Mac OS X 14_2_1) AppleWebKit/537.36 (KHTML, like Gecko) Chrome/120.0.0.0 Safari/537.36"
202.51.199.2 - - [09/Sep/2026:22:02:54 -0700] "POST /xmlrpc.php HTTP/1.1" 200 403 "-" "Mozilla/5.0 (Macintosh; Intel Mac OS X 14_2) AppleWebKit/537.36 (KHTML, like Gecko) Chrome/120.0.0.0 Safari/537.36"
202.51.199.2 - - [09/Sep/2026:22:02:55 -0700] "POST /xmlrpc.php HTTP/1.1" 200 403 "-" "Mozilla/5.0 (Macintosh; Intel Mac OS X 14_2_1) AppleWebKit/605.1.15 (KHTML, like Gecko) Version/17.1 Safari/605.1.15"
202.51.199.2 - - [09/Sep/2026:22:02:56 -0700] "POST /xmlrpc.php HTTP/1.1" 200 403 "-" "Mozilla/5.0 (X11; Linux x86_64) AppleWebKit/537.36 (KHTML, like Gecko) Chrome/120.0.0.0 Safari/537.36"
202.51.199.2 - - [09/Sep/2026:22:02:57 -0700] "POST /xmlrpc.php HTTP/1.1" 200 403 "-" "Mozilla/5.0 (iPhone; CPU iPhone OS 17_2 like Mac OS X) AppleWebKit/605.1.15 (KHTML, like Gecko) Version/17.2 Mobile/15E148 Safari/604.1"
202.51.199.2 - - [09/Sep/2026:22:02:57 -0700] "POST /xmlrpc.php HTTP/1.1" 200 403 "-" "Mozilla/5.0 (iPhone; CPU iPhone OS 17_2 like Mac OS X) AppleWebKit/605.1.15 (KHTML, like Gecko) Version/17.2 Mobile/15E148 Safari/604.1"
202.51.199.2 - - [09/Sep/2026:22:02:58 -0700] "POST /xmlrpc.php HTTP/1.1" 200 403 "-" "Mozilla/5.0 (iPhone; CPU iPhone OS 17_2 like Mac OS X) AppleWebKit/605.1.15 (KHTML, like Gecko) Version/17.2 Mobile/15E148 Safari/604.1"
202.51.199.2 - - [09/Sep/2026:22:02:59 -0700] "POST /xmlrpc.php HTTP/1.1" 200 403 "-" "Mozilla/5.0 (X11; Linux x86_64) AppleWebKit/537.36 (KHTML, like Gecko) Chrome/120.0.0.0 Safari/537.36"
202.51.199.2 - - [09/Sep/2026:22:03:00 -0700] "POST /xmlrpc.php HTTP/1.1" 200 403 "-" "Mozilla/5.0 (Linux; Android 14; SM-S918B) AppleWebKit/537.36 (KHTML, like Gecko) Chrome/120.0.0.0 Mobile Safari/537.36"
202.51.199.2 - - [09/Sep/2026:22:03:01 -0700] "POST /xmlrpc.php HTTP/1.1" 200 403 "-" "Mozilla/5.0 (Macintosh; Intel Mac OS X 14_2_1) AppleWebKit/605.1.15 (KHTML, like Gecko) Version/17.1 Safari/605.1.15"
202.51.199.2 - - [09/Sep/2026:22:03:02 -0700] "POST /xmlrpc.php HTTP/1.1" 200 403 "-" "Mozilla/5.0 (Windows NT 10.0; Win64; x64) AppleWebKit/537.36 (KHTML, like Gecko) Chrome/119.0.0.0 Safari/537.36"
202.51.199.2 - - [09/Sep/2026:22:03:03 -0700] "POST /xmlrpc.php HTTP/1.1" 200 403 "-" "Mozilla/5.0 (Windows NT 11.0; Win64; x64) AppleWebKit/537.36 (KHTML, like Gecko) Chrome/120.0.0.0 Safari/537.36"
202.51.199.2 - - [09/Sep/2026:22:03:04 -0700] "POST /xmlrpc.php HTTP/1.1" 200 403 "-" "Mozilla/5.0 (Windows NT 10.0; Win64; x64) AppleWebKit/537.36 (KHTML, like Gecko) Edge/119.0.2151.97"
202.51.199.2 - - [09/Sep/2026:22:03:04 -0700] "POST /xmlrpc.php HTTP/1.1" 200 403 "-" "Mozilla/5.0 (Windows NT 10.0; Win64; x64; rv:120.0) Gecko/20100101 Firefox/120.0"
202.51.199.2 - - [09/Sep/2026:22:03:05 -0700] "POST /xmlrpc.php HTTP/1.1" 200 403 "-" "Mozilla/5.0 (Windows NT 10.0; Win64; x64; rv:121.0) Gecko/20100101 Firefox/121.0"
202.51.199.2 - - [09/Sep/2026:22:03:06 -0700] "POST /xmlrpc.php HTTP/1.1" 200 403 "-" "Mozilla/5.0 (Windows NT 11.0; Win64; x64) AppleWebKit/537.36 (KHTML, like Gecko) Chrome/120.0.0.0 Safari/537.36"
202.51.199.2 - - [09/Sep/2026:22:03:07 -0700] "POST /xmlrpc.php HTTP/1.1" 200 403 "-" "Mozilla/5.0 (Windows NT 11.0; Win64; x64) AppleWebKit/537.36 (KHTML, like Gecko) Chrome/120.0.0.0 Safari/537.36"
202.51.199.2 - - [09/Sep/2026:22:03:08 -0700] "POST /xmlrpc.php HTTP/1.1" 200 403 "-" "Mozilla/5.0 (Windows NT 10.0; Win64; x64) AppleWebKit/537.36 (KHTML, like Gecko) Chrome/120.0.0.0 Safari/537.36"
202.51.199.2 - - [09/Sep/2026:22:03:09 -0700] "POST /xmlrpc.php HTTP/1.1" 200 403 "-" "Mozilla/5.0 (X11; Linux x86_64) AppleWebKit/537.36 (KHTML, like Gecko) Chrome/120.0.0.0 Safari/537.36"
202.51.199.2 - - [09/Sep/2026:22:03:10 -0700] "POST /xmlrpc.php HTTP/1.1" 200 403 "-" "Mozilla/5.0 (Windows NT 10.0; Win64; x64; rv:120.0) Gecko/20100101 Firefox/120.0"
202.51.199.2 - - [09/Sep/2026:22:03:10 -0700] "POST /xmlrpc.php HTTP/1.1" 200 403 "-" "Mozilla/5.0 (iPhone; CPU iPhone OS 17_2 like Mac OS X) AppleWebKit/605.1.15 (KHTML, like Gecko) Version/17.2 Mobile/15E148 Safari/604.1"
202.51.199.2 - - [09/Sep/2026:22:03:11 -0700] "POST /xmlrpc.php HTTP/1.1" 200 403 "-" "Mozilla/5.0 (Linux; Android 14; SM-S918B) AppleWebKit/537.36 (KHTML, like Gecko) Chrome/120.0.0.0 Mobile Safari/537.36"
202.51.199.2 - - [09/Sep/2026:22:03:12 -0700] "POST /xmlrpc.php HTTP/1.1" 200 403 "-" "Mozilla/5.0 (Linux; Android 13; Pixel 7) AppleWebKit/537.36 (KHTML, like Gecko) Chrome/119.0.0.0 Mobile Safari/537.36"
