31.56.189.27 - - [09/Sep/2026:15:49:49 -0700] "POST /assets/images/accesson.php HTTP/1.1" 200 9 "http://dunbarconstructioninc.com/assets/images/accesson.php" "Mozilla/5.0 (Macintosh; Intel Mac OS X 10.8; rv:51.0) Gecko/20100101 Firefox/51.0"
31.56.189.27 - - [09/Sep/2026:15:49:50 -0700] "POST /assets/images/accesson.php HTTP/1.1" 200 9 "http://dunbarconstructioninc.com/assets/images/accesson.php" "Mozilla/5.0 (Macintosh; Intel Mac OS X 10.8; rv:51.0) Gecko/20100101 Firefox/51.0"
144.208.65.39 - - [09/Sep/2026:15:51:26 -0700] "POST /wp-cron.php?doing_wp_cron=1788994286.4047698974609375000000 HTTP/1.1" 200 - "-" "WordPress/6.6.7; http://dunbarconstructioninc.com"
34.196.51.17 - - [09/Sep/2026:15:51:25 -0700] "HEAD / HTTP/1.1" 200 - "http://dunbarconstructioninc.com/" "WPMUDEV Uptime Monitor 5.0 (https://wpmudev.com)"
31.56.189.27 - - [09/Sep/2026:15:51:43 -0700] "POST /assets/images/accesson.php HTTP/1.1" 200 9 "http://dunbarconstructioninc.com/assets/images/accesson.php" "Mozilla/5.0 (Macintosh; Intel Mac OS X 10.8; rv:51.0) Gecko/20100101 Firefox/51.0"
31.56.189.27 - - [09/Sep/2026:15:51:44 -0700] "POST /assets/images/accesson.php HTTP/1.1" 200 9 "http://dunbarconstructioninc.com/assets/images/accesson.php" "Mozilla/5.0 (Macintosh; Intel Mac OS X 10.8; rv:51.0) Gecko/20100101 Firefox/51.0"
161.118.209.161 - - [09/Sep/2026:15:53:04 -0700] "GET /wp-includes/css/buttons.css HTTP/1.1" 200 9830 "-" "Go-http-client/1.1"
34.196.51.17 - - [09/Sep/2026:15:53:26 -0700] "HEAD / HTTP/1.1" 200 - "http://dunbarconstructioninc.com/" "WPMUDEV Uptime Monitor 5.0 (https://wpmudev.com)"
65.109.179.105 - - [09/Sep/2026:15:54:59 -0700] "POST /assets/images/accesson.php HTTP/1.1" 200 16 "-" "Mozilla/5.0 (Macintosh; Intel Mac OS X 10.9; rv:51.0) Gecko/20100101 Firefox/51.0"
65.109.179.105 - - [09/Sep/2026:15:54:59 -0700] "POST /assets/images/accesson.php HTTP/1.1" 200 9 "http://dunbarconstructioninc.com/assets/images/accesson.php" "Mozilla/5.0 (Macintosh; Intel Mac OS X 10.9; rv:51.0) Gecko/20100101 Firefox/51.0"
65.109.179.105 - - [09/Sep/2026:15:55:00 -0700] "GET /assets/images/b787b819fbindex.php HTTP/1.1" 200 13125 "http://dunbarconstructioninc.com/assets/images/accesson.php" "Mozilla/5.0 (Macintosh; Intel Mac OS X 10.9; rv:51.0) Gecko/20100101 Firefox/51.0"
65.109.179.105 - - [09/Sep/2026:15:55:00 -0700] "GET /assets/images/b787b819fbindex.php HTTP/1.1" 200 13125 "http://dunbarconstructioninc.com/assets/images/b787b819fbindex.php" "Mozilla/5.0 (Macintosh; Intel Mac OS X 10.9; rv:51.0) Gecko/20100101 Firefox/51.0"
65.109.179.105 - - [09/Sep/2026:15:55:01 -0700] "GET /assets/images/b787b819fbindex.php HTTP/1.1" 200 13125 "http://dunbarconstructioninc.com/assets/images/b787b819fbindex.php" "Mozilla/5.0 (Macintosh; Intel Mac OS X 10.9; rv:51.0) Gecko/20100101 Firefox/51.0"
144.208.65.39 - - [09/Sep/2026:15:55:28 -0700] "POST /wp-cron.php?doing_wp_cron=1788994528.4125699996948242187500 HTTP/1.1" 200 - "-" "WordPress/6.6.7; http://dunbarconstructioninc.com"
34.196.51.17 - - [09/Sep/2026:15:55:27 -0700] "HEAD / HTTP/1.1" 200 - "http://dunbarconstructioninc.com/" "WPMUDEV Uptime Monitor 5.0 (https://wpmudev.com)"
144.208.65.39 - - [09/Sep/2026:15:57:28 -0700] "POST /wp-cron.php?doing_wp_cron=1788994648.3027930259704589843750 HTTP/1.1" 200 - "-" "WordPress/6.6.7; http://dunbarconstructioninc.com"
34.196.51.17 - - [09/Sep/2026:15:57:27 -0700] "HEAD / HTTP/1.1" 200 - "http://dunbarconstructioninc.com/" "WPMUDEV Uptime Monitor 5.0 (https://wpmudev.com)"
92.255.209.234 - - [09/Sep/2026:15:58:09 -0700] "POST /assets/images/accesson.php HTTP/1.1" 200 9 "http://dunbarconstructioninc.com/assets/images/accesson.php" "Mozilla/5.0 (Windows NT 5.1; rv:45.0) Gecko/20100101 Firefox/45.0"
92.255.209.234 - - [09/Sep/2026:15:58:11 -0700] "POST /assets/images/accesson.php HTTP/1.1" 200 9 "http://dunbarconstructioninc.com/assets/images/accesson.php" "Mozilla/5.0 (Windows NT 5.1; rv:45.0) Gecko/20100101 Firefox/45.0"
144.208.65.39 - - [09/Sep/2026:15:59:25 -0700] "POST /wp-cron.php?doing_wp_cron=1788994765.5179719924926757812500 HTTP/1.1" 200 - "-" "WordPress/6.6.7; http://dunbarconstructioninc.com"
34.196.51.17 - - [09/Sep/2026:15:59:25 -0700] "HEAD / HTTP/1.1" 200 - "http://dunbarconstructioninc.com/" "WPMUDEV Uptime Monitor 5.0 (https://wpmudev.com)"
144.208.65.39 - - [09/Sep/2026:16:01:26 -0700] "POST /wp-cron.php?doing_wp_cron=1788994886.6971299648284912109375 HTTP/1.1" 200 - "-" "WordPress/6.6.7; http://dunbarconstructioninc.com"
34.196.51.17 - - [09/Sep/2026:16:01:26 -0700] "HEAD / HTTP/1.1" 200 - "http://dunbarconstructioninc.com/" "WPMUDEV Uptime Monitor 5.0 (https://wpmudev.com)"
109.107.178.102 - - [09/Sep/2026:16:02:16 -0700] "POST /assets/images/accesson.php HTTP/1.1" 200 9 "http://dunbarconstructioninc.com/assets/images/accesson.php" "Mozilla/5.0 (Macintosh; Intel Mac OS X 10_9_0) AppleWebKit/537.36 (KHTML, like Gecko) Chrome/49.0.2632.13 Safari/537.36"
109.107.178.102 - - [09/Sep/2026:16:02:16 -0700] "POST /assets/images/accesson.php HTTP/1.1" 200 9 "http://dunbarconstructioninc.com/assets/images/accesson.php" "Mozilla/5.0 (Macintosh; Intel Mac OS X 10_9_0) AppleWebKit/537.36 (KHTML, like Gecko) Chrome/49.0.2632.13 Safari/537.36"
109.107.178.102 - - [09/Sep/2026:16:02:18 -0700] "POST /assets/images/accesson.php HTTP/1.1" 200 9 "http://dunbarconstructioninc.com/assets/images/accesson.php" "Mozilla/5.0 (Macintosh; Intel Mac OS X 10_9_0) AppleWebKit/537.36 (KHTML, like Gecko) Chrome/49.0.2632.13 Safari/537.36"
144.208.65.39 - - [09/Sep/2026:16:03:26 -0700] "POST /wp-cron.php?doing_wp_cron=1788995006.4774050712585449218750 HTTP/1.1" 200 - "-" "WordPress/6.6.7; http://dunbarconstructioninc.com"
34.196.51.17 - - [09/Sep/2026:16:03:26 -0700] "HEAD / HTTP/1.1" 200 - "http://dunbarconstructioninc.com/" "WPMUDEV Uptime Monitor 5.0 (https://wpmudev.com)"
144.208.65.39 - - [09/Sep/2026:16:05:28 -0700] "POST /wp-cron.php?doing_wp_cron=1788995128.2109010219573974609375 HTTP/1.1" 200 - "-" "WordPress/6.6.7; http://dunbarconstructioninc.com"
34.196.51.17 - - [09/Sep/2026:16:05:27 -0700] "HEAD / HTTP/1.1" 200 - "http://dunbarconstructioninc.com/" "WPMUDEV Uptime Monitor 5.0 (https://wpmudev.com)"
144.208.65.39 - - [09/Sep/2026:16:07:27 -0700] "POST /wp-cron.php?doing_wp_cron=1788995247.8235399723052978515625 HTTP/1.1" 200 - "-" "WordPress/6.6.7; http://dunbarconstructioninc.com"
34.196.51.17 - - [09/Sep/2026:16:07:27 -0700] "HEAD / HTTP/1.1" 200 - "http://dunbarconstructioninc.com/" "WPMUDEV Uptime Monitor 5.0 (https://wpmudev.com)"
144.208.65.39 - - [09/Sep/2026:16:09:28 -0700] "POST /wp-cron.php?doing_wp_cron=1788995368.9359259605407714843750 HTTP/1.1" 200 - "-" "WordPress/6.6.7; http://dunbarconstructioninc.com"
34.196.51.17 - - [09/Sep/2026:16:09:28 -0700] "HEAD / HTTP/1.1" 200 - "http://dunbarconstructioninc.com/" "WPMUDEV Uptime Monitor 5.0 (https://wpmudev.com)"
144.208.65.39 - - [09/Sep/2026:16:11:03 -0700] "POST /wp-cron.php?doing_wp_cron=1788995463.2693080902099609375000 HTTP/1.1" 200 - "-" "WordPress/6.6.7; http://dunbarconstructioninc.com"
34.196.51.17 - - [09/Sep/2026:16:11:02 -0700] "HEAD / HTTP/1.1" 200 - "http://dunbarconstructioninc.com/" "WPMUDEV Uptime Monitor 5.0 (https://wpmudev.com)"
144.208.65.39 - - [09/Sep/2026:16:13:25 -0700] "POST /wp-cron.php?doing_wp_cron=1788995605.4500570297241210937500 HTTP/1.1" 200 - "-" "WordPress/6.6.7; http://dunbarconstructioninc.com"
34.196.51.17 - - [09/Sep/2026:16:13:25 -0700] "HEAD / HTTP/1.1" 200 - "http://dunbarconstructioninc.com/" "WPMUDEV Uptime Monitor 5.0 (https://wpmudev.com)"
144.208.65.39 - - [09/Sep/2026:16:15:27 -0700] "POST /wp-cron.php?doing_wp_cron=1788995727.2994730472564697265625 HTTP/1.1" 200 - "-" "WordPress/6.6.7; http://dunbarconstructioninc.com"
34.196.51.17 - - [09/Sep/2026:16:15:26 -0700] "HEAD / HTTP/1.1" 200 - "http://dunbarconstructioninc.com/" "WPMUDEV Uptime Monitor 5.0 (https://wpmudev.com)"
144.208.65.39 - - [09/Sep/2026:16:17:29 -0700] "POST /wp-cron.php?doing_wp_cron=1788995849.0993781089782714843750 HTTP/1.1" 200 - "-" "WordPress/6.6.7; http://dunbarconstructioninc.com"
34.196.51.17 - - [09/Sep/2026:16:17:28 -0700] "HEAD / HTTP/1.1" 200 - "http://dunbarconstructioninc.com/" "WPMUDEV Uptime Monitor 5.0 (https://wpmudev.com)"
144.208.65.39 - - [09/Sep/2026:16:19:28 -0700] "POST /wp-cron.php?doing_wp_cron=1788995968.1807019710540771484375 HTTP/1.1" 200 - "-" "WordPress/6.6.7; http://dunbarconstructioninc.com"
34.196.51.17 - - [09/Sep/2026:16:19:27 -0700] "HEAD / HTTP/1.1" 200 - "http://dunbarconstructioninc.com/" "WPMUDEV Uptime Monitor 5.0 (https://wpmudev.com)"
66.42.38.87 - - [09/Sep/2026:16:20:49 -0700] "GET /a676d/index.php HTTP/1.1" 200 6130 "http://dunbarconstructioninc.com/a676d/index.php" "Mozilla/4.0 (compatible; MSIE 9.0; Windows NT 6.1)"
144.208.65.39 - - [09/Sep/2026:16:21:26 -0700] "POST /wp-cron.php?doing_wp_cron=1788996086.8916630744934082031250 HTTP/1.1" 200 - "-" "WordPress/6.6.7; http://dunbarconstructioninc.com"
34.196.51.17 - - [09/Sep/2026:16:21:26 -0700] "HEAD / HTTP/1.1" 200 - "http://dunbarconstructioninc.com/" "WPMUDEV Uptime Monitor 5.0 (https://wpmudev.com)"
144.208.65.39 - - [09/Sep/2026:16:23:27 -0700] "POST /wp-cron.php?doing_wp_cron=1788996207.5101680755615234375000 HTTP/1.1" 200 - "-" "WordPress/6.6.7; http://dunbarconstructioninc.com"
34.196.51.17 - - [09/Sep/2026:16:23:27 -0700] "HEAD / HTTP/1.1" 200 - "http://dunbarconstructioninc.com/" "WPMUDEV Uptime Monitor 5.0 (https://wpmudev.com)"
144.208.65.39 - - [09/Sep/2026:16:25:26 -0700] "POST /wp-cron.php?doing_wp_cron=1788996326.6165089607238769531250 HTTP/1.1" 200 - "-" "WordPress/6.6.7; http://dunbarconstructioninc.com"
34.196.51.17 - - [09/Sep/2026:16:25:26 -0700] "HEAD / HTTP/1.1" 200 - "http://dunbarconstructioninc.com/" "WPMUDEV Uptime Monitor 5.0 (https://wpmudev.com)"
144.208.65.39 - - [09/Sep/2026:16:27:26 -0700] "POST /wp-cron.php?doing_wp_cron=1788996446.2189359664916992187500 HTTP/1.1" 200 - "-" "WordPress/6.6.7; http://dunbarconstructioninc.com"
34.196.51.17 - - [09/Sep/2026:16:27:25 -0700] "HEAD / HTTP/1.1" 200 - "http://dunbarconstructioninc.com/" "WPMUDEV Uptime Monitor 5.0 (https://wpmudev.com)"
34.196.51.17 - - [09/Sep/2026:16:29:27 -0700] "HEAD / HTTP/1.1" 200 - "http://dunbarconstructioninc.com/" "WPMUDEV Uptime Monitor 5.0 (https://wpmudev.com)"
144.208.65.39 - - [09/Sep/2026:16:31:28 -0700] "POST /wp-cron.php?doing_wp_cron=1788996688.9335579872131347656250 HTTP/1.1" 200 - "-" "WordPress/6.6.7; http://dunbarconstructioninc.com"
34.196.51.17 - - [09/Sep/2026:16:31:28 -0700] "HEAD / HTTP/1.1" 200 - "http://dunbarconstructioninc.com/" "WPMUDEV Uptime Monitor 5.0 (https://wpmudev.com)"
144.208.65.39 - - [09/Sep/2026:16:33:24 -0700] "POST /wp-cron.php?doing_wp_cron=1788996804.8111670017242431640625 HTTP/1.1" 200 - "-" "WordPress/6.6.7; http://dunbarconstructioninc.com"
34.196.51.17 - - [09/Sep/2026:16:33:24 -0700] "HEAD / HTTP/1.1" 200 - "http://dunbarconstructioninc.com/" "WPMUDEV Uptime Monitor 5.0 (https://wpmudev.com)"
144.208.65.39 - - [09/Sep/2026:16:35:26 -0700] "POST /wp-cron.php?doing_wp_cron=1788996926.3840808868408203125000 HTTP/1.1" 200 - "-" "WordPress/6.6.7; http://dunbarconstructioninc.com"
34.196.51.17 - - [09/Sep/2026:16:35:25 -0700] "HEAD / HTTP/1.1" 200 - "http://dunbarconstructioninc.com/" "WPMUDEV Uptime Monitor 5.0 (https://wpmudev.com)"
144.208.65.39 - - [09/Sep/2026:16:37:27 -0700] "POST /wp-cron.php?doing_wp_cron=1788997047.7996950149536132812500 HTTP/1.1" 200 - "-" "WordPress/6.6.7; http://dunbarconstructioninc.com"
34.196.51.17 - - [09/Sep/2026:16:37:27 -0700] "HEAD / HTTP/1.1" 200 - "http://dunbarconstructioninc.com/" "WPMUDEV Uptime Monitor 5.0 (https://wpmudev.com)"
144.208.65.39 - - [09/Sep/2026:16:39:28 -0700] "POST /wp-cron.php?doing_wp_cron=1788997168.4022650718688964843750 HTTP/1.1" 200 - "-" "WordPress/6.6.7; http://dunbarconstructioninc.com"
34.196.51.17 - - [09/Sep/2026:16:39:28 -0700] "HEAD / HTTP/1.1" 200 - "http://dunbarconstructioninc.com/" "WPMUDEV Uptime Monitor 5.0 (https://wpmudev.com)"
144.208.65.39 - - [09/Sep/2026:16:41:28 -0700] "POST /wp-cron.php?doing_wp_cron=1788997288.1655979156494140625000 HTTP/1.1" 200 - "-" "WordPress/6.6.7; http://dunbarconstructioninc.com"
34.196.51.17 - - [09/Sep/2026:16:41:27 -0700] "HEAD / HTTP/1.1" 200 - "http://dunbarconstructioninc.com/" "WPMUDEV Uptime Monitor 5.0 (https://wpmudev.com)"
144.208.65.39 - - [09/Sep/2026:16:43:26 -0700] "POST /wp-cron.php?doing_wp_cron=1788997406.2600688934326171875000 HTTP/1.1" 200 - "-" "WordPress/6.6.7; http://dunbarconstructioninc.com"
34.196.51.17 - - [09/Sep/2026:16:43:25 -0700] "HEAD / HTTP/1.1" 200 - "http://dunbarconstructioninc.com/" "WPMUDEV Uptime Monitor 5.0 (https://wpmudev.com)"
144.208.65.39 - - [09/Sep/2026:16:45:27 -0700] "POST /wp-cron.php?doing_wp_cron=1788997527.1330409049987792968750 HTTP/1.1" 200 - "-" "WordPress/6.6.7; http://dunbarconstructioninc.com"
34.196.51.17 - - [09/Sep/2026:16:45:26 -0700] "HEAD / HTTP/1.1" 200 - "http://dunbarconstructioninc.com/" "WPMUDEV Uptime Monitor 5.0 (https://wpmudev.com)"
144.208.65.39 - - [09/Sep/2026:16:46:30 -0700] "POST /wp-cron.php?doing_wp_cron=1788997590.1925890445709228515625 HTTP/1.1" 200 - "-" "WordPress/6.6.7; http://dunbarconstructioninc.com"
52.167.144.66 - - [09/Sep/2026:16:46:29 -0700] "GET /robots.txt HTTP/1.1" 200 125 "-" "Mozilla/5.0 AppleWebKit/537.36 (KHTML, like Gecko; compatible; bingbot/2.0; +http://www.bing.com/bingbot.htm) Chrome/116.0.1938.76 Safari/537.36"
40.77.167.157 - - [09/Sep/2026:16:46:41 -0700] "GET /wp-sitemap.xml HTTP/1.1" 200 308 "-" "Mozilla/5.0 AppleWebKit/537.36 (KHTML, like Gecko; compatible; bingbot/2.0; +http://www.bing.com/bingbot.htm) Chrome/116.0.1938.76 Safari/537.36"
144.208.65.39 - - [09/Sep/2026:16:47:24 -0700] "POST /wp-cron.php?doing_wp_cron=1788997644.8239469528198242187500 HTTP/1.1" 200 - "-" "WordPress/6.6.7; http://dunbarconstructioninc.com"
34.196.51.17 - - [09/Sep/2026:16:47:24 -0700] "HEAD / HTTP/1.1" 200 - "http://dunbarconstructioninc.com/" "WPMUDEV Uptime Monitor 5.0 (https://wpmudev.com)"
144.208.65.39 - - [09/Sep/2026:16:49:27 -0700] "POST /wp-cron.php?doing_wp_cron=1788997767.9347000122070312500000 HTTP/1.1" 200 - "-" "WordPress/6.6.7; http://dunbarconstructioninc.com"
34.196.51.17 - - [09/Sep/2026:16:49:27 -0700] "HEAD / HTTP/1.1" 200 - "http://dunbarconstructioninc.com/" "WPMUDEV Uptime Monitor 5.0 (https://wpmudev.com)"
144.208.65.39 - - [09/Sep/2026:16:51:28 -0700] "POST /wp-cron.php?doing_wp_cron=1788997888.9034368991851806640625 HTTP/1.1" 200 - "-" "WordPress/6.6.7; http://dunbarconstructioninc.com"
34.196.51.17 - - [09/Sep/2026:16:51:28 -0700] "HEAD / HTTP/1.1" 200 - "http://dunbarconstructioninc.com/" "WPMUDEV Uptime Monitor 5.0 (https://wpmudev.com)"
144.208.65.39 - - [09/Sep/2026:16:53:26 -0700] "POST /wp-cron.php?doing_wp_cron=1788998006.5931820869445800781250 HTTP/1.1" 200 - "-" "WordPress/6.6.7; http://dunbarconstructioninc.com"
34.196.51.17 - - [09/Sep/2026:16:53:26 -0700] "HEAD / HTTP/1.1" 200 - "http://dunbarconstructioninc.com/" "WPMUDEV Uptime Monitor 5.0 (https://wpmudev.com)"
144.208.65.39 - - [09/Sep/2026:16:53:28 -0700] "POST /wp-cron.php HTTP/1.1" 200 - "-" "WordPress/6.6.7; http://dunbarconstructioninc.com"
144.208.65.39 - - [09/Sep/2026:16:53:28 -0700] "GET / HTTP/1.1" 200 73986 "-" "WordPress/6.6.7; http://dunbarconstructioninc.com"
144.208.65.39 - - [09/Sep/2026:16:53:29 -0700] "GET / HTTP/1.1" 200 73986 "-" "WordPress/6.6.7; http://dunbarconstructioninc.com"
144.208.65.39 - - [09/Sep/2026:16:53:29 -0700] "GET / HTTP/1.1" 200 73986 "-" "WordPress/6.6.7; http://dunbarconstructioninc.com"
144.208.65.39 - - [09/Sep/2026:16:55:27 -0700] "POST /wp-cron.php?doing_wp_cron=1788998127.7004199028015136718750 HTTP/1.1" 200 - "-" "WordPress/6.6.7; http://dunbarconstructioninc.com"
34.196.51.17 - - [09/Sep/2026:16:55:27 -0700] "HEAD / HTTP/1.1" 200 - "http://dunbarconstructioninc.com/" "WPMUDEV Uptime Monitor 5.0 (https://wpmudev.com)"
65.109.179.105 - - [09/Sep/2026:16:57:17 -0700] "POST /assets/images/accesson.php HTTP/1.1" 200 16 "-" "Mozilla/5.0 (compatible; MSIE 9.0; Windows NT 5.1; WOW64; Trident/5.0)"
65.109.179.105 - - [09/Sep/2026:16:57:17 -0700] "POST /assets/images/accesson.php HTTP/1.1" 200 9 "http://dunbarconstructioninc.com/assets/images/accesson.php" "Mozilla/5.0 (compatible; MSIE 9.0; Windows NT 5.1; WOW64; Trident/5.0)"
65.109.179.105 - - [09/Sep/2026:16:57:18 -0700] "GET /assets/images/4b400ed857index.php HTTP/1.1" 200 5733 "http://dunbarconstructioninc.com/assets/images/accesson.php" "Mozilla/5.0 (compatible; MSIE 9.0; Windows NT 5.1; WOW64; Trident/5.0)"
65.109.179.105 - - [09/Sep/2026:16:57:18 -0700] "GET /assets/images/4b400ed857index.php HTTP/1.1" 200 5733 "http://dunbarconstructioninc.com/assets/images/4b400ed857index.php" "Mozilla/5.0 (compatible; MSIE 9.0; Windows NT 5.1; WOW64; Trident/5.0)"
65.109.179.105 - - [09/Sep/2026:16:57:18 -0700] "GET /assets/images/4b400ed857index.php HTTP/1.1" 200 5733 "http://dunbarconstructioninc.com/assets/images/4b400ed857index.php" "Mozilla/5.0 (compatible; MSIE 9.0; Windows NT 5.1; WOW64; Trident/5.0)"
34.196.51.17 - - [09/Sep/2026:16:57:26 -0700] "HEAD / HTTP/1.1" 200 - "http://dunbarconstructioninc.com/" "WPMUDEV Uptime Monitor 5.0 (https://wpmudev.com)"
109.199.118.129 - - [09/Sep/2026:16:57:47 -0700] "GET / HTTP/1.1" 200 73986 "-" "Mozilla/5.0 (Windows NT 10.0; Win64; x64) AppleWebKit/537.36 (KHTML, like Gecko) Chrome/91.0.4472.114 Safari/537.36 Edg/91.0.864.54"
66.42.38.87 - - [09/Sep/2026:16:58:49 -0700] "GET /a676d/index.php HTTP/1.1" 200 6130 "-" "Mozilla/5.0 (compatible; MSIE 9.0; Windows NT 6.1; WOW64; Trident/5.0)"
144.208.65.39 - - [09/Sep/2026:16:59:26 -0700] "POST /wp-cron.php?doing_wp_cron=1788998366.7855050563812255859375 HTTP/1.1" 200 - "-" "WordPress/6.6.7; http://dunbarconstructioninc.com"
34.196.51.17 - - [09/Sep/2026:16:59:26 -0700] "HEAD / HTTP/1.1" 200 - "http://dunbarconstructioninc.com/" "WPMUDEV Uptime Monitor 5.0 (https://wpmudev.com)"
45.143.20.147 - - [09/Sep/2026:17:00:34 -0700] "POST /assets/images/accesson.php HTTP/1.1" 200 17 "-" "Mozilla/5.0 (Windows NT 10.0; rv:51.0) Gecko/20100101 Firefox/51.0"
45.143.20.147 - - [09/Sep/2026:17:00:39 -0700] "GET /adman.867.txt HTTP/1.1" 200 6 "http://dunbarconstructioninc.com/assets/images/accesson.php" "Mozilla/5.0 (Windows NT 10.0; rv:51.0) Gecko/20100101 Firefox/51.0"
45.143.20.147 - - [09/Sep/2026:17:00:42 -0700] "POST /assets/images/accesson.php HTTP/1.1" 200 9 "http://dunbarconstructioninc.com/adman.867.txt" "Mozilla/5.0 (Windows NT 10.0; rv:51.0) Gecko/20100101 Firefox/51.0"
144.208.65.39 - - [09/Sep/2026:17:01:31 -0700] "POST /wp-cron.php?doing_wp_cron=1788998491.8564329147338867187500 HTTP/1.1" 200 - "-" "WordPress/6.6.7; http://dunbarconstructioninc.com"
34.196.51.17 - - [09/Sep/2026:17:01:31 -0700] "HEAD / HTTP/1.1" 200 - "http://dunbarconstructioninc.com/" "WPMUDEV Uptime Monitor 5.0 (https://wpmudev.com)"
144.208.65.39 - - [09/Sep/2026:17:03:23 -0700] "POST /wp-cron.php?doing_wp_cron=1788998603.3606710433959960937500 HTTP/1.1" 200 - "-" "WordPress/6.6.7; http://dunbarconstructioninc.com"
119.91.20.139 - - [09/Sep/2026:17:03:22 -0700] "GET / HTTP/1.1" 301 - "-" "Mozilla/5.0 (iPhone; CPU iPhone OS 13_2_3 like Mac OS X) AppleWebKit/605.1.15 (KHTML, like Gecko) Version/13.0.3 Mobile/15E148 Safari/604.1"
119.91.20.139 - - [09/Sep/2026:17:03:24 -0700] "GET / HTTP/1.1" 200 74011 "http://www.dunbarconstructioninc.com" "Mozilla/5.0 (iPhone; CPU iPhone OS 13_2_3 like Mac OS X) AppleWebKit/605.1.15 (KHTML, like Gecko) Version/13.0.3 Mobile/15E148 Safari/604.1"
34.196.51.17 - - [09/Sep/2026:17:03:27 -0700] "HEAD / HTTP/1.1" 200 - "http://dunbarconstructioninc.com/" "WPMUDEV Uptime Monitor 5.0 (https://wpmudev.com)"
66.42.38.87 - - [09/Sep/2026:17:03:55 -0700] "GET /93300/index.php HTTP/1.1" 200 5278 "http://dunbarconstructioninc.com/93300/index.php" "Mozilla/4.0 (compatible; MSIE 9.0; Windows NT 6.1)"
144.208.65.39 - - [09/Sep/2026:17:05:30 -0700] "POST /wp-cron.php?doing_wp_cron=1788998730.4952130317687988281250 HTTP/1.1" 200 - "-" "WordPress/6.6.7; http://dunbarconstructioninc.com"
34.196.51.17 - - [09/Sep/2026:17:05:30 -0700] "HEAD / HTTP/1.1" 200 - "http://dunbarconstructioninc.com/" "WPMUDEV Uptime Monitor 5.0 (https://wpmudev.com)"
66.42.38.87 - - [09/Sep/2026:17:06:24 -0700] "GET /93300/index.php HTTP/1.1" 200 5278 "-" "Mozilla/5.0 (compatible; MSIE 9.0; Windows NT 6.1; WOW64; Trident/5.0)"
144.208.65.39 - - [09/Sep/2026:17:07:28 -0700] "POST /wp-cron.php?doing_wp_cron=1788998848.8408041000366210937500 HTTP/1.1" 200 - "-" "WordPress/6.6.7; http://dunbarconstructioninc.com"
34.196.51.17 - - [09/Sep/2026:17:07:28 -0700] "HEAD / HTTP/1.1" 200 - "http://dunbarconstructioninc.com/" "WPMUDEV Uptime Monitor 5.0 (https://wpmudev.com)"
144.208.65.39 - - [09/Sep/2026:17:09:26 -0700] "POST /wp-cron.php?doing_wp_cron=1788998966.1770899295806884765625 HTTP/1.1" 200 - "-" "WordPress/6.6.7; http://dunbarconstructioninc.com"
34.196.51.17 - - [09/Sep/2026:17:09:25 -0700] "HEAD / HTTP/1.1" 200 - "http://dunbarconstructioninc.com/" "WPMUDEV Uptime Monitor 5.0 (https://wpmudev.com)"
66.42.38.87 - - [09/Sep/2026:17:09:38 -0700] "GET /d3756/index.php HTTP/1.1" 200 2823 "http://dunbarconstructioninc.com/d3756/index.php" "Mozilla/4.0 (compatible; MSIE 9.0; Windows NT 6.1)"
144.208.65.39 - - [09/Sep/2026:17:11:28 -0700] "POST /wp-cron.php?doing_wp_cron=1788999088.1884689331054687500000 HTTP/1.1" 200 - "-" "WordPress/6.6.7; http://dunbarconstructioninc.com"
34.196.51.17 - - [09/Sep/2026:17:11:27 -0700] "HEAD / HTTP/1.1" 200 - "http://dunbarconstructioninc.com/" "WPMUDEV Uptime Monitor 5.0 (https://wpmudev.com)"
66.42.38.87 - - [09/Sep/2026:17:12:27 -0700] "GET /d3756/index.php HTTP/1.1" 200 2823 "-" "Mozilla/5.0 (compatible; MSIE 9.0; Windows NT 6.1; WOW64; Trident/5.0)"
144.208.65.39 - - [09/Sep/2026:17:13:28 -0700] "POST /wp-cron.php?doing_wp_cron=1788999208.6514739990234375000000 HTTP/1.1" 200 - "-" "WordPress/6.6.7; http://dunbarconstructioninc.com"
34.196.51.17 - - [09/Sep/2026:17:13:28 -0700] "HEAD / HTTP/1.1" 200 - "http://dunbarconstructioninc.com/" "WPMUDEV Uptime Monitor 5.0 (https://wpmudev.com)"
45.143.20.147 - - [09/Sep/2026:17:13:57 -0700] "POST /assets/images/accesson.php HTTP/1.1" 200 9 "http://dunbarconstructioninc.com/assets/images/accesson.php" "Mozilla/5.0 (Windows NT 10.0; rv:51.0) Gecko/20100101 Firefox/51.0"
45.143.20.147 - - [09/Sep/2026:17:13:57 -0700] "POST /assets/images/accesson.php HTTP/1.1" 200 9 "http://dunbarconstructioninc.com/assets/images/accesson.php" "Mozilla/5.0 (Windows NT 10.0; rv:51.0) Gecko/20100101 Firefox/51.0"
45.143.20.147 - - [09/Sep/2026:17:13:58 -0700] "POST /assets/images/accesson.php HTTP/1.1" 200 9 "http://dunbarconstructioninc.com/assets/images/accesson.php" "Mozilla/5.0 (Windows NT 10.0; rv:51.0) Gecko/20100101 Firefox/51.0"
45.143.20.147 - - [09/Sep/2026:17:14:04 -0700] "POST /assets/images/accesson.php HTTP/1.1" 200 9 "http://dunbarconstructioninc.com/assets/images/accesson.php" "Mozilla/5.0 (Windows NT 10.0; rv:51.0) Gecko/20100101 Firefox/51.0"
144.208.65.39 - - [09/Sep/2026:17:14:43 -0700] "POST /wp-cron.php?doing_wp_cron=1788999283.2438609600067138671875 HTTP/1.1" 200 - "-" "WordPress/6.6.7; http://dunbarconstructioninc.com"
212.116.238.20 - - [09/Sep/2026:17:14:42 -0700] "GET / HTTP/1.1" 200 73986 "-" "Mozilla/5.0 (X11; Linux x86_64) AppleWebKit/537.36 (KHTML, like Gecko) Chrome/125.0.0.0 Safari/537.36"
144.208.65.39 - - [09/Sep/2026:17:15:33 -0700] "POST /wp-cron.php?doing_wp_cron=1788999333.5846300125122070312500 HTTP/1.1" 200 - "-" "WordPress/6.6.7; http://dunbarconstructioninc.com"
34.196.51.17 - - [09/Sep/2026:17:15:33 -0700] "HEAD / HTTP/1.1" 200 - "http://dunbarconstructioninc.com/" "WPMUDEV Uptime Monitor 5.0 (https://wpmudev.com)"
144.208.65.39 - - [09/Sep/2026:17:17:00 -0700] "POST /wp-cron.php?doing_wp_cron=1788999420.1058208942413330078125 HTTP/1.1" 200 - "-" "WordPress/6.6.7; http://dunbarconstructioninc.com"
43.130.57.76 - - [09/Sep/2026:17:16:59 -0700] "GET / HTTP/1.1" 200 74011 "-" "Mozilla/5.0 (iPhone; CPU iPhone OS 13_2_3 like Mac OS X) AppleWebKit/605.1.15 (KHTML, like Gecko) Version/13.0.3 Mobile/15E148 Safari/604.1"
144.208.65.39 - - [09/Sep/2026:17:17:38 -0700] "POST /wp-cron.php?doing_wp_cron=1788999458.4645760059356689453125 HTTP/1.1" 200 - "-" "WordPress/6.6.7; http://dunbarconstructioninc.com"
34.196.51.17 - - [09/Sep/2026:17:17:38 -0700] "HEAD / HTTP/1.1" 200 - "http://dunbarconstructioninc.com/" "WPMUDEV Uptime Monitor 5.0 (https://wpmudev.com)"
144.208.65.39 - - [09/Sep/2026:17:19:35 -0700] "POST /wp-cron.php?doing_wp_cron=1788999575.7717940807342529296875 HTTP/1.1" 200 - "-" "WordPress/6.6.7; http://dunbarconstructioninc.com"
34.196.51.17 - - [09/Sep/2026:17:19:35 -0700] "HEAD / HTTP/1.1" 200 - "http://dunbarconstructioninc.com/" "WPMUDEV Uptime Monitor 5.0 (https://wpmudev.com)"
144.208.65.39 - - [09/Sep/2026:17:20:32 -0700] "POST /wp-cron.php?doing_wp_cron=1788999632.0035688877105712890625 HTTP/1.1" 200 - "-" "WordPress/6.6.7; http://dunbarconstructioninc.com"
74.7.175.166 - - [09/Sep/2026:17:20:31 -0700] "GET /robots.txt HTTP/1.1" 301 - "-" "Mozilla/5.0 (Macintosh; Intel Mac OS X 10_15_7) AppleWebKit/537.36 (KHTML, like Gecko) Chrome/131.0.0.0 Safari/537.36; compatible; OAI-SearchBot/1.4; robots.txt; +https://openai.com/searchbot"
74.7.175.166 - - [09/Sep/2026:17:20:32 -0700] "GET /robots.txt HTTP/1.1" 200 125 "http://www.dunbarconstructioninc.com/robots.txt" "Mozilla/5.0 (Macintosh; Intel Mac OS X 10_15_7) AppleWebKit/537.36 (KHTML, like Gecko) Chrome/131.0.0.0 Safari/537.36; compatible; OAI-SearchBot/1.4; robots.txt; +https://openai.com/searchbot"
34.196.51.17 - - [09/Sep/2026:17:21:36 -0700] "HEAD / HTTP/1.1" 200 - "http://dunbarconstructioninc.com/" "WPMUDEV Uptime Monitor 5.0 (https://wpmudev.com)"
144.208.65.39 - - [09/Sep/2026:17:23:35 -0700] "POST /wp-cron.php?doing_wp_cron=1788999815.9840788841247558593750 HTTP/1.1" 200 - "-" "WordPress/6.6.7; http://dunbarconstructioninc.com"
34.196.51.17 - - [09/Sep/2026:17:23:35 -0700] "HEAD / HTTP/1.1" 200 - "http://dunbarconstructioninc.com/" "WPMUDEV Uptime Monitor 5.0 (https://wpmudev.com)"
144.208.65.39 - - [09/Sep/2026:17:25:37 -0700] "POST /wp-cron.php?doing_wp_cron=1788999937.3177421092987060546875 HTTP/1.1" 200 - "-" "WordPress/6.6.7; http://dunbarconstructioninc.com"
34.196.51.17 - - [09/Sep/2026:17:25:36 -0700] "HEAD / HTTP/1.1" 200 - "http://dunbarconstructioninc.com/" "WPMUDEV Uptime Monitor 5.0 (https://wpmudev.com)"
144.208.65.39 - - [09/Sep/2026:17:27:36 -0700] "POST /wp-cron.php?doing_wp_cron=1789000056.1032030582427978515625 HTTP/1.1" 200 - "-" "WordPress/6.6.7; http://dunbarconstructioninc.com"
34.196.51.17 - - [09/Sep/2026:17:27:35 -0700] "HEAD / HTTP/1.1" 200 - "http://dunbarconstructioninc.com/" "WPMUDEV Uptime Monitor 5.0 (https://wpmudev.com)"
144.208.65.39 - - [09/Sep/2026:17:29:29 -0700] "POST /wp-cron.php?doing_wp_cron=1789000169.0241661071777343750000 HTTP/1.1" 200 - "-" "WordPress/6.6.7; http://dunbarconstructioninc.com"
34.196.51.17 - - [09/Sep/2026:17:29:28 -0700] "HEAD / HTTP/1.1" 200 - "http://dunbarconstructioninc.com/" "WPMUDEV Uptime Monitor 5.0 (https://wpmudev.com)"
144.208.65.39 - - [09/Sep/2026:17:31:39 -0700] "POST /wp-cron.php?doing_wp_cron=1789000299.1008799076080322265625 HTTP/1.1" 200 - "-" "WordPress/6.6.7; http://dunbarconstructioninc.com"
34.196.51.17 - - [09/Sep/2026:17:31:38 -0700] "HEAD / HTTP/1.1" 200 - "http://dunbarconstructioninc.com/" "WPMUDEV Uptime Monitor 5.0 (https://wpmudev.com)"
144.208.65.39 - - [09/Sep/2026:17:33:37 -0700] "POST /wp-cron.php?doing_wp_cron=1789000417.8488450050354003906250 HTTP/1.1" 200 - "-" "WordPress/6.6.7; http://dunbarconstructioninc.com"
34.196.51.17 - - [09/Sep/2026:17:33:37 -0700] "HEAD / HTTP/1.1" 200 - "http://dunbarconstructioninc.com/" "WPMUDEV Uptime Monitor 5.0 (https://wpmudev.com)"
74.7.243.201 - - [09/Sep/2026:17:33:59 -0700] "GET /wp-sitemap.xml HTTP/1.1" 200 308 "-" "Mozilla/5.0 AppleWebKit/537.36 (KHTML, like Gecko; compatible; GPTBot/1.4; +https://openai.com/gptbot)"
74.7.175.159 - - [09/Sep/2026:17:33:59 -0700] "GET /robots.txt HTTP/1.1" 200 125 "-" "Mozilla/5.0 (Macintosh; Intel Mac OS X 10_15_7) AppleWebKit/537.36 (KHTML, like Gecko) Chrome/131.0.0.0 Safari/537.36; compatible; OAI-SearchBot/1.4; robots.txt; +https://openai.com/searchbot"
34.196.51.17 - - [09/Sep/2026:17:35:37 -0700] "HEAD / HTTP/1.1" 200 - "http://dunbarconstructioninc.com/" "WPMUDEV Uptime Monitor 5.0 (https://wpmudev.com)"
92.255.209.234 - - [09/Sep/2026:17:36:41 -0700] "POST /assets/images/accesson.php HTTP/1.1" 200 16 "-" "Mozilla/5.0 (Windows NT 6.1; WOW64) AppleWebKit/537.36 (KHTML, like Gecko) Chrome/55.0.2897.0 Safari/537.36"
92.255.209.234 - - [09/Sep/2026:17:36:43 -0700] "POST /assets/images/accesson.php HTTP/1.1" 200 9 "http://dunbarconstructioninc.com/assets/images/accesson.php" "Mozilla/5.0 (Windows NT 6.1; WOW64) AppleWebKit/537.36 (KHTML, like Gecko) Chrome/55.0.2897.0 Safari/537.36"
92.255.209.234 - - [09/Sep/2026:17:36:43 -0700] "GET /assets/images/4b400ed857index.php HTTP/1.1" 200 5733 "http://dunbarconstructioninc.com/assets/images/accesson.php" "Mozilla/5.0 (Windows NT 6.1; WOW64) AppleWebKit/537.36 (KHTML, like Gecko) Chrome/55.0.2897.0 Safari/537.36"
92.255.209.234 - - [09/Sep/2026:17:36:44 -0700] "GET /assets/images/4b400ed857index.php HTTP/1.1" 200 5733 "http://dunbarconstructioninc.com/assets/images/4b400ed857index.php" "Mozilla/5.0 (Windows NT 6.1; WOW64) AppleWebKit/537.36 (KHTML, like Gecko) Chrome/55.0.2897.0 Safari/537.36"
92.255.209.234 - - [09/Sep/2026:17:36:44 -0700] "GET /assets/images/4b400ed857index.php HTTP/1.1" 200 5733 "http://dunbarconstructioninc.com/assets/images/4b400ed857index.php" "Mozilla/5.0 (Windows NT 6.1; WOW64) AppleWebKit/537.36 (KHTML, like Gecko) Chrome/55.0.2897.0 Safari/537.36"
144.208.65.39 - - [09/Sep/2026:17:37:37 -0700] "POST /wp-cron.php?doing_wp_cron=1789000657.7779839038848876953125 HTTP/1.1" 200 - "-" "WordPress/6.6.7; http://dunbarconstructioninc.com"
34.196.51.17 - - [09/Sep/2026:17:37:37 -0700] "HEAD / HTTP/1.1" 200 - "http://dunbarconstructioninc.com/" "WPMUDEV Uptime Monitor 5.0 (https://wpmudev.com)"
144.208.65.39 - - [09/Sep/2026:17:39:35 -0700] "POST /wp-cron.php?doing_wp_cron=1789000775.6988639831542968750000 HTTP/1.1" 200 - "-" "WordPress/6.6.7; http://dunbarconstructioninc.com"
34.196.51.17 - - [09/Sep/2026:17:39:35 -0700] "HEAD / HTTP/1.1" 200 - "http://dunbarconstructioninc.com/" "WPMUDEV Uptime Monitor 5.0 (https://wpmudev.com)"
144.208.65.39 - - [09/Sep/2026:17:41:34 -0700] "POST /wp-cron.php?doing_wp_cron=1789000894.0066320896148681640625 HTTP/1.1" 200 - "-" "WordPress/6.6.7; http://dunbarconstructioninc.com"
34.196.51.17 - - [09/Sep/2026:17:41:33 -0700] "HEAD / HTTP/1.1" 200 - "http://dunbarconstructioninc.com/" "WPMUDEV Uptime Monitor 5.0 (https://wpmudev.com)"
144.208.65.39 - - [09/Sep/2026:17:43:28 -0700] "POST /wp-cron.php?doing_wp_cron=1789001008.1000599861145019531250 HTTP/1.1" 200 - "-" "WordPress/6.6.7; http://dunbarconstructioninc.com"
34.196.51.17 - - [09/Sep/2026:17:43:27 -0700] "HEAD / HTTP/1.1" 200 - "http://dunbarconstructioninc.com/" "WPMUDEV Uptime Monitor 5.0 (https://wpmudev.com)"
144.208.65.39 - - [09/Sep/2026:17:45:37 -0700] "POST /wp-cron.php?doing_wp_cron=1789001137.2247231006622314453125 HTTP/1.1" 200 - "-" "WordPress/6.6.7; http://dunbarconstructioninc.com"
34.196.51.17 - - [09/Sep/2026:17:45:36 -0700] "HEAD / HTTP/1.1" 200 - "http://dunbarconstructioninc.com/" "WPMUDEV Uptime Monitor 5.0 (https://wpmudev.com)"
144.208.65.39 - - [09/Sep/2026:17:46:30 -0700] "POST /wp-cron.php?doing_wp_cron=1789001190.1086061000823974609375 HTTP/1.1" 200 - "-" "WordPress/6.6.7; http://dunbarconstructioninc.com"
114.119.130.104 - - [09/Sep/2026:17:46:29 -0700] "GET /robots.txt HTTP/1.1" 200 125 "http://dunbarconstructioninc.com/robots.txt" "Mozilla/5.0 (compatible;PetalBot;+https://webmaster.petalsearch.com/site/petalbot)"
34.196.51.17 - - [09/Sep/2026:17:47:35 -0700] "HEAD / HTTP/1.1" 200 - "http://dunbarconstructioninc.com/" "WPMUDEV Uptime Monitor 5.0 (https://wpmudev.com)"
144.208.65.39 - - [09/Sep/2026:17:49:38 -0700] "POST /wp-cron.php?doing_wp_cron=1789001378.1156508922576904296875 HTTP/1.1" 200 - "-" "WordPress/6.6.7; http://dunbarconstructioninc.com"
34.196.51.17 - - [09/Sep/2026:17:49:37 -0700] "HEAD / HTTP/1.1" 200 - "http://dunbarconstructioninc.com/" "WPMUDEV Uptime Monitor 5.0 (https://wpmudev.com)"
144.208.65.39 - - [09/Sep/2026:17:51:27 -0700] "POST /wp-cron.php?doing_wp_cron=1789001487.7038679122924804687500 HTTP/1.1" 200 - "-" "WordPress/6.6.7; http://dunbarconstructioninc.com"
34.196.51.17 - - [09/Sep/2026:17:51:27 -0700] "HEAD / HTTP/1.1" 200 - "http://dunbarconstructioninc.com/" "WPMUDEV Uptime Monitor 5.0 (https://wpmudev.com)"
144.208.65.39 - - [09/Sep/2026:17:53:36 -0700] "POST /wp-cron.php?doing_wp_cron=1789001616.0664451122283935546875 HTTP/1.1" 200 - "-" "WordPress/6.6.7; http://dunbarconstructioninc.com"
34.196.51.17 - - [09/Sep/2026:17:53:35 -0700] "HEAD / HTTP/1.1" 200 - "http://dunbarconstructioninc.com/" "WPMUDEV Uptime Monitor 5.0 (https://wpmudev.com)"
104.168.93.75 - - [09/Sep/2026:17:54:16 -0700] "GET / HTTP/1.1" 200 73986 "-" "Mozilla/5.0 (Windows NT 10.0; Win64; x64) AppleWebKit/537.36"
104.168.93.75 - - [09/Sep/2026:17:54:16 -0700] "GET /contact HTTP/1.1" 301 - "-" "Mozilla/5.0 (Windows NT 10.0; Win64; x64) AppleWebKit/537.36"
104.168.93.75 - - [09/Sep/2026:17:54:17 -0700] "GET /contact-us/ HTTP/1.1" 200 43678 "http://dunbarconstructioninc.com/contact" "Mozilla/5.0 (Windows NT 10.0; Win64; x64) AppleWebKit/537.36"
144.208.65.39 - - [09/Sep/2026:17:55:34 -0700] "POST /wp-cron.php?doing_wp_cron=1789001734.5055239200592041015625 HTTP/1.1" 200 - "-" "WordPress/6.6.7; http://dunbarconstructioninc.com"
34.196.51.17 - - [09/Sep/2026:17:55:34 -0700] "HEAD / HTTP/1.1" 200 - "http://dunbarconstructioninc.com/" "WPMUDEV Uptime Monitor 5.0 (https://wpmudev.com)"
144.208.65.39 - - [09/Sep/2026:17:57:35 -0700] "POST /wp-cron.php?doing_wp_cron=1789001855.8270640373229980468750 HTTP/1.1" 200 - "-" "WordPress/6.6.7; http://dunbarconstructioninc.com"
34.196.51.17 - - [09/Sep/2026:17:57:35 -0700] "HEAD / HTTP/1.1" 200 - "http://dunbarconstructioninc.com/" "WPMUDEV Uptime Monitor 5.0 (https://wpmudev.com)"
144.208.65.39 - - [09/Sep/2026:17:59:36 -0700] "POST /wp-cron.php?doing_wp_cron=1789001975.9727098941802978515625 HTTP/1.1" 200 - "-" "WordPress/6.6.7; http://dunbarconstructioninc.com"
34.196.51.17 - - [09/Sep/2026:17:59:35 -0700] "HEAD / HTTP/1.1" 200 - "http://dunbarconstructioninc.com/" "WPMUDEV Uptime Monitor 5.0 (https://wpmudev.com)"
144.208.65.39 - - [09/Sep/2026:18:01:38 -0700] "POST /wp-cron.php?doing_wp_cron=1789002098.1373929977416992187500 HTTP/1.1" 200 - "-" "WordPress/6.6.7; http://dunbarconstructioninc.com"
34.196.51.17 - - [09/Sep/2026:18:01:37 -0700] "HEAD / HTTP/1.1" 200 - "http://dunbarconstructioninc.com/" "WPMUDEV Uptime Monitor 5.0 (https://wpmudev.com)"
34.196.51.17 - - [09/Sep/2026:18:03:38 -0700] "HEAD / HTTP/1.1" 200 - "http://dunbarconstructioninc.com/" "WPMUDEV Uptime Monitor 5.0 (https://wpmudev.com)"
144.208.65.39 - - [09/Sep/2026:18:05:37 -0700] "POST /wp-cron.php?doing_wp_cron=1789002337.4922530651092529296875 HTTP/1.1" 200 - "-" "WordPress/6.6.7; http://dunbarconstructioninc.com"
34.196.51.17 - - [09/Sep/2026:18:05:37 -0700] "HEAD / HTTP/1.1" 200 - "http://dunbarconstructioninc.com/" "WPMUDEV Uptime Monitor 5.0 (https://wpmudev.com)"
144.208.65.39 - - [09/Sep/2026:18:07:37 -0700] "POST /wp-cron.php?doing_wp_cron=1789002457.9011459350585937500000 HTTP/1.1" 200 - "-" "WordPress/6.6.7; http://dunbarconstructioninc.com"
34.196.51.17 - - [09/Sep/2026:18:07:37 -0700] "HEAD / HTTP/1.1" 200 - "http://dunbarconstructioninc.com/" "WPMUDEV Uptime Monitor 5.0 (https://wpmudev.com)"
144.208.65.39 - - [09/Sep/2026:18:09:36 -0700] "POST /wp-cron.php?doing_wp_cron=1789002575.9995009899139404296875 HTTP/1.1" 200 - "-" "WordPress/6.6.7; http://dunbarconstructioninc.com"
34.196.51.17 - - [09/Sep/2026:18:09:35 -0700] "HEAD / HTTP/1.1" 200 - "http://dunbarconstructioninc.com/" "WPMUDEV Uptime Monitor 5.0 (https://wpmudev.com)"
144.208.65.39 - - [09/Sep/2026:18:11:36 -0700] "POST /wp-cron.php?doing_wp_cron=1789002696.0393600463867187500000 HTTP/1.1" 200 - "-" "WordPress/6.6.7; http://dunbarconstructioninc.com"
34.196.51.17 - - [09/Sep/2026:18:11:35 -0700] "HEAD / HTTP/1.1" 200 - "http://dunbarconstructioninc.com/" "WPMUDEV Uptime Monitor 5.0 (https://wpmudev.com)"
144.208.65.39 - - [09/Sep/2026:18:13:38 -0700] "POST /wp-cron.php?doing_wp_cron=1789002818.2916719913482666015625 HTTP/1.1" 200 - "-" "WordPress/6.6.7; http://dunbarconstructioninc.com"
34.196.51.17 - - [09/Sep/2026:18:13:37 -0700] "HEAD / HTTP/1.1" 200 - "http://dunbarconstructioninc.com/" "WPMUDEV Uptime Monitor 5.0 (https://wpmudev.com)"
144.208.65.39 - - [09/Sep/2026:18:15:28 -0700] "POST /wp-cron.php?doing_wp_cron=1789002928.3251719474792480468750 HTTP/1.1" 200 - "-" "WordPress/6.6.7; http://dunbarconstructioninc.com"
34.196.51.17 - - [09/Sep/2026:18:15:27 -0700] "HEAD / HTTP/1.1" 200 - "http://dunbarconstructioninc.com/" "WPMUDEV Uptime Monitor 5.0 (https://wpmudev.com)"
144.208.65.39 - - [09/Sep/2026:18:17:34 -0700] "POST /wp-cron.php?doing_wp_cron=1789003054.8533139228820800781250 HTTP/1.1" 200 - "-" "WordPress/6.6.7; http://dunbarconstructioninc.com"
34.196.51.17 - - [09/Sep/2026:18:17:34 -0700] "HEAD / HTTP/1.1" 200 - "http://dunbarconstructioninc.com/" "WPMUDEV Uptime Monitor 5.0 (https://wpmudev.com)"
43.157.168.43 - - [09/Sep/2026:18:19:18 -0700] "GET / HTTP/1.1" 301 - "-" "Mozilla/5.0 (iPhone; CPU iPhone OS 13_2_3 like Mac OS X) AppleWebKit/605.1.15 (KHTML, like Gecko) Version/13.0.3 Mobile/15E148 Safari/604.1"
43.157.168.43 - - [09/Sep/2026:18:19:19 -0700] "GET / HTTP/1.1" 200 74011 "http://www.dunbarconstructioninc.com" "Mozilla/5.0 (iPhone; CPU iPhone OS 13_2_3 like Mac OS X) AppleWebKit/605.1.15 (KHTML, like Gecko) Version/13.0.3 Mobile/15E148 Safari/604.1"
34.196.51.17 - - [09/Sep/2026:18:19:36 -0700] "HEAD / HTTP/1.1" 200 - "http://dunbarconstructioninc.com/" "WPMUDEV Uptime Monitor 5.0 (https://wpmudev.com)"
144.208.65.39 - - [09/Sep/2026:18:21:35 -0700] "POST /wp-cron.php?doing_wp_cron=1789003295.4675109386444091796875 HTTP/1.1" 200 - "-" "WordPress/6.6.7; http://dunbarconstructioninc.com"
34.196.51.17 - - [09/Sep/2026:18:21:35 -0700] "HEAD / HTTP/1.1" 200 - "http://dunbarconstructioninc.com/" "WPMUDEV Uptime Monitor 5.0 (https://wpmudev.com)"
144.208.65.39 - - [09/Sep/2026:18:23:37 -0700] "POST /wp-cron.php?doing_wp_cron=1789003417.1684720516204833984375 HTTP/1.1" 200 - "-" "WordPress/6.6.7; http://dunbarconstructioninc.com"
34.196.51.17 - - [09/Sep/2026:18:23:36 -0700] "HEAD / HTTP/1.1" 200 - "http://dunbarconstructioninc.com/" "WPMUDEV Uptime Monitor 5.0 (https://wpmudev.com)"
144.208.65.39 - - [09/Sep/2026:18:25:37 -0700] "POST /wp-cron.php?doing_wp_cron=1789003537.5410270690917968750000 HTTP/1.1" 200 - "-" "WordPress/6.6.7; http://dunbarconstructioninc.com"
34.196.51.17 - - [09/Sep/2026:18:25:37 -0700] "HEAD / HTTP/1.1" 200 - "http://dunbarconstructioninc.com/" "WPMUDEV Uptime Monitor 5.0 (https://wpmudev.com)"
144.208.65.39 - - [09/Sep/2026:18:27:36 -0700] "POST /wp-cron.php?doing_wp_cron=1789003656.2040219306945800781250 HTTP/1.1" 200 - "-" "WordPress/6.6.7; http://dunbarconstructioninc.com"
34.196.51.17 - - [09/Sep/2026:18:27:35 -0700] "HEAD / HTTP/1.1" 200 - "http://dunbarconstructioninc.com/" "WPMUDEV Uptime Monitor 5.0 (https://wpmudev.com)"
144.208.65.39 - - [09/Sep/2026:18:29:36 -0700] "POST /wp-cron.php?doing_wp_cron=1789003776.1627140045166015625000 HTTP/1.1" 200 - "-" "WordPress/6.6.7; http://dunbarconstructioninc.com"
34.196.51.17 - - [09/Sep/2026:18:29:35 -0700] "HEAD / HTTP/1.1" 200 - "http://dunbarconstructioninc.com/" "WPMUDEV Uptime Monitor 5.0 (https://wpmudev.com)"
144.208.65.39 - - [09/Sep/2026:18:31:38 -0700] "POST /wp-cron.php?doing_wp_cron=1789003898.1981348991394042968750 HTTP/1.1" 200 - "-" "WordPress/6.6.7; http://dunbarconstructioninc.com"
34.196.51.17 - - [09/Sep/2026:18:31:37 -0700] "HEAD / HTTP/1.1" 200 - "http://dunbarconstructioninc.com/" "WPMUDEV Uptime Monitor 5.0 (https://wpmudev.com)"
34.196.51.17 - - [09/Sep/2026:18:33:36 -0700] "HEAD / HTTP/1.1" 200 - "http://dunbarconstructioninc.com/" "WPMUDEV Uptime Monitor 5.0 (https://wpmudev.com)"
34.196.51.17 - - [09/Sep/2026:18:35:36 -0700] "HEAD / HTTP/1.1" 200 - "http://dunbarconstructioninc.com/" "WPMUDEV Uptime Monitor 5.0 (https://wpmudev.com)"
144.208.65.39 - - [09/Sep/2026:18:37:38 -0700] "POST /wp-cron.php?doing_wp_cron=1789004258.0837340354919433593750 HTTP/1.1" 200 - "-" "WordPress/6.6.7; http://dunbarconstructioninc.com"
34.196.51.17 - - [09/Sep/2026:18:37:37 -0700] "HEAD / HTTP/1.1" 200 - "http://dunbarconstructioninc.com/" "WPMUDEV Uptime Monitor 5.0 (https://wpmudev.com)"
34.196.51.17 - - [09/Sep/2026:18:39:41 -0700] "HEAD / HTTP/1.1" 200 - "http://dunbarconstructioninc.com/" "WPMUDEV Uptime Monitor 5.0 (https://wpmudev.com)"
144.208.65.39 - - [09/Sep/2026:18:41:37 -0700] "POST /wp-cron.php?doing_wp_cron=1789004497.5427498817443847656250 HTTP/1.1" 200 - "-" "WordPress/6.6.7; http://dunbarconstructioninc.com"
34.196.51.17 - - [09/Sep/2026:18:41:37 -0700] "HEAD / HTTP/1.1" 200 - "http://dunbarconstructioninc.com/" "WPMUDEV Uptime Monitor 5.0 (https://wpmudev.com)"
144.208.65.39 - - [09/Sep/2026:18:43:39 -0700] "POST /wp-cron.php?doing_wp_cron=1789004619.7110099792480468750000 HTTP/1.1" 200 - "-" "WordPress/6.6.7; http://dunbarconstructioninc.com"
34.196.51.17 - - [09/Sep/2026:18:43:39 -0700] "HEAD / HTTP/1.1" 200 - "http://dunbarconstructioninc.com/" "WPMUDEV Uptime Monitor 5.0 (https://wpmudev.com)"
144.208.65.39 - - [09/Sep/2026:18:45:36 -0700] "POST /wp-cron.php?doing_wp_cron=1789004736.6288390159606933593750 HTTP/1.1" 200 - "-" "WordPress/6.6.7; http://dunbarconstructioninc.com"
34.196.51.17 - - [09/Sep/2026:18:45:36 -0700] "HEAD / HTTP/1.1" 200 - "http://dunbarconstructioninc.com/" "WPMUDEV Uptime Monitor 5.0 (https://wpmudev.com)"
144.208.65.39 - - [09/Sep/2026:18:47:34 -0700] "POST /wp-cron.php?doing_wp_cron=1789004854.1009750366210937500000 HTTP/1.1" 200 - "-" "WordPress/6.6.7; http://dunbarconstructioninc.com"
34.196.51.17 - - [09/Sep/2026:18:47:33 -0700] "HEAD / HTTP/1.1" 200 - "http://dunbarconstructioninc.com/" "WPMUDEV Uptime Monitor 5.0 (https://wpmudev.com)"
144.208.65.39 - - [09/Sep/2026:18:48:42 -0700] "POST /wp-cron.php?doing_wp_cron=1789004922.9324460029602050781250 HTTP/1.1" 200 - "-" "WordPress/6.6.7; http://dunbarconstructioninc.com"
198.235.24.14 - - [09/Sep/2026:18:48:42 -0700] "GET / HTTP/1.1" 301 - "-" "Hello from Palo Alto Networks, find out more about our scans in https://docs-cortex.paloaltonetworks.com/r/1/Cortex-Xpanse/Scanning-activity"
144.208.65.39 - - [09/Sep/2026:18:49:12 -0700] "GET /.well-known/acme-challenge/NW4E9WYC6RDRWVK192D7R0NNDL3DZ4PQ HTTP/1.1" 200 64 "-" "Cpanel-HTTP-Client/1.0"
144.208.65.39 - - [09/Sep/2026:18:49:12 -0700] "GET /.well-known/acme-challenge/KVW_L9-BG537YNPRIT4BM4PTEGWGO9M5 HTTP/1.1" 200 64 "-" "Cpanel-HTTP-Client/1.0"
144.208.65.39 - - [09/Sep/2026:18:49:12 -0700] "GET /.well-known/acme-challenge/Z59FEWOV35I4YJ8JZ47FMI1RH665_1DG HTTP/1.1" 200 64 "-" "Cpanel-HTTP-Client/1.0"
144.208.65.39 - - [09/Sep/2026:18:49:12 -0700] "GET /.well-known/acme-challenge/1BWSO-KL9ANRW1CK7MFT0YD022C4TB9C HTTP/1.1" 200 64 "-" "Cpanel-HTTP-Client/1.0"
144.208.65.39 - - [09/Sep/2026:18:49:35 -0700] "POST /wp-cron.php?doing_wp_cron=1789004975.7328469753265380859375 HTTP/1.1" 200 - "-" "WordPress/6.6.7; http://dunbarconstructioninc.com"
34.196.51.17 - - [09/Sep/2026:18:49:35 -0700] "HEAD / HTTP/1.1" 200 - "http://dunbarconstructioninc.com/" "WPMUDEV Uptime Monitor 5.0 (https://wpmudev.com)"
144.208.65.39 - - [09/Sep/2026:18:51:35 -0700] "POST /wp-cron.php?doing_wp_cron=1789005095.1761839389801025390625 HTTP/1.1" 200 - "-" "WordPress/6.6.7; http://dunbarconstructioninc.com"
34.196.51.17 - - [09/Sep/2026:18:51:34 -0700] "HEAD / HTTP/1.1" 200 - "http://dunbarconstructioninc.com/" "WPMUDEV Uptime Monitor 5.0 (https://wpmudev.com)"
144.208.65.39 - - [09/Sep/2026:18:53:36 -0700] "POST /wp-cron.php?doing_wp_cron=1789005216.7116749286651611328125 HTTP/1.1" 200 - "-" "WordPress/6.6.7; http://dunbarconstructioninc.com"
34.196.51.17 - - [09/Sep/2026:18:53:36 -0700] "HEAD / HTTP/1.1" 200 - "http://dunbarconstructioninc.com/" "WPMUDEV Uptime Monitor 5.0 (https://wpmudev.com)"
144.208.65.39 - - [09/Sep/2026:18:55:36 -0700] "POST /wp-cron.php?doing_wp_cron=1789005336.7704329490661621093750 HTTP/1.1" 200 - "-" "WordPress/6.6.7; http://dunbarconstructioninc.com"
34.196.51.17 - - [09/Sep/2026:18:55:36 -0700] "HEAD / HTTP/1.1" 200 - "http://dunbarconstructioninc.com/" "WPMUDEV Uptime Monitor 5.0 (https://wpmudev.com)"
144.208.65.39 - - [09/Sep/2026:18:57:35 -0700] "POST /wp-cron.php?doing_wp_cron=1789005455.7387609481811523437500 HTTP/1.1" 200 - "-" "WordPress/6.6.7; http://dunbarconstructioninc.com"
34.196.51.17 - - [09/Sep/2026:18:57:35 -0700] "HEAD / HTTP/1.1" 200 - "http://dunbarconstructioninc.com/" "WPMUDEV Uptime Monitor 5.0 (https://wpmudev.com)"
144.208.65.39 - - [09/Sep/2026:18:59:35 -0700] "POST /wp-cron.php?doing_wp_cron=1789005575.6632120609283447265625 HTTP/1.1" 200 - "-" "WordPress/6.6.7; http://dunbarconstructioninc.com"
34.196.51.17 - - [09/Sep/2026:18:59:35 -0700] "HEAD / HTTP/1.1" 200 - "http://dunbarconstructioninc.com/" "WPMUDEV Uptime Monitor 5.0 (https://wpmudev.com)"
144.208.65.39 - - [09/Sep/2026:19:01:33 -0700] "POST /wp-cron.php?doing_wp_cron=1789005693.9611170291900634765625 HTTP/1.1" 200 - "-" "WordPress/6.6.7; http://dunbarconstructioninc.com"
34.196.51.17 - - [09/Sep/2026:19:01:33 -0700] "HEAD / HTTP/1.1" 200 - "http://dunbarconstructioninc.com/" "WPMUDEV Uptime Monitor 5.0 (https://wpmudev.com)"
144.208.65.39 - - [09/Sep/2026:19:03:37 -0700] "POST /wp-cron.php?doing_wp_cron=1789005817.0289559364318847656250 HTTP/1.1" 200 - "-" "WordPress/6.6.7; http://dunbarconstructioninc.com"
34.196.51.17 - - [09/Sep/2026:19:03:36 -0700] "HEAD / HTTP/1.1" 200 - "http://dunbarconstructioninc.com/" "WPMUDEV Uptime Monitor 5.0 (https://wpmudev.com)"
144.208.65.39 - - [09/Sep/2026:19:05:35 -0700] "POST /wp-cron.php?doing_wp_cron=1789005935.4205989837646484375000 HTTP/1.1" 200 - "-" "WordPress/6.6.7; http://dunbarconstructioninc.com"
34.196.51.17 - - [09/Sep/2026:19:05:35 -0700] "HEAD / HTTP/1.1" 200 - "http://dunbarconstructioninc.com/" "WPMUDEV Uptime Monitor 5.0 (https://wpmudev.com)"
63.141.253.98 - - [09/Sep/2026:19:05:40 -0700] "GET / HTTP/1.1" 200 73986 "-" "Mozilla/5.0 (Windows NT 10.0; Win64; x64) AppleWebKit/537.36 (KHTML, like Gecko) Chrome/103.0.0.0 Safari/537.36"
63.141.253.98 - - [09/Sep/2026:19:05:41 -0700] "GET / HTTP/1.1" 200 73986 "-" "Googlebot/2.1 (+http://www.googlebot.com/bot.html)"
144.208.65.39 - - [09/Sep/2026:19:07:35 -0700] "POST /wp-cron.php?doing_wp_cron=1789006055.8866651058197021484375 HTTP/1.1" 200 - "-" "WordPress/6.6.7; http://dunbarconstructioninc.com"
34.196.51.17 - - [09/Sep/2026:19:07:35 -0700] "HEAD / HTTP/1.1" 200 - "http://dunbarconstructioninc.com/" "WPMUDEV Uptime Monitor 5.0 (https://wpmudev.com)"
144.208.65.39 - - [09/Sep/2026:19:09:37 -0700] "POST /wp-cron.php?doing_wp_cron=1789006177.6606540679931640625000 HTTP/1.1" 200 - "-" "WordPress/6.6.7; http://dunbarconstructioninc.com"
34.196.51.17 - - [09/Sep/2026:19:09:37 -0700] "HEAD / HTTP/1.1" 200 - "http://dunbarconstructioninc.com/" "WPMUDEV Uptime Monitor 5.0 (https://wpmudev.com)"
144.208.65.39 - - [09/Sep/2026:19:11:35 -0700] "POST /wp-cron.php?doing_wp_cron=1789006295.8830180168151855468750 HTTP/1.1" 200 - "-" "WordPress/6.6.7; http://dunbarconstructioninc.com"
34.196.51.17 - - [09/Sep/2026:19:11:35 -0700] "HEAD / HTTP/1.1" 200 - "http://dunbarconstructioninc.com/" "WPMUDEV Uptime Monitor 5.0 (https://wpmudev.com)"
144.208.65.39 - - [09/Sep/2026:19:13:37 -0700] "POST /wp-cron.php?doing_wp_cron=1789006417.7094750404357910156250 HTTP/1.1" 200 - "-" "WordPress/6.6.7; http://dunbarconstructioninc.com"
34.196.51.17 - - [09/Sep/2026:19:13:37 -0700] "HEAD / HTTP/1.1" 200 - "http://dunbarconstructioninc.com/" "WPMUDEV Uptime Monitor 5.0 (https://wpmudev.com)"
144.208.65.39 - - [09/Sep/2026:19:15:36 -0700] "POST /wp-cron.php?doing_wp_cron=1789006536.9020540714263916015625 HTTP/1.1" 200 - "-" "WordPress/6.6.7; http://dunbarconstructioninc.com"
34.196.51.17 - - [09/Sep/2026:19:15:36 -0700] "HEAD / HTTP/1.1" 200 - "http://dunbarconstructioninc.com/" "WPMUDEV Uptime Monitor 5.0 (https://wpmudev.com)"
144.208.65.39 - - [09/Sep/2026:19:16:20 -0700] "POST /wp-cron.php?doing_wp_cron=1789006580.0980339050292968750000 HTTP/1.1" 200 - "-" "WordPress/6.6.7; http://dunbarconstructioninc.com"
51.81.110.20 - - [09/Sep/2026:19:16:19 -0700] "GET /robots.txt HTTP/1.1" 200 125 "-" "Mozilla/5.0 (compatible; AhrefsBot/7.0; +http://ahrefs.com/robot/)"
51.81.169.125 - - [09/Sep/2026:19:16:20 -0700] "GET /wp-sitemap.xml HTTP/1.1" 200 308 "-" "Mozilla/5.0 (compatible; AhrefsBot/7.0; +http://ahrefs.com/robot/)"
51.81.163.70 - - [09/Sep/2026:19:16:22 -0700] "GET /wp-sitemap-posts-page-1.xml HTTP/1.1" 200 867 "-" "Mozilla/5.0 (compatible; AhrefsBot/7.0; +http://ahrefs.com/robot/)"
144.208.65.39 - - [09/Sep/2026:19:17:37 -0700] "POST /wp-cron.php?doing_wp_cron=1789006657.3427629470825195312500 HTTP/1.1" 200 - "-" "WordPress/6.6.7; http://dunbarconstructioninc.com"
34.196.51.17 - - [09/Sep/2026:19:17:36 -0700] "HEAD / HTTP/1.1" 200 - "http://dunbarconstructioninc.com/" "WPMUDEV Uptime Monitor 5.0 (https://wpmudev.com)"
185.190.143.236 - - [09/Sep/2026:19:18:44 -0700] "GET /wp-admin/css/ HTTP/1.1" 200 19404 "-" "Mozilla/5.0 (Windows NT 10.0; Win64; x64) AppleWebKit/537.36 (KHTML, like Gecko) Chrome/120.0.0.0 Safari/537.36"
185.190.143.236 - - [09/Sep/2026:19:18:45 -0700] "GET /wp-admin/css/colors/ HTTP/1.1" 200 2620 "-" "Mozilla/5.0 (Windows NT 10.0; Win64; x64) AppleWebKit/537.36 (KHTML, like Gecko) Chrome/120.0.0.0 Safari/537.36"
