144.208.65.39 - - [09/Sep/2026:13:13:34 -0700] "POST /wp-cron.php?doing_wp_cron=1788984814.7922320365905761718750 HTTP/1.1" 200 - "-" "WordPress/6.6.7; http://dunbarconstructioninc.com"
34.196.51.17 - - [09/Sep/2026:13:13:34 -0700] "HEAD / HTTP/1.1" 200 - "http://dunbarconstructioninc.com/" "WPMUDEV Uptime Monitor 5.0 (https://wpmudev.com)"
144.208.65.39 - - [09/Sep/2026:13:15:33 -0700] "POST /wp-cron.php?doing_wp_cron=1788984933.5990679264068603515625 HTTP/1.1" 200 - "-" "WordPress/6.6.7; http://dunbarconstructioninc.com"
34.196.51.17 - - [09/Sep/2026:13:15:33 -0700] "HEAD / HTTP/1.1" 200 - "http://dunbarconstructioninc.com/" "WPMUDEV Uptime Monitor 5.0 (https://wpmudev.com)"
144.208.65.39 - - [09/Sep/2026:13:16:55 -0700] "POST /wp-cron.php?doing_wp_cron=1788985015.5273649692535400390625 HTTP/1.1" 200 - "-" "WordPress/6.6.7; http://dunbarconstructioninc.com"
52.35.117.102 - - [09/Sep/2026:13:16:55 -0700] "HEAD / HTTP/1.1" 200 - "-" "python-requests/2.34.2"
144.208.65.39 - - [09/Sep/2026:13:17:35 -0700] "POST /wp-cron.php?doing_wp_cron=1788985055.4888870716094970703125 HTTP/1.1" 200 - "-" "WordPress/6.6.7; http://dunbarconstructioninc.com"
34.196.51.17 - - [09/Sep/2026:13:17:35 -0700] "HEAD / HTTP/1.1" 200 - "http://dunbarconstructioninc.com/" "WPMUDEV Uptime Monitor 5.0 (https://wpmudev.com)"
144.208.65.39 - - [09/Sep/2026:13:19:37 -0700] "POST /wp-cron.php?doing_wp_cron=1788985177.6065878868103027343750 HTTP/1.1" 200 - "-" "WordPress/6.6.7; http://dunbarconstructioninc.com"
34.196.51.17 - - [09/Sep/2026:13:19:37 -0700] "HEAD / HTTP/1.1" 200 - "http://dunbarconstructioninc.com/" "WPMUDEV Uptime Monitor 5.0 (https://wpmudev.com)"
144.208.65.39 - - [09/Sep/2026:13:21:39 -0700] "POST /wp-cron.php?doing_wp_cron=1788985299.8710401058197021484375 HTTP/1.1" 200 - "-" "WordPress/6.6.7; http://dunbarconstructioninc.com"
34.196.51.17 - - [09/Sep/2026:13:21:39 -0700] "HEAD / HTTP/1.1" 200 - "http://dunbarconstructioninc.com/" "WPMUDEV Uptime Monitor 5.0 (https://wpmudev.com)"
144.208.65.39 - - [09/Sep/2026:13:23:32 -0700] "POST /wp-cron.php?doing_wp_cron=1788985412.8715360164642333984375 HTTP/1.1" 200 - "-" "WordPress/6.6.7; http://dunbarconstructioninc.com"
34.196.51.17 - - [09/Sep/2026:13:23:32 -0700] "HEAD / HTTP/1.1" 200 - "http://dunbarconstructioninc.com/" "WPMUDEV Uptime Monitor 5.0 (https://wpmudev.com)"
144.208.65.39 - - [09/Sep/2026:13:25:35 -0700] "POST /wp-cron.php?doing_wp_cron=1788985535.8007669448852539062500 HTTP/1.1" 200 - "-" "WordPress/6.6.7; http://dunbarconstructioninc.com"
34.196.51.17 - - [09/Sep/2026:13:25:35 -0700] "HEAD / HTTP/1.1" 200 - "http://dunbarconstructioninc.com/" "WPMUDEV Uptime Monitor 5.0 (https://wpmudev.com)"
144.208.65.39 - - [09/Sep/2026:13:27:35 -0700] "POST /wp-cron.php?doing_wp_cron=1788985655.8626260757446289062500 HTTP/1.1" 200 - "-" "WordPress/6.6.7; http://dunbarconstructioninc.com"
34.196.51.17 - - [09/Sep/2026:13:27:35 -0700] "HEAD / HTTP/1.1" 200 - "http://dunbarconstructioninc.com/" "WPMUDEV Uptime Monitor 5.0 (https://wpmudev.com)"
144.208.65.39 - - [09/Sep/2026:13:29:35 -0700] "POST /wp-cron.php?doing_wp_cron=1788985775.5667409896850585937500 HTTP/1.1" 200 - "-" "WordPress/6.6.7; http://dunbarconstructioninc.com"
34.196.51.17 - - [09/Sep/2026:13:29:35 -0700] "HEAD / HTTP/1.1" 200 - "http://dunbarconstructioninc.com/" "WPMUDEV Uptime Monitor 5.0 (https://wpmudev.com)"
144.208.65.39 - - [09/Sep/2026:13:31:36 -0700] "POST /wp-cron.php?doing_wp_cron=1788985896.1500799655914306640625 HTTP/1.1" 200 - "-" "WordPress/6.6.7; http://dunbarconstructioninc.com"
34.196.51.17 - - [09/Sep/2026:13:31:35 -0700] "HEAD / HTTP/1.1" 200 - "http://dunbarconstructioninc.com/" "WPMUDEV Uptime Monitor 5.0 (https://wpmudev.com)"
34.196.51.17 - - [09/Sep/2026:13:33:36 -0700] "HEAD / HTTP/1.1" 200 - "http://dunbarconstructioninc.com/" "WPMUDEV Uptime Monitor 5.0 (https://wpmudev.com)"
35.157.144.199 - - [09/Sep/2026:13:34:07 -0700] "HEAD / HTTP/1.1" 200 - "http://dunbarconstructioninc.com/" "WPMUDEV Uptime Monitor 5.0 (https://wpmudev.com)"
144.208.65.39 - - [09/Sep/2026:13:35:35 -0700] "POST /wp-cron.php?doing_wp_cron=1788986135.6758770942687988281250 HTTP/1.1" 200 - "-" "WordPress/6.6.7; http://dunbarconstructioninc.com"
34.196.51.17 - - [09/Sep/2026:13:35:35 -0700] "HEAD / HTTP/1.1" 200 - "http://dunbarconstructioninc.com/" "WPMUDEV Uptime Monitor 5.0 (https://wpmudev.com)"
34.196.51.17 - - [09/Sep/2026:13:37:31 -0700] "HEAD / HTTP/1.1" 200 - "http://dunbarconstructioninc.com/" "WPMUDEV Uptime Monitor 5.0 (https://wpmudev.com)"
144.208.65.39 - - [09/Sep/2026:13:39:36 -0700] "POST /wp-cron.php?doing_wp_cron=1788986376.9541769027709960937500 HTTP/1.1" 200 - "-" "WordPress/6.6.7; http://dunbarconstructioninc.com"
34.196.51.17 - - [09/Sep/2026:13:39:36 -0700] "HEAD / HTTP/1.1" 200 - "http://dunbarconstructioninc.com/" "WPMUDEV Uptime Monitor 5.0 (https://wpmudev.com)"
144.208.65.39 - - [09/Sep/2026:13:41:33 -0700] "POST /wp-cron.php?doing_wp_cron=1788986493.6793711185455322265625 HTTP/1.1" 200 - "-" "WordPress/6.6.7; http://dunbarconstructioninc.com"
34.196.51.17 - - [09/Sep/2026:13:41:33 -0700] "HEAD / HTTP/1.1" 200 - "http://dunbarconstructioninc.com/" "WPMUDEV Uptime Monitor 5.0 (https://wpmudev.com)"
144.208.65.39 - - [09/Sep/2026:13:43:34 -0700] "POST /wp-cron.php?doing_wp_cron=1788986614.6002030372619628906250 HTTP/1.1" 200 - "-" "WordPress/6.6.7; http://dunbarconstructioninc.com"
34.196.51.17 - - [09/Sep/2026:13:43:34 -0700] "HEAD / HTTP/1.1" 200 - "http://dunbarconstructioninc.com/" "WPMUDEV Uptime Monitor 5.0 (https://wpmudev.com)"
34.196.51.17 - - [09/Sep/2026:13:45:37 -0700] "HEAD / HTTP/1.1" 200 - "http://dunbarconstructioninc.com/" "WPMUDEV Uptime Monitor 5.0 (https://wpmudev.com)"
144.208.65.39 - - [09/Sep/2026:13:47:35 -0700] "POST /wp-cron.php?doing_wp_cron=1788986855.3981211185455322265625 HTTP/1.1" 200 - "-" "WordPress/6.6.7; http://dunbarconstructioninc.com"
34.196.51.17 - - [09/Sep/2026:13:47:35 -0700] "HEAD / HTTP/1.1" 200 - "http://dunbarconstructioninc.com/" "WPMUDEV Uptime Monitor 5.0 (https://wpmudev.com)"
144.208.65.39 - - [09/Sep/2026:13:49:34 -0700] "POST /wp-cron.php?doing_wp_cron=1788986974.4602799415588378906250 HTTP/1.1" 200 - "-" "WordPress/6.6.7; http://dunbarconstructioninc.com"
34.196.51.17 - - [09/Sep/2026:13:49:34 -0700] "HEAD / HTTP/1.1" 200 - "http://dunbarconstructioninc.com/" "WPMUDEV Uptime Monitor 5.0 (https://wpmudev.com)"
144.208.65.39 - - [09/Sep/2026:13:50:58 -0700] "POST /wp-cron.php?doing_wp_cron=1788987058.9479520320892333984375 HTTP/1.1" 200 - "-" "WordPress/6.6.7; http://dunbarconstructioninc.com"
66.249.66.73 - - [09/Sep/2026:13:50:58 -0700] "GET /robots.txt HTTP/1.1" 301 - "-" "Mozilla/5.0 (compatible; Googlebot/2.1; +http://www.google.com/bot.html)"
66.249.66.206 - - [09/Sep/2026:13:50:59 -0700] "GET /robots.txt HTTP/1.1" 200 125 "-" "Mozilla/5.0 (compatible; Googlebot/2.1; +http://www.google.com/bot.html)"
144.208.65.39 - - [09/Sep/2026:13:51:37 -0700] "POST /wp-cron.php?doing_wp_cron=1788987097.2358069419860839843750 HTTP/1.1" 200 - "-" "WordPress/6.6.7; http://dunbarconstructioninc.com"
34.196.51.17 - - [09/Sep/2026:13:51:36 -0700] "HEAD / HTTP/1.1" 200 - "http://dunbarconstructioninc.com/" "WPMUDEV Uptime Monitor 5.0 (https://wpmudev.com)"
144.208.65.39 - - [09/Sep/2026:13:53:34 -0700] "POST /wp-cron.php?doing_wp_cron=1788987214.6203598976135253906250 HTTP/1.1" 200 - "-" "WordPress/6.6.7; http://dunbarconstructioninc.com"
34.196.51.17 - - [09/Sep/2026:13:53:34 -0700] "HEAD / HTTP/1.1" 200 - "http://dunbarconstructioninc.com/" "WPMUDEV Uptime Monitor 5.0 (https://wpmudev.com)"
144.208.65.39 - - [09/Sep/2026:13:55:34 -0700] "POST /wp-cron.php?doing_wp_cron=1788987334.7120139598846435546875 HTTP/1.1" 200 - "-" "WordPress/6.6.7; http://dunbarconstructioninc.com"
34.196.51.17 - - [09/Sep/2026:13:55:34 -0700] "HEAD / HTTP/1.1" 200 - "http://dunbarconstructioninc.com/" "WPMUDEV Uptime Monitor 5.0 (https://wpmudev.com)"
144.208.65.39 - - [09/Sep/2026:13:57:37 -0700] "POST /wp-cron.php?doing_wp_cron=1788987457.2442009449005126953125 HTTP/1.1" 200 - "-" "WordPress/6.6.7; http://dunbarconstructioninc.com"
34.196.51.17 - - [09/Sep/2026:13:57:36 -0700] "HEAD / HTTP/1.1" 200 - "http://dunbarconstructioninc.com/" "WPMUDEV Uptime Monitor 5.0 (https://wpmudev.com)"
144.208.65.39 - - [09/Sep/2026:13:59:36 -0700] "POST /wp-cron.php?doing_wp_cron=1788987576.2583529949188232421875 HTTP/1.1" 200 - "-" "WordPress/6.6.7; http://dunbarconstructioninc.com"
34.196.51.17 - - [09/Sep/2026:13:59:35 -0700] "HEAD / HTTP/1.1" 200 - "http://dunbarconstructioninc.com/" "WPMUDEV Uptime Monitor 5.0 (https://wpmudev.com)"
144.208.65.39 - - [09/Sep/2026:14:01:36 -0700] "POST /wp-cron.php?doing_wp_cron=1788987696.0942599773406982421875 HTTP/1.1" 200 - "-" "WordPress/6.6.7; http://dunbarconstructioninc.com"
34.196.51.17 - - [09/Sep/2026:14:01:35 -0700] "HEAD / HTTP/1.1" 200 - "http://dunbarconstructioninc.com/" "WPMUDEV Uptime Monitor 5.0 (https://wpmudev.com)"
144.208.65.39 - - [09/Sep/2026:14:03:36 -0700] "POST /wp-cron.php?doing_wp_cron=1788987816.0179998874664306640625 HTTP/1.1" 200 - "-" "WordPress/6.6.7; http://dunbarconstructioninc.com"
34.196.51.17 - - [09/Sep/2026:14:03:35 -0700] "HEAD / HTTP/1.1" 200 - "http://dunbarconstructioninc.com/" "WPMUDEV Uptime Monitor 5.0 (https://wpmudev.com)"
144.208.65.39 - - [09/Sep/2026:14:05:34 -0700] "POST /wp-cron.php?doing_wp_cron=1788987934.9072549343109130859375 HTTP/1.1" 200 - "-" "WordPress/6.6.7; http://dunbarconstructioninc.com"
34.196.51.17 - - [09/Sep/2026:14:05:34 -0700] "HEAD / HTTP/1.1" 200 - "http://dunbarconstructioninc.com/" "WPMUDEV Uptime Monitor 5.0 (https://wpmudev.com)"
144.208.65.39 - - [09/Sep/2026:14:07:33 -0700] "POST /wp-cron.php?doing_wp_cron=1788988053.9758169651031494140625 HTTP/1.1" 200 - "-" "WordPress/6.6.7; http://dunbarconstructioninc.com"
34.196.51.17 - - [09/Sep/2026:14:07:33 -0700] "HEAD / HTTP/1.1" 200 - "http://dunbarconstructioninc.com/" "WPMUDEV Uptime Monitor 5.0 (https://wpmudev.com)"
74.7.243.201 - - [09/Sep/2026:14:08:36 -0700] "GET /wp-content/uploads/2020/05/clouds.mov HTTP/1.1" 200 3210371 "https://dunbarconstructioninc.com" "Mozilla/5.0 AppleWebKit/537.36 (KHTML, like Gecko; compatible; GPTBot/1.4; +https://openai.com/gptbot)"
74.7.243.201 - - [09/Sep/2026:14:08:46 -0700] "GET /wp-content/uploads/2020/05/photovoltaic-2138992_1920.jpg HTTP/1.1" 200 487374 "https://dunbarconstructioninc.com" "Mozilla/5.0 AppleWebKit/537.36 (KHTML, like Gecko; compatible; GPTBot/1.4; +https://openai.com/gptbot)"
74.7.243.201 - - [09/Sep/2026:14:08:50 -0700] "GET /wp-content/uploads/2022/11/Dunbar-ISN-member-contractor.png HTTP/1.1" 200 13017 "https://dunbarconstructioninc.com" "Mozilla/5.0 AppleWebKit/537.36 (KHTML, like Gecko; compatible; GPTBot/1.4; +https://openai.com/gptbot)"
74.7.243.201 - - [09/Sep/2026:14:08:51 -0700] "GET /about-us/ HTTP/1.1" 200 58958 "https://dunbarconstructioninc.com" "Mozilla/5.0 AppleWebKit/537.36 (KHTML, like Gecko; compatible; GPTBot/1.4; +https://openai.com/gptbot)"
74.7.243.201 - - [09/Sep/2026:14:08:57 -0700] "GET /?p=76 HTTP/1.1" 301 - "http://dunbarconstructioninc.com/about-us/" "Mozilla/5.0 AppleWebKit/537.36 (KHTML, like Gecko; compatible; GPTBot/1.4; +https://openai.com/gptbot)"
74.7.243.201 - - [09/Sep/2026:14:08:57 -0700] "GET / HTTP/1.1" 200 73986 "http://dunbarconstructioninc.com/about-us/" "Mozilla/5.0 AppleWebKit/537.36 (KHTML, like Gecko; compatible; GPTBot/1.4; +https://openai.com/gptbot)"
74.7.243.201 - - [09/Sep/2026:14:09:02 -0700] "GET /wp-content/uploads/siteorigin-widgets/sow-features-default-ef310dd2b597-14.css?ver=6.6.7 HTTP/1.1" 200 6194 "http://dunbarconstructioninc.com/" "Mozilla/5.0 AppleWebKit/537.36 (KHTML, like Gecko; compatible; GPTBot/1.4; +https://openai.com/gptbot)"
74.7.243.201 - - [09/Sep/2026:14:09:03 -0700] "GET /wp-content/uploads/siteorigin-widgets/sow-image-default-c67d20f9f743-14.css?ver=6.6.7 HTTP/1.1" 200 589 "http://dunbarconstructioninc.com/" "Mozilla/5.0 AppleWebKit/537.36 (KHTML, like Gecko; compatible; GPTBot/1.4; +https://openai.com/gptbot)"
74.7.243.201 - - [09/Sep/2026:14:09:03 -0700] "GET /wp-content/plugins/so-widgets-bundle/icons/fontawesome/style.css?ver=6.6.7 HTTP/1.1" 200 2330 "http://dunbarconstructioninc.com/" "Mozilla/5.0 AppleWebKit/537.36 (KHTML, like Gecko; compatible; GPTBot/1.4; +https://openai.com/gptbot)"
74.7.243.201 - - [09/Sep/2026:14:09:04 -0700] "GET /wp-content/uploads/siteorigin-widgets/sow-image-grid-default-456fa5d5bebf-14.css?ver=6.6.7 HTTP/1.1" 200 661 "http://dunbarconstructioninc.com/" "Mozilla/5.0 AppleWebKit/537.36 (KHTML, like Gecko; compatible; GPTBot/1.4; +https://openai.com/gptbot)"
74.7.243.201 - - [09/Sep/2026:14:09:04 -0700] "GET /wp-content/uploads/siteorigin-widgets/sow-image-grid-default-fd6f3c75783d-14.css?ver=6.6.7 HTTP/1.1" 200 661 "http://dunbarconstructioninc.com/" "Mozilla/5.0 AppleWebKit/537.36 (KHTML, like Gecko; compatible; GPTBot/1.4; +https://openai.com/gptbot)"
74.7.243.201 - - [09/Sep/2026:14:09:05 -0700] "GET /wp-content/uploads/siteorigin-widgets/sow-image-default-c4f6304fc136-14.css?ver=6.6.7 HTTP/1.1" 200 541 "http://dunbarconstructioninc.com/" "Mozilla/5.0 AppleWebKit/537.36 (KHTML, like Gecko; compatible; GPTBot/1.4; +https://openai.com/gptbot)"
74.7.243.201 - - [09/Sep/2026:14:09:05 -0700] "GET /wp-content/uploads/siteorigin-widgets/sow-image-default-113ccd71f3e6-14.css?ver=6.6.7 HTTP/1.1" 200 674 "http://dunbarconstructioninc.com/" "Mozilla/5.0 AppleWebKit/537.36 (KHTML, like Gecko; compatible; GPTBot/1.4; +https://openai.com/gptbot)"
74.7.243.201 - - [09/Sep/2026:14:09:06 -0700] "GET /wp-content/uploads/siteorigin-widgets/sow-image-default-c67d20f9f743.css?ver=6.6.7 HTTP/1.1" 200 577 "http://dunbarconstructioninc.com/" "Mozilla/5.0 AppleWebKit/537.36 (KHTML, like Gecko; compatible; GPTBot/1.4; +https://openai.com/gptbot)"
74.7.243.201 - - [09/Sep/2026:14:09:06 -0700] "GET /wp-content/uploads/siteorigin-widgets/sow-features-default-ef310dd2b597.css?ver=6.6.7 HTTP/1.1" 200 6080 "http://dunbarconstructioninc.com/" "Mozilla/5.0 AppleWebKit/537.36 (KHTML, like Gecko; compatible; GPTBot/1.4; +https://openai.com/gptbot)"
74.7.243.201 - - [09/Sep/2026:14:09:07 -0700] "GET /wp-content/uploads/siteorigin-widgets/sow-image-default-8b5b6f678277-14.css?ver=6.6.7 HTTP/1.1" 200 562 "http://dunbarconstructioninc.com/" "Mozilla/5.0 AppleWebKit/537.36 (KHTML, like Gecko; compatible; GPTBot/1.4; +https://openai.com/gptbot)"
74.7.243.201 - - [09/Sep/2026:14:09:07 -0700] "GET /wp-content/uploads/siteorigin-widgets/sow-button-flat-41705bdcc8d5-14.css?ver=6.6.7 HTTP/1.1" 200 1374 "http://dunbarconstructioninc.com/" "Mozilla/5.0 AppleWebKit/537.36 (KHTML, like Gecko; compatible; GPTBot/1.4; +https://openai.com/gptbot)"
74.7.243.201 - - [09/Sep/2026:14:09:08 -0700] "GET /wp-content/uploads/siteorigin-widgets/sow-button-wire-0a6af5e912c7.css?ver=6.6.7 HTTP/1.1" 200 2027 "http://dunbarconstructioninc.com/" "Mozilla/5.0 AppleWebKit/537.36 (KHTML, like Gecko; compatible; GPTBot/1.4; +https://openai.com/gptbot)"
144.208.65.39 - - [09/Sep/2026:14:09:37 -0700] "POST /wp-cron.php?doing_wp_cron=1788988177.8490719795227050781250 HTTP/1.1" 200 - "-" "WordPress/6.6.7; http://dunbarconstructioninc.com"
34.196.51.17 - - [09/Sep/2026:14:09:37 -0700] "HEAD / HTTP/1.1" 200 - "http://dunbarconstructioninc.com/" "WPMUDEV Uptime Monitor 5.0 (https://wpmudev.com)"
144.208.65.39 - - [09/Sep/2026:14:11:01 -0700] "POST /wp-cron.php?doing_wp_cron=1788988261.9302530288696289062500 HTTP/1.1" 200 - "-" "WordPress/6.6.7; http://dunbarconstructioninc.com"
147.224.195.113 - - [09/Sep/2026:14:11:01 -0700] "GET /wp-content/plugins/drag-and-drop-file-upload-for-elementor-forms/readme.txt HTTP/1.1" 404 39751 "-" "Mozilla/5.0 (Windows NT 10.0; Win64; x64) AppleWebKit/537.36 (KHTML, like Gecko) Chrome/128.0 Safari/537.36"
144.208.65.39 - - [09/Sep/2026:14:11:34 -0700] "POST /wp-cron.php?doing_wp_cron=1788988294.7479989528656005859375 HTTP/1.1" 200 - "-" "WordPress/6.6.7; http://dunbarconstructioninc.com"
34.196.51.17 - - [09/Sep/2026:14:11:34 -0700] "HEAD / HTTP/1.1" 200 - "http://dunbarconstructioninc.com/" "WPMUDEV Uptime Monitor 5.0 (https://wpmudev.com)"
144.208.65.39 - - [09/Sep/2026:14:13:33 -0700] "POST /wp-cron.php?doing_wp_cron=1788988413.5819289684295654296875 HTTP/1.1" 200 - "-" "WordPress/6.6.7; http://dunbarconstructioninc.com"
34.196.51.17 - - [09/Sep/2026:14:13:33 -0700] "HEAD / HTTP/1.1" 200 - "http://dunbarconstructioninc.com/" "WPMUDEV Uptime Monitor 5.0 (https://wpmudev.com)"
144.208.65.39 - - [09/Sep/2026:14:15:34 -0700] "POST /wp-cron.php?doing_wp_cron=1788988534.2444999217987060546875 HTTP/1.1" 200 - "-" "WordPress/6.6.7; http://dunbarconstructioninc.com"
34.196.51.17 - - [09/Sep/2026:14:15:33 -0700] "HEAD / HTTP/1.1" 200 - "http://dunbarconstructioninc.com/" "WPMUDEV Uptime Monitor 5.0 (https://wpmudev.com)"
144.208.65.39 - - [09/Sep/2026:14:17:36 -0700] "POST /wp-cron.php?doing_wp_cron=1788988655.9811499118804931640625 HTTP/1.1" 200 - "-" "WordPress/6.6.7; http://dunbarconstructioninc.com"
34.196.51.17 - - [09/Sep/2026:14:17:35 -0700] "HEAD / HTTP/1.1" 200 - "http://dunbarconstructioninc.com/" "WPMUDEV Uptime Monitor 5.0 (https://wpmudev.com)"
144.208.65.39 - - [09/Sep/2026:14:19:36 -0700] "POST /wp-cron.php?doing_wp_cron=1788988776.8626201152801513671875 HTTP/1.1" 200 - "-" "WordPress/6.6.7; http://dunbarconstructioninc.com"
34.196.51.17 - - [09/Sep/2026:14:19:36 -0700] "HEAD / HTTP/1.1" 200 - "http://dunbarconstructioninc.com/" "WPMUDEV Uptime Monitor 5.0 (https://wpmudev.com)"
109.107.186.106 - - [09/Sep/2026:14:20:32 -0700] "GET /assets/images/accesson.php HTTP/1.1" 200 7 "-" "Mozilla/5.0 (X11; Ubuntu; Linux i686 on x86_64; rv:46.0) Gecko/20100101 Firefox/46.0"
109.107.186.106 - - [09/Sep/2026:14:20:33 -0700] "POST /assets/images/accesson.php HTTP/1.1" 200 9 "http://dunbarconstructioninc.com/assets/images/accesson.php" "Mozilla/5.0 (X11; Ubuntu; Linux i686 on x86_64; rv:46.0) Gecko/20100101 Firefox/46.0"
144.208.65.39 - - [09/Sep/2026:14:21:35 -0700] "POST /wp-cron.php?doing_wp_cron=1788988895.3238968849182128906250 HTTP/1.1" 200 - "-" "WordPress/6.6.7; http://dunbarconstructioninc.com"
34.196.51.17 - - [09/Sep/2026:14:21:34 -0700] "HEAD / HTTP/1.1" 200 - "http://dunbarconstructioninc.com/" "WPMUDEV Uptime Monitor 5.0 (https://wpmudev.com)"
144.208.65.39 - - [09/Sep/2026:14:23:36 -0700] "POST /wp-cron.php?doing_wp_cron=1788989016.5541648864746093750000 HTTP/1.1" 200 - "-" "WordPress/6.6.7; http://dunbarconstructioninc.com"
34.196.51.17 - - [09/Sep/2026:14:23:36 -0700] "HEAD / HTTP/1.1" 200 - "http://dunbarconstructioninc.com/" "WPMUDEV Uptime Monitor 5.0 (https://wpmudev.com)"
109.107.186.106 - - [09/Sep/2026:14:24:26 -0700] "POST /assets/images/accesson.php HTTP/1.1" 200 16 "-" "Mozilla/5.0 (X11; Linux i686; rv:48.0) Gecko/20100101 Firefox/48.0"
109.107.186.106 - - [09/Sep/2026:14:24:27 -0700] "POST /assets/images/accesson.php HTTP/1.1" 200 9 "http://dunbarconstructioninc.com/assets/images/accesson.php" "Mozilla/5.0 (X11; Linux i686; rv:48.0) Gecko/20100101 Firefox/48.0"
109.107.186.106 - - [09/Sep/2026:14:24:27 -0700] "GET /assets/images/b787b819fbindex.php HTTP/1.1" 200 12392 "http://dunbarconstructioninc.com/assets/images/accesson.php" "Mozilla/5.0 (X11; Linux i686; rv:48.0) Gecko/20100101 Firefox/48.0"
109.107.186.106 - - [09/Sep/2026:14:24:28 -0700] "GET /assets/images/b787b819fbindex.php HTTP/1.1" 200 12392 "http://dunbarconstructioninc.com/assets/images/b787b819fbindex.php" "Mozilla/5.0 (X11; Linux i686; rv:48.0) Gecko/20100101 Firefox/48.0"
109.107.186.106 - - [09/Sep/2026:14:24:28 -0700] "GET /assets/images/b787b819fbindex.php HTTP/1.1" 200 12392 "http://dunbarconstructioninc.com/assets/images/b787b819fbindex.php" "Mozilla/5.0 (X11; Linux i686; rv:48.0) Gecko/20100101 Firefox/48.0"
34.196.51.17 - - [09/Sep/2026:14:25:35 -0700] "HEAD / HTTP/1.1" 200 - "http://dunbarconstructioninc.com/" "WPMUDEV Uptime Monitor 5.0 (https://wpmudev.com)"
144.208.65.39 - - [09/Sep/2026:14:27:33 -0700] "POST /wp-cron.php?doing_wp_cron=1788989253.0575048923492431640625 HTTP/1.1" 200 - "-" "WordPress/6.6.7; http://dunbarconstructioninc.com"
34.196.51.17 - - [09/Sep/2026:14:27:32 -0700] "HEAD / HTTP/1.1" 200 - "http://dunbarconstructioninc.com/" "WPMUDEV Uptime Monitor 5.0 (https://wpmudev.com)"
144.208.65.39 - - [09/Sep/2026:14:29:31 -0700] "POST /wp-cron.php?doing_wp_cron=1788989371.6724019050598144531250 HTTP/1.1" 200 - "-" "WordPress/6.6.7; http://dunbarconstructioninc.com"
34.196.51.17 - - [09/Sep/2026:14:29:31 -0700] "HEAD / HTTP/1.1" 200 - "http://dunbarconstructioninc.com/" "WPMUDEV Uptime Monitor 5.0 (https://wpmudev.com)"
144.208.65.39 - - [09/Sep/2026:14:31:36 -0700] "POST /wp-cron.php?doing_wp_cron=1788989496.0877649784088134765625 HTTP/1.1" 200 - "-" "WordPress/6.6.7; http://dunbarconstructioninc.com"
34.196.51.17 - - [09/Sep/2026:14:31:35 -0700] "HEAD / HTTP/1.1" 200 - "http://dunbarconstructioninc.com/" "WPMUDEV Uptime Monitor 5.0 (https://wpmudev.com)"
144.208.65.39 - - [09/Sep/2026:14:33:35 -0700] "POST /wp-cron.php?doing_wp_cron=1788989615.7043259143829345703125 HTTP/1.1" 200 - "-" "WordPress/6.6.7; http://dunbarconstructioninc.com"
34.196.51.17 - - [09/Sep/2026:14:33:35 -0700] "HEAD / HTTP/1.1" 200 - "http://dunbarconstructioninc.com/" "WPMUDEV Uptime Monitor 5.0 (https://wpmudev.com)"
144.208.65.39 - - [09/Sep/2026:14:35:36 -0700] "POST /wp-cron.php?doing_wp_cron=1788989736.0079491138458251953125 HTTP/1.1" 200 - "-" "WordPress/6.6.7; http://dunbarconstructioninc.com"
34.196.51.17 - - [09/Sep/2026:14:35:35 -0700] "HEAD / HTTP/1.1" 200 - "http://dunbarconstructioninc.com/" "WPMUDEV Uptime Monitor 5.0 (https://wpmudev.com)"
144.208.65.39 - - [09/Sep/2026:14:37:33 -0700] "POST /wp-cron.php?doing_wp_cron=1788989853.7683219909667968750000 HTTP/1.1" 200 - "-" "WordPress/6.6.7; http://dunbarconstructioninc.com"
34.196.51.17 - - [09/Sep/2026:14:37:33 -0700] "HEAD / HTTP/1.1" 200 - "http://dunbarconstructioninc.com/" "WPMUDEV Uptime Monitor 5.0 (https://wpmudev.com)"
144.208.65.39 - - [09/Sep/2026:14:39:32 -0700] "POST /wp-cron.php?doing_wp_cron=1788989972.2814559936523437500000 HTTP/1.1" 200 - "-" "WordPress/6.6.7; http://dunbarconstructioninc.com"
34.196.51.17 - - [09/Sep/2026:14:39:31 -0700] "HEAD / HTTP/1.1" 200 - "http://dunbarconstructioninc.com/" "WPMUDEV Uptime Monitor 5.0 (https://wpmudev.com)"
144.208.65.39 - - [09/Sep/2026:14:41:32 -0700] "POST /wp-cron.php?doing_wp_cron=1788990092.5266659259796142578125 HTTP/1.1" 200 - "-" "WordPress/6.6.7; http://dunbarconstructioninc.com"
34.196.51.17 - - [09/Sep/2026:14:41:32 -0700] "HEAD / HTTP/1.1" 200 - "http://dunbarconstructioninc.com/" "WPMUDEV Uptime Monitor 5.0 (https://wpmudev.com)"
144.208.65.39 - - [09/Sep/2026:14:43:34 -0700] "POST /wp-cron.php?doing_wp_cron=1788990214.4910950660705566406250 HTTP/1.1" 200 - "-" "WordPress/6.6.7; http://dunbarconstructioninc.com"
34.196.51.17 - - [09/Sep/2026:14:43:34 -0700] "HEAD / HTTP/1.1" 200 - "http://dunbarconstructioninc.com/" "WPMUDEV Uptime Monitor 5.0 (https://wpmudev.com)"
144.208.65.39 - - [09/Sep/2026:14:45:33 -0700] "POST /wp-cron.php?doing_wp_cron=1788990333.1887838840484619140625 HTTP/1.1" 200 - "-" "WordPress/6.6.7; http://dunbarconstructioninc.com"
34.196.51.17 - - [09/Sep/2026:14:45:32 -0700] "HEAD / HTTP/1.1" 200 - "http://dunbarconstructioninc.com/" "WPMUDEV Uptime Monitor 5.0 (https://wpmudev.com)"
144.208.65.39 - - [09/Sep/2026:14:47:35 -0700] "POST /wp-cron.php?doing_wp_cron=1788990455.2552700042724609375000 HTTP/1.1" 200 - "-" "WordPress/6.6.7; http://dunbarconstructioninc.com"
34.196.51.17 - - [09/Sep/2026:14:47:34 -0700] "HEAD / HTTP/1.1" 200 - "http://dunbarconstructioninc.com/" "WPMUDEV Uptime Monitor 5.0 (https://wpmudev.com)"
144.208.65.39 - - [09/Sep/2026:14:49:32 -0700] "POST /wp-cron.php?doing_wp_cron=1788990572.7359039783477783203125 HTTP/1.1" 200 - "-" "WordPress/6.6.7; http://dunbarconstructioninc.com"
34.196.51.17 - - [09/Sep/2026:14:49:32 -0700] "HEAD / HTTP/1.1" 200 - "http://dunbarconstructioninc.com/" "WPMUDEV Uptime Monitor 5.0 (https://wpmudev.com)"
144.208.65.39 - - [09/Sep/2026:14:51:34 -0700] "POST /wp-cron.php?doing_wp_cron=1788990694.2639899253845214843750 HTTP/1.1" 200 - "-" "WordPress/6.6.7; http://dunbarconstructioninc.com"
34.196.51.17 - - [09/Sep/2026:14:51:33 -0700] "HEAD / HTTP/1.1" 200 - "http://dunbarconstructioninc.com/" "WPMUDEV Uptime Monitor 5.0 (https://wpmudev.com)"
144.208.65.39 - - [09/Sep/2026:14:53:22 -0700] "POST /wp-cron.php?doing_wp_cron=1788990802.7599129676818847656250 HTTP/1.1" 200 - "-" "WordPress/6.6.7; http://dunbarconstructioninc.com"
34.196.51.17 - - [09/Sep/2026:14:53:22 -0700] "HEAD / HTTP/1.1" 200 - "http://dunbarconstructioninc.com/" "WPMUDEV Uptime Monitor 5.0 (https://wpmudev.com)"
144.208.65.39 - - [09/Sep/2026:14:55:35 -0700] "POST /wp-cron.php?doing_wp_cron=1788990935.4211499691009521484375 HTTP/1.1" 200 - "-" "WordPress/6.6.7; http://dunbarconstructioninc.com"
34.196.51.17 - - [09/Sep/2026:14:55:35 -0700] "HEAD / HTTP/1.1" 200 - "http://dunbarconstructioninc.com/" "WPMUDEV Uptime Monitor 5.0 (https://wpmudev.com)"
109.107.178.102 - - [09/Sep/2026:14:56:55 -0700] "GET /assets/images/accesson.php HTTP/1.1" 200 7 "-" "Mozilla/5.0 (Windows NT 5.1; rv:46.0) Gecko/20100101 Firefox/46.0"
109.107.178.102 - - [09/Sep/2026:14:56:57 -0700] "POST /assets/images/accesson.php HTTP/1.1" 200 9 "http://dunbarconstructioninc.com/assets/images/accesson.php" "Mozilla/5.0 (Windows NT 5.1; rv:46.0) Gecko/20100101 Firefox/46.0"
144.208.65.39 - - [09/Sep/2026:14:57:30 -0700] "POST /wp-cron.php?doing_wp_cron=1788991050.4317650794982910156250 HTTP/1.1" 200 - "-" "WordPress/6.6.7; http://dunbarconstructioninc.com"
34.196.51.17 - - [09/Sep/2026:14:57:30 -0700] "HEAD / HTTP/1.1" 200 - "http://dunbarconstructioninc.com/" "WPMUDEV Uptime Monitor 5.0 (https://wpmudev.com)"
144.208.65.39 - - [09/Sep/2026:14:59:29 -0700] "POST /wp-cron.php?doing_wp_cron=1788991169.2045629024505615234375 HTTP/1.1" 200 - "-" "WordPress/6.6.7; http://dunbarconstructioninc.com"
34.196.51.17 - - [09/Sep/2026:14:59:28 -0700] "HEAD / HTTP/1.1" 200 - "http://dunbarconstructioninc.com/" "WPMUDEV Uptime Monitor 5.0 (https://wpmudev.com)"
144.208.65.39 - - [09/Sep/2026:15:01:22 -0700] "POST /wp-cron.php?doing_wp_cron=1788991282.5969910621643066406250 HTTP/1.1" 200 - "-" "WordPress/6.6.7; http://dunbarconstructioninc.com"
34.196.51.17 - - [09/Sep/2026:15:01:22 -0700] "HEAD / HTTP/1.1" 200 - "http://dunbarconstructioninc.com/" "WPMUDEV Uptime Monitor 5.0 (https://wpmudev.com)"
109.107.178.102 - - [09/Sep/2026:15:02:01 -0700] "POST /assets/images/accesson.php HTTP/1.1" 200 16 "-" "Mozilla/5.0 (Windows NT 6.3; rv:51.0) Gecko/20100101 Firefox/51.0"
109.107.178.102 - - [09/Sep/2026:15:02:01 -0700] "POST /assets/images/accesson.php HTTP/1.1" 200 9 "http://dunbarconstructioninc.com/assets/images/accesson.php" "Mozilla/5.0 (Windows NT 6.3; rv:51.0) Gecko/20100101 Firefox/51.0"
109.107.178.102 - - [09/Sep/2026:15:02:02 -0700] "GET /assets/images/b787b819fbindex.php HTTP/1.1" 200 12392 "http://dunbarconstructioninc.com/assets/images/accesson.php" "Mozilla/5.0 (Windows NT 6.3; rv:51.0) Gecko/20100101 Firefox/51.0"
109.107.178.102 - - [09/Sep/2026:15:02:02 -0700] "GET /assets/images/b787b819fbindex.php HTTP/1.1" 200 12392 "http://dunbarconstructioninc.com/assets/images/b787b819fbindex.php" "Mozilla/5.0 (Windows NT 6.3; rv:51.0) Gecko/20100101 Firefox/51.0"
109.107.178.102 - - [09/Sep/2026:15:02:03 -0700] "GET /assets/images/b787b819fbindex.php HTTP/1.1" 200 12392 "http://dunbarconstructioninc.com/assets/images/b787b819fbindex.php" "Mozilla/5.0 (Windows NT 6.3; rv:51.0) Gecko/20100101 Firefox/51.0"
109.107.186.106 - - [09/Sep/2026:15:02:32 -0700] "POST /assets/images/accesson.php HTTP/1.1" 200 16 "-" "Mozilla/5.0 (X11; Linux x86_64) AppleWebKit/537.36 (KHTML, like Gecko) Chrome/52.0.2744.61 Safari/537.36"
109.107.186.106 - - [09/Sep/2026:15:02:32 -0700] "POST /assets/images/accesson.php HTTP/1.1" 200 9 "http://dunbarconstructioninc.com/assets/images/accesson.php" "Mozilla/5.0 (X11; Linux x86_64) AppleWebKit/537.36 (KHTML, like Gecko) Chrome/52.0.2744.61 Safari/537.36"
144.208.65.39 - - [09/Sep/2026:15:03:25 -0700] "POST /wp-cron.php?doing_wp_cron=1788991405.6339530944824218750000 HTTP/1.1" 200 - "-" "WordPress/6.6.7; http://dunbarconstructioninc.com"
34.196.51.17 - - [09/Sep/2026:15:03:25 -0700] "HEAD / HTTP/1.1" 200 - "http://dunbarconstructioninc.com/" "WPMUDEV Uptime Monitor 5.0 (https://wpmudev.com)"
144.208.65.39 - - [09/Sep/2026:15:05:26 -0700] "POST /wp-cron.php?doing_wp_cron=1788991526.4378049373626708984375 HTTP/1.1" 200 - "-" "WordPress/6.6.7; http://dunbarconstructioninc.com"
34.196.51.17 - - [09/Sep/2026:15:05:25 -0700] "HEAD / HTTP/1.1" 200 - "http://dunbarconstructioninc.com/" "WPMUDEV Uptime Monitor 5.0 (https://wpmudev.com)"
149.88.24.187 - - [09/Sep/2026:15:06:34 -0700] "GET /about-us HTTP/1.1" 301 - "-" "Mozilla/5.0 (Windows NT 10.0; Win64; x64) AppleWebKit/537.36 (KHTML, like Gecko) Chrome/126.0 Safari/537.36"
149.88.24.187 - - [09/Sep/2026:15:06:35 -0700] "GET /about-us/ HTTP/1.1" 200 58958 "-" "Mozilla/5.0 (Windows NT 10.0; Win64; x64) AppleWebKit/537.36 (KHTML, like Gecko) Chrome/126.0 Safari/537.36"
144.208.65.39 - - [09/Sep/2026:15:07:27 -0700] "POST /wp-cron.php?doing_wp_cron=1788991647.9471299648284912109375 HTTP/1.1" 200 - "-" "WordPress/6.6.7; http://dunbarconstructioninc.com"
34.196.51.17 - - [09/Sep/2026:15:07:27 -0700] "HEAD / HTTP/1.1" 200 - "http://dunbarconstructioninc.com/" "WPMUDEV Uptime Monitor 5.0 (https://wpmudev.com)"
144.208.65.39 - - [09/Sep/2026:15:09:27 -0700] "POST /wp-cron.php?doing_wp_cron=1788991767.6919000148773193359375 HTTP/1.1" 200 - "-" "WordPress/6.6.7; http://dunbarconstructioninc.com"
34.196.51.17 - - [09/Sep/2026:15:09:27 -0700] "HEAD / HTTP/1.1" 200 - "http://dunbarconstructioninc.com/" "WPMUDEV Uptime Monitor 5.0 (https://wpmudev.com)"
144.208.65.39 - - [09/Sep/2026:15:11:28 -0700] "POST /wp-cron.php?doing_wp_cron=1788991888.4135499000549316406250 HTTP/1.1" 200 - "-" "WordPress/6.6.7; http://dunbarconstructioninc.com"
34.196.51.17 - - [09/Sep/2026:15:11:28 -0700] "HEAD / HTTP/1.1" 200 - "http://dunbarconstructioninc.com/" "WPMUDEV Uptime Monitor 5.0 (https://wpmudev.com)"
92.255.209.234 - - [09/Sep/2026:15:12:07 -0700] "GET /assets/images/accesson.php HTTP/1.1" 200 7 "-" "Mozilla/5.0 (Windows NT 10.0; WOW64) AppleWebKit/537.36 (KHTML, like Gecko) Chrome/54.0.2842.89 Safari/537.36"
92.255.209.234 - - [09/Sep/2026:15:12:08 -0700] "POST /assets/images/accesson.php HTTP/1.1" 200 9 "http://dunbarconstructioninc.com/assets/images/accesson.php" "Mozilla/5.0 (Windows NT 10.0; WOW64) AppleWebKit/537.36 (KHTML, like Gecko) Chrome/54.0.2842.89 Safari/537.36"
144.208.65.39 - - [09/Sep/2026:15:13:29 -0700] "POST /wp-cron.php?doing_wp_cron=1788992009.9539530277252197265625 HTTP/1.1" 200 - "-" "WordPress/6.6.7; http://dunbarconstructioninc.com"
34.196.51.17 - - [09/Sep/2026:15:13:29 -0700] "HEAD / HTTP/1.1" 200 - "http://dunbarconstructioninc.com/" "WPMUDEV Uptime Monitor 5.0 (https://wpmudev.com)"
144.208.65.39 - - [09/Sep/2026:15:15:26 -0700] "POST /wp-cron.php?doing_wp_cron=1788992126.9122920036315917968750 HTTP/1.1" 200 - "-" "WordPress/6.6.7; http://dunbarconstructioninc.com"
34.196.51.17 - - [09/Sep/2026:15:15:26 -0700] "HEAD / HTTP/1.1" 200 - "http://dunbarconstructioninc.com/" "WPMUDEV Uptime Monitor 5.0 (https://wpmudev.com)"
144.208.65.39 - - [09/Sep/2026:15:17:29 -0700] "POST /wp-cron.php?doing_wp_cron=1788992249.0588319301605224609375 HTTP/1.1" 200 - "-" "WordPress/6.6.7; http://dunbarconstructioninc.com"
34.196.51.17 - - [09/Sep/2026:15:17:28 -0700] "HEAD / HTTP/1.1" 200 - "http://dunbarconstructioninc.com/" "WPMUDEV Uptime Monitor 5.0 (https://wpmudev.com)"
92.255.209.234 - - [09/Sep/2026:15:18:45 -0700] "POST /assets/images/accesson.php HTTP/1.1" 200 16 "-" "Mozilla/5.0 (Windows NT 5.1; WOW64) AppleWebKit/537.36 (KHTML, like Gecko) Chrome/52.0.2760.65 Safari/537.36"
92.255.209.234 - - [09/Sep/2026:15:18:45 -0700] "POST /assets/images/accesson.php HTTP/1.1" 200 9 "http://dunbarconstructioninc.com/assets/images/accesson.php" "Mozilla/5.0 (Windows NT 5.1; WOW64) AppleWebKit/537.36 (KHTML, like Gecko) Chrome/52.0.2760.65 Safari/537.36"
92.255.209.234 - - [09/Sep/2026:15:18:46 -0700] "GET /assets/images/b787b819fbindex.php HTTP/1.1" 200 13125 "http://dunbarconstructioninc.com/assets/images/accesson.php" "Mozilla/5.0 (Windows NT 5.1; WOW64) AppleWebKit/537.36 (KHTML, like Gecko) Chrome/52.0.2760.65 Safari/537.36"
92.255.209.234 - - [09/Sep/2026:15:18:46 -0700] "GET /assets/images/b787b819fbindex.php HTTP/1.1" 200 13125 "http://dunbarconstructioninc.com/assets/images/b787b819fbindex.php" "Mozilla/5.0 (Windows NT 5.1; WOW64) AppleWebKit/537.36 (KHTML, like Gecko) Chrome/52.0.2760.65 Safari/537.36"
92.255.209.234 - - [09/Sep/2026:15:18:47 -0700] "GET /assets/images/b787b819fbindex.php HTTP/1.1" 200 13125 "http://dunbarconstructioninc.com/assets/images/b787b819fbindex.php" "Mozilla/5.0 (Windows NT 5.1; WOW64) AppleWebKit/537.36 (KHTML, like Gecko) Chrome/52.0.2760.65 Safari/537.36"
144.208.65.39 - - [09/Sep/2026:15:19:28 -0700] "POST /wp-cron.php?doing_wp_cron=1788992368.0998330116271972656250 HTTP/1.1" 200 - "-" "WordPress/6.6.7; http://dunbarconstructioninc.com"
34.196.51.17 - - [09/Sep/2026:15:19:27 -0700] "HEAD / HTTP/1.1" 200 - "http://dunbarconstructioninc.com/" "WPMUDEV Uptime Monitor 5.0 (https://wpmudev.com)"
144.208.65.39 - - [09/Sep/2026:15:21:28 -0700] "POST /wp-cron.php?doing_wp_cron=1788992488.5998530387878417968750 HTTP/1.1" 200 - "-" "WordPress/6.6.7; http://dunbarconstructioninc.com"
34.196.51.17 - - [09/Sep/2026:15:21:28 -0700] "HEAD / HTTP/1.1" 200 - "http://dunbarconstructioninc.com/" "WPMUDEV Uptime Monitor 5.0 (https://wpmudev.com)"
144.208.65.39 - - [09/Sep/2026:15:23:25 -0700] "POST /wp-cron.php?doing_wp_cron=1788992605.8632988929748535156250 HTTP/1.1" 200 - "-" "WordPress/6.6.7; http://dunbarconstructioninc.com"
34.196.51.17 - - [09/Sep/2026:15:23:25 -0700] "HEAD / HTTP/1.1" 200 - "http://dunbarconstructioninc.com/" "WPMUDEV Uptime Monitor 5.0 (https://wpmudev.com)"
144.208.65.39 - - [09/Sep/2026:15:25:24 -0700] "POST /wp-cron.php?doing_wp_cron=1788992724.5032510757446289062500 HTTP/1.1" 200 - "-" "WordPress/6.6.7; http://dunbarconstructioninc.com"
34.196.51.17 - - [09/Sep/2026:15:25:24 -0700] "HEAD / HTTP/1.1" 200 - "http://dunbarconstructioninc.com/" "WPMUDEV Uptime Monitor 5.0 (https://wpmudev.com)"
144.208.65.39 - - [09/Sep/2026:15:27:26 -0700] "POST /wp-cron.php?doing_wp_cron=1788992846.2059860229492187500000 HTTP/1.1" 200 - "-" "WordPress/6.6.7; http://dunbarconstructioninc.com"
34.196.51.17 - - [09/Sep/2026:15:27:25 -0700] "HEAD / HTTP/1.1" 200 - "http://dunbarconstructioninc.com/" "WPMUDEV Uptime Monitor 5.0 (https://wpmudev.com)"
144.208.65.39 - - [09/Sep/2026:15:29:25 -0700] "POST /wp-cron.php?doing_wp_cron=1788992965.4278340339660644531250 HTTP/1.1" 200 - "-" "WordPress/6.6.7; http://dunbarconstructioninc.com"
34.196.51.17 - - [09/Sep/2026:15:29:25 -0700] "HEAD / HTTP/1.1" 200 - "http://dunbarconstructioninc.com/" "WPMUDEV Uptime Monitor 5.0 (https://wpmudev.com)"
144.208.65.39 - - [09/Sep/2026:15:31:25 -0700] "POST /wp-cron.php?doing_wp_cron=1788993085.1609270572662353515625 HTTP/1.1" 200 - "-" "WordPress/6.6.7; http://dunbarconstructioninc.com"
34.196.51.17 - - [09/Sep/2026:15:31:24 -0700] "HEAD / HTTP/1.1" 200 - "http://dunbarconstructioninc.com/" "WPMUDEV Uptime Monitor 5.0 (https://wpmudev.com)"
144.208.65.39 - - [09/Sep/2026:15:33:26 -0700] "POST /wp-cron.php?doing_wp_cron=1788993206.7680730819702148437500 HTTP/1.1" 200 - "-" "WordPress/6.6.7; http://dunbarconstructioninc.com"
34.196.51.17 - - [09/Sep/2026:15:33:26 -0700] "HEAD / HTTP/1.1" 200 - "http://dunbarconstructioninc.com/" "WPMUDEV Uptime Monitor 5.0 (https://wpmudev.com)"
144.208.65.39 - - [09/Sep/2026:15:35:26 -0700] "POST /wp-cron.php?doing_wp_cron=1788993326.6953558921813964843750 HTTP/1.1" 200 - "-" "WordPress/6.6.7; http://dunbarconstructioninc.com"
34.196.51.17 - - [09/Sep/2026:15:35:26 -0700] "HEAD / HTTP/1.1" 200 - "http://dunbarconstructioninc.com/" "WPMUDEV Uptime Monitor 5.0 (https://wpmudev.com)"
144.208.65.39 - - [09/Sep/2026:15:37:28 -0700] "POST /wp-cron.php?doing_wp_cron=1788993448.1200399398803710937500 HTTP/1.1" 200 - "-" "WordPress/6.6.7; http://dunbarconstructioninc.com"
34.196.51.17 - - [09/Sep/2026:15:37:27 -0700] "HEAD / HTTP/1.1" 200 - "http://dunbarconstructioninc.com/" "WPMUDEV Uptime Monitor 5.0 (https://wpmudev.com)"
109.107.186.106 - - [09/Sep/2026:15:37:39 -0700] "GET /assets/images/4b400ed857index.php HTTP/1.1" 200 5734 "http://dunbarconstructioninc.com/assets/images/accesson.php" "Mozilla/5.0 (X11; Linux x86_64) AppleWebKit/537.36 (KHTML, like Gecko) Chrome/52.0.2744.61 Safari/537.36"
109.107.186.106 - - [09/Sep/2026:15:37:39 -0700] "GET /assets/images/4b400ed857index.php HTTP/1.1" 200 5734 "http://dunbarconstructioninc.com/assets/images/4b400ed857index.php" "Mozilla/5.0 (X11; Linux x86_64) AppleWebKit/537.36 (KHTML, like Gecko) Chrome/52.0.2744.61 Safari/537.36"
109.107.186.106 - - [09/Sep/2026:15:37:39 -0700] "GET /assets/images/4b400ed857index.php HTTP/1.1" 200 5734 "http://dunbarconstructioninc.com/assets/images/4b400ed857index.php" "Mozilla/5.0 (X11; Linux x86_64) AppleWebKit/537.36 (KHTML, like Gecko) Chrome/52.0.2744.61 Safari/537.36"
109.107.178.102 - - [09/Sep/2026:15:38:41 -0700] "POST /assets/images/accesson.php HTTP/1.1" 200 16 "-" "Mozilla/5.0 (X11; Ubuntu; Linux x86_64; rv:51.0) Gecko/20100101 Firefox/51.0"
109.107.178.102 - - [09/Sep/2026:15:38:43 -0700] "POST /assets/images/accesson.php HTTP/1.1" 200 9 "http://dunbarconstructioninc.com/assets/images/accesson.php" "Mozilla/5.0 (X11; Ubuntu; Linux x86_64; rv:51.0) Gecko/20100101 Firefox/51.0"
109.107.178.102 - - [09/Sep/2026:15:38:43 -0700] "GET /assets/images/4b400ed857index.php HTTP/1.1" 200 5734 "http://dunbarconstructioninc.com/assets/images/accesson.php" "Mozilla/5.0 (X11; Ubuntu; Linux x86_64; rv:51.0) Gecko/20100101 Firefox/51.0"
109.107.178.102 - - [09/Sep/2026:15:38:44 -0700] "GET /assets/images/4b400ed857index.php HTTP/1.1" 200 5734 "http://dunbarconstructioninc.com/assets/images/4b400ed857index.php" "Mozilla/5.0 (X11; Ubuntu; Linux x86_64; rv:51.0) Gecko/20100101 Firefox/51.0"
109.107.178.102 - - [09/Sep/2026:15:38:44 -0700] "GET /assets/images/4b400ed857index.php HTTP/1.1" 200 5734 "http://dunbarconstructioninc.com/assets/images/4b400ed857index.php" "Mozilla/5.0 (X11; Ubuntu; Linux x86_64; rv:51.0) Gecko/20100101 Firefox/51.0"
144.208.65.39 - - [09/Sep/2026:15:39:26 -0700] "POST /wp-cron.php?doing_wp_cron=1788993566.3031759262084960937500 HTTP/1.1" 200 - "-" "WordPress/6.6.7; http://dunbarconstructioninc.com"
34.196.51.17 - - [09/Sep/2026:15:39:25 -0700] "HEAD / HTTP/1.1" 200 - "http://dunbarconstructioninc.com/" "WPMUDEV Uptime Monitor 5.0 (https://wpmudev.com)"
109.107.178.102 - - [09/Sep/2026:15:41:03 -0700] "POST /assets/images/accesson.php HTTP/1.1" 200 17 "-" "Mozilla/5.0 (Macintosh; Intel Mac OS X 10_9_0) AppleWebKit/537.36 (KHTML, like Gecko) Chrome/49.0.2632.13 Safari/537.36"
109.107.178.102 - - [09/Sep/2026:15:41:03 -0700] "GET /adman.607.txt HTTP/1.1" 200 6 "http://dunbarconstructioninc.com/assets/images/accesson.php" "Mozilla/5.0 (Macintosh; Intel Mac OS X 10_9_0) AppleWebKit/537.36 (KHTML, like Gecko) Chrome/49.0.2632.13 Safari/537.36"
144.208.65.39 - - [09/Sep/2026:15:41:07 -0700] "POST /wp-cron.php?doing_wp_cron=1788993667.0301620960235595703125 HTTP/1.1" 200 - "-" "WordPress/6.6.7; http://dunbarconstructioninc.com"
34.196.51.17 - - [09/Sep/2026:15:41:06 -0700] "HEAD / HTTP/1.1" 200 - "http://dunbarconstructioninc.com/" "WPMUDEV Uptime Monitor 5.0 (https://wpmudev.com)"
109.107.178.102 - - [09/Sep/2026:15:41:11 -0700] "POST /assets/images/accesson.php HTTP/1.1" 200 9 "http://dunbarconstructioninc.com/adman.607.txt" "Mozilla/5.0 (Macintosh; Intel Mac OS X 10_9_0) AppleWebKit/537.36 (KHTML, like Gecko) Chrome/49.0.2632.13 Safari/537.36"
109.107.178.102 - - [09/Sep/2026:15:41:12 -0700] "POST /assets/images/accesson.php HTTP/1.1" 200 9 "http://dunbarconstructioninc.com/assets/images/accesson.php" "Mozilla/5.0 (Macintosh; Intel Mac OS X 10_9_0) AppleWebKit/537.36 (KHTML, like Gecko) Chrome/49.0.2632.13 Safari/537.36"
193.29.139.203 - - [09/Sep/2026:15:42:13 -0700] "POST /assets/images/accesson.php HTTP/1.1" 200 17 "-" "Mozilla/5.0 (Macintosh; Intel Mac OS X 10.8; rv:51.0) Gecko/20100101 Firefox/51.0"
193.29.139.203 - - [09/Sep/2026:15:42:13 -0700] "GET /adman.982.txt HTTP/1.1" 200 6 "http://dunbarconstructioninc.com/assets/images/accesson.php" "Mozilla/5.0 (Macintosh; Intel Mac OS X 10.8; rv:51.0) Gecko/20100101 Firefox/51.0"
65.109.179.105 - - [09/Sep/2026:15:42:33 -0700] "POST /assets/images/accesson.php HTTP/1.1" 200 17 "-" "Mozilla/5.0 (Macintosh; Intel Mac OS X 10_12_0) AppleWebKit/537.36 (KHTML, like Gecko) Chrome/54.0.2879.89 Safari/537.36"
109.107.186.106 - - [09/Sep/2026:15:42:35 -0700] "POST /assets/images/accesson.php HTTP/1.1" 200 17 "-" "Mozilla/5.0 (Macintosh; Intel Mac OS X 10_8_5) AppleWebKit/537.36 (KHTML, like Gecko) Chrome/49.0.2642.28 Safari/537.36"
109.107.186.106 - - [09/Sep/2026:15:42:35 -0700] "GET /adman.870.txt HTTP/1.1" 200 6 "http://dunbarconstructioninc.com/assets/images/accesson.php" "Mozilla/5.0 (Macintosh; Intel Mac OS X 10_8_5) AppleWebKit/537.36 (KHTML, like Gecko) Chrome/49.0.2642.28 Safari/537.36"
109.107.186.106 - - [09/Sep/2026:15:42:35 -0700] "POST /assets/images/accesson.php HTTP/1.1" 200 9 "http://dunbarconstructioninc.com/adman.870.txt" "Mozilla/5.0 (Macintosh; Intel Mac OS X 10_8_5) AppleWebKit/537.36 (KHTML, like Gecko) Chrome/49.0.2642.28 Safari/537.36"
109.107.186.106 - - [09/Sep/2026:15:42:36 -0700] "POST /assets/images/accesson.php HTTP/1.1" 200 9 "http://dunbarconstructioninc.com/assets/images/accesson.php" "Mozilla/5.0 (Macintosh; Intel Mac OS X 10_8_5) AppleWebKit/537.36 (KHTML, like Gecko) Chrome/49.0.2642.28 Safari/537.36"
193.29.139.203 - - [09/Sep/2026:15:42:48 -0700] "POST /assets/images/accesson.php HTTP/1.1" 200 9 "http://dunbarconstructioninc.com/adman.982.txt" "Mozilla/5.0 (Macintosh; Intel Mac OS X 10.8; rv:51.0) Gecko/20100101 Firefox/51.0"
193.29.139.203 - - [09/Sep/2026:15:42:49 -0700] "POST /assets/images/accesson.php HTTP/1.1" 200 9 "http://dunbarconstructioninc.com/assets/images/accesson.php" "Mozilla/5.0 (Macintosh; Intel Mac OS X 10.8; rv:51.0) Gecko/20100101 Firefox/51.0"
109.107.186.106 - - [09/Sep/2026:15:43:01 -0700] "POST /assets/images/accesson.php HTTP/1.1" 200 9 "http://dunbarconstructioninc.com/assets/images/accesson.php" "Mozilla/5.0 (Macintosh; Intel Mac OS X 10_8_5) AppleWebKit/537.36 (KHTML, like Gecko) Chrome/49.0.2642.28 Safari/537.36"
193.29.139.203 - - [09/Sep/2026:15:43:20 -0700] "POST /assets/images/accesson.php HTTP/1.1" 200 9 "http://dunbarconstructioninc.com/assets/images/accesson.php" "Mozilla/5.0 (Macintosh; Intel Mac OS X 10.8; rv:51.0) Gecko/20100101 Firefox/51.0"
92.255.209.234 - - [09/Sep/2026:15:43:23 -0700] "POST /assets/images/accesson.php HTTP/1.1" 200 17 "-" "Mozilla/5.0 (Windows NT 5.1; rv:45.0) Gecko/20100101 Firefox/45.0"
144.208.65.39 - - [09/Sep/2026:15:43:27 -0700] "POST /wp-cron.php?doing_wp_cron=1788993807.2282509803771972656250 HTTP/1.1" 200 - "-" "WordPress/6.6.7; http://dunbarconstructioninc.com"
34.196.51.17 - - [09/Sep/2026:15:43:26 -0700] "HEAD / HTTP/1.1" 200 - "http://dunbarconstructioninc.com/" "WPMUDEV Uptime Monitor 5.0 (https://wpmudev.com)"
193.29.139.203 - - [09/Sep/2026:15:43:35 -0700] "POST /assets/images/accesson.php HTTP/1.1" 200 9 "http://dunbarconstructioninc.com/assets/images/accesson.php" "Mozilla/5.0 (Macintosh; Intel Mac OS X 10.8; rv:51.0) Gecko/20100101 Firefox/51.0"
193.29.139.203 - - [09/Sep/2026:15:43:37 -0700] "POST /assets/images/accesson.php HTTP/1.1" 200 9 "http://dunbarconstructioninc.com/assets/images/accesson.php" "Mozilla/5.0 (Macintosh; Intel Mac OS X 10.8; rv:51.0) Gecko/20100101 Firefox/51.0"
109.107.186.106 - - [09/Sep/2026:15:43:57 -0700] "POST /assets/images/accesson.php HTTP/1.1" 200 9 "http://dunbarconstructioninc.com/assets/images/accesson.php" "Mozilla/5.0 (Macintosh; Intel Mac OS X 10_8_5) AppleWebKit/537.36 (KHTML, like Gecko) Chrome/49.0.2642.28 Safari/537.36"
109.107.186.106 - - [09/Sep/2026:15:44:02 -0700] "POST /assets/images/accesson.php HTTP/1.1" 200 9 "http://dunbarconstructioninc.com/assets/images/accesson.php" "Mozilla/5.0 (Macintosh; Intel Mac OS X 10_8_5) AppleWebKit/537.36 (KHTML, like Gecko) Chrome/49.0.2642.28 Safari/537.36"
65.109.179.105 - - [09/Sep/2026:15:44:19 -0700] "GET /assets/images/accesson.php HTTP/1.1" 200 7 "-" "Mozilla/5.0 (Windows NT 10.0) AppleWebKit/537.36 (KHTML, like Gecko) Chrome/49.0.2656.24 Safari/537.36"
65.109.179.105 - - [09/Sep/2026:15:44:20 -0700] "POST /assets/images/accesson.php HTTP/1.1" 200 9 "http://dunbarconstructioninc.com/assets/images/accesson.php" "Mozilla/5.0 (Windows NT 10.0) AppleWebKit/537.36 (KHTML, like Gecko) Chrome/49.0.2656.24 Safari/537.36"
65.109.179.105 - - [09/Sep/2026:15:45:17 -0700] "GET /adman.675.txt HTTP/1.1" 200 6 "http://dunbarconstructioninc.com/assets/images/accesson.php" "Mozilla/5.0 (Macintosh; Intel Mac OS X 10_12_0) AppleWebKit/537.36 (KHTML, like Gecko) Chrome/54.0.2879.89 Safari/537.36"
65.109.179.105 - - [09/Sep/2026:15:45:19 -0700] "POST /assets/images/accesson.php HTTP/1.1" 200 9 "http://dunbarconstructioninc.com/adman.675.txt" "Mozilla/5.0 (Macintosh; Intel Mac OS X 10_12_0) AppleWebKit/537.36 (KHTML, like Gecko) Chrome/54.0.2879.89 Safari/537.36"
92.255.209.234 - - [09/Sep/2026:15:45:21 -0700] "GET /adman.187.txt HTTP/1.1" 200 5 "http://dunbarconstructioninc.com/assets/images/accesson.php" "Mozilla/5.0 (Windows NT 5.1; rv:45.0) Gecko/20100101 Firefox/45.0"
92.255.209.234 - - [09/Sep/2026:15:45:21 -0700] "POST /assets/images/accesson.php HTTP/1.1" 200 9 "http://dunbarconstructioninc.com/adman.187.txt" "Mozilla/5.0 (Windows NT 5.1; rv:45.0) Gecko/20100101 Firefox/45.0"
144.208.65.39 - - [09/Sep/2026:15:45:28 -0700] "POST /wp-cron.php?doing_wp_cron=1788993928.3318889141082763671875 HTTP/1.1" 200 - "-" "WordPress/6.6.7; http://dunbarconstructioninc.com"
34.196.51.17 - - [09/Sep/2026:15:45:27 -0700] "HEAD / HTTP/1.1" 200 - "http://dunbarconstructioninc.com/" "WPMUDEV Uptime Monitor 5.0 (https://wpmudev.com)"
92.255.209.234 - - [09/Sep/2026:15:46:19 -0700] "POST /assets/images/accesson.php HTTP/1.1" 200 9 "http://dunbarconstructioninc.com/assets/images/accesson.php" "Mozilla/5.0 (Windows NT 5.1; rv:45.0) Gecko/20100101 Firefox/45.0"
92.255.209.234 - - [09/Sep/2026:15:46:20 -0700] "POST /assets/images/accesson.php HTTP/1.1" 200 9 "http://dunbarconstructioninc.com/assets/images/accesson.php" "Mozilla/5.0 (Windows NT 5.1; rv:45.0) Gecko/20100101 Firefox/45.0"
144.208.65.39 - - [09/Sep/2026:15:47:28 -0700] "POST /wp-cron.php?doing_wp_cron=1788994048.5290300846099853515625 HTTP/1.1" 200 - "-" "WordPress/6.6.7; http://dunbarconstructioninc.com"
34.196.51.17 - - [09/Sep/2026:15:47:28 -0700] "HEAD / HTTP/1.1" 200 - "http://dunbarconstructioninc.com/" "WPMUDEV Uptime Monitor 5.0 (https://wpmudev.com)"
65.109.179.105 - - [09/Sep/2026:15:48:16 -0700] "POST /assets/images/accesson.php HTTP/1.1" 200 9 "http://dunbarconstructioninc.com/assets/images/accesson.php" "Mozilla/5.0 (Macintosh; Intel Mac OS X 10_12_0) AppleWebKit/537.36 (KHTML, like Gecko) Chrome/54.0.2879.89 Safari/537.36"
65.109.179.105 - - [09/Sep/2026:15:48:17 -0700] "POST /assets/images/accesson.php HTTP/1.1" 200 9 "http://dunbarconstructioninc.com/assets/images/accesson.php" "Mozilla/5.0 (Macintosh; Intel Mac OS X 10_12_0) AppleWebKit/537.36 (KHTML, like Gecko) Chrome/54.0.2879.89 Safari/537.36"
65.109.179.105 - - [09/Sep/2026:15:48:17 -0700] "POST /assets/images/accesson.php HTTP/1.1" 200 9 "http://dunbarconstructioninc.com/assets/images/accesson.php" "Mozilla/5.0 (Macintosh; Intel Mac OS X 10_12_0) AppleWebKit/537.36 (KHTML, like Gecko) Chrome/54.0.2879.89 Safari/537.36"
65.109.179.105 - - [09/Sep/2026:15:48:20 -0700] "POST /assets/images/accesson.php HTTP/1.1" 200 9 "http://dunbarconstructioninc.com/assets/images/accesson.php" "Mozilla/5.0 (Macintosh; Intel Mac OS X 10_12_0) AppleWebKit/537.36 (KHTML, like Gecko) Chrome/54.0.2879.89 Safari/537.36"
144.208.65.39 - - [09/Sep/2026:15:49:12 -0700] "GET /.well-known/acme-challenge/MA9_T8L7-OGCRUVC6MT85OGT-ZYRJA4X HTTP/1.1" 200 64 "-" "Cpanel-HTTP-Client/1.0"
144.208.65.39 - - [09/Sep/2026:15:49:12 -0700] "GET /.well-known/acme-challenge/OCOLY2QOY8MN1VYL9DPEOIKFLTH4S8-P HTTP/1.1" 200 64 "-" "Cpanel-HTTP-Client/1.0"
144.208.65.39 - - [09/Sep/2026:15:49:12 -0700] "GET /.well-known/acme-challenge/K2NZDSVGOWGZRM8CJPUYV3XDHGD-Q10O HTTP/1.1" 200 64 "-" "Cpanel-HTTP-Client/1.0"
144.208.65.39 - - [09/Sep/2026:15:49:12 -0700] "GET /.well-known/acme-challenge/DYGC8BILHDQ11RQWVLMW1T5BUQLHSK8L HTTP/1.1" 200 64 "-" "Cpanel-HTTP-Client/1.0"
144.208.65.39 - - [09/Sep/2026:15:49:27 -0700] "POST /wp-cron.php?doing_wp_cron=1788994167.8333630561828613281250 HTTP/1.1" 200 - "-" "WordPress/6.6.7; http://dunbarconstructioninc.com"
34.196.51.17 - - [09/Sep/2026:15:49:27 -0700] "HEAD / HTTP/1.1" 200 - "http://dunbarconstructioninc.com/" "WPMUDEV Uptime Monitor 5.0 (https://wpmudev.com)"
31.56.189.27 - - [09/Sep/2026:15:49:47 -0700] "POST /assets/images/accesson.php HTTP/1.1" 200 17 "-" "Mozilla/5.0 (Macintosh; Intel Mac OS X 10.8; rv:51.0) Gecko/20100101 Firefox/51.0"
31.56.189.27 - - [09/Sep/2026:15:49:48 -0700] "GET /adman.288.txt HTTP/1.1" 200 5 "http://dunbarconstructioninc.com/assets/images/accesson.php" "Mozilla/5.0 (Macintosh; Intel Mac OS X 10.8; rv:51.0) Gecko/20100101 Firefox/51.0"
31.56.189.27 - - [09/Sep/2026:15:49:48 -0700] "POST /assets/images/accesson.php HTTP/1.1" 200 9 "http://dunbarconstructioninc.com/adman.288.txt" "Mozilla/5.0 (Macintosh; Intel Mac OS X 10.8; rv:51.0) Gecko/20100101 Firefox/51.0"
