202.51.199.2 - - [09/Sep/2026:22:03:13 -0700] "POST /xmlrpc.php HTTP/1.1" 200 403 "-" "Mozilla/5.0 (Windows NT 10.0; Win64; x64) AppleWebKit/537.36 (KHTML, like Gecko) Chrome/119.0.0.0 Safari/537.36"
202.51.199.2 - - [09/Sep/2026:22:03:14 -0700] "POST /xmlrpc.php HTTP/1.1" 200 403 "-" "Mozilla/5.0 (Linux; Android 14; SM-G998B) AppleWebKit/537.36 (KHTML, like Gecko) Chrome/121.0.0.0 Mobile Safari/537.36"
202.51.199.2 - - [09/Sep/2026:22:03:15 -0700] "POST /xmlrpc.php HTTP/1.1" 200 403 "-" "Mozilla/5.0 (Windows NT 11.0; Win64; x64) AppleWebKit/537.36 (KHTML, like Gecko) Chrome/120.0.0.0 Safari/537.36"
202.51.199.2 - - [09/Sep/2026:22:03:16 -0700] "POST /xmlrpc.php HTTP/1.1" 200 403 "-" "Mozilla/5.0 (Linux; Android 14; SM-S918B) AppleWebKit/537.36 (KHTML, like Gecko) Chrome/120.0.0.0 Mobile Safari/537.36"
202.51.199.2 - - [09/Sep/2026:22:03:17 -0700] "POST /xmlrpc.php HTTP/1.1" 200 403 "-" "Mozilla/5.0 (Windows NT 10.0; Win64; x64) AppleWebKit/537.36 (KHTML, like Gecko) Edge/119.0.2151.97"
144.208.65.39 - - [09/Sep/2026:22:03:18 -0700] "POST /wp-cron.php?doing_wp_cron=1789016598.2447009086608886718750 HTTP/1.1" 200 - "-" "WordPress/6.6.7; http://dunbarconstructioninc.com"
202.51.199.2 - - [09/Sep/2026:22:03:17 -0700] "POST /xmlrpc.php HTTP/1.1" 200 403 "-" "Mozilla/5.0 (X11; Linux x86_64) AppleWebKit/537.36 (KHTML, like Gecko) Chrome/120.0.0.0 Safari/537.36"
202.51.199.2 - - [09/Sep/2026:22:03:18 -0700] "POST /xmlrpc.php HTTP/1.1" 200 403 "-" "Mozilla/5.0 (Linux; Android 14; SM-S918B) AppleWebKit/537.36 (KHTML, like Gecko) Chrome/120.0.0.0 Mobile Safari/537.36"
202.51.199.2 - - [09/Sep/2026:22:03:19 -0700] "POST /xmlrpc.php HTTP/1.1" 200 403 "-" "Mozilla/5.0 (iPhone; CPU iPhone OS 17_1 like Mac OS X) AppleWebKit/605.1.15 (KHTML, like Gecko) Version/17.1 Mobile/15E148 Safari/604.1"
202.51.199.2 - - [09/Sep/2026:22:03:20 -0700] "POST /xmlrpc.php HTTP/1.1" 200 403 "-" "Mozilla/5.0 (Windows NT 10.0; Win64; x64) AppleWebKit/537.36 (KHTML, like Gecko) Chrome/119.0.0.0 Safari/537.36"
202.51.199.2 - - [09/Sep/2026:22:03:21 -0700] "POST /xmlrpc.php HTTP/1.1" 200 403 "-" "Mozilla/5.0 (Macintosh; Intel Mac OS X 14_3) AppleWebKit/537.36 (KHTML, like Gecko) Chrome/121.0.0.0 Safari/537.36"
202.51.199.2 - - [09/Sep/2026:22:03:22 -0700] "POST /xmlrpc.php HTTP/1.1" 200 403 "-" "Mozilla/5.0 (Windows NT 10.0; Win64; x64) AppleWebKit/537.36 (KHTML, like Gecko) Chrome/120.0.0.0 Safari/537.36"
202.51.199.2 - - [09/Sep/2026:22:03:23 -0700] "POST /xmlrpc.php HTTP/1.1" 200 403 "-" "Mozilla/5.0 (Windows NT 10.0; Win64; x64) AppleWebKit/537.36 (KHTML, like Gecko) Chrome/120.0.0.0 Safari/537.36"
202.51.199.2 - - [09/Sep/2026:22:03:24 -0700] "POST /xmlrpc.php HTTP/1.1" 200 403 "-" "Mozilla/5.0 (Windows NT 10.0; Win64; x64; rv:120.0) Gecko/20100101 Firefox/120.0"
202.51.199.2 - - [09/Sep/2026:22:03:25 -0700] "POST /xmlrpc.php HTTP/1.1" 200 403 "-" "Mozilla/5.0 (Linux; Android 13; Pixel 7) AppleWebKit/537.36 (KHTML, like Gecko) Chrome/119.0.0.0 Mobile Safari/537.36"
202.51.199.2 - - [09/Sep/2026:22:03:26 -0700] "POST /xmlrpc.php HTTP/1.1" 200 403 "-" "Mozilla/5.0 (Windows NT 10.0; Win64; x64) AppleWebKit/537.36 (KHTML, like Gecko) Edge/119.0.2151.97"
202.51.199.2 - - [09/Sep/2026:22:03:27 -0700] "POST /xmlrpc.php HTTP/1.1" 200 403 "-" "Mozilla/5.0 (Windows NT 10.0; Win64; x64) AppleWebKit/537.36 (KHTML, like Gecko) Edge/120.0.2210.91"
202.51.199.2 - - [09/Sep/2026:22:03:27 -0700] "POST /xmlrpc.php HTTP/1.1" 200 403 "-" "Mozilla/5.0 (Macintosh; Intel Mac OS X 14_2) AppleWebKit/537.36 (KHTML, like Gecko) Chrome/120.0.0.0 Safari/537.36"
202.51.199.2 - - [09/Sep/2026:22:03:28 -0700] "POST /xmlrpc.php HTTP/1.1" 200 403 "-" "Mozilla/5.0 (Macintosh; Intel Mac OS X 14_2_1) AppleWebKit/537.36 (KHTML, like Gecko) Chrome/120.0.0.0 Safari/537.36"
202.51.199.2 - - [09/Sep/2026:22:03:29 -0700] "POST /xmlrpc.php HTTP/1.1" 200 403 "-" "Mozilla/5.0 (Linux; Android 14; SM-S918B) AppleWebKit/537.36 (KHTML, like Gecko) Chrome/120.0.0.0 Mobile Safari/537.36"
202.51.199.2 - - [09/Sep/2026:22:03:30 -0700] "POST /xmlrpc.php HTTP/1.1" 200 403 "-" "Mozilla/5.0 (Linux; Android 14; SM-S918B) AppleWebKit/537.36 (KHTML, like Gecko) Chrome/120.0.0.0 Mobile Safari/537.36"
202.51.199.2 - - [09/Sep/2026:22:03:31 -0700] "POST /xmlrpc.php HTTP/1.1" 200 403 "-" "Mozilla/5.0 (Windows NT 10.0; Win64; x64; rv:121.0) Gecko/20100101 Firefox/121.0"
34.196.51.17 - - [09/Sep/2026:22:03:32 -0700] "HEAD / HTTP/1.1" 200 - "http://dunbarconstructioninc.com/" "WPMUDEV Uptime Monitor 5.0 (https://wpmudev.com)"
202.51.199.2 - - [09/Sep/2026:22:03:33 -0700] "POST /xmlrpc.php HTTP/1.1" 200 403 "-" "Mozilla/5.0 (Linux; Android 13; Pixel 7) AppleWebKit/537.36 (KHTML, like Gecko) Chrome/119.0.0.0 Mobile Safari/537.36"
202.51.199.2 - - [09/Sep/2026:22:03:34 -0700] "POST /xmlrpc.php HTTP/1.1" 200 403 "-" "Mozilla/5.0 (Windows NT 10.0; Win64; x64) AppleWebKit/537.36 (KHTML, like Gecko) Chrome/119.0.0.0 Safari/537.36"
202.51.199.2 - - [09/Sep/2026:22:03:35 -0700] "POST /xmlrpc.php HTTP/1.1" 200 403 "-" "Mozilla/5.0 (Macintosh; Intel Mac OS X 14_2_1) AppleWebKit/537.36 (KHTML, like Gecko) Chrome/120.0.0.0 Safari/537.36"
202.51.199.2 - - [09/Sep/2026:22:03:35 -0700] "POST /xmlrpc.php HTTP/1.1" 200 403 "-" "Mozilla/5.0 (Linux; Android 14; SM-S918B) AppleWebKit/537.36 (KHTML, like Gecko) Chrome/120.0.0.0 Mobile Safari/537.36"
202.51.199.2 - - [09/Sep/2026:22:03:36 -0700] "POST /xmlrpc.php HTTP/1.1" 200 403 "-" "Mozilla/5.0 (X11; Ubuntu; Linux x86_64; rv:121.0) Gecko/20100101 Firefox/121.0"
202.51.199.2 - - [09/Sep/2026:22:03:37 -0700] "POST /xmlrpc.php HTTP/1.1" 200 403 "-" "Mozilla/5.0 (X11; Linux x86_64) AppleWebKit/537.36 (KHTML, like Gecko) Chrome/120.0.0.0 Safari/537.36"
202.51.199.2 - - [09/Sep/2026:22:03:38 -0700] "POST /xmlrpc.php HTTP/1.1" 200 403 "-" "Mozilla/5.0 (iPhone; CPU iPhone OS 17_1 like Mac OS X) AppleWebKit/605.1.15 (KHTML, like Gecko) Version/17.1 Mobile/15E148 Safari/604.1"
202.51.199.2 - - [09/Sep/2026:22:03:39 -0700] "POST /xmlrpc.php HTTP/1.1" 200 403 "-" "Mozilla/5.0 (Windows NT 10.0; Win64; x64; rv:120.0) Gecko/20100101 Firefox/120.0"
202.51.199.2 - - [09/Sep/2026:22:03:40 -0700] "POST /xmlrpc.php HTTP/1.1" 200 403 "-" "Mozilla/5.0 (Windows NT 10.0; Win64; x64; rv:121.0) Gecko/20100101 Firefox/121.0"
202.51.199.2 - - [09/Sep/2026:22:03:41 -0700] "POST /xmlrpc.php HTTP/1.1" 200 403 "-" "Mozilla/5.0 (Macintosh; Intel Mac OS X 14_1) AppleWebKit/605.1.15 (KHTML, like Gecko) Version/17.0 Safari/605.1.15"
202.51.199.2 - - [09/Sep/2026:22:03:41 -0700] "POST /xmlrpc.php HTTP/1.1" 200 403 "-" "Mozilla/5.0 (Windows NT 11.0; Win64; x64) AppleWebKit/537.36 (KHTML, like Gecko) Chrome/121.0.0.0 Safari/537.36"
202.51.199.2 - - [09/Sep/2026:22:03:42 -0700] "POST /xmlrpc.php HTTP/1.1" 200 403 "-" "Mozilla/5.0 (Windows NT 10.0; Win64; x64) AppleWebKit/537.36 (KHTML, like Gecko) Edge/120.0.2210.91"
202.51.199.2 - - [09/Sep/2026:22:03:43 -0700] "POST /xmlrpc.php HTTP/1.1" 200 403 "-" "Mozilla/5.0 (Windows NT 10.0; Win64; x64) AppleWebKit/537.36 (KHTML, like Gecko) Chrome/120.0.0.0 Safari/537.36"
202.51.199.2 - - [09/Sep/2026:22:03:44 -0700] "POST /xmlrpc.php HTTP/1.1" 200 403 "-" "Mozilla/5.0 (Linux; Android 14; SM-S918B) AppleWebKit/537.36 (KHTML, like Gecko) Chrome/120.0.0.0 Mobile Safari/537.36"
202.51.199.2 - - [09/Sep/2026:22:03:45 -0700] "POST /xmlrpc.php HTTP/1.1" 200 403 "-" "Mozilla/5.0 (Macintosh; Intel Mac OS X 14_1) AppleWebKit/605.1.15 (KHTML, like Gecko) Version/17.0 Safari/605.1.15"
202.51.199.2 - - [09/Sep/2026:22:03:46 -0700] "POST /xmlrpc.php HTTP/1.1" 200 403 "-" "Mozilla/5.0 (Linux; Android 13; Pixel 7) AppleWebKit/537.36 (KHTML, like Gecko) Chrome/119.0.0.0 Mobile Safari/537.36"
202.51.199.2 - - [09/Sep/2026:22:03:47 -0700] "POST /xmlrpc.php HTTP/1.1" 200 403 "-" "Mozilla/5.0 (Windows NT 11.0; Win64; x64) AppleWebKit/537.36 (KHTML, like Gecko) Chrome/121.0.0.0 Safari/537.36"
202.51.199.2 - - [09/Sep/2026:22:03:47 -0700] "POST /xmlrpc.php HTTP/1.1" 200 403 "-" "Mozilla/5.0 (Linux; Android 13; Pixel 7) AppleWebKit/537.36 (KHTML, like Gecko) Chrome/119.0.0.0 Mobile Safari/537.36"
202.51.199.2 - - [09/Sep/2026:22:03:48 -0700] "POST /xmlrpc.php HTTP/1.1" 200 403 "-" "Mozilla/5.0 (Windows NT 11.0; Win64; x64) AppleWebKit/537.36 (KHTML, like Gecko) Chrome/120.0.0.0 Safari/537.36"
202.51.199.2 - - [09/Sep/2026:22:03:49 -0700] "POST /xmlrpc.php HTTP/1.1" 200 403 "-" "Mozilla/5.0 (iPhone; CPU iPhone OS 17_2 like Mac OS X) AppleWebKit/605.1.15 (KHTML, like Gecko) Version/17.2 Mobile/15E148 Safari/604.1"
202.51.199.2 - - [09/Sep/2026:22:03:50 -0700] "POST /xmlrpc.php HTTP/1.1" 200 403 "-" "Mozilla/5.0 (Linux; Android 14; SM-S918B) AppleWebKit/537.36 (KHTML, like Gecko) Chrome/120.0.0.0 Mobile Safari/537.36"
202.51.199.2 - - [09/Sep/2026:22:03:51 -0700] "POST /xmlrpc.php HTTP/1.1" 200 403 "-" "Mozilla/5.0 (Windows NT 10.0; Win64; x64) AppleWebKit/537.36 (KHTML, like Gecko) Chrome/120.0.0.0 Safari/537.36"
202.51.199.2 - - [09/Sep/2026:22:03:52 -0700] "POST /xmlrpc.php HTTP/1.1" 200 403 "-" "Mozilla/5.0 (Linux; Android 14; SM-G998B) AppleWebKit/537.36 (KHTML, like Gecko) Chrome/121.0.0.0 Mobile Safari/537.36"
202.51.199.2 - - [09/Sep/2026:22:03:52 -0700] "POST /xmlrpc.php HTTP/1.1" 200 403 "-" "Mozilla/5.0 (Windows NT 10.0; Win64; x64; rv:121.0) Gecko/20100101 Firefox/121.0"
202.51.199.2 - - [09/Sep/2026:22:03:53 -0700] "POST /xmlrpc.php HTTP/1.1" 200 403 "-" "Mozilla/5.0 (Linux; Android 14; SM-G998B) AppleWebKit/537.36 (KHTML, like Gecko) Chrome/121.0.0.0 Mobile Safari/537.36"
202.51.199.2 - - [09/Sep/2026:22:03:54 -0700] "POST /xmlrpc.php HTTP/1.1" 200 403 "-" "Mozilla/5.0 (iPhone; CPU iPhone OS 17_2 like Mac OS X) AppleWebKit/605.1.15 (KHTML, like Gecko) Version/17.2 Mobile/15E148 Safari/604.1"
202.51.199.2 - - [09/Sep/2026:22:03:55 -0700] "POST /xmlrpc.php HTTP/1.1" 200 403 "-" "Mozilla/5.0 (Macintosh; Intel Mac OS X 14_3) AppleWebKit/537.36 (KHTML, like Gecko) Chrome/121.0.0.0 Safari/537.36"
202.51.199.2 - - [09/Sep/2026:22:03:56 -0700] "POST /xmlrpc.php HTTP/1.1" 200 403 "-" "Mozilla/5.0 (Windows NT 10.0; Win64; x64; rv:120.0) Gecko/20100101 Firefox/120.0"
202.51.199.2 - - [09/Sep/2026:22:03:57 -0700] "POST /xmlrpc.php HTTP/1.1" 200 403 "-" "Mozilla/5.0 (Macintosh; Intel Mac OS X 14_1) AppleWebKit/605.1.15 (KHTML, like Gecko) Version/17.0 Safari/605.1.15"
202.51.199.2 - - [09/Sep/2026:22:03:58 -0700] "POST /xmlrpc.php HTTP/1.1" 200 403 "-" "Mozilla/5.0 (Windows NT 10.0; Win64; x64) AppleWebKit/537.36 (KHTML, like Gecko) Chrome/119.0.0.0 Safari/537.36"
202.51.199.2 - - [09/Sep/2026:22:03:58 -0700] "POST /xmlrpc.php HTTP/1.1" 200 403 "-" "Mozilla/5.0 (Windows NT 10.0; Win64; x64) AppleWebKit/537.36 (KHTML, like Gecko) Chrome/119.0.0.0 Safari/537.36"
202.51.199.2 - - [09/Sep/2026:22:03:59 -0700] "POST /xmlrpc.php HTTP/1.1" 200 403 "-" "Mozilla/5.0 (Macintosh; Intel Mac OS X 14_3) AppleWebKit/537.36 (KHTML, like Gecko) Chrome/121.0.0.0 Safari/537.36"
202.51.199.2 - - [09/Sep/2026:22:04:00 -0700] "POST /xmlrpc.php HTTP/1.1" 200 403 "-" "Mozilla/5.0 (Windows NT 10.0; Win64; x64) AppleWebKit/537.36 (KHTML, like Gecko) Edge/120.0.2210.91"
202.51.199.2 - - [09/Sep/2026:22:04:01 -0700] "POST /xmlrpc.php HTTP/1.1" 200 403 "-" "Mozilla/5.0 (Windows NT 10.0; Win64; x64; rv:121.0) Gecko/20100101 Firefox/121.0"
202.51.199.2 - - [09/Sep/2026:22:04:02 -0700] "POST /xmlrpc.php HTTP/1.1" 200 403 "-" "Mozilla/5.0 (Windows NT 10.0; Win64; x64) AppleWebKit/537.36 (KHTML, like Gecko) Chrome/120.0.0.0 Safari/537.36"
202.51.199.2 - - [09/Sep/2026:22:04:03 -0700] "POST /xmlrpc.php HTTP/1.1" 200 403 "-" "Mozilla/5.0 (Windows NT 10.0; Win64; x64) AppleWebKit/537.36 (KHTML, like Gecko) Chrome/120.0.0.0 Safari/537.36"
202.51.199.2 - - [09/Sep/2026:22:04:04 -0700] "POST /xmlrpc.php HTTP/1.1" 200 403 "-" "Mozilla/5.0 (Linux; Android 14; SM-G998B) AppleWebKit/537.36 (KHTML, like Gecko) Chrome/121.0.0.0 Mobile Safari/537.36"
202.51.199.2 - - [09/Sep/2026:22:04:04 -0700] "POST /xmlrpc.php HTTP/1.1" 200 403 "-" "Mozilla/5.0 (Windows NT 10.0; Win64; x64; rv:120.0) Gecko/20100101 Firefox/120.0"
202.51.199.2 - - [09/Sep/2026:22:04:05 -0700] "POST /xmlrpc.php HTTP/1.1" 200 403 "-" "Mozilla/5.0 (Windows NT 10.0; Win64; x64) AppleWebKit/537.36 (KHTML, like Gecko) Edge/119.0.2151.97"
202.51.199.2 - - [09/Sep/2026:22:04:06 -0700] "POST /xmlrpc.php HTTP/1.1" 200 403 "-" "Mozilla/5.0 (Windows NT 10.0; Win64; x64) AppleWebKit/537.36 (KHTML, like Gecko) Chrome/119.0.0.0 Safari/537.36"
202.51.199.2 - - [09/Sep/2026:22:04:07 -0700] "POST /xmlrpc.php HTTP/1.1" 200 403 "-" "Mozilla/5.0 (iPhone; CPU iPhone OS 17_1 like Mac OS X) AppleWebKit/605.1.15 (KHTML, like Gecko) Version/17.1 Mobile/15E148 Safari/604.1"
202.51.199.2 - - [09/Sep/2026:22:04:08 -0700] "POST /xmlrpc.php HTTP/1.1" 200 403 "-" "Mozilla/5.0 (Linux; Android 13; Pixel 7) AppleWebKit/537.36 (KHTML, like Gecko) Chrome/119.0.0.0 Mobile Safari/537.36"
202.51.199.2 - - [09/Sep/2026:22:04:09 -0700] "POST /xmlrpc.php HTTP/1.1" 200 403 "-" "Mozilla/5.0 (Windows NT 10.0; Win64; x64) AppleWebKit/537.36 (KHTML, like Gecko) Chrome/120.0.0.0 Safari/537.36"
202.51.199.2 - - [09/Sep/2026:22:04:10 -0700] "POST /xmlrpc.php HTTP/1.1" 200 403 "-" "Mozilla/5.0 (Windows NT 10.0; Win64; x64; rv:121.0) Gecko/20100101 Firefox/121.0"
202.51.199.2 - - [09/Sep/2026:22:04:11 -0700] "POST /xmlrpc.php HTTP/1.1" 200 403 "-" "Mozilla/5.0 (Macintosh; Intel Mac OS X 14_2_1) AppleWebKit/605.1.15 (KHTML, like Gecko) Version/17.1 Safari/605.1.15"
202.51.199.2 - - [09/Sep/2026:22:04:14 -0700] "POST /xmlrpc.php HTTP/1.1" 200 403 "-" "Mozilla/5.0 (Windows NT 11.0; Win64; x64) AppleWebKit/537.36 (KHTML, like Gecko) Chrome/121.0.0.0 Safari/537.36"
202.51.199.2 - - [09/Sep/2026:22:04:15 -0700] "POST /xmlrpc.php HTTP/1.1" 200 403 "-" "Mozilla/5.0 (iPhone; CPU iPhone OS 17_2 like Mac OS X) AppleWebKit/605.1.15 (KHTML, like Gecko) Version/17.2 Mobile/15E148 Safari/604.1"
202.51.199.2 - - [09/Sep/2026:22:04:16 -0700] "POST /xmlrpc.php HTTP/1.1" 200 403 "-" "Mozilla/5.0 (X11; Linux x86_64) AppleWebKit/537.36 (KHTML, like Gecko) Chrome/120.0.0.0 Safari/537.36"
202.51.199.2 - - [09/Sep/2026:22:04:17 -0700] "POST /xmlrpc.php HTTP/1.1" 200 403 "-" "Mozilla/5.0 (iPhone; CPU iPhone OS 17_1 like Mac OS X) AppleWebKit/605.1.15 (KHTML, like Gecko) Version/17.1 Mobile/15E148 Safari/604.1"
144.208.65.39 - - [09/Sep/2026:22:04:18 -0700] "POST /wp-cron.php?doing_wp_cron=1789016658.7646789550781250000000 HTTP/1.1" 200 - "-" "WordPress/6.6.7; http://dunbarconstructioninc.com"
202.51.199.2 - - [09/Sep/2026:22:04:18 -0700] "POST /xmlrpc.php HTTP/1.1" 200 403 "-" "Mozilla/5.0 (Linux; Android 13; Pixel 7) AppleWebKit/537.36 (KHTML, like Gecko) Chrome/119.0.0.0 Mobile Safari/537.36"
202.51.199.2 - - [09/Sep/2026:22:04:19 -0700] "POST /xmlrpc.php HTTP/1.1" 200 403 "-" "Mozilla/5.0 (Windows NT 10.0; Win64; x64; rv:120.0) Gecko/20100101 Firefox/120.0"
202.51.199.2 - - [09/Sep/2026:22:04:20 -0700] "POST /xmlrpc.php HTTP/1.1" 200 403 "-" "Mozilla/5.0 (Linux; Android 13; Pixel 7) AppleWebKit/537.36 (KHTML, like Gecko) Chrome/119.0.0.0 Mobile Safari/537.36"
202.51.199.2 - - [09/Sep/2026:22:04:21 -0700] "POST /xmlrpc.php HTTP/1.1" 200 403 "-" "Mozilla/5.0 (iPhone; CPU iPhone OS 17_2 like Mac OS X) AppleWebKit/605.1.15 (KHTML, like Gecko) Version/17.2 Mobile/15E148 Safari/604.1"
202.51.199.2 - - [09/Sep/2026:22:04:21 -0700] "POST /xmlrpc.php HTTP/1.1" 200 403 "-" "Mozilla/5.0 (Windows NT 11.0; Win64; x64) AppleWebKit/537.36 (KHTML, like Gecko) Chrome/121.0.0.0 Safari/537.36"
202.51.199.2 - - [09/Sep/2026:22:04:22 -0700] "POST /xmlrpc.php HTTP/1.1" 200 403 "-" "Mozilla/5.0 (Macintosh; Intel Mac OS X 14_2_1) AppleWebKit/605.1.15 (KHTML, like Gecko) Version/17.1 Safari/605.1.15"
202.51.199.2 - - [09/Sep/2026:22:04:23 -0700] "POST /xmlrpc.php HTTP/1.1" 200 403 "-" "Mozilla/5.0 (Linux; Android 14; SM-S918B) AppleWebKit/537.36 (KHTML, like Gecko) Chrome/120.0.0.0 Mobile Safari/537.36"
202.51.199.2 - - [09/Sep/2026:22:04:24 -0700] "POST /xmlrpc.php HTTP/1.1" 200 403 "-" "Mozilla/5.0 (Windows NT 11.0; Win64; x64) AppleWebKit/537.36 (KHTML, like Gecko) Chrome/121.0.0.0 Safari/537.36"
202.51.199.2 - - [09/Sep/2026:22:04:25 -0700] "POST /xmlrpc.php HTTP/1.1" 200 403 "-" "Mozilla/5.0 (X11; Linux x86_64) AppleWebKit/537.36 (KHTML, like Gecko) Chrome/120.0.0.0 Safari/537.36"
202.51.199.2 - - [09/Sep/2026:22:04:26 -0700] "POST /xmlrpc.php HTTP/1.1" 200 403 "-" "Mozilla/5.0 (Windows NT 11.0; Win64; x64) AppleWebKit/537.36 (KHTML, like Gecko) Chrome/120.0.0.0 Safari/537.36"
202.51.199.2 - - [09/Sep/2026:22:04:27 -0700] "POST /xmlrpc.php HTTP/1.1" 200 403 "-" "Mozilla/5.0 (Windows NT 10.0; Win64; x64) AppleWebKit/537.36 (KHTML, like Gecko) Chrome/120.0.0.0 Safari/537.36"
202.51.199.2 - - [09/Sep/2026:22:04:28 -0700] "POST /xmlrpc.php HTTP/1.1" 200 403 "-" "Mozilla/5.0 (Macintosh; Intel Mac OS X 14_3) AppleWebKit/537.36 (KHTML, like Gecko) Chrome/121.0.0.0 Safari/537.36"
202.51.199.2 - - [09/Sep/2026:22:04:29 -0700] "POST /xmlrpc.php HTTP/1.1" 200 403 "-" "Mozilla/5.0 (Linux; Android 14; SM-S918B) AppleWebKit/537.36 (KHTML, like Gecko) Chrome/120.0.0.0 Mobile Safari/537.36"
202.51.199.2 - - [09/Sep/2026:22:04:29 -0700] "POST /xmlrpc.php HTTP/1.1" 200 403 "-" "Mozilla/5.0 (Macintosh; Intel Mac OS X 14_2) AppleWebKit/537.36 (KHTML, like Gecko) Chrome/120.0.0.0 Safari/537.36"
202.51.199.2 - - [09/Sep/2026:22:04:30 -0700] "POST /xmlrpc.php HTTP/1.1" 200 403 "-" "Mozilla/5.0 (Windows NT 10.0; Win64; x64; rv:120.0) Gecko/20100101 Firefox/120.0"
144.208.65.39 - - [09/Sep/2026:22:05:30 -0700] "POST /wp-cron.php?doing_wp_cron=1789016730.4309680461883544921875 HTTP/1.1" 200 - "-" "WordPress/6.6.7; http://dunbarconstructioninc.com"
34.196.51.17 - - [09/Sep/2026:22:05:29 -0700] "HEAD / HTTP/1.1" 200 - "http://dunbarconstructioninc.com/" "WPMUDEV Uptime Monitor 5.0 (https://wpmudev.com)"
144.208.65.39 - - [09/Sep/2026:22:07:32 -0700] "POST /wp-cron.php?doing_wp_cron=1789016852.8827788829803466796875 HTTP/1.1" 200 - "-" "WordPress/6.6.7; http://dunbarconstructioninc.com"
34.196.51.17 - - [09/Sep/2026:22:07:32 -0700] "HEAD / HTTP/1.1" 200 - "http://dunbarconstructioninc.com/" "WPMUDEV Uptime Monitor 5.0 (https://wpmudev.com)"
144.208.65.39 - - [09/Sep/2026:22:09:31 -0700] "POST /wp-cron.php?doing_wp_cron=1789016971.0228209495544433593750 HTTP/1.1" 200 - "-" "WordPress/6.6.7; http://dunbarconstructioninc.com"
34.196.51.17 - - [09/Sep/2026:22:09:30 -0700] "HEAD / HTTP/1.1" 200 - "http://dunbarconstructioninc.com/" "WPMUDEV Uptime Monitor 5.0 (https://wpmudev.com)"
144.208.65.39 - - [09/Sep/2026:22:11:32 -0700] "POST /wp-cron.php?doing_wp_cron=1789017092.5212030410766601562500 HTTP/1.1" 200 - "-" "WordPress/6.6.7; http://dunbarconstructioninc.com"
34.196.51.17 - - [09/Sep/2026:22:11:32 -0700] "HEAD / HTTP/1.1" 200 - "http://dunbarconstructioninc.com/" "WPMUDEV Uptime Monitor 5.0 (https://wpmudev.com)"
144.208.65.39 - - [09/Sep/2026:22:13:28 -0700] "POST /wp-cron.php?doing_wp_cron=1789017208.3781359195709228515625 HTTP/1.1" 200 - "-" "WordPress/6.6.7; http://dunbarconstructioninc.com"
34.196.51.17 - - [09/Sep/2026:22:13:27 -0700] "HEAD / HTTP/1.1" 200 - "http://dunbarconstructioninc.com/" "WPMUDEV Uptime Monitor 5.0 (https://wpmudev.com)"
144.208.65.39 - - [09/Sep/2026:22:15:32 -0700] "POST /wp-cron.php?doing_wp_cron=1789017332.3316180706024169921875 HTTP/1.1" 200 - "-" "WordPress/6.6.7; http://dunbarconstructioninc.com"
34.196.51.17 - - [09/Sep/2026:22:15:31 -0700] "HEAD / HTTP/1.1" 200 - "http://dunbarconstructioninc.com/" "WPMUDEV Uptime Monitor 5.0 (https://wpmudev.com)"
144.208.65.39 - - [09/Sep/2026:22:17:29 -0700] "POST /wp-cron.php?doing_wp_cron=1789017449.8289589881896972656250 HTTP/1.1" 200 - "-" "WordPress/6.6.7; http://dunbarconstructioninc.com"
34.196.51.17 - - [09/Sep/2026:22:17:29 -0700] "HEAD / HTTP/1.1" 200 - "http://dunbarconstructioninc.com/" "WPMUDEV Uptime Monitor 5.0 (https://wpmudev.com)"
144.208.65.39 - - [09/Sep/2026:22:19:31 -0700] "POST /wp-cron.php?doing_wp_cron=1789017571.3888690471649169921875 HTTP/1.1" 200 - "-" "WordPress/6.6.7; http://dunbarconstructioninc.com"
34.196.51.17 - - [09/Sep/2026:22:19:30 -0700] "HEAD / HTTP/1.1" 200 - "http://dunbarconstructioninc.com/" "WPMUDEV Uptime Monitor 5.0 (https://wpmudev.com)"
144.208.65.39 - - [09/Sep/2026:22:21:29 -0700] "POST /wp-cron.php?doing_wp_cron=1789017689.9926118850708007812500 HTTP/1.1" 200 - "-" "WordPress/6.6.7; http://dunbarconstructioninc.com"
34.196.51.17 - - [09/Sep/2026:22:21:29 -0700] "HEAD / HTTP/1.1" 200 - "http://dunbarconstructioninc.com/" "WPMUDEV Uptime Monitor 5.0 (https://wpmudev.com)"
144.208.65.39 - - [09/Sep/2026:22:23:30 -0700] "POST /wp-cron.php?doing_wp_cron=1789017810.5631248950958251953125 HTTP/1.1" 200 - "-" "WordPress/6.6.7; http://dunbarconstructioninc.com"
34.196.51.17 - - [09/Sep/2026:22:23:30 -0700] "HEAD / HTTP/1.1" 200 - "http://dunbarconstructioninc.com/" "WPMUDEV Uptime Monitor 5.0 (https://wpmudev.com)"
144.208.65.39 - - [09/Sep/2026:22:25:20 -0700] "POST /wp-cron.php?doing_wp_cron=1789017920.1266379356384277343750 HTTP/1.1" 200 - "-" "WordPress/6.6.7; http://dunbarconstructioninc.com"
34.196.51.17 - - [09/Sep/2026:22:25:19 -0700] "HEAD / HTTP/1.1" 200 - "http://dunbarconstructioninc.com/" "WPMUDEV Uptime Monitor 5.0 (https://wpmudev.com)"
144.208.65.39 - - [09/Sep/2026:22:27:32 -0700] "POST /wp-cron.php?doing_wp_cron=1789018052.5537159442901611328125 HTTP/1.1" 200 - "-" "WordPress/6.6.7; http://dunbarconstructioninc.com"
34.196.51.17 - - [09/Sep/2026:22:27:32 -0700] "HEAD / HTTP/1.1" 200 - "http://dunbarconstructioninc.com/" "WPMUDEV Uptime Monitor 5.0 (https://wpmudev.com)"
144.208.65.39 - - [09/Sep/2026:22:29:29 -0700] "POST /wp-cron.php?doing_wp_cron=1789018169.0388340950012207031250 HTTP/1.1" 200 - "-" "WordPress/6.6.7; http://dunbarconstructioninc.com"
34.196.51.17 - - [09/Sep/2026:22:29:28 -0700] "HEAD / HTTP/1.1" 200 - "http://dunbarconstructioninc.com/" "WPMUDEV Uptime Monitor 5.0 (https://wpmudev.com)"
144.208.65.39 - - [09/Sep/2026:22:31:30 -0700] "POST /wp-cron.php?doing_wp_cron=1789018290.1826241016387939453125 HTTP/1.1" 200 - "-" "WordPress/6.6.7; http://dunbarconstructioninc.com"
34.196.51.17 - - [09/Sep/2026:22:31:29 -0700] "HEAD / HTTP/1.1" 200 - "http://dunbarconstructioninc.com/" "WPMUDEV Uptime Monitor 5.0 (https://wpmudev.com)"
144.208.65.39 - - [09/Sep/2026:22:33:28 -0700] "POST /wp-cron.php?doing_wp_cron=1789018408.9560871124267578125000 HTTP/1.1" 200 - "-" "WordPress/6.6.7; http://dunbarconstructioninc.com"
34.196.51.17 - - [09/Sep/2026:22:33:28 -0700] "HEAD / HTTP/1.1" 200 - "http://dunbarconstructioninc.com/" "WPMUDEV Uptime Monitor 5.0 (https://wpmudev.com)"
144.208.65.39 - - [09/Sep/2026:22:35:32 -0700] "POST /wp-cron.php?doing_wp_cron=1789018532.0080680847167968750000 HTTP/1.1" 200 - "-" "WordPress/6.6.7; http://dunbarconstructioninc.com"
34.196.51.17 - - [09/Sep/2026:22:35:31 -0700] "HEAD / HTTP/1.1" 200 - "http://dunbarconstructioninc.com/" "WPMUDEV Uptime Monitor 5.0 (https://wpmudev.com)"
144.208.65.39 - - [09/Sep/2026:22:37:30 -0700] "POST /wp-cron.php?doing_wp_cron=1789018650.2403340339660644531250 HTTP/1.1" 200 - "-" "WordPress/6.6.7; http://dunbarconstructioninc.com"
34.196.51.17 - - [09/Sep/2026:22:37:29 -0700] "HEAD / HTTP/1.1" 200 - "http://dunbarconstructioninc.com/" "WPMUDEV Uptime Monitor 5.0 (https://wpmudev.com)"
109.107.186.106 - - [09/Sep/2026:22:38:36 -0700] "POST /assets/images/accesson.php HTTP/1.1" 200 16 "-" "Mozilla/5.0 (Windows NT 10.0; WOW64) AppleWebKit/537.36 (KHTML, like Gecko) Chrome/49.0.2648.45 Safari/537.36"
109.107.186.106 - - [09/Sep/2026:22:38:37 -0700] "POST /assets/images/accesson.php HTTP/1.1" 200 9 "http://dunbarconstructioninc.com/assets/images/accesson.php" "Mozilla/5.0 (Windows NT 10.0; WOW64) AppleWebKit/537.36 (KHTML, like Gecko) Chrome/49.0.2648.45 Safari/537.36"
109.107.186.106 - - [09/Sep/2026:22:38:37 -0700] "GET /assets/images/4b400ed857index.php HTTP/1.1" 200 5734 "http://dunbarconstructioninc.com/assets/images/accesson.php" "Mozilla/5.0 (Windows NT 10.0; WOW64) AppleWebKit/537.36 (KHTML, like Gecko) Chrome/49.0.2648.45 Safari/537.36"
109.107.186.106 - - [09/Sep/2026:22:38:37 -0700] "GET /assets/images/4b400ed857index.php HTTP/1.1" 200 5734 "http://dunbarconstructioninc.com/assets/images/4b400ed857index.php" "Mozilla/5.0 (Windows NT 10.0; WOW64) AppleWebKit/537.36 (KHTML, like Gecko) Chrome/49.0.2648.45 Safari/537.36"
109.107.186.106 - - [09/Sep/2026:22:38:46 -0700] "GET /assets/images/4b400ed857index.php HTTP/1.1" 200 5734 "http://dunbarconstructioninc.com/assets/images/4b400ed857index.php" "Mozilla/5.0 (Windows NT 10.0; WOW64) AppleWebKit/537.36 (KHTML, like Gecko) Chrome/49.0.2648.45 Safari/537.36"
144.208.65.39 - - [09/Sep/2026:22:39:29 -0700] "POST /wp-cron.php?doing_wp_cron=1789018769.9206049442291259765625 HTTP/1.1" 200 - "-" "WordPress/6.6.7; http://dunbarconstructioninc.com"
34.196.51.17 - - [09/Sep/2026:22:39:29 -0700] "HEAD / HTTP/1.1" 200 - "http://dunbarconstructioninc.com/" "WPMUDEV Uptime Monitor 5.0 (https://wpmudev.com)"
144.208.65.39 - - [09/Sep/2026:22:41:31 -0700] "POST /wp-cron.php?doing_wp_cron=1789018891.1420080661773681640625 HTTP/1.1" 200 - "-" "WordPress/6.6.7; http://dunbarconstructioninc.com"
34.196.51.17 - - [09/Sep/2026:22:41:30 -0700] "HEAD / HTTP/1.1" 200 - "http://dunbarconstructioninc.com/" "WPMUDEV Uptime Monitor 5.0 (https://wpmudev.com)"
144.208.65.39 - - [09/Sep/2026:22:43:03 -0700] "POST /wp-cron.php?doing_wp_cron=1789018983.0351769924163818359375 HTTP/1.1" 200 - "-" "WordPress/6.6.7; http://dunbarconstructioninc.com"
43.158.91.71 - - [09/Sep/2026:22:43:02 -0700] "GET / HTTP/1.1" 301 - "-" "Mozilla/5.0 (iPhone; CPU iPhone OS 13_2_3 like Mac OS X) AppleWebKit/605.1.15 (KHTML, like Gecko) Version/13.0.3 Mobile/15E148 Safari/604.1"
43.158.91.71 - - [09/Sep/2026:22:43:03 -0700] "GET / HTTP/1.1" 200 74011 "http://www.dunbarconstructioninc.com" "Mozilla/5.0 (iPhone; CPU iPhone OS 13_2_3 like Mac OS X) AppleWebKit/605.1.15 (KHTML, like Gecko) Version/13.0.3 Mobile/15E148 Safari/604.1"
144.208.65.39 - - [09/Sep/2026:22:43:30 -0700] "POST /wp-cron.php?doing_wp_cron=1789019010.8733859062194824218750 HTTP/1.1" 200 - "-" "WordPress/6.6.7; http://dunbarconstructioninc.com"
34.196.51.17 - - [09/Sep/2026:22:43:30 -0700] "HEAD / HTTP/1.1" 200 - "http://dunbarconstructioninc.com/" "WPMUDEV Uptime Monitor 5.0 (https://wpmudev.com)"
144.208.65.39 - - [09/Sep/2026:22:45:30 -0700] "POST /wp-cron.php?doing_wp_cron=1789019130.0711688995361328125000 HTTP/1.1" 200 - "-" "WordPress/6.6.7; http://dunbarconstructioninc.com"
34.196.51.17 - - [09/Sep/2026:22:45:29 -0700] "HEAD / HTTP/1.1" 200 - "http://dunbarconstructioninc.com/" "WPMUDEV Uptime Monitor 5.0 (https://wpmudev.com)"
109.107.178.102 - - [09/Sep/2026:22:46:55 -0700] "GET /assets/images/accesson.php HTTP/1.1" 200 7 "-" "Mozilla/5.0 (Macintosh; Intel Mac OS X 10.9; rv:46.0) Gecko/20100101 Firefox/46.0"
144.208.65.39 - - [09/Sep/2026:22:47:31 -0700] "POST /wp-cron.php?doing_wp_cron=1789019251.2246079444885253906250 HTTP/1.1" 200 - "-" "WordPress/6.6.7; http://dunbarconstructioninc.com"
34.196.51.17 - - [09/Sep/2026:22:47:30 -0700] "HEAD / HTTP/1.1" 200 - "http://dunbarconstructioninc.com/" "WPMUDEV Uptime Monitor 5.0 (https://wpmudev.com)"
109.107.178.102 - - [09/Sep/2026:22:49:27 -0700] "POST /assets/images/accesson.php HTTP/1.1" 200 9 "http://dunbarconstructioninc.com/assets/images/accesson.php" "Mozilla/5.0 (Macintosh; Intel Mac OS X 10.9; rv:46.0) Gecko/20100101 Firefox/46.0"
144.208.65.39 - - [09/Sep/2026:22:49:29 -0700] "POST /wp-cron.php?doing_wp_cron=1789019369.8279910087585449218750 HTTP/1.1" 200 - "-" "WordPress/6.6.7; http://dunbarconstructioninc.com"
34.196.51.17 - - [09/Sep/2026:22:49:29 -0700] "HEAD / HTTP/1.1" 200 - "http://dunbarconstructioninc.com/" "WPMUDEV Uptime Monitor 5.0 (https://wpmudev.com)"
144.208.65.39 - - [09/Sep/2026:22:51:31 -0700] "POST /wp-cron.php?doing_wp_cron=1789019491.8508338928222656250000 HTTP/1.1" 200 - "-" "WordPress/6.6.7; http://dunbarconstructioninc.com"
34.196.51.17 - - [09/Sep/2026:22:51:31 -0700] "HEAD / HTTP/1.1" 200 - "http://dunbarconstructioninc.com/" "WPMUDEV Uptime Monitor 5.0 (https://wpmudev.com)"
144.208.65.39 - - [09/Sep/2026:22:53:30 -0700] "POST /wp-cron.php?doing_wp_cron=1789019610.6496779918670654296875 HTTP/1.1" 200 - "-" "WordPress/6.6.7; http://dunbarconstructioninc.com"
34.196.51.17 - - [09/Sep/2026:22:53:30 -0700] "HEAD / HTTP/1.1" 200 - "http://dunbarconstructioninc.com/" "WPMUDEV Uptime Monitor 5.0 (https://wpmudev.com)"
109.107.178.102 - - [09/Sep/2026:22:55:08 -0700] "POST /assets/images/accesson.php HTTP/1.1" 200 16 "-" "Mozilla/5.0 (Windows NT 5.1) AppleWebKit/537.36 (KHTML, like Gecko) Chrome/51.0.2716.47 Safari/537.36"
109.107.178.102 - - [09/Sep/2026:22:55:09 -0700] "POST /assets/images/accesson.php HTTP/1.1" 200 9 "http://dunbarconstructioninc.com/assets/images/accesson.php" "Mozilla/5.0 (Windows NT 5.1) AppleWebKit/537.36 (KHTML, like Gecko) Chrome/51.0.2716.47 Safari/537.36"
109.107.178.102 - - [09/Sep/2026:22:55:09 -0700] "GET /assets/images/b787b819fbindex.php HTTP/1.1" 200 13126 "http://dunbarconstructioninc.com/assets/images/accesson.php" "Mozilla/5.0 (Windows NT 5.1) AppleWebKit/537.36 (KHTML, like Gecko) Chrome/51.0.2716.47 Safari/537.36"
109.107.178.102 - - [09/Sep/2026:22:55:09 -0700] "GET /assets/images/b787b819fbindex.php HTTP/1.1" 200 13126 "http://dunbarconstructioninc.com/assets/images/b787b819fbindex.php" "Mozilla/5.0 (Windows NT 5.1) AppleWebKit/537.36 (KHTML, like Gecko) Chrome/51.0.2716.47 Safari/537.36"
109.107.178.102 - - [09/Sep/2026:22:55:10 -0700] "GET /assets/images/b787b819fbindex.php HTTP/1.1" 200 13126 "http://dunbarconstructioninc.com/assets/images/b787b819fbindex.php" "Mozilla/5.0 (Windows NT 5.1) AppleWebKit/537.36 (KHTML, like Gecko) Chrome/51.0.2716.47 Safari/537.36"
144.208.65.39 - - [09/Sep/2026:22:55:30 -0700] "POST /wp-cron.php?doing_wp_cron=1789019730.6918530464172363281250 HTTP/1.1" 200 - "-" "WordPress/6.6.7; http://dunbarconstructioninc.com"
34.196.51.17 - - [09/Sep/2026:22:55:30 -0700] "HEAD / HTTP/1.1" 200 - "http://dunbarconstructioninc.com/" "WPMUDEV Uptime Monitor 5.0 (https://wpmudev.com)"
144.208.65.39 - - [09/Sep/2026:22:57:30 -0700] "POST /wp-cron.php?doing_wp_cron=1789019850.6266140937805175781250 HTTP/1.1" 200 - "-" "WordPress/6.6.7; http://dunbarconstructioninc.com"
34.196.51.17 - - [09/Sep/2026:22:57:30 -0700] "HEAD / HTTP/1.1" 200 - "http://dunbarconstructioninc.com/" "WPMUDEV Uptime Monitor 5.0 (https://wpmudev.com)"
144.208.65.39 - - [09/Sep/2026:22:59:30 -0700] "POST /wp-cron.php?doing_wp_cron=1789019970.2931690216064453125000 HTTP/1.1" 200 - "-" "WordPress/6.6.7; http://dunbarconstructioninc.com"
34.196.51.17 - - [09/Sep/2026:22:59:29 -0700] "HEAD / HTTP/1.1" 200 - "http://dunbarconstructioninc.com/" "WPMUDEV Uptime Monitor 5.0 (https://wpmudev.com)"
144.208.65.39 - - [09/Sep/2026:23:01:31 -0700] "POST /wp-cron.php?doing_wp_cron=1789020091.5533540248870849609375 HTTP/1.1" 200 - "-" "WordPress/6.6.7; http://dunbarconstructioninc.com"
34.196.51.17 - - [09/Sep/2026:23:01:31 -0700] "HEAD / HTTP/1.1" 200 - "http://dunbarconstructioninc.com/" "WPMUDEV Uptime Monitor 5.0 (https://wpmudev.com)"
144.208.65.39 - - [09/Sep/2026:23:03:33 -0700] "POST /wp-cron.php?doing_wp_cron=1789020213.6387219429016113281250 HTTP/1.1" 200 - "-" "WordPress/6.6.7; http://dunbarconstructioninc.com"
34.196.51.17 - - [09/Sep/2026:23:03:33 -0700] "HEAD / HTTP/1.1" 200 - "http://dunbarconstructioninc.com/" "WPMUDEV Uptime Monitor 5.0 (https://wpmudev.com)"
34.196.51.17 - - [09/Sep/2026:23:05:31 -0700] "HEAD / HTTP/1.1" 200 - "http://dunbarconstructioninc.com/" "WPMUDEV Uptime Monitor 5.0 (https://wpmudev.com)"
144.208.65.39 - - [09/Sep/2026:23:07:31 -0700] "POST /wp-cron.php?doing_wp_cron=1789020451.8443470001220703125000 HTTP/1.1" 200 - "-" "WordPress/6.6.7; http://dunbarconstructioninc.com"
34.196.51.17 - - [09/Sep/2026:23:07:31 -0700] "HEAD / HTTP/1.1" 200 - "http://dunbarconstructioninc.com/" "WPMUDEV Uptime Monitor 5.0 (https://wpmudev.com)"
144.208.65.39 - - [09/Sep/2026:23:09:31 -0700] "POST /wp-cron.php?doing_wp_cron=1789020571.7516069412231445312500 HTTP/1.1" 200 - "-" "WordPress/6.6.7; http://dunbarconstructioninc.com"
34.196.51.17 - - [09/Sep/2026:23:09:31 -0700] "HEAD / HTTP/1.1" 200 - "http://dunbarconstructioninc.com/" "WPMUDEV Uptime Monitor 5.0 (https://wpmudev.com)"
144.208.65.39 - - [09/Sep/2026:23:11:31 -0700] "POST /wp-cron.php?doing_wp_cron=1789020691.1151349544525146484375 HTTP/1.1" 200 - "-" "WordPress/6.6.7; http://dunbarconstructioninc.com"
34.196.51.17 - - [09/Sep/2026:23:11:30 -0700] "HEAD / HTTP/1.1" 200 - "http://dunbarconstructioninc.com/" "WPMUDEV Uptime Monitor 5.0 (https://wpmudev.com)"
144.208.65.39 - - [09/Sep/2026:23:13:30 -0700] "POST /wp-cron.php?doing_wp_cron=1789020810.1624200344085693359375 HTTP/1.1" 200 - "-" "WordPress/6.6.7; http://dunbarconstructioninc.com"
34.196.51.17 - - [09/Sep/2026:23:13:29 -0700] "HEAD / HTTP/1.1" 200 - "http://dunbarconstructioninc.com/" "WPMUDEV Uptime Monitor 5.0 (https://wpmudev.com)"
144.208.65.39 - - [09/Sep/2026:23:14:37 -0700] "POST /wp-cron.php?doing_wp_cron=1789020877.0406889915466308593750 HTTP/1.1" 200 - "-" "WordPress/6.6.7; http://dunbarconstructioninc.com"
146.56.199.139 - - [09/Sep/2026:23:14:36 -0700] "GET / HTTP/1.1" 200 74011 "-" "Mozilla/5.0 (iPhone; CPU iPhone OS 13_2_3 like Mac OS X) AppleWebKit/605.1.15 (KHTML, like Gecko) Version/13.0.3 Mobile/15E148 Safari/604.1"
144.208.65.39 - - [09/Sep/2026:23:15:32 -0700] "POST /wp-cron.php?doing_wp_cron=1789020932.5641529560089111328125 HTTP/1.1" 200 - "-" "WordPress/6.6.7; http://dunbarconstructioninc.com"
34.196.51.17 - - [09/Sep/2026:23:15:32 -0700] "HEAD / HTTP/1.1" 200 - "http://dunbarconstructioninc.com/" "WPMUDEV Uptime Monitor 5.0 (https://wpmudev.com)"
109.206.241.10 - - [09/Sep/2026:23:15:57 -0700] "GET /assets/images/accesson.php HTTP/1.1" 200 7 "-" "Mozilla/5.0 (X11; Ubuntu; Linux i686 on x86_64; rv:48.0) Gecko/20100101 Firefox/48.0"
109.206.241.10 - - [09/Sep/2026:23:15:58 -0700] "POST /assets/images/accesson.php HTTP/1.1" 200 9 "http://dunbarconstructioninc.com/assets/images/accesson.php" "Mozilla/5.0 (X11; Ubuntu; Linux i686 on x86_64; rv:48.0) Gecko/20100101 Firefox/48.0"
144.208.65.39 - - [09/Sep/2026:23:17:29 -0700] "POST /wp-cron.php?doing_wp_cron=1789021049.8247931003570556640625 HTTP/1.1" 200 - "-" "WordPress/6.6.7; http://dunbarconstructioninc.com"
34.196.51.17 - - [09/Sep/2026:23:17:29 -0700] "HEAD / HTTP/1.1" 200 - "http://dunbarconstructioninc.com/" "WPMUDEV Uptime Monitor 5.0 (https://wpmudev.com)"
144.208.65.39 - - [09/Sep/2026:23:19:32 -0700] "POST /wp-cron.php?doing_wp_cron=1789021172.1831989288330078125000 HTTP/1.1" 200 - "-" "WordPress/6.6.7; http://dunbarconstructioninc.com"
34.196.51.17 - - [09/Sep/2026:23:19:31 -0700] "HEAD / HTTP/1.1" 200 - "http://dunbarconstructioninc.com/" "WPMUDEV Uptime Monitor 5.0 (https://wpmudev.com)"
34.196.51.17 - - [09/Sep/2026:23:21:30 -0700] "HEAD / HTTP/1.1" 200 - "http://dunbarconstructioninc.com/" "WPMUDEV Uptime Monitor 5.0 (https://wpmudev.com)"
144.208.65.39 - - [09/Sep/2026:23:23:33 -0700] "POST /wp-cron.php?doing_wp_cron=1789021413.9168930053710937500000 HTTP/1.1" 200 - "-" "WordPress/6.6.7; http://dunbarconstructioninc.com"
34.196.51.17 - - [09/Sep/2026:23:23:33 -0700] "HEAD / HTTP/1.1" 200 - "http://dunbarconstructioninc.com/" "WPMUDEV Uptime Monitor 5.0 (https://wpmudev.com)"
144.208.65.39 - - [09/Sep/2026:23:25:33 -0700] "POST /wp-cron.php?doing_wp_cron=1789021533.9563519954681396484375 HTTP/1.1" 200 - "-" "WordPress/6.6.7; http://dunbarconstructioninc.com"
34.196.51.17 - - [09/Sep/2026:23:25:33 -0700] "HEAD / HTTP/1.1" 200 - "http://dunbarconstructioninc.com/" "WPMUDEV Uptime Monitor 5.0 (https://wpmudev.com)"
144.208.65.39 - - [09/Sep/2026:23:27:32 -0700] "POST /wp-cron.php?doing_wp_cron=1789021652.1434669494628906250000 HTTP/1.1" 200 - "-" "WordPress/6.6.7; http://dunbarconstructioninc.com"
34.196.51.17 - - [09/Sep/2026:23:27:31 -0700] "HEAD / HTTP/1.1" 200 - "http://dunbarconstructioninc.com/" "WPMUDEV Uptime Monitor 5.0 (https://wpmudev.com)"
144.208.65.39 - - [09/Sep/2026:23:29:32 -0700] "POST /wp-cron.php?doing_wp_cron=1789021772.2312700748443603515625 HTTP/1.1" 200 - "-" "WordPress/6.6.7; http://dunbarconstructioninc.com"
34.196.51.17 - - [09/Sep/2026:23:29:31 -0700] "HEAD / HTTP/1.1" 200 - "http://dunbarconstructioninc.com/" "WPMUDEV Uptime Monitor 5.0 (https://wpmudev.com)"
144.208.65.39 - - [09/Sep/2026:23:31:32 -0700] "POST /wp-cron.php?doing_wp_cron=1789021892.9163939952850341796875 HTTP/1.1" 200 - "-" "WordPress/6.6.7; http://dunbarconstructioninc.com"
34.196.51.17 - - [09/Sep/2026:23:31:32 -0700] "HEAD / HTTP/1.1" 200 - "http://dunbarconstructioninc.com/" "WPMUDEV Uptime Monitor 5.0 (https://wpmudev.com)"
144.208.65.39 - - [09/Sep/2026:23:33:36 -0700] "POST /wp-cron.php?doing_wp_cron=1789022016.4223310947418212890625 HTTP/1.1" 200 - "-" "WordPress/6.6.7; http://dunbarconstructioninc.com"
34.196.51.17 - - [09/Sep/2026:23:33:36 -0700] "HEAD / HTTP/1.1" 200 - "http://dunbarconstructioninc.com/" "WPMUDEV Uptime Monitor 5.0 (https://wpmudev.com)"
144.208.65.39 - - [09/Sep/2026:23:35:37 -0700] "POST /wp-cron.php?doing_wp_cron=1789022137.8665070533752441406250 HTTP/1.1" 200 - "-" "WordPress/6.6.7; http://dunbarconstructioninc.com"
34.196.51.17 - - [09/Sep/2026:23:35:37 -0700] "HEAD / HTTP/1.1" 200 - "http://dunbarconstructioninc.com/" "WPMUDEV Uptime Monitor 5.0 (https://wpmudev.com)"
144.208.65.39 - - [09/Sep/2026:23:37:33 -0700] "POST /wp-cron.php?doing_wp_cron=1789022253.3010509014129638671875 HTTP/1.1" 200 - "-" "WordPress/6.6.7; http://dunbarconstructioninc.com"
34.196.51.17 - - [09/Sep/2026:23:37:32 -0700] "HEAD / HTTP/1.1" 200 - "http://dunbarconstructioninc.com/" "WPMUDEV Uptime Monitor 5.0 (https://wpmudev.com)"
34.196.51.17 - - [09/Sep/2026:23:39:33 -0700] "HEAD / HTTP/1.1" 200 - "http://dunbarconstructioninc.com/" "WPMUDEV Uptime Monitor 5.0 (https://wpmudev.com)"
109.206.241.10 - - [09/Sep/2026:23:39:50 -0700] "POST /assets/images/accesson.php HTTP/1.1" 404 39751 "-" "Mozilla/5.0 (compatible; MSIE 8.0; Windows NT 6.2; WOW64; Trident/4.0)"
34.196.51.17 - - [09/Sep/2026:23:41:35 -0700] "HEAD / HTTP/1.1" 200 - "http://dunbarconstructioninc.com/" "WPMUDEV Uptime Monitor 5.0 (https://wpmudev.com)"
109.107.178.102 - - [09/Sep/2026:23:42:07 -0700] "POST /assets/images/accesson.php HTTP/1.1" 404 39751 "-" "Mozilla/5.0 (X11; Ubuntu; Linux i686) AppleWebKit/537.36 (KHTML, like Gecko) Chrome/51.0.2704.19 Safari/537.36"
34.196.51.17 - - [09/Sep/2026:23:43:35 -0700] "HEAD / HTTP/1.1" 200 - "http://dunbarconstructioninc.com/" "WPMUDEV Uptime Monitor 5.0 (https://wpmudev.com)"
144.208.65.39 - - [09/Sep/2026:23:45:33 -0700] "POST /wp-cron.php?doing_wp_cron=1789022733.5525810718536376953125 HTTP/1.1" 404 39751 "-" "WordPress/6.6.7; http://dunbarconstructioninc.com"
34.196.51.17 - - [09/Sep/2026:23:45:32 -0700] "HEAD / HTTP/1.1" 200 - "http://dunbarconstructioninc.com/" "WPMUDEV Uptime Monitor 5.0 (https://wpmudev.com)"
144.208.65.39 - - [09/Sep/2026:23:47:35 -0700] "POST /wp-cron.php?doing_wp_cron=1789022855.2943320274353027343750 HTTP/1.1" 404 39751 "-" "WordPress/6.6.7; http://dunbarconstructioninc.com"
34.196.51.17 - - [09/Sep/2026:23:47:34 -0700] "HEAD / HTTP/1.1" 200 - "http://dunbarconstructioninc.com/" "WPMUDEV Uptime Monitor 5.0 (https://wpmudev.com)"
144.208.65.39 - - [09/Sep/2026:23:49:30 -0700] "POST /wp-cron.php?doing_wp_cron=1789022970.5348041057586669921875 HTTP/1.1" 404 39751 "-" "WordPress/6.6.7; http://dunbarconstructioninc.com"
34.196.51.17 - - [09/Sep/2026:23:49:29 -0700] "HEAD / HTTP/1.1" 200 - "http://dunbarconstructioninc.com/" "WPMUDEV Uptime Monitor 5.0 (https://wpmudev.com)"
144.208.65.39 - - [09/Sep/2026:23:51:34 -0700] "POST /wp-cron.php?doing_wp_cron=1789023094.1064260005950927734375 HTTP/1.1" 404 39751 "-" "WordPress/6.6.7; http://dunbarconstructioninc.com"
34.196.51.17 - - [09/Sep/2026:23:51:33 -0700] "HEAD / HTTP/1.1" 200 - "http://dunbarconstructioninc.com/" "WPMUDEV Uptime Monitor 5.0 (https://wpmudev.com)"
103.216.220.39 - - [09/Sep/2026:23:51:38 -0700] "GET / HTTP/1.1" 200 74011 "-" "Mozilla/5.0 (iPhone; CPU iPhone OS 7_1 like Mac OS X) AppleWebKit/537.51.2 (KHTML, like Gecko) Version/7.0 Mobile/11D167 Safari/9537.53"
144.208.65.39 - - [09/Sep/2026:23:53:36 -0700] "POST /wp-cron.php?doing_wp_cron=1789023216.5792770385742187500000 HTTP/1.1" 404 39751 "-" "WordPress/6.6.7; http://dunbarconstructioninc.com"
34.196.51.17 - - [09/Sep/2026:23:53:30 -0700] "HEAD / HTTP/1.1" 200 - "http://dunbarconstructioninc.com/" "WPMUDEV Uptime Monitor 5.0 (https://wpmudev.com)"
173.252.82.52 - - [09/Sep/2026:23:54:35 -0700] "GET /robots.txt HTTP/1.1" 200 - "-" "facebookexternalhit/1.1 (+http://www.facebook.com/externalhit_uatext.php)"
144.208.65.39 - - [09/Sep/2026:23:55:32 -0700] "POST /wp-cron.php?doing_wp_cron=1789023332.2903718948364257812500 HTTP/1.1" 404 39751 "-" "WordPress/6.6.7; http://dunbarconstructioninc.com"
34.196.51.17 - - [09/Sep/2026:23:55:31 -0700] "HEAD / HTTP/1.1" 200 - "http://dunbarconstructioninc.com/" "WPMUDEV Uptime Monitor 5.0 (https://wpmudev.com)"
144.208.65.39 - - [09/Sep/2026:23:57:36 -0700] "POST /wp-cron.php?doing_wp_cron=1789023456.9429531097412109375000 HTTP/1.1" 404 39751 "-" "WordPress/6.6.7; http://dunbarconstructioninc.com"
34.196.51.17 - - [09/Sep/2026:23:57:36 -0700] "HEAD / HTTP/1.1" 200 - "http://dunbarconstructioninc.com/" "WPMUDEV Uptime Monitor 5.0 (https://wpmudev.com)"
144.208.65.39 - - [09/Sep/2026:23:59:33 -0700] "POST /wp-cron.php?doing_wp_cron=1789023573.0812849998474121093750 HTTP/1.1" 404 39751 "-" "WordPress/6.6.7; http://dunbarconstructioninc.com"
34.196.51.17 - - [09/Sep/2026:23:59:32 -0700] "HEAD / HTTP/1.1" 200 - "http://dunbarconstructioninc.com/" "WPMUDEV Uptime Monitor 5.0 (https://wpmudev.com)"
144.208.65.39 - - [10/Sep/2026:00:01:32 -0700] "POST /wp-cron.php?doing_wp_cron=1789023692.3181419372558593750000 HTTP/1.1" 404 39751 "-" "WordPress/6.6.7; http://dunbarconstructioninc.com"
34.196.51.17 - - [10/Sep/2026:00:01:31 -0700] "HEAD / HTTP/1.1" 200 - "http://dunbarconstructioninc.com/" "WPMUDEV Uptime Monitor 5.0 (https://wpmudev.com)"
144.208.65.39 - - [10/Sep/2026:00:03:35 -0700] "POST /wp-cron.php?doing_wp_cron=1789023815.5790359973907470703125 HTTP/1.1" 404 39751 "-" "WordPress/6.6.7; http://dunbarconstructioninc.com"
34.196.51.17 - - [10/Sep/2026:00:03:34 -0700] "HEAD / HTTP/1.1" 200 - "http://dunbarconstructioninc.com/" "WPMUDEV Uptime Monitor 5.0 (https://wpmudev.com)"
144.208.65.39 - - [10/Sep/2026:00:04:37 -0700] "POST /wp-cron.php?doing_wp_cron=1789023877.6008648872375488281250 HTTP/1.1" 404 39751 "-" "WordPress/6.6.7; http://dunbarconstructioninc.com"
92.255.209.234 - - [10/Sep/2026:00:04:36 -0700] "POST /assets/images/accesson.php HTTP/1.1" 404 39751 "-" "Mozilla/5.0 (Windows NT 6.1; rv:45.0) Gecko/20100101 Firefox/45.0"
34.196.51.17 - - [10/Sep/2026:00:05:35 -0700] "HEAD / HTTP/1.1" 200 - "http://dunbarconstructioninc.com/" "WPMUDEV Uptime Monitor 5.0 (https://wpmudev.com)"
98.88.165.13 - - [10/Sep/2026:00:07:09 -0700] "GET /robots.txt HTTP/1.1" 200 1065 "-" "Mozilla/5.0 (Macintosh; Intel Mac OS X 10_10_1) AppleWebKit/600.2.5 (KHTML, like Gecko) Version/8.0.2 Safari/600.2.5 (Gort)"
144.208.65.39 - - [10/Sep/2026:00:07:35 -0700] "POST /wp-cron.php?doing_wp_cron=1789024055.4707570075988769531250 HTTP/1.1" 404 39751 "-" "WordPress/6.6.7; http://dunbarconstructioninc.com"
34.196.51.17 - - [10/Sep/2026:00:07:34 -0700] "HEAD / HTTP/1.1" 200 - "http://dunbarconstructioninc.com/" "WPMUDEV Uptime Monitor 5.0 (https://wpmudev.com)"
144.208.65.39 - - [10/Sep/2026:00:09:33 -0700] "POST /wp-cron.php?doing_wp_cron=1789024173.4882559776306152343750 HTTP/1.1" 404 39751 "-" "WordPress/6.6.7; http://dunbarconstructioninc.com"
209.141.57.84 - - [10/Sep/2026:00:09:32 -0700] "GET / HTTP/1.1" 301 - "https://duckduckgo.com/" "Mozilla/5.0 (X11; Linux x86_64) AppleWebKit/537.36 (KHTML, like Gecko) Chrome/120.0.0.0 Safari/537.36"
34.196.51.17 - - [10/Sep/2026:00:09:34 -0700] "HEAD / HTTP/1.1" 200 - "http://dunbarconstructioninc.com/" "WPMUDEV Uptime Monitor 5.0 (https://wpmudev.com)"
209.141.57.84 - - [10/Sep/2026:00:09:34 -0700] "GET / HTTP/1.1" 200 73986 "https://duckduckgo.com/" "Mozilla/5.0 (X11; Linux x86_64) AppleWebKit/537.36 (KHTML, like Gecko) Chrome/120.0.0.0 Safari/537.36"
144.208.65.39 - - [10/Sep/2026:00:11:28 -0700] "POST /wp-cron.php?doing_wp_cron=1789024288.1456689834594726562500 HTTP/1.1" 404 39751 "-" "WordPress/6.6.7; http://dunbarconstructioninc.com"
209.141.57.84 - - [10/Sep/2026:00:11:27 -0700] "GET /wp-json/ HTTP/1.1" 200 187344 "https://duckduckgo.com/" "Mozilla/5.0 (X11; Linux x86_64) AppleWebKit/537.36 (KHTML, like Gecko) Chrome/120.0.0.0 Safari/537.36"
34.196.51.17 - - [10/Sep/2026:00:11:34 -0700] "HEAD / HTTP/1.1" 200 - "http://dunbarconstructioninc.com/" "WPMUDEV Uptime Monitor 5.0 (https://wpmudev.com)"
144.208.65.39 - - [10/Sep/2026:00:13:34 -0700] "POST /wp-cron.php?doing_wp_cron=1789024414.6614749431610107421875 HTTP/1.1" 404 39751 "-" "WordPress/6.6.7; http://dunbarconstructioninc.com"
34.196.51.17 - - [10/Sep/2026:00:13:33 -0700] "HEAD / HTTP/1.1" 200 - "http://dunbarconstructioninc.com/" "WPMUDEV Uptime Monitor 5.0 (https://wpmudev.com)"
144.208.65.39 - - [10/Sep/2026:00:15:33 -0700] "POST /wp-cron.php?doing_wp_cron=1789024533.6426780223846435546875 HTTP/1.1" 404 39751 "-" "WordPress/6.6.7; http://dunbarconstructioninc.com"
34.196.51.17 - - [10/Sep/2026:00:15:33 -0700] "HEAD / HTTP/1.1" 200 - "http://dunbarconstructioninc.com/" "WPMUDEV Uptime Monitor 5.0 (https://wpmudev.com)"
34.196.51.17 - - [10/Sep/2026:00:17:33 -0700] "HEAD / HTTP/1.1" 200 - "http://dunbarconstructioninc.com/" "WPMUDEV Uptime Monitor 5.0 (https://wpmudev.com)"
144.208.65.39 - - [10/Sep/2026:00:19:38 -0700] "POST /wp-cron.php?doing_wp_cron=1789024778.0207901000976562500000 HTTP/1.1" 404 39751 "-" "WordPress/6.6.7; http://dunbarconstructioninc.com"
34.196.51.17 - - [10/Sep/2026:00:19:37 -0700] "HEAD / HTTP/1.1" 200 - "http://dunbarconstructioninc.com/" "WPMUDEV Uptime Monitor 5.0 (https://wpmudev.com)"
51.68.107.151 - - [10/Sep/2026:00:20:32 -0700] "GET /robots.txt HTTP/1.1" 200 - "-" "Mozilla/5.0 (compatible; MJ12bot/v2.0.5; http://mj12bot.com/)"
51.68.107.151 - - [10/Sep/2026:00:20:33 -0700] "GET / HTTP/1.1" 200 - "-" "Mozilla/5.0 (compatible; MJ12bot/v2.0.5; http://mj12bot.com/)"
144.208.65.39 - - [10/Sep/2026:00:21:33 -0700] "POST /wp-cron.php?doing_wp_cron=1789024893.6802170276641845703125 HTTP/1.1" 404 39751 "-" "WordPress/6.6.7; http://dunbarconstructioninc.com"
34.196.51.17 - - [10/Sep/2026:00:21:33 -0700] "HEAD / HTTP/1.1" 200 - "http://dunbarconstructioninc.com/" "WPMUDEV Uptime Monitor 5.0 (https://wpmudev.com)"
144.208.65.39 - - [10/Sep/2026:00:23:34 -0700] "POST /wp-cron.php?doing_wp_cron=1789025014.6326389312744140625000 HTTP/1.1" 404 39751 "-" "WordPress/6.6.7; http://dunbarconstructioninc.com"
34.196.51.17 - - [10/Sep/2026:00:23:34 -0700] "HEAD / HTTP/1.1" 200 - "http://dunbarconstructioninc.com/" "WPMUDEV Uptime Monitor 5.0 (https://wpmudev.com)"
144.208.65.39 - - [10/Sep/2026:00:25:36 -0700] "POST /wp-cron.php?doing_wp_cron=1789025136.0470280647277832031250 HTTP/1.1" 404 39751 "-" "WordPress/6.6.7; http://dunbarconstructioninc.com"
34.196.51.17 - - [10/Sep/2026:00:25:35 -0700] "HEAD / HTTP/1.1" 200 - "http://dunbarconstructioninc.com/" "WPMUDEV Uptime Monitor 5.0 (https://wpmudev.com)"
209.141.57.84 - - [10/Sep/2026:00:26:00 -0700] "POST /wp-json/batch/v1 HTTP/1.1" 500 1511 "-" "Mozilla/5.0 (Windows NT 10.0; Win64; x64; rv:120.0) Gecko/20100101 Firefox/120.0"
209.141.57.84 - - [10/Sep/2026:00:26:02 -0700] "POST /wp-json/batch/v1 HTTP/1.1" 500 1511 "-" "Mozilla/5.0 (Windows NT 10.0; Win64; x64; rv:120.0) Gecko/20100101 Firefox/120.0"
209.141.57.84 - - [10/Sep/2026:00:26:02 -0700] "POST /wp-json/batch/v1 HTTP/1.1" 500 1511 "-" "Mozilla/5.0 (Windows NT 10.0; Win64; x64) AppleWebKit/537.36 (KHTML, like Gecko) Chrome/120.0.0.0 Safari/537.36"
209.141.57.84 - - [10/Sep/2026:00:26:03 -0700] "POST /wp-json/batch/v1 HTTP/1.1" 500 1511 "-" "Mozilla/5.0 (Windows NT 10.0; Win64; x64; rv:120.0) Gecko/20100101 Firefox/120.0"
209.141.57.84 - - [10/Sep/2026:00:26:04 -0700] "POST /?rest_route=/batch/v1 HTTP/1.1" 500 1511 "-" "Mozilla/5.0 (Macintosh; Intel Mac OS X 10_15_7) AppleWebKit/605.1.15 (KHTML, like Gecko) Version/17.2 Safari/605.1.15"
209.141.57.84 - - [10/Sep/2026:00:26:05 -0700] "POST /wp-json/batch/v1 HTTP/1.1" 500 1511 "-" "Mozilla/5.0 (Windows NT 10.0; Win64; x64; rv:120.0) Gecko/20100101 Firefox/120.0"
209.141.57.84 - - [10/Sep/2026:00:26:06 -0700] "POST /?rest_route=/batch/v1 HTTP/1.1" 500 1511 "-" "Mozilla/5.0 (X11; Linux x86_64) AppleWebKit/537.36 (KHTML, like Gecko) Chrome/120.0.0.0 Safari/537.36"
209.141.57.84 - - [10/Sep/2026:00:26:07 -0700] "POST /wp-json/batch/v1 HTTP/1.1" 500 1511 "-" "Mozilla/5.0 (Macintosh; Intel Mac OS X 10_15_7) AppleWebKit/605.1.15 (KHTML, like Gecko) Version/17.2 Safari/605.1.15"
209.141.57.84 - - [10/Sep/2026:00:26:07 -0700] "POST /?rest_route=/batch/v1 HTTP/1.1" 500 1511 "-" "Mozilla/5.0 (Macintosh; Intel Mac OS X 10_15_7) AppleWebKit/605.1.15 (KHTML, like Gecko) Version/17.2 Safari/605.1.15"
209.141.57.84 - - [10/Sep/2026:00:26:08 -0700] "POST /wp-admin/admin-ajax.php?action=updraft_central_ajaxcallback HTTP/1.1" 301 - "-" "python-requests/2.34.2"
209.141.57.84 - - [10/Sep/2026:00:26:12 -0700] "GET /wp-content/plugins/wp_ldieiao/wp_ldieiao.php HTTP/1.1" 301 - "-" "python-requests/2.34.2"
209.141.57.84 - - [10/Sep/2026:00:26:13 -0700] "GET /wp-content/plugins/wp_ldieiao/wp_ldieiao.php HTTP/1.1" 301 - "-" "python-requests/2.34.2"
209.141.57.84 - - [10/Sep/2026:00:26:16 -0700] "GET /wp-content/plugins/wp_ldieiao/wp_ldieiao.php HTTP/1.1" 301 - "-" "python-requests/2.34.2"
209.141.57.84 - - [10/Sep/2026:00:26:20 -0700] "GET /wp-content/plugins/wp_ldieiao/wp_ldieiao.php HTTP/1.1" 301 - "-" "python-requests/2.34.2"
