uawdijnntqw1x1x1
IP : 216.73.217.127
Hostname : vps38426.inmotionhosting.com
Kernel : Linux vps38426.inmotionhosting.com 3.10.0-1160.119.1.vz7.224.4 #1 SMP Mon Sep 30 15:36:27 MSK 2024 x86_64
Disable Function : exec,passthru,shell_exec,system
OS : Linux
PATH:
/
home
/
welbornwebsites
/
access-logs
/
.
/
shellroofing.welbornwebsites.com
/
/
193.183.171.187 - - [09/Sep/2026:13:02:35 -0700] "GET / HTTP/1.1" 200 482 "-" "Mozilla/5.0 (iPhone; CPU iPhone OS 17_1_2 like Mac OS X) AppleWebKit/605.1.15 (KHTML, like Gecko) Version/17.1.2 Mobile/15E148 Safari/604"
109.107.186.106 - - [09/Sep/2026:14:22:09 -0700] "GET /assets/images/accesson.php HTTP/1.1" 200 7 "-" "Mozilla/5.0 (compatible; MSIE 10.0; Windows NT 6.1; Trident/6.0)"
109.107.186.106 - - [09/Sep/2026:14:22:09 -0700] "POST /assets/images/accesson.php HTTP/1.1" 200 9 "http://shellroofing.welbornwebsites.com/assets/images/accesson.php" "Mozilla/5.0 (compatible; MSIE 10.0; Windows NT 6.1; Trident/6.0)"
109.107.186.106 - - [09/Sep/2026:14:26:40 -0700] "POST /assets/images/accesson.php HTTP/1.1" 200 16 "-" "Mozilla/5.0 (Macintosh; Intel Mac OS X 10_12_0) AppleWebKit/537.36 (KHTML, like Gecko) Chrome/50.0.2698.22 Safari/537.36"
109.107.186.106 - - [09/Sep/2026:14:26:40 -0700] "POST /assets/images/accesson.php HTTP/1.1" 200 9 "http://shellroofing.welbornwebsites.com/assets/images/accesson.php" "Mozilla/5.0 (Macintosh; Intel Mac OS X 10_12_0) AppleWebKit/537.36 (KHTML, like Gecko) Chrome/50.0.2698.22 Safari/537.36"
109.107.186.106 - - [09/Sep/2026:14:26:41 -0700] "GET /assets/images/1b9eea9de7index.php HTTP/1.1" 200 12476 "http://shellroofing.welbornwebsites.com/assets/images/accesson.php" "Mozilla/5.0 (Macintosh; Intel Mac OS X 10_12_0) AppleWebKit/537.36 (KHTML, like Gecko) Chrome/50.0.2698.22 Safari/537.36"
109.107.186.106 - - [09/Sep/2026:14:26:41 -0700] "GET /assets/images/1b9eea9de7index.php HTTP/1.1" 200 12476 "http://shellroofing.welbornwebsites.com/assets/images/1b9eea9de7index.php" "Mozilla/5.0 (Macintosh; Intel Mac OS X 10_12_0) AppleWebKit/537.36 (KHTML, like Gecko) Chrome/50.0.2698.22 Safari/537.36"
109.107.186.106 - - [09/Sep/2026:14:26:42 -0700] "GET /assets/images/1b9eea9de7index.php HTTP/1.1" 200 12476 "http://shellroofing.welbornwebsites.com/assets/images/1b9eea9de7index.php" "Mozilla/5.0 (Macintosh; Intel Mac OS X 10_12_0) AppleWebKit/537.36 (KHTML, like Gecko) Chrome/50.0.2698.22 Safari/537.36"
109.107.178.102 - - [09/Sep/2026:14:59:32 -0700] "GET /assets/images/accesson.php HTTP/1.1" 200 7 "-" "Mozilla/5.0 (X11; Ubuntu; Linux x86_64; rv:48.0) Gecko/20100101 Firefox/48.0"
109.107.178.102 - - [09/Sep/2026:14:59:32 -0700] "POST /assets/images/accesson.php HTTP/1.1" 200 9 "http://shellroofing.welbornwebsites.com/assets/images/accesson.php" "Mozilla/5.0 (X11; Ubuntu; Linux x86_64; rv:48.0) Gecko/20100101 Firefox/48.0"
109.107.178.102 - - [09/Sep/2026:15:04:03 -0700] "POST /assets/images/accesson.php HTTP/1.1" 200 16 "-" "Mozilla/5.0 (Macintosh; Intel Mac OS X 10.8; rv:45.0) Gecko/20100101 Firefox/45.0"
109.107.178.102 - - [09/Sep/2026:15:04:04 -0700] "POST /assets/images/accesson.php HTTP/1.1" 200 9 "http://shellroofing.welbornwebsites.com/assets/images/accesson.php" "Mozilla/5.0 (Macintosh; Intel Mac OS X 10.8; rv:45.0) Gecko/20100101 Firefox/45.0"
109.107.178.102 - - [09/Sep/2026:15:04:04 -0700] "GET /assets/images/1b9eea9de7index.php HTTP/1.1" 200 12476 "http://shellroofing.welbornwebsites.com/assets/images/accesson.php" "Mozilla/5.0 (Macintosh; Intel Mac OS X 10.8; rv:45.0) Gecko/20100101 Firefox/45.0"
109.107.178.102 - - [09/Sep/2026:15:04:04 -0700] "GET /assets/images/1b9eea9de7index.php HTTP/1.1" 200 12476 "http://shellroofing.welbornwebsites.com/assets/images/1b9eea9de7index.php" "Mozilla/5.0 (Macintosh; Intel Mac OS X 10.8; rv:45.0) Gecko/20100101 Firefox/45.0"
109.107.178.102 - - [09/Sep/2026:15:04:05 -0700] "GET /assets/images/1b9eea9de7index.php HTTP/1.1" 200 12476 "http://shellroofing.welbornwebsites.com/assets/images/1b9eea9de7index.php" "Mozilla/5.0 (Macintosh; Intel Mac OS X 10.8; rv:45.0) Gecko/20100101 Firefox/45.0"
109.107.186.106 - - [09/Sep/2026:15:05:02 -0700] "POST /assets/images/accesson.php HTTP/1.1" 200 16 "-" "Mozilla/5.0 (Macintosh; Intel Mac OS X 10_9_2) AppleWebKit/537.36 (KHTML, like Gecko) Chrome/52.0.2762.17 Safari/537.36"
109.107.186.106 - - [09/Sep/2026:15:05:02 -0700] "POST /assets/images/accesson.php HTTP/1.1" 200 9 "http://shellroofing.welbornwebsites.com/assets/images/accesson.php" "Mozilla/5.0 (Macintosh; Intel Mac OS X 10_9_2) AppleWebKit/537.36 (KHTML, like Gecko) Chrome/52.0.2762.17 Safari/537.36"
109.107.186.106 - - [09/Sep/2026:15:05:02 -0700] "GET /assets/images/23695bdd61index.php HTTP/1.1" 200 5874 "http://shellroofing.welbornwebsites.com/assets/images/accesson.php" "Mozilla/5.0 (Macintosh; Intel Mac OS X 10_9_2) AppleWebKit/537.36 (KHTML, like Gecko) Chrome/52.0.2762.17 Safari/537.36"
109.107.186.106 - - [09/Sep/2026:15:05:02 -0700] "GET /assets/images/23695bdd61index.php HTTP/1.1" 200 5874 "http://shellroofing.welbornwebsites.com/assets/images/23695bdd61index.php" "Mozilla/5.0 (Macintosh; Intel Mac OS X 10_9_2) AppleWebKit/537.36 (KHTML, like Gecko) Chrome/52.0.2762.17 Safari/537.36"
109.107.186.106 - - [09/Sep/2026:15:05:03 -0700] "GET /assets/images/23695bdd61index.php HTTP/1.1" 200 5874 "http://shellroofing.welbornwebsites.com/assets/images/23695bdd61index.php" "Mozilla/5.0 (Macintosh; Intel Mac OS X 10_9_2) AppleWebKit/537.36 (KHTML, like Gecko) Chrome/52.0.2762.17 Safari/537.36"
92.255.209.234 - - [09/Sep/2026:15:14:20 -0700] "GET /assets/images/accesson.php HTTP/1.1" 200 7 "-" "Mozilla/5.0 (Windows NT 5.1; rv:48.0) Gecko/20100101 Firefox/48.0"
92.255.209.234 - - [09/Sep/2026:15:14:21 -0700] "POST /assets/images/accesson.php HTTP/1.1" 200 9 "http://shellroofing.welbornwebsites.com/assets/images/accesson.php" "Mozilla/5.0 (Windows NT 5.1; rv:48.0) Gecko/20100101 Firefox/48.0"
92.255.209.234 - - [09/Sep/2026:15:24:08 -0700] "POST /assets/images/accesson.php HTTP/1.1" 200 16 "-" "Mozilla/5.0 (Macintosh; Intel Mac OS X 10.8; rv:46.0) Gecko/20100101 Firefox/46.0"
92.255.209.234 - - [09/Sep/2026:15:24:09 -0700] "POST /assets/images/accesson.php HTTP/1.1" 200 9 "http://shellroofing.welbornwebsites.com/assets/images/accesson.php" "Mozilla/5.0 (Macintosh; Intel Mac OS X 10.8; rv:46.0) Gecko/20100101 Firefox/46.0"
92.255.209.234 - - [09/Sep/2026:15:24:13 -0700] "GET /assets/images/1b9eea9de7index.php HTTP/1.1" 200 13209 "http://shellroofing.welbornwebsites.com/assets/images/accesson.php" "Mozilla/5.0 (Macintosh; Intel Mac OS X 10.8; rv:46.0) Gecko/20100101 Firefox/46.0"
92.255.209.234 - - [09/Sep/2026:15:24:27 -0700] "GET /assets/images/1b9eea9de7index.php HTTP/1.1" 200 13209 "http://shellroofing.welbornwebsites.com/assets/images/1b9eea9de7index.php" "Mozilla/5.0 (Macintosh; Intel Mac OS X 10.8; rv:46.0) Gecko/20100101 Firefox/46.0"
92.255.209.234 - - [09/Sep/2026:15:24:28 -0700] "GET /assets/images/1b9eea9de7index.php HTTP/1.1" 200 13209 "http://shellroofing.welbornwebsites.com/assets/images/1b9eea9de7index.php" "Mozilla/5.0 (Macintosh; Intel Mac OS X 10.8; rv:46.0) Gecko/20100101 Firefox/46.0"
109.107.178.102 - - [09/Sep/2026:15:40:59 -0700] "POST /assets/images/accesson.php HTTP/1.1" 200 16 "-" "Mozilla/5.0 (Macintosh; Intel Mac OS X 10.12; rv:50.0) Gecko/20100101 Firefox/50.0"
109.107.178.102 - - [09/Sep/2026:15:40:59 -0700] "POST /assets/images/accesson.php HTTP/1.1" 200 9 "http://shellroofing.welbornwebsites.com/assets/images/accesson.php" "Mozilla/5.0 (Macintosh; Intel Mac OS X 10.12; rv:50.0) Gecko/20100101 Firefox/50.0"
109.107.178.102 - - [09/Sep/2026:15:40:59 -0700] "GET /assets/images/23695bdd61index.php HTTP/1.1" 200 5874 "http://shellroofing.welbornwebsites.com/assets/images/accesson.php" "Mozilla/5.0 (Macintosh; Intel Mac OS X 10.12; rv:50.0) Gecko/20100101 Firefox/50.0"
109.107.178.102 - - [09/Sep/2026:15:41:00 -0700] "GET /assets/images/23695bdd61index.php HTTP/1.1" 200 5874 "http://shellroofing.welbornwebsites.com/assets/images/23695bdd61index.php" "Mozilla/5.0 (Macintosh; Intel Mac OS X 10.12; rv:50.0) Gecko/20100101 Firefox/50.0"
109.107.178.102 - - [09/Sep/2026:15:41:00 -0700] "GET /assets/images/23695bdd61index.php HTTP/1.1" 200 5874 "http://shellroofing.welbornwebsites.com/assets/images/23695bdd61index.php" "Mozilla/5.0 (Macintosh; Intel Mac OS X 10.12; rv:50.0) Gecko/20100101 Firefox/50.0"
109.107.186.106 - - [09/Sep/2026:15:48:40 -0700] "POST /assets/images/accesson.php HTTP/1.1" 200 17 "-" "Mozilla/5.0 (X11; Ubuntu; Linux i686 on x86_64) AppleWebKit/537.36 (KHTML, like Gecko) Chrome/52.0.2772.44 Safari/537.36"
109.107.178.102 - - [09/Sep/2026:15:49:16 -0700] "POST /assets/images/accesson.php HTTP/1.1" 200 17 "-" "Mozilla/5.0 (Windows NT 10.0; rv:49.0) Gecko/20100101 Firefox/49.0"
109.107.178.102 - - [09/Sep/2026:15:49:17 -0700] "GET /adman.607.txt HTTP/1.1" 200 6 "http://shellroofing.welbornwebsites.com/assets/images/accesson.php" "Mozilla/5.0 (Windows NT 10.0; rv:49.0) Gecko/20100101 Firefox/49.0"
65.109.179.105 - - [09/Sep/2026:15:49:17 -0700] "GET /assets/images/accesson.php HTTP/1.1" 200 7 "-" "Mozilla/5.0 (X11; Linux i686; rv:45.0) Gecko/20100101 Firefox/45.0"
109.107.178.102 - - [09/Sep/2026:15:49:17 -0700] "POST /assets/images/accesson.php HTTP/1.1" 200 9 "http://shellroofing.welbornwebsites.com/adman.607.txt" "Mozilla/5.0 (Windows NT 10.0; rv:49.0) Gecko/20100101 Firefox/49.0"
65.109.179.105 - - [09/Sep/2026:15:49:17 -0700] "POST /assets/images/accesson.php HTTP/1.1" 200 9 "http://shellroofing.welbornwebsites.com/assets/images/accesson.php" "Mozilla/5.0 (X11; Linux i686; rv:45.0) Gecko/20100101 Firefox/45.0"
109.107.178.102 - - [09/Sep/2026:15:49:18 -0700] "POST /assets/images/accesson.php HTTP/1.1" 200 9 "http://shellroofing.welbornwebsites.com/assets/images/accesson.php" "Mozilla/5.0 (Windows NT 10.0; rv:49.0) Gecko/20100101 Firefox/49.0"
109.107.178.102 - - [09/Sep/2026:15:49:19 -0700] "POST /assets/images/accesson.php HTTP/1.1" 200 9 "http://shellroofing.welbornwebsites.com/assets/images/accesson.php" "Mozilla/5.0 (Windows NT 10.0; rv:49.0) Gecko/20100101 Firefox/49.0"
109.107.178.102 - - [09/Sep/2026:15:49:19 -0700] "POST /assets/images/accesson.php HTTP/1.1" 200 9 "http://shellroofing.welbornwebsites.com/assets/images/accesson.php" "Mozilla/5.0 (Windows NT 10.0; rv:49.0) Gecko/20100101 Firefox/49.0"
109.107.178.102 - - [09/Sep/2026:15:49:20 -0700] "POST /assets/images/accesson.php HTTP/1.1" 200 9 "http://shellroofing.welbornwebsites.com/assets/images/accesson.php" "Mozilla/5.0 (Windows NT 10.0; rv:49.0) Gecko/20100101 Firefox/49.0"
109.107.186.106 - - [09/Sep/2026:15:51:37 -0700] "GET /adman.870.txt HTTP/1.1" 200 6 "http://shellroofing.welbornwebsites.com/assets/images/accesson.php" "Mozilla/5.0 (X11; Ubuntu; Linux i686 on x86_64) AppleWebKit/537.36 (KHTML, like Gecko) Chrome/52.0.2772.44 Safari/537.36"
109.107.186.106 - - [09/Sep/2026:15:51:38 -0700] "POST /assets/images/accesson.php HTTP/1.1" 200 9 "http://shellroofing.welbornwebsites.com/adman.870.txt" "Mozilla/5.0 (X11; Ubuntu; Linux i686 on x86_64) AppleWebKit/537.36 (KHTML, like Gecko) Chrome/52.0.2772.44 Safari/537.36"
109.107.186.106 - - [09/Sep/2026:15:51:39 -0700] "POST /assets/images/accesson.php HTTP/1.1" 200 9 "http://shellroofing.welbornwebsites.com/assets/images/accesson.php" "Mozilla/5.0 (X11; Ubuntu; Linux i686 on x86_64) AppleWebKit/537.36 (KHTML, like Gecko) Chrome/52.0.2772.44 Safari/537.36"
109.107.186.106 - - [09/Sep/2026:15:51:39 -0700] "POST /assets/images/accesson.php HTTP/1.1" 200 9 "http://shellroofing.welbornwebsites.com/assets/images/accesson.php" "Mozilla/5.0 (X11; Ubuntu; Linux i686 on x86_64) AppleWebKit/537.36 (KHTML, like Gecko) Chrome/52.0.2772.44 Safari/537.36"
109.107.186.106 - - [09/Sep/2026:15:51:40 -0700] "POST /assets/images/accesson.php HTTP/1.1" 200 9 "http://shellroofing.welbornwebsites.com/assets/images/accesson.php" "Mozilla/5.0 (X11; Ubuntu; Linux i686 on x86_64) AppleWebKit/537.36 (KHTML, like Gecko) Chrome/52.0.2772.44 Safari/537.36"
109.107.186.106 - - [09/Sep/2026:15:51:42 -0700] "POST /assets/images/accesson.php HTTP/1.1" 200 9 "http://shellroofing.welbornwebsites.com/assets/images/accesson.php" "Mozilla/5.0 (X11; Ubuntu; Linux i686 on x86_64) AppleWebKit/537.36 (KHTML, like Gecko) Chrome/52.0.2772.44 Safari/537.36"
92.255.209.234 - - [09/Sep/2026:16:13:18 -0700] "POST /assets/images/accesson.php HTTP/1.1" 200 17 "-" "Mozilla/5.0 (X11; Ubuntu; Linux i686) AppleWebKit/537.36 (KHTML, like Gecko) Chrome/55.0.2896.78 Safari/537.36"
92.255.209.234 - - [09/Sep/2026:16:13:18 -0700] "GET /adman.187.txt HTTP/1.1" 200 5 "http://shellroofing.welbornwebsites.com/assets/images/accesson.php" "Mozilla/5.0 (X11; Ubuntu; Linux i686) AppleWebKit/537.36 (KHTML, like Gecko) Chrome/55.0.2896.78 Safari/537.36"
92.255.209.234 - - [09/Sep/2026:16:13:19 -0700] "POST /assets/images/accesson.php HTTP/1.1" 200 9 "http://shellroofing.welbornwebsites.com/adman.187.txt" "Mozilla/5.0 (X11; Ubuntu; Linux i686) AppleWebKit/537.36 (KHTML, like Gecko) Chrome/55.0.2896.78 Safari/537.36"
92.255.209.234 - - [09/Sep/2026:16:13:20 -0700] "POST /assets/images/accesson.php HTTP/1.1" 200 9 "http://shellroofing.welbornwebsites.com/assets/images/accesson.php" "Mozilla/5.0 (X11; Ubuntu; Linux i686) AppleWebKit/537.36 (KHTML, like Gecko) Chrome/55.0.2896.78 Safari/537.36"
92.255.209.234 - - [09/Sep/2026:16:13:20 -0700] "POST /assets/images/accesson.php HTTP/1.1" 200 9 "http://shellroofing.welbornwebsites.com/assets/images/accesson.php" "Mozilla/5.0 (X11; Ubuntu; Linux i686) AppleWebKit/537.36 (KHTML, like Gecko) Chrome/55.0.2896.78 Safari/537.36"
92.255.209.234 - - [09/Sep/2026:16:13:21 -0700] "POST /assets/images/accesson.php HTTP/1.1" 200 9 "http://shellroofing.welbornwebsites.com/assets/images/accesson.php" "Mozilla/5.0 (X11; Ubuntu; Linux i686) AppleWebKit/537.36 (KHTML, like Gecko) Chrome/55.0.2896.78 Safari/537.36"
92.255.209.234 - - [09/Sep/2026:16:13:24 -0700] "POST /assets/images/accesson.php HTTP/1.1" 200 9 "http://shellroofing.welbornwebsites.com/assets/images/accesson.php" "Mozilla/5.0 (X11; Ubuntu; Linux i686) AppleWebKit/537.36 (KHTML, like Gecko) Chrome/55.0.2896.78 Safari/537.36"
94.183.170.135 - - [09/Sep/2026:16:17:33 -0700] "POST /assets/images/accesson.php HTTP/1.1" 200 17 "-" "Mozilla/5.0 (X11; Ubuntu; Linux i686 on x86_64) AppleWebKit/537.36 (KHTML, like Gecko) Chrome/51.0.2718.12 Safari/537.36"
94.183.170.135 - - [09/Sep/2026:16:17:34 -0700] "GET /adman.314.txt HTTP/1.1" 200 5 "http://shellroofing.welbornwebsites.com/assets/images/accesson.php" "Mozilla/5.0 (X11; Ubuntu; Linux i686 on x86_64) AppleWebKit/537.36 (KHTML, like Gecko) Chrome/51.0.2718.12 Safari/537.36"
94.183.170.135 - - [09/Sep/2026:16:17:35 -0700] "POST /assets/images/accesson.php HTTP/1.1" 200 9 "http://shellroofing.welbornwebsites.com/adman.314.txt" "Mozilla/5.0 (X11; Ubuntu; Linux i686 on x86_64) AppleWebKit/537.36 (KHTML, like Gecko) Chrome/51.0.2718.12 Safari/537.36"
94.183.170.135 - - [09/Sep/2026:16:17:36 -0700] "POST /assets/images/accesson.php HTTP/1.1" 200 9 "http://shellroofing.welbornwebsites.com/assets/images/accesson.php" "Mozilla/5.0 (X11; Ubuntu; Linux i686 on x86_64) AppleWebKit/537.36 (KHTML, like Gecko) Chrome/51.0.2718.12 Safari/537.36"
94.183.170.135 - - [09/Sep/2026:16:17:37 -0700] "POST /assets/images/accesson.php HTTP/1.1" 200 9 "http://shellroofing.welbornwebsites.com/assets/images/accesson.php" "Mozilla/5.0 (X11; Ubuntu; Linux i686 on x86_64) AppleWebKit/537.36 (KHTML, like Gecko) Chrome/51.0.2718.12 Safari/537.36"
94.183.170.135 - - [09/Sep/2026:16:17:37 -0700] "POST /assets/images/accesson.php HTTP/1.1" 200 9 "http://shellroofing.welbornwebsites.com/assets/images/accesson.php" "Mozilla/5.0 (X11; Ubuntu; Linux i686 on x86_64) AppleWebKit/537.36 (KHTML, like Gecko) Chrome/51.0.2718.12 Safari/537.36"
94.183.170.135 - - [09/Sep/2026:16:17:39 -0700] "POST /assets/images/accesson.php HTTP/1.1" 200 9 "http://shellroofing.welbornwebsites.com/assets/images/accesson.php" "Mozilla/5.0 (X11; Ubuntu; Linux i686 on x86_64) AppleWebKit/537.36 (KHTML, like Gecko) Chrome/51.0.2718.12 Safari/537.36"
66.42.38.87 - - [09/Sep/2026:16:21:48 -0700] "GET /fe2d1/index.php HTTP/1.1" 200 6221 "http://shellroofing.welbornwebsites.com/fe2d1/index.php" "Mozilla/4.0 (compatible; MSIE 9.0; Windows NT 6.1)"
66.42.38.87 - - [09/Sep/2026:16:59:52 -0700] "GET /fe2d1/index.php HTTP/1.1" 200 6221 "-" "Mozilla/5.0 (compatible; MSIE 9.0; Windows NT 6.1; WOW64; Trident/5.0)"
65.109.179.105 - - [09/Sep/2026:17:04:00 -0700] "POST /assets/images/accesson.php HTTP/1.1" 200 16 "-" "Mozilla/5.0 (Windows NT 6.1; rv:45.0) Gecko/20100101 Firefox/45.0"
65.109.179.105 - - [09/Sep/2026:17:04:03 -0700] "POST /assets/images/accesson.php HTTP/1.1" 200 9 "http://shellroofing.welbornwebsites.com/assets/images/accesson.php" "Mozilla/5.0 (Windows NT 6.1; rv:45.0) Gecko/20100101 Firefox/45.0"
65.109.179.105 - - [09/Sep/2026:17:04:03 -0700] "GET /assets/images/23695bdd61index.php HTTP/1.1" 200 5873 "http://shellroofing.welbornwebsites.com/assets/images/accesson.php" "Mozilla/5.0 (Windows NT 6.1; rv:45.0) Gecko/20100101 Firefox/45.0"
65.109.179.105 - - [09/Sep/2026:17:04:03 -0700] "GET /assets/images/23695bdd61index.php HTTP/1.1" 200 5873 "http://shellroofing.welbornwebsites.com/assets/images/23695bdd61index.php" "Mozilla/5.0 (Windows NT 6.1; rv:45.0) Gecko/20100101 Firefox/45.0"
65.109.179.105 - - [09/Sep/2026:17:04:04 -0700] "GET /assets/images/23695bdd61index.php HTTP/1.1" 200 5873 "http://shellroofing.welbornwebsites.com/assets/images/23695bdd61index.php" "Mozilla/5.0 (Windows NT 6.1; rv:45.0) Gecko/20100101 Firefox/45.0"
66.42.38.87 - - [09/Sep/2026:17:04:27 -0700] "GET /0993a/index.php HTTP/1.1" 200 5467 "http://shellroofing.welbornwebsites.com/0993a/index.php" "Mozilla/4.0 (compatible; MSIE 9.0; Windows NT 6.1)"
66.42.38.87 - - [09/Sep/2026:17:07:02 -0700] "GET /0993a/index.php HTTP/1.1" 200 5467 "-" "Mozilla/5.0 (compatible; MSIE 9.0; Windows NT 6.1; WOW64; Trident/5.0)"
66.42.38.87 - - [09/Sep/2026:17:10:16 -0700] "GET /c5172/index.php HTTP/1.1" 200 2872 "http://shellroofing.welbornwebsites.com/c5172/index.php" "Mozilla/4.0 (compatible; MSIE 9.0; Windows NT 6.1)"
66.42.38.87 - - [09/Sep/2026:17:13:25 -0700] "GET /c5172/index.php HTTP/1.1" 200 2872 "-" "Mozilla/5.0 (compatible; MSIE 9.0; Windows NT 6.1; WOW64; Trident/5.0)"
45.143.20.147 - - [09/Sep/2026:17:33:02 -0700] "POST /assets/images/accesson.php HTTP/1.1" 200 17 "-" "Mozilla/5.0 (Windows NT 6.1; WOW64; rv:48.0) Gecko/20100101 Firefox/48.0"
45.143.20.147 - - [09/Sep/2026:17:33:03 -0700] "GET /adman.867.txt HTTP/1.1" 200 6 "http://shellroofing.welbornwebsites.com/assets/images/accesson.php" "Mozilla/5.0 (Windows NT 6.1; WOW64; rv:48.0) Gecko/20100101 Firefox/48.0"
45.143.20.147 - - [09/Sep/2026:17:33:05 -0700] "POST /assets/images/accesson.php HTTP/1.1" 200 9 "http://shellroofing.welbornwebsites.com/adman.867.txt" "Mozilla/5.0 (Windows NT 6.1; WOW64; rv:48.0) Gecko/20100101 Firefox/48.0"
45.143.20.147 - - [09/Sep/2026:17:33:06 -0700] "POST /assets/images/accesson.php HTTP/1.1" 200 9 "http://shellroofing.welbornwebsites.com/assets/images/accesson.php" "Mozilla/5.0 (Windows NT 6.1; WOW64; rv:48.0) Gecko/20100101 Firefox/48.0"
45.143.20.147 - - [09/Sep/2026:17:33:08 -0700] "POST /assets/images/accesson.php HTTP/1.1" 200 9 "http://shellroofing.welbornwebsites.com/assets/images/accesson.php" "Mozilla/5.0 (Windows NT 6.1; WOW64; rv:48.0) Gecko/20100101 Firefox/48.0"
45.143.20.147 - - [09/Sep/2026:17:33:08 -0700] "POST /assets/images/accesson.php HTTP/1.1" 200 9 "http://shellroofing.welbornwebsites.com/assets/images/accesson.php" "Mozilla/5.0 (Windows NT 6.1; WOW64; rv:48.0) Gecko/20100101 Firefox/48.0"
45.143.20.147 - - [09/Sep/2026:17:33:14 -0700] "POST /assets/images/accesson.php HTTP/1.1" 200 9 "http://shellroofing.welbornwebsites.com/assets/images/accesson.php" "Mozilla/5.0 (Windows NT 6.1; WOW64; rv:48.0) Gecko/20100101 Firefox/48.0"
92.255.209.234 - - [09/Sep/2026:17:40:48 -0700] "POST /assets/images/accesson.php HTTP/1.1" 200 16 "-" "Mozilla/5.0 (X11; Ubuntu; Linux i686 on x86_64) AppleWebKit/537.36 (KHTML, like Gecko) Chrome/55.0.2891.85 Safari/537.36"
92.255.209.234 - - [09/Sep/2026:17:40:49 -0700] "POST /assets/images/accesson.php HTTP/1.1" 200 9 "http://shellroofing.welbornwebsites.com/assets/images/accesson.php" "Mozilla/5.0 (X11; Ubuntu; Linux i686 on x86_64) AppleWebKit/537.36 (KHTML, like Gecko) Chrome/55.0.2891.85 Safari/537.36"
92.255.209.234 - - [09/Sep/2026:17:45:31 -0700] "GET /assets/images/23695bdd61index.php HTTP/1.1" 200 5873 "http://shellroofing.welbornwebsites.com/assets/images/accesson.php" "Mozilla/5.0 (X11; Ubuntu; Linux i686 on x86_64) AppleWebKit/537.36 (KHTML, like Gecko) Chrome/55.0.2891.85 Safari/537.36"
92.255.209.234 - - [09/Sep/2026:17:45:31 -0700] "GET /assets/images/23695bdd61index.php HTTP/1.1" 200 5873 "http://shellroofing.welbornwebsites.com/assets/images/23695bdd61index.php" "Mozilla/5.0 (X11; Ubuntu; Linux i686 on x86_64) AppleWebKit/537.36 (KHTML, like Gecko) Chrome/55.0.2891.85 Safari/537.36"
92.255.209.234 - - [09/Sep/2026:17:45:32 -0700] "GET /assets/images/23695bdd61index.php HTTP/1.1" 200 5873 "http://shellroofing.welbornwebsites.com/assets/images/23695bdd61index.php" "Mozilla/5.0 (X11; Ubuntu; Linux i686 on x86_64) AppleWebKit/537.36 (KHTML, like Gecko) Chrome/55.0.2891.85 Safari/537.36"
63.141.253.98 - - [09/Sep/2026:17:51:40 -0700] "GET / HTTP/1.1" 200 2432 "-" "Mozilla/5.0 (Windows NT 10.0; Win64; x64) AppleWebKit/537.36 (KHTML, like Gecko) Chrome/103.0.0.0 Safari/537.36"
63.141.253.98 - - [09/Sep/2026:17:51:40 -0700] "GET / HTTP/1.1" 200 2432 "-" "Googlebot/2.1 (+http://www.googlebot.com/bot.html)"
92.255.209.234 - - [09/Sep/2026:21:41:43 -0700] "GET /assets/images/accesson.php HTTP/1.1" 200 7 "-" "Mozilla/5.0 (Macintosh; Intel Mac OS X 10.11; rv:50.0) Gecko/20100101 Firefox/50.0"
92.255.209.234 - - [09/Sep/2026:21:41:43 -0700] "POST /assets/images/accesson.php HTTP/1.1" 200 9 "http://shellroofing.welbornwebsites.com/assets/images/accesson.php" "Mozilla/5.0 (Macintosh; Intel Mac OS X 10.11; rv:50.0) Gecko/20100101 Firefox/50.0"
144.208.65.39 - - [09/Sep/2026:21:49:12 -0700] "GET /.well-known/acme-challenge/W3UT-BNV1203DZBOWK2EHRG4DBAYG4-G HTTP/1.1" 200 64 "-" "Cpanel-HTTP-Client/1.0"
144.208.65.39 - - [09/Sep/2026:21:49:12 -0700] "GET /.well-known/acme-challenge/N5ZS1S1YCI24-EO6-VFJML_E-K-T_VF1 HTTP/1.1" 200 64 "-" "Cpanel-HTTP-Client/1.0"
23.178.112.108 - - [09/Sep/2026:21:49:34 -0700] "GET /.well-known/acme-challenge/tjLYjOuTRg0SAeNe0P9Oi8tmDSAt3pu33NhHr9uhayQ HTTP/1.1" 200 87 "-" "Mozilla/5.0 (compatible; Let's Encrypt validation server; +https://www.letsencrypt.org)"
23.178.112.104 - - [09/Sep/2026:21:49:34 -0700] "GET /.well-known/acme-challenge/iwq0eWnfj6RD1fcYeCKajeOdQEUeWJ7vT79kQluA1_0 HTTP/1.1" 200 87 "-" "Mozilla/5.0 (compatible; Let's Encrypt validation server; +https://www.letsencrypt.org)"
54.218.73.70 - - [09/Sep/2026:21:49:34 -0700] "GET /.well-known/acme-challenge/tjLYjOuTRg0SAeNe0P9Oi8tmDSAt3pu33NhHr9uhayQ HTTP/1.1" 200 87 "-" "Mozilla/5.0 (compatible; Let's Encrypt validation server; +https://www.letsencrypt.org)"
54.187.119.73 - - [09/Sep/2026:21:49:34 -0700] "GET /.well-known/acme-challenge/iwq0eWnfj6RD1fcYeCKajeOdQEUeWJ7vT79kQluA1_0 HTTP/1.1" 200 87 "-" "Mozilla/5.0 (compatible; Let's Encrypt validation server; +https://www.letsencrypt.org)"
18.117.139.245 - - [09/Sep/2026:21:49:34 -0700] "GET /.well-known/acme-challenge/tjLYjOuTRg0SAeNe0P9Oi8tmDSAt3pu33NhHr9uhayQ HTTP/1.1" 200 87 "-" "Mozilla/5.0 (compatible; Let's Encrypt validation server; +https://www.letsencrypt.org)"
18.117.139.245 - - [09/Sep/2026:21:49:34 -0700] "GET /.well-known/acme-challenge/iwq0eWnfj6RD1fcYeCKajeOdQEUeWJ7vT79kQluA1_0 HTTP/1.1" 200 87 "-" "Mozilla/5.0 (compatible; Let's Encrypt validation server; +https://www.letsencrypt.org)"
16.192.77.104 - - [09/Sep/2026:21:49:35 -0700] "GET /.well-known/acme-challenge/iwq0eWnfj6RD1fcYeCKajeOdQEUeWJ7vT79kQluA1_0 HTTP/1.1" 200 87 "-" "Mozilla/5.0 (compatible; Let's Encrypt validation server; +https://www.letsencrypt.org)"
16.192.77.104 - - [09/Sep/2026:21:49:35 -0700] "GET /.well-known/acme-challenge/tjLYjOuTRg0SAeNe0P9Oi8tmDSAt3pu33NhHr9uhayQ HTTP/1.1" 200 87 "-" "Mozilla/5.0 (compatible; Let's Encrypt validation server; +https://www.letsencrypt.org)"
47.129.45.207 - - [09/Sep/2026:21:49:35 -0700] "GET /.well-known/acme-challenge/iwq0eWnfj6RD1fcYeCKajeOdQEUeWJ7vT79kQluA1_0 HTTP/1.1" 200 87 "-" "Mozilla/5.0 (compatible; Let's Encrypt validation server; +https://www.letsencrypt.org)"
47.129.45.207 - - [09/Sep/2026:21:49:35 -0700] "GET /.well-known/acme-challenge/tjLYjOuTRg0SAeNe0P9Oi8tmDSAt3pu33NhHr9uhayQ HTTP/1.1" 200 87 "-" "Mozilla/5.0 (compatible; Let's Encrypt validation server; +https://www.letsencrypt.org)"
159.89.127.165 - - [09/Sep/2026:21:49:53 -0700] "GET / HTTP/1.1" 200 2432 "-" "Mozilla/5.0 (l9scan/2.0.9333e25363e2830323e2434313; +https://leakix.net)"
164.90.228.79 - - [09/Sep/2026:21:49:54 -0700] "GET / HTTP/1.1" 200 2432 "-" "Mozilla/5.0 (l9scan/2.0.9333e25363e2830323e2434313; +https://leakix.net)"
159.89.127.165 - - [09/Sep/2026:21:49:54 -0700] "GET /console/ HTTP/1.1" 404 - "-" "Mozilla/5.0 (l9scan/2.0.9333e25363e2830323e2434313; +https://leakix.net)"
164.90.228.79 - - [09/Sep/2026:21:49:55 -0700] "GET /console/ HTTP/1.1" 404 - "-" "Mozilla/5.0 (l9scan/2.0.9333e25363e2830323e2434313; +https://leakix.net)"
57.129.16.41 - - [09/Sep/2026:21:49:55 -0700] "GET / HTTP/1.1" 200 2432 "-" "Go-http-client/1.1"
159.89.127.165 - - [09/Sep/2026:21:49:55 -0700] "GET /server HTTP/1.1" 404 - "-" "Mozilla/5.0 (l9scan/2.0.9333e25363e2830323e2434313; +https://leakix.net)"
57.129.16.41 - - [09/Sep/2026:21:49:55 -0700] "GET /0c652/ HTTP/1.1" 200 18969 "-" "Go-http-client/1.1"
164.90.228.79 - - [09/Sep/2026:21:49:56 -0700] "GET /server HTTP/1.1" 404 - "-" "Mozilla/5.0 (l9scan/2.0.9333e25363e2830323e2434313; +https://leakix.net)"
57.129.16.41 - - [09/Sep/2026:21:49:56 -0700] "GET /0993a/ HTTP/1.1" 200 635 "-" "Go-http-client/1.1"
57.129.16.41 - - [09/Sep/2026:21:49:56 -0700] "GET /76366/ HTTP/1.1" 200 24001 "-" "Go-http-client/1.1"
57.129.16.41 - - [09/Sep/2026:21:49:56 -0700] "HEAD /adman.187.txt HTTP/1.1" 200 - "-" "Go-http-client/1.1"
57.129.16.41 - - [09/Sep/2026:21:49:56 -0700] "GET /adman.187.txt HTTP/1.1" 200 5 "-" "Go-http-client/1.1"
159.89.127.165 - - [09/Sep/2026:21:49:56 -0700] "GET /server-status HTTP/1.1" 404 - "-" "Mozilla/5.0 (l9scan/2.0.9333e25363e2830323e2434313; +https://leakix.net)"
57.129.16.41 - - [09/Sep/2026:21:49:56 -0700] "HEAD /adman.314.txt HTTP/1.1" 200 - "-" "Go-http-client/1.1"
164.90.228.79 - - [09/Sep/2026:21:49:57 -0700] "GET /server-status HTTP/1.1" 404 - "-" "Mozilla/5.0 (l9scan/2.0.9333e25363e2830323e2434313; +https://leakix.net)"
57.129.16.41 - - [09/Sep/2026:21:49:57 -0700] "GET /adman.314.txt HTTP/1.1" 200 5 "-" "Go-http-client/1.1"
57.129.16.41 - - [09/Sep/2026:21:49:57 -0700] "HEAD /adman.607.txt HTTP/1.1" 200 - "-" "Go-http-client/1.1"
57.129.16.41 - - [09/Sep/2026:21:49:57 -0700] "GET /adman.607.txt HTTP/1.1" 200 6 "-" "Go-http-client/1.1"
57.129.16.41 - - [09/Sep/2026:21:49:57 -0700] "HEAD /adman.867.txt HTTP/1.1" 200 - "-" "Go-http-client/1.1"
57.129.16.41 - - [09/Sep/2026:21:49:57 -0700] "GET /adman.867.txt HTTP/1.1" 200 6 "-" "Go-http-client/1.1"
57.129.16.41 - - [09/Sep/2026:21:49:58 -0700] "HEAD /adman.870.txt HTTP/1.1" 200 - "-" "Go-http-client/1.1"
57.129.16.41 - - [09/Sep/2026:21:49:58 -0700] "GET /assets/ HTTP/1.1" 200 812 "-" "Go-http-client/1.1"
57.129.16.41 - - [09/Sep/2026:21:49:58 -0700] "GET /adman.870.txt HTTP/1.1" 200 6 "-" "Go-http-client/1.1"
57.129.16.41 - - [09/Sep/2026:21:49:58 -0700] "GET /assets/images/ HTTP/1.1" 200 1212 "-" "Go-http-client/1.1"
159.89.127.165 - - [09/Sep/2026:21:49:58 -0700] "GET /about HTTP/1.1" 404 - "-" "Mozilla/5.0 (l9scan/2.0.9333e25363e2830323e2434313; +https://leakix.net)"
57.129.16.41 - - [09/Sep/2026:21:49:58 -0700] "GET /c5172/ HTTP/1.1" 200 2873 "-" "Go-http-client/1.1"
57.129.16.41 - - [09/Sep/2026:21:49:58 -0700] "GET /fe2d1/ HTTP/1.1" 200 6222 "-" "Go-http-client/1.1"
164.90.228.79 - - [09/Sep/2026:21:49:59 -0700] "GET /about HTTP/1.1" 404 - "-" "Mozilla/5.0 (l9scan/2.0.9333e25363e2830323e2434313; +https://leakix.net)"
130.12.180.117 - - [09/Sep/2026:21:49:59 -0700] "GET /.env HTTP/1.1" 404 - "-" "Mozilla/5.0 (Macintosh; Intel Mac OS X 10_15_7) AppleWebKit/537.36 (KHTML, like Gecko, Yokohama Institute of Information Security https://www.iisec.ac.jp) Chrome/124.0.0.0 Safari/537.36"
159.89.127.165 - - [09/Sep/2026:21:49:59 -0700] "GET /login.action HTTP/1.1" 404 - "-" "Mozilla/5.0 (l9scan/2.0.9333e25363e2830323e2434313; +https://leakix.net)"
130.12.180.117 - - [09/Sep/2026:21:49:59 -0700] "GET /.git/HEAD HTTP/1.1" 404 - "-" "Mozilla/5.0 (Macintosh; Intel Mac OS X 10_15_7) AppleWebKit/537.36 (KHTML, like Gecko, Yokohama Institute of Information Security https://www.iisec.ac.jp) Chrome/124.0.0.0 Safari/537.36"
164.90.228.79 - - [09/Sep/2026:21:50:00 -0700] "GET /login.action HTTP/1.1" 404 - "-" "Mozilla/5.0 (l9scan/2.0.9333e25363e2830323e2434313; +https://leakix.net)"
130.12.180.117 - - [09/Sep/2026:21:50:00 -0700] "GET /.env.backup HTTP/1.1" 404 - "-" "Mozilla/5.0 (Macintosh; Intel Mac OS X 10_15_7) AppleWebKit/537.36 (KHTML, like Gecko, Yokohama Institute of Information Security https://www.iisec.ac.jp) Chrome/124.0.0.0 Safari/537.36"
130.12.180.117 - - [09/Sep/2026:21:50:00 -0700] "GET /.env.old HTTP/1.1" 404 - "-" "Mozilla/5.0 (Macintosh; Intel Mac OS X 10_15_7) AppleWebKit/537.36 (KHTML, like Gecko, Yokohama Institute of Information Security https://www.iisec.ac.jp) Chrome/124.0.0.0 Safari/537.36"
130.12.180.117 - - [09/Sep/2026:21:50:00 -0700] "GET /.env.save HTTP/1.1" 404 - "-" "Mozilla/5.0 (Macintosh; Intel Mac OS X 10_15_7) AppleWebKit/537.36 (KHTML, like Gecko, Yokohama Institute of Information Security https://www.iisec.ac.jp) Chrome/124.0.0.0 Safari/537.36"
159.89.127.165 - - [09/Sep/2026:21:50:00 -0700] "GET / HTTP/1.1" 200 2432 "-" "Mozilla/5.0 (l9scan/2.0.9333e25363e2830323e2434313; +https://leakix.net)"
57.129.16.41 - - [09/Sep/2026:21:50:00 -0700] "GET / HTTP/1.1" 200 2432 "-" "Go-http-client/1.1"
130.12.180.117 - - [09/Sep/2026:21:50:00 -0700] "GET /.env.bak HTTP/1.1" 404 - "-" "Mozilla/5.0 (Macintosh; Intel Mac OS X 10_15_7) AppleWebKit/537.36 (KHTML, like Gecko, Yokohama Institute of Information Security https://www.iisec.ac.jp) Chrome/124.0.0.0 Safari/537.36"
159.89.127.165 - - [09/Sep/2026:21:50:00 -0700] "GET /___proxy_subdomain_whm/login HTTP/1.1" 404 - "-" "Mozilla/5.0 (l9scan/2.0.9333e25363e2830323e2434313; +https://leakix.net)"
57.129.16.41 - - [09/Sep/2026:21:50:00 -0700] "GET /0c652/ HTTP/1.1" 200 18965 "-" "Go-http-client/1.1"
130.12.180.117 - - [09/Sep/2026:21:50:00 -0700] "GET /.env.prod HTTP/1.1" 404 - "-" "Mozilla/5.0 (Macintosh; Intel Mac OS X 10_15_7) AppleWebKit/537.36 (KHTML, like Gecko, Yokohama Institute of Information Security https://www.iisec.ac.jp) Chrome/124.0.0.0 Safari/537.36"
159.89.127.165 - - [09/Sep/2026:21:50:00 -0700] "GET /___proxy_subdomain_cpanel HTTP/1.1" 404 - "-" "Mozilla/5.0 (l9scan/2.0.9333e25363e2830323e2434313; +https://leakix.net)"
164.90.228.79 - - [09/Sep/2026:21:50:01 -0700] "GET / HTTP/1.1" 200 2432 "-" "Mozilla/5.0 (l9scan/2.0.9333e25363e2830323e2434313; +https://leakix.net)"
159.89.127.165 - - [09/Sep/2026:21:50:01 -0700] "GET /v2/_catalog HTTP/1.1" 404 - "-" "Mozilla/5.0 (l9scan/2.0.9333e25363e2830323e2434313; +https://leakix.net)"
57.129.16.41 - - [09/Sep/2026:21:50:01 -0700] "GET /0993a/ HTTP/1.1" 200 635 "-" "Go-http-client/1.1"
130.12.180.117 - - [09/Sep/2026:21:50:01 -0700] "GET /.env.production HTTP/1.1" 404 - "-" "Mozilla/5.0 (Macintosh; Intel Mac OS X 10_15_7) AppleWebKit/537.36 (KHTML, like Gecko, Yokohama Institute of Information Security https://www.iisec.ac.jp) Chrome/124.0.0.0 Safari/537.36"
164.90.228.79 - - [09/Sep/2026:21:50:01 -0700] "GET /___proxy_subdomain_whm/login HTTP/1.1" 404 - "-" "Mozilla/5.0 (l9scan/2.0.9333e25363e2830323e2434313; +https://leakix.net)"
57.129.16.41 - - [09/Sep/2026:21:50:01 -0700] "GET /76366/ HTTP/1.1" 200 23997 "-" "Go-http-client/1.1"
130.12.180.117 - - [09/Sep/2026:21:50:01 -0700] "GET /.env.staging HTTP/1.1" 404 - "-" "Mozilla/5.0 (Macintosh; Intel Mac OS X 10_15_7) AppleWebKit/537.36 (KHTML, like Gecko, Yokohama Institute of Information Security https://www.iisec.ac.jp) Chrome/124.0.0.0 Safari/537.36"
57.129.16.41 - - [09/Sep/2026:21:50:01 -0700] "HEAD /adman.187.txt HTTP/1.1" 200 - "-" "Go-http-client/1.1"
130.12.180.117 - - [09/Sep/2026:21:50:01 -0700] "GET /.env.local HTTP/1.1" 404 - "-" "Mozilla/5.0 (Macintosh; Intel Mac OS X 10_15_7) AppleWebKit/537.36 (KHTML, like Gecko, Yokohama Institute of Information Security https://www.iisec.ac.jp) Chrome/124.0.0.0 Safari/537.36"
57.129.16.41 - - [09/Sep/2026:21:50:01 -0700] "GET /adman.187.txt HTTP/1.1" 200 5 "-" "Go-http-client/1.1"
164.90.228.79 - - [09/Sep/2026:21:50:01 -0700] "GET /___proxy_subdomain_cpanel HTTP/1.1" 404 - "-" "Mozilla/5.0 (l9scan/2.0.9333e25363e2830323e2434313; +https://leakix.net)"
130.12.180.117 - - [09/Sep/2026:21:50:01 -0700] "GET /.env.live HTTP/1.1" 404 - "-" "Mozilla/5.0 (Macintosh; Intel Mac OS X 10_15_7) AppleWebKit/537.36 (KHTML, like Gecko, Yokohama Institute of Information Security https://www.iisec.ac.jp) Chrome/124.0.0.0 Safari/537.36"
57.129.16.41 - - [09/Sep/2026:21:50:02 -0700] "HEAD /adman.314.txt HTTP/1.1" 200 - "-" "Go-http-client/1.1"
159.89.127.165 - - [09/Sep/2026:21:50:02 -0700] "GET /.DS_Store HTTP/1.1" 404 - "-" "Mozilla/5.0 (l9scan/2.0.9333e25363e2830323e2434313; +https://leakix.net)"
130.12.180.117 - - [09/Sep/2026:21:50:02 -0700] "GET /.env.dev HTTP/1.1" 404 - "-" "Mozilla/5.0 (Macintosh; Intel Mac OS X 10_15_7) AppleWebKit/537.36 (KHTML, like Gecko, Yokohama Institute of Information Security https://www.iisec.ac.jp) Chrome/124.0.0.0 Safari/537.36"
57.129.16.41 - - [09/Sep/2026:21:50:02 -0700] "GET /adman.314.txt HTTP/1.1" 200 5 "-" "Go-http-client/1.1"
130.12.180.117 - - [09/Sep/2026:21:50:02 -0700] "GET /.env.stage HTTP/1.1" 404 - "-" "Mozilla/5.0 (Macintosh; Intel Mac OS X 10_15_7) AppleWebKit/537.36 (KHTML, like Gecko, Yokohama Institute of Information Security https://www.iisec.ac.jp) Chrome/124.0.0.0 Safari/537.36"
164.90.228.79 - - [09/Sep/2026:21:50:02 -0700] "GET /v2/_catalog HTTP/1.1" 404 - "-" "Mozilla/5.0 (l9scan/2.0.9333e25363e2830323e2434313; +https://leakix.net)"
130.12.180.117 - - [09/Sep/2026:21:50:02 -0700] "GET /%2e%2e%2f%2eenv HTTP/1.1" 404 - "-" "Mozilla/5.0 (Macintosh; Intel Mac OS X 10_15_7) AppleWebKit/537.36 (KHTML, like Gecko, Yokohama Institute of Information Security https://www.iisec.ac.jp) Chrome/124.0.0.0 Safari/537.36"
57.129.16.41 - - [09/Sep/2026:21:50:02 -0700] "HEAD /adman.607.txt HTTP/1.1" 200 - "-" "Go-http-client/1.1"
130.12.180.117 - - [09/Sep/2026:21:50:02 -0700] "GET /env HTTP/1.1" 404 - "-" "Mozilla/5.0 (Macintosh; Intel Mac OS X 10_15_7) AppleWebKit/537.36 (KHTML, like Gecko, Yokohama Institute of Information Security https://www.iisec.ac.jp) Chrome/124.0.0.0 Safari/537.36"
57.129.16.41 - - [09/Sep/2026:21:50:02 -0700] "GET /adman.607.txt HTTP/1.1" 200 6 "-" "Go-http-client/1.1"
130.12.180.117 - - [09/Sep/2026:21:50:02 -0700] "GET /config/.env HTTP/1.1" 404 - "-" "Mozilla/5.0 (Macintosh; Intel Mac OS X 10_15_7) AppleWebKit/537.36 (KHTML, like Gecko, Yokohama Institute of Information Security https://www.iisec.ac.jp) Chrome/124.0.0.0 Safari/537.36"
57.129.16.41 - - [09/Sep/2026:21:50:02 -0700] "HEAD /adman.867.txt HTTP/1.1" 200 - "-" "Go-http-client/1.1"
130.12.180.117 - - [09/Sep/2026:21:50:02 -0700] "GET /app/.env HTTP/1.1" 404 - "-" "Mozilla/5.0 (Macintosh; Intel Mac OS X 10_15_7) AppleWebKit/537.36 (KHTML, like Gecko, Yokohama Institute of Information Security https://www.iisec.ac.jp) Chrome/124.0.0.0 Safari/537.36"
130.12.180.117 - - [09/Sep/2026:21:50:03 -0700] "GET /../.env HTTP/1.1" 404 - "-" "Mozilla/5.0 (Macintosh; Intel Mac OS X 10_15_7) AppleWebKit/537.36 (KHTML, like Gecko, Yokohama Institute of Information Security https://www.iisec.ac.jp) Chrome/124.0.0.0 Safari/537.36"
57.129.16.41 - - [09/Sep/2026:21:50:03 -0700] "GET /adman.867.txt HTTP/1.1" 200 6 "-" "Go-http-client/1.1"
159.89.127.165 - - [09/Sep/2026:21:50:03 -0700] "GET /.env HTTP/1.1" 404 - "-" "Mozilla/5.0 (l9scan/2.0.9333e25363e2830323e2434313; +https://leakix.net)"
164.90.228.79 - - [09/Sep/2026:21:50:03 -0700] "GET /.DS_Store HTTP/1.1" 404 - "-" "Mozilla/5.0 (l9scan/2.0.9333e25363e2830323e2434313; +https://leakix.net)"
57.129.16.41 - - [09/Sep/2026:21:50:03 -0700] "HEAD /adman.870.txt HTTP/1.1" 200 - "-" "Go-http-client/1.1"
130.12.180.117 - - [09/Sep/2026:21:50:03 -0700] "GET /api/.env HTTP/1.1" 404 - "-" "Mozilla/5.0 (Macintosh; Intel Mac OS X 10_15_7) AppleWebKit/537.36 (KHTML, like Gecko, Yokohama Institute of Information Security https://www.iisec.ac.jp) Chrome/124.0.0.0 Safari/537.36"
57.129.16.41 - - [09/Sep/2026:21:50:03 -0700] "GET /assets/ HTTP/1.1" 200 812 "-" "Go-http-client/1.1"
57.129.16.41 - - [09/Sep/2026:21:50:03 -0700] "GET /adman.870.txt HTTP/1.1" 200 6 "-" "Go-http-client/1.1"
130.12.180.117 - - [09/Sep/2026:21:50:03 -0700] "GET /application/.env HTTP/1.1" 404 - "-" "Mozilla/5.0 (Macintosh; Intel Mac OS X 10_15_7) AppleWebKit/537.36 (KHTML, like Gecko, Yokohama Institute of Information Security https://www.iisec.ac.jp) Chrome/124.0.0.0 Safari/537.36"
57.129.16.41 - - [09/Sep/2026:21:50:03 -0700] "GET /assets/images/ HTTP/1.1" 200 1212 "-" "Go-http-client/1.1"
130.12.180.117 - - [09/Sep/2026:21:50:03 -0700] "GET /functions/.env HTTP/1.1" 404 - "-" "Mozilla/5.0 (Macintosh; Intel Mac OS X 10_15_7) AppleWebKit/537.36 (KHTML, like Gecko, Yokohama Institute of Information Security https://www.iisec.ac.jp) Chrome/124.0.0.0 Safari/537.36"
57.129.16.41 - - [09/Sep/2026:21:50:03 -0700] "GET /c5172/ HTTP/1.1" 200 2873 "-" "Go-http-client/1.1"
57.129.16.41 - - [09/Sep/2026:21:50:04 -0700] "GET /fe2d1/ HTTP/1.1" 200 6222 "-" "Go-http-client/1.1"
164.90.228.79 - - [09/Sep/2026:21:50:04 -0700] "GET /.env HTTP/1.1" 404 - "-" "Mozilla/5.0 (l9scan/2.0.9333e25363e2830323e2434313; +https://leakix.net)"
159.89.127.165 - - [09/Sep/2026:21:50:05 -0700] "GET /ecp/Current/exporttool/microsoft.exchange.ediscovery.exporttool.application HTTP/1.1" 404 - "-" "Mozilla/5.0 (l9scan/2.0.9333e25363e2830323e2434313; +https://leakix.net)"
164.90.228.79 - - [09/Sep/2026:21:50:06 -0700] "GET /ecp/Current/exporttool/microsoft.exchange.ediscovery.exporttool.application HTTP/1.1" 404 - "-" "Mozilla/5.0 (l9scan/2.0.9333e25363e2830323e2434313; +https://leakix.net)"
159.89.127.165 - - [09/Sep/2026:21:50:07 -0700] "GET /.git/config HTTP/1.1" 404 - "-" "Mozilla/5.0 (l9scan/2.0.9333e25363e2830323e2434313; +https://leakix.net)"
159.89.127.165 - - [09/Sep/2026:21:50:08 -0700] "POST /graphql HTTP/1.1" 404 - "-" "Mozilla/5.0 (l9scan/2.0.9333e25363e2830323e2434313; +https://leakix.net)"
164.90.228.79 - - [09/Sep/2026:21:50:08 -0700] "GET /.git/config HTTP/1.1" 404 - "-" "Mozilla/5.0 (l9scan/2.0.9333e25363e2830323e2434313; +https://leakix.net)"
159.89.127.165 - - [09/Sep/2026:21:50:08 -0700] "POST /api HTTP/1.1" 404 - "-" "Mozilla/5.0 (l9scan/2.0.9333e25363e2830323e2434313; +https://leakix.net)"
159.89.127.165 - - [09/Sep/2026:21:50:08 -0700] "POST /api/graphql HTTP/1.1" 404 - "-" "Mozilla/5.0 (l9scan/2.0.9333e25363e2830323e2434313; +https://leakix.net)"
159.89.127.165 - - [09/Sep/2026:21:50:08 -0700] "POST /graphql/api HTTP/1.1" 404 - "-" "Mozilla/5.0 (l9scan/2.0.9333e25363e2830323e2434313; +https://leakix.net)"
159.89.127.165 - - [09/Sep/2026:21:50:08 -0700] "POST /api/gql HTTP/1.1" 404 - "-" "Mozilla/5.0 (l9scan/2.0.9333e25363e2830323e2434313; +https://leakix.net)"
159.89.127.165 - - [09/Sep/2026:21:50:09 -0700] "GET /s/9333e25363e2830323e2434313/_/;/META-INF/maven/com.atlassian.jira/jira-webapp-dist/pom.properties HTTP/1.1" 404 - "-" "Mozilla/5.0 (l9scan/2.0.9333e25363e2830323e2434313; +https://leakix.net)"
164.90.228.79 - - [09/Sep/2026:21:50:09 -0700] "POST /graphql HTTP/1.1" 404 - "-" "Mozilla/5.0 (l9scan/2.0.9333e25363e2830323e2434313; +https://leakix.net)"
164.90.228.79 - - [09/Sep/2026:21:50:09 -0700] "POST /api HTTP/1.1" 404 - "-" "Mozilla/5.0 (l9scan/2.0.9333e25363e2830323e2434313; +https://leakix.net)"
164.90.228.79 - - [09/Sep/2026:21:50:09 -0700] "POST /api/graphql HTTP/1.1" 404 - "-" "Mozilla/5.0 (l9scan/2.0.9333e25363e2830323e2434313; +https://leakix.net)"
164.90.228.79 - - [09/Sep/2026:21:50:10 -0700] "POST /graphql/api HTTP/1.1" 404 - "-" "Mozilla/5.0 (l9scan/2.0.9333e25363e2830323e2434313; +https://leakix.net)"
159.89.127.165 - - [09/Sep/2026:21:50:10 -0700] "GET /config.json HTTP/1.1" 404 - "-" "Mozilla/5.0 (l9scan/2.0.9333e25363e2830323e2434313; +https://leakix.net)"
164.90.228.79 - - [09/Sep/2026:21:50:10 -0700] "POST /api/gql HTTP/1.1" 404 - "-" "Mozilla/5.0 (l9scan/2.0.9333e25363e2830323e2434313; +https://leakix.net)"
164.90.228.79 - - [09/Sep/2026:21:50:10 -0700] "GET /s/9333e25363e2830323e2434313/_/;/META-INF/maven/com.atlassian.jira/jira-webapp-dist/pom.properties HTTP/1.1" 404 - "-" "Mozilla/5.0 (l9scan/2.0.9333e25363e2830323e2434313; +https://leakix.net)"
164.90.228.79 - - [09/Sep/2026:21:50:11 -0700] "GET /config.json HTTP/1.1" 404 - "-" "Mozilla/5.0 (l9scan/2.0.9333e25363e2830323e2434313; +https://leakix.net)"
159.89.127.165 - - [09/Sep/2026:21:50:12 -0700] "GET /telescope/requests HTTP/1.1" 404 - "-" "Mozilla/5.0 (l9scan/2.0.9333e25363e2830323e2434313; +https://leakix.net)"
159.89.127.165 - - [09/Sep/2026:21:50:12 -0700] "GET /info.php HTTP/1.1" 404 16 "-" "Mozilla/5.0 (l9scan/2.0.9333e25363e2830323e2434313; +https://leakix.net)"
159.89.127.165 - - [09/Sep/2026:21:50:13 -0700] "GET /.well-known/security.txt HTTP/1.1" 404 - "-" "Mozilla/5.0 (l9scan/2.0.9333e25363e2830323e2434313; +https://leakix.net)"
164.90.228.79 - - [09/Sep/2026:21:50:13 -0700] "GET /telescope/requests HTTP/1.1" 404 - "-" "Mozilla/5.0 (l9scan/2.0.9333e25363e2830323e2434313; +https://leakix.net)"
164.90.228.79 - - [09/Sep/2026:21:50:14 -0700] "GET /info.php HTTP/1.1" 404 16 "-" "Mozilla/5.0 (l9scan/2.0.9333e25363e2830323e2434313; +https://leakix.net)"
159.89.127.165 - - [09/Sep/2026:21:50:14 -0700] "GET /actuator/env HTTP/1.1" 404 - "-" "Mozilla/5.0 (l9scan/2.0.9333e25363e2830323e2434313; +https://leakix.net)"
164.90.228.79 - - [09/Sep/2026:21:50:15 -0700] "GET /.well-known/security.txt HTTP/1.1" 404 - "-" "Mozilla/5.0 (l9scan/2.0.9333e25363e2830323e2434313; +https://leakix.net)"
159.89.127.165 - - [09/Sep/2026:21:50:15 -0700] "GET /trace.axd HTTP/1.1" 404 - "-" "Mozilla/5.0 (l9scan/2.0.9333e25363e2830323e2434313; +https://leakix.net)"
164.90.228.79 - - [09/Sep/2026:21:50:16 -0700] "GET /actuator/env HTTP/1.1" 404 - "-" "Mozilla/5.0 (l9scan/2.0.9333e25363e2830323e2434313; +https://leakix.net)"
159.89.127.165 - - [09/Sep/2026:21:50:16 -0700] "GET /@vite/env HTTP/1.1" 404 - "-" "Mozilla/5.0 (l9scan/2.0.9333e25363e2830323e2434313; +https://leakix.net)"
164.90.228.79 - - [09/Sep/2026:21:50:17 -0700] "GET /trace.axd HTTP/1.1" 404 - "-" "Mozilla/5.0 (l9scan/2.0.9333e25363e2830323e2434313; +https://leakix.net)"
159.89.127.165 - - [09/Sep/2026:21:50:17 -0700] "GET /.vscode/sftp.json HTTP/1.1" 404 - "-" "Mozilla/5.0 (l9scan/2.0.9333e25363e2830323e2434313; +https://leakix.net)"
164.90.228.79 - - [09/Sep/2026:21:50:18 -0700] "GET /@vite/env HTTP/1.1" 404 - "-" "Mozilla/5.0 (l9scan/2.0.9333e25363e2830323e2434313; +https://leakix.net)"
159.89.127.165 - - [09/Sep/2026:21:50:18 -0700] "OPTIONS / HTTP/1.1" 200 - "-" "Mozilla/5.0 (l9scan/2.0.9333e25363e2830323e2434313; +https://leakix.net)"
164.90.228.79 - - [09/Sep/2026:21:50:19 -0700] "GET /.vscode/sftp.json HTTP/1.1" 404 - "-" "Mozilla/5.0 (l9scan/2.0.9333e25363e2830323e2434313; +https://leakix.net)"
159.89.127.165 - - [09/Sep/2026:21:50:19 -0700] "GET /?rest_route=/wp/v2/users/ HTTP/1.1" 200 2432 "-" "Mozilla/5.0 (l9scan/2.0.9333e25363e2830323e2434313; +https://leakix.net)"
164.90.228.79 - - [09/Sep/2026:21:50:20 -0700] "OPTIONS / HTTP/1.1" 200 - "-" "Mozilla/5.0 (l9scan/2.0.9333e25363e2830323e2434313; +https://leakix.net)"
159.89.127.165 - - [09/Sep/2026:21:50:20 -0700] "GET /debug/default/view?panel=config HTTP/1.1" 404 - "-" "Mozilla/5.0 (l9scan/2.0.9333e25363e2830323e2434313; +https://leakix.net)"
164.90.228.79 - - [09/Sep/2026:21:50:21 -0700] "GET /?rest_route=/wp/v2/users/ HTTP/1.1" 200 2432 "-" "Mozilla/5.0 (l9scan/2.0.9333e25363e2830323e2434313; +https://leakix.net)"
164.90.228.79 - - [09/Sep/2026:21:50:22 -0700] "GET /debug/default/view?panel=config HTTP/1.1" 404 - "-" "Mozilla/5.0 (l9scan/2.0.9333e25363e2830323e2434313; +https://leakix.net)"
92.255.209.234 - - [09/Sep/2026:21:52:01 -0700] "POST /assets/images/accesson.php HTTP/1.1" 200 16 "-" "Mozilla/5.0 (X11; Linux x86_64; rv:50.0) Gecko/20100101 Firefox/50.0"
92.255.209.234 - - [09/Sep/2026:21:52:01 -0700] "POST /assets/images/accesson.php HTTP/1.1" 200 9 "http://shellroofing.welbornwebsites.com/assets/images/accesson.php" "Mozilla/5.0 (X11; Linux x86_64; rv:50.0) Gecko/20100101 Firefox/50.0"
92.255.209.234 - - [09/Sep/2026:21:52:02 -0700] "GET /assets/images/1b9eea9de7index.php HTTP/1.1" 200 13209 "http://shellroofing.welbornwebsites.com/assets/images/accesson.php" "Mozilla/5.0 (X11; Linux x86_64; rv:50.0) Gecko/20100101 Firefox/50.0"
92.255.209.234 - - [09/Sep/2026:21:52:02 -0700] "GET /assets/images/1b9eea9de7index.php HTTP/1.1" 200 13209 "http://shellroofing.welbornwebsites.com/assets/images/1b9eea9de7index.php" "Mozilla/5.0 (X11; Linux x86_64; rv:50.0) Gecko/20100101 Firefox/50.0"
92.255.209.234 - - [09/Sep/2026:21:52:03 -0700] "GET /assets/images/1b9eea9de7index.php HTTP/1.1" 200 13209 "http://shellroofing.welbornwebsites.com/assets/images/1b9eea9de7index.php" "Mozilla/5.0 (X11; Linux x86_64; rv:50.0) Gecko/20100101 Firefox/50.0"
109.107.186.106 - - [09/Sep/2026:21:53:52 -0700] "GET /assets/images/accesson.php HTTP/1.1" 200 7 "-" "Mozilla/5.0 (Windows NT 6.2; Win64; x64; rv:48.0) Gecko/20100101 Firefox/48.0"
109.107.186.106 - - [09/Sep/2026:21:53:55 -0700] "POST /assets/images/accesson.php HTTP/1.1" 200 9 "http://shellroofing.welbornwebsites.com/assets/images/accesson.php" "Mozilla/5.0 (Windows NT 6.2; Win64; x64; rv:48.0) Gecko/20100101 Firefox/48.0"
51.15.215.70 - - [09/Sep/2026:21:54:10 -0700] "GET / HTTP/1.1" 200 2432 "-" "Mozilla/5.0 (Windows NT 10.0; Win64; x64) AppleWebKit/537.36 (KHTML, like Gecko) Chrome/126.0 Safari/537.36"
109.107.186.106 - - [09/Sep/2026:21:58:12 -0700] "POST /assets/images/accesson.php HTTP/1.1" 200 16 "-" "Mozilla/5.0 (X11; Ubuntu; Linux x86_64; rv:49.0) Gecko/20100101 Firefox/49.0"
109.107.186.106 - - [09/Sep/2026:21:58:13 -0700] "POST /assets/images/accesson.php HTTP/1.1" 200 9 "http://shellroofing.welbornwebsites.com/assets/images/accesson.php" "Mozilla/5.0 (X11; Ubuntu; Linux x86_64; rv:49.0) Gecko/20100101 Firefox/49.0"
109.107.186.106 - - [09/Sep/2026:21:58:15 -0700] "GET /assets/images/1b9eea9de7index.php HTTP/1.1" 200 13210 "http://shellroofing.welbornwebsites.com/assets/images/accesson.php" "Mozilla/5.0 (X11; Ubuntu; Linux x86_64; rv:49.0) Gecko/20100101 Firefox/49.0"
109.107.186.106 - - [09/Sep/2026:21:58:16 -0700] "GET /assets/images/1b9eea9de7index.php HTTP/1.1" 200 13210 "http://shellroofing.welbornwebsites.com/assets/images/1b9eea9de7index.php" "Mozilla/5.0 (X11; Ubuntu; Linux x86_64; rv:49.0) Gecko/20100101 Firefox/49.0"
109.107.186.106 - - [09/Sep/2026:21:58:16 -0700] "GET /assets/images/1b9eea9de7index.php HTTP/1.1" 200 13210 "http://shellroofing.welbornwebsites.com/assets/images/1b9eea9de7index.php" "Mozilla/5.0 (X11; Ubuntu; Linux x86_64; rv:49.0) Gecko/20100101 Firefox/49.0"
91.231.89.188 - - [09/Sep/2026:21:58:29 -0700] "GET / HTTP/1.1" 200 2432 "-" "Mozilla/5.0 (X11; Ubuntu; Linux x86_64; rv:134.0) Gecko/20100101 Firefox/134.0"
91.231.89.185 - - [09/Sep/2026:21:58:29 -0700] "GET / HTTP/1.1" 200 2432 "-" "Mozilla/5.0 (X11; Ubuntu; Linux x86_64; rv:134.0) Gecko/20100101 Firefox/134.0"
109.107.186.106 - - [09/Sep/2026:22:41:21 -0700] "POST /assets/images/accesson.php HTTP/1.1" 200 16 "-" "Mozilla/5.0 (X11; Ubuntu; Linux i686 on x86_64; rv:46.0) Gecko/20100101 Firefox/46.0"
109.107.186.106 - - [09/Sep/2026:22:41:22 -0700] "POST /assets/images/accesson.php HTTP/1.1" 200 9 "http://shellroofing.welbornwebsites.com/assets/images/accesson.php" "Mozilla/5.0 (X11; Ubuntu; Linux i686 on x86_64; rv:46.0) Gecko/20100101 Firefox/46.0"
109.107.186.106 - - [09/Sep/2026:22:41:22 -0700] "GET /assets/images/23695bdd61index.php HTTP/1.1" 200 5874 "http://shellroofing.welbornwebsites.com/assets/images/accesson.php" "Mozilla/5.0 (X11; Ubuntu; Linux i686 on x86_64; rv:46.0) Gecko/20100101 Firefox/46.0"
109.107.186.106 - - [09/Sep/2026:22:41:24 -0700] "GET /assets/images/23695bdd61index.php HTTP/1.1" 200 5874 "http://shellroofing.welbornwebsites.com/assets/images/23695bdd61index.php" "Mozilla/5.0 (X11; Ubuntu; Linux i686 on x86_64; rv:46.0) Gecko/20100101 Firefox/46.0"
109.107.186.106 - - [09/Sep/2026:22:41:24 -0700] "GET /assets/images/23695bdd61index.php HTTP/1.1" 200 5874 "http://shellroofing.welbornwebsites.com/assets/images/23695bdd61index.php" "Mozilla/5.0 (X11; Ubuntu; Linux i686 on x86_64; rv:46.0) Gecko/20100101 Firefox/46.0"
109.107.178.102 - - [09/Sep/2026:22:51:01 -0700] "GET /assets/images/accesson.php HTTP/1.1" 200 7 "-" "Mozilla/5.0 (X11; Ubuntu; Linux x86_64; rv:47.0) Gecko/20100101 Firefox/47.0"
109.107.178.102 - - [09/Sep/2026:22:51:02 -0700] "POST /assets/images/accesson.php HTTP/1.1" 200 9 "http://shellroofing.welbornwebsites.com/assets/images/accesson.php" "Mozilla/5.0 (X11; Ubuntu; Linux x86_64; rv:47.0) Gecko/20100101 Firefox/47.0"
109.107.178.102 - - [09/Sep/2026:22:58:00 -0700] "POST /assets/images/accesson.php HTTP/1.1" 200 16 "-" "Mozilla/5.0 (Macintosh; Intel Mac OS X 10.8; rv:47.0) Gecko/20100101 Firefox/47.0"
