74.7.242.13 - - [11/Sep/2026:12:12:46 -0700] "GET /c5172/?path=//proc/2/cwd/var/nginx/cache/oursavio/b HTTP/1.1" 200 2065 "https://www.shellroofing.welbornwebsites.com/c5172/?path=//proc/2/cwd/var/nginx/cache/oursavio" "Mozilla/5.0 AppleWebKit/537.36 (KHTML, like Gecko; compatible; GPTBot/1.4; +https://openai.com/gptbot)"
74.7.242.13 - - [11/Sep/2026:12:12:55 -0700] "GET /c5172/?path=//proc/2/cwd/sys/module/xt_dscp/holders HTTP/1.1" 200 2011 "https://www.shellroofing.welbornwebsites.com/c5172/?path=//proc/2/cwd/sys/module/xt_dscp" "Mozilla/5.0 AppleWebKit/537.36 (KHTML, like Gecko; compatible; GPTBot/1.4; +https://openai.com/gptbot)"
74.7.242.13 - - [11/Sep/2026:12:12:55 -0700] "GET /assets/images/23695bdd61index.php?path=//usr/lib/imh-ultrastack-common/venv/lib/python3.13/site-packages/setuptools/__pycache__ HTTP/1.1" 200 36829 "https://www.shellroofing.welbornwebsites.com/assets/images/23695bdd61index.php?path=//usr/lib/imh-ultrastack-common/venv/lib/python3.13/site-packages/setuptools" "Mozilla/5.0 AppleWebKit/537.36 (KHTML, like Gecko; compatible; GPTBot/1.4; +https://openai.com/gptbot)"
74.7.242.13 - - [11/Sep/2026:12:13:03 -0700] "GET /assets/images/23695bdd61index.php?path=//usr/lib/imh-ultrastack-common/venv/lib/python3.13/site-packages/setuptools/_vendor HTTP/1.1" 200 22485 "https://www.shellroofing.welbornwebsites.com/assets/images/23695bdd61index.php?path=//usr/lib/imh-ultrastack-common/venv/lib/python3.13/site-packages/setuptools" "Mozilla/5.0 AppleWebKit/537.36 (KHTML, like Gecko; compatible; GPTBot/1.4; +https://openai.com/gptbot)"
74.7.242.13 - - [11/Sep/2026:12:13:03 -0700] "GET /assets/images/23695bdd61index.php?path=//usr/lib/imh-ultrastack-common/venv/lib/python3.13/site-packages/setuptools/config HTTP/1.1" 200 11955 "https://www.shellroofing.welbornwebsites.com/assets/images/23695bdd61index.php?path=//usr/lib/imh-ultrastack-common/venv/lib/python3.13/site-packages/setuptools" "Mozilla/5.0 AppleWebKit/537.36 (KHTML, like Gecko; compatible; GPTBot/1.4; +https://openai.com/gptbot)"
74.7.242.13 - - [11/Sep/2026:12:13:10 -0700] "GET /assets/images/23695bdd61index.php?path=//proc/2/task/2/cwd/opt/support/venv/lib64/python3.13/site-packages/urllib3/__pycache__ HTTP/1.1" 200 15119 "https://www.shellroofing.welbornwebsites.com/assets/images/23695bdd61index.php?path=//proc/2/task/2/cwd/opt/support/venv/lib64/python3.13/site-packages/urllib3" "Mozilla/5.0 AppleWebKit/537.36 (KHTML, like Gecko; compatible; GPTBot/1.4; +https://openai.com/gptbot)"
74.7.242.13 - - [11/Sep/2026:12:13:17 -0700] "GET /c5172/?path=//proc/2/root/lib/rpm/platform/sh-linux HTTP/1.1" 200 2785 "https://www.shellroofing.welbornwebsites.com/c5172/?path=//proc/2/root/lib/rpm/platform" "Mozilla/5.0 AppleWebKit/537.36 (KHTML, like Gecko; compatible; GPTBot/1.4; +https://openai.com/gptbot)"
74.7.242.13 - - [11/Sep/2026:12:13:17 -0700] "GET /c5172/?path=//proc/3/root/sys/module/mei_me/holders HTTP/1.1" 200 2014 "https://www.shellroofing.welbornwebsites.com/c5172/?path=//proc/3/root/sys/module/mei_me" "Mozilla/5.0 AppleWebKit/537.36 (KHTML, like Gecko; compatible; GPTBot/1.4; +https://openai.com/gptbot)"
74.7.242.13 - - [11/Sep/2026:12:13:25 -0700] "GET /c5172/?filesrc=//proc/2/root/opt/cpanel/ea-wappspector/src/DIContainer.php&path=//proc/2/root/opt/cpanel/ea-wappspector/src HTTP/1.1" 200 2191 "https://www.shellroofing.welbornwebsites.com/c5172/?path=//proc/2/root/opt/cpanel/ea-wappspector/src" "Mozilla/5.0 AppleWebKit/537.36 (KHTML, like Gecko; compatible; GPTBot/1.4; +https://openai.com/gptbot)"
74.7.242.13 - - [11/Sep/2026:12:13:25 -0700] "GET /c5172/?path=//proc/2/cwd/usr/local/ssl/include/gdbm HTTP/1.1" 200 4381 "https://www.shellroofing.welbornwebsites.com/c5172/?path=//proc/2/cwd/usr/local/ssl/include" "Mozilla/5.0 AppleWebKit/537.36 (KHTML, like Gecko; compatible; GPTBot/1.4; +https://openai.com/gptbot)"
74.7.242.13 - - [11/Sep/2026:12:13:32 -0700] "GET /c5172/?path=//proc/2/root/sys/module/nft_ct/holders HTTP/1.1" 200 2014 "https://www.shellroofing.welbornwebsites.com/c5172/?path=//proc/2/root/sys/module/nft_ct" "Mozilla/5.0 AppleWebKit/537.36 (KHTML, like Gecko; compatible; GPTBot/1.4; +https://openai.com/gptbot)"
74.7.242.13 - - [11/Sep/2026:12:13:32 -0700] "GET /c5172/?path=//proc/2/cwd/sys/module/rdma_ucm/holders HTTP/1.1" 200 2014 "https://www.shellroofing.welbornwebsites.com/c5172/?path=//proc/2/cwd/sys/module/rdma_ucm" "Mozilla/5.0 AppleWebKit/537.36 (KHTML, like Gecko; compatible; GPTBot/1.4; +https://openai.com/gptbot)"
74.7.242.13 - - [11/Sep/2026:12:13:39 -0700] "GET /assets/images/23695bdd61index.php?path=//proc/self/root/proc/2/cwd/lib/dracut/modules.d/50drm HTTP/1.1" 200 3096 "https://www.shellroofing.welbornwebsites.com/assets/images/23695bdd61index.php?path=//proc/self/root/proc/2/cwd/lib/dracut/modules.d" "Mozilla/5.0 AppleWebKit/537.36 (KHTML, like Gecko; compatible; GPTBot/1.4; +https://openai.com/gptbot)"
74.7.242.13 - - [11/Sep/2026:12:13:40 -0700] "GET /assets/images/23695bdd61index.php?path=//usr/lib/imh-ultrastack-common/venv/lib/python3.13/site-packages/setuptools/config/_validate_pyproject HTTP/1.1" 200 10936 "https://www.shellroofing.welbornwebsites.com/assets/images/23695bdd61index.php?path=//usr/lib/imh-ultrastack-common/venv/lib/python3.13/site-packages/setuptools/config" "Mozilla/5.0 AppleWebKit/537.36 (KHTML, like Gecko; compatible; GPTBot/1.4; +https://openai.com/gptbot)"
74.7.242.13 - - [11/Sep/2026:12:13:40 -0700] "GET /assets/images/23695bdd61index.php?path=//usr/lib/imh-ultrastack-common/venv/lib/python3.13/site-packages/setuptools/config/__pycache__ HTTP/1.1" 200 7901 "https://www.shellroofing.welbornwebsites.com/assets/images/23695bdd61index.php?path=//usr/lib/imh-ultrastack-common/venv/lib/python3.13/site-packages/setuptools/config" "Mozilla/5.0 AppleWebKit/537.36 (KHTML, like Gecko; compatible; GPTBot/1.4; +https://openai.com/gptbot)"
74.7.242.13 - - [11/Sep/2026:12:13:46 -0700] "GET /assets/images/23695bdd61index.php?path=//usr/lib/imh-ultrastack-common/venv/lib/python3.13/site-packages/setuptools/_vendor/importlib_metadata HTTP/1.1" 200 15819 "https://www.shellroofing.welbornwebsites.com/assets/images/23695bdd61index.php?path=//usr/lib/imh-ultrastack-common/venv/lib/python3.13/site-packages/setuptools/_vendor" "Mozilla/5.0 AppleWebKit/537.36 (KHTML, like Gecko; compatible; GPTBot/1.4; +https://openai.com/gptbot)"
74.7.242.13 - - [11/Sep/2026:12:13:46 -0700] "GET /assets/images/23695bdd61index.php?path=//usr/lib/imh-ultrastack-common/venv/lib/python3.13/site-packages/setuptools/_vendor/zipp HTTP/1.1" 200 7137 "https://www.shellroofing.welbornwebsites.com/assets/images/23695bdd61index.php?path=//usr/lib/imh-ultrastack-common/venv/lib/python3.13/site-packages/setuptools/_vendor" "Mozilla/5.0 AppleWebKit/537.36 (KHTML, like Gecko; compatible; GPTBot/1.4; +https://openai.com/gptbot)"
74.7.242.13 - - [11/Sep/2026:12:13:54 -0700] "GET /assets/images/23695bdd61index.php?path=//usr/lib/imh-ultrastack-common/venv/lib/python3.13/site-packages/setuptools/_vendor/wheel HTTP/1.1" 200 13272 "https://www.shellroofing.welbornwebsites.com/assets/images/23695bdd61index.php?path=//usr/lib/imh-ultrastack-common/venv/lib/python3.13/site-packages/setuptools/_vendor" "Mozilla/5.0 AppleWebKit/537.36 (KHTML, like Gecko; compatible; GPTBot/1.4; +https://openai.com/gptbot)"
74.7.242.13 - - [11/Sep/2026:12:13:54 -0700] "GET /assets/images/23695bdd61index.php?path=//usr/lib/imh-ultrastack-common/venv/lib/python3.13/site-packages/setuptools/_vendor/tomli HTTP/1.1" 200 8281 "https://www.shellroofing.welbornwebsites.com/assets/images/23695bdd61index.php?path=//usr/lib/imh-ultrastack-common/venv/lib/python3.13/site-packages/setuptools/_vendor" "Mozilla/5.0 AppleWebKit/537.36 (KHTML, like Gecko; compatible; GPTBot/1.4; +https://openai.com/gptbot)"
216.73.217.127 - - [11/Sep/2026:12:14:35 -0700] "GET /fe2d1/?path=%2Fhome%2Fwelbornwebsites%2F.wp-toolkit%2F..%2Fphp%2F..%2Flogs%2Fwelbornwebsites_com.php.error.log HTTP/1.1" 500 - "-" "Mozilla/5.0 AppleWebKit/537.36 (KHTML, like Gecko; compatible; ClaudeBot/1.0; +claudebot@anthropic.com)"
216.73.217.127 - - [11/Sep/2026:12:14:36 -0700] "GET /fe2d1/?path=%2Fhome%2Fwelbornwebsites%2Flogs%2F..%2F.wp-cli%2F..%2Flogs%2Fguardianjetcenter_com.php.error.log HTTP/1.1" 500 - "-" "Mozilla/5.0 AppleWebKit/537.36 (KHTML, like Gecko; compatible; ClaudeBot/1.0; +claudebot@anthropic.com)"
74.7.242.13 - - [11/Sep/2026:12:14:43 -0700] "GET /assets/images/23695bdd61index.php?path=//proc/2/root/proc/self/root/sys/module/ip6table_raw HTTP/1.1" 200 2873 "https://www.shellroofing.welbornwebsites.com/assets/images/23695bdd61index.php?path=//proc/2/root/proc/self/root/sys/module" "Mozilla/5.0 AppleWebKit/537.36 (KHTML, like Gecko; compatible; GPTBot/1.4; +https://openai.com/gptbot)"
216.73.217.127 - - [11/Sep/2026:12:14:44 -0700] "GET /fe2d1/?path=%2Fhome%2Fwelbornwebsites%2F.wp-toolkit%2F..%2Fphp%2F..%2Flogs%2F.%2F.%2Faace_care.php.error.log HTTP/1.1" 500 - "-" "Mozilla/5.0 AppleWebKit/537.36 (KHTML, like Gecko; compatible; ClaudeBot/1.0; +claudebot@anthropic.com)"
216.73.217.127 - - [11/Sep/2026:12:14:44 -0700] "GET /fe2d1/?path=%2Fhome%2Fwelbornwebsites%2Fshellroofing.welbornwebsites.com%2Ffe2d1%2F..%2F..%2F.imh%2F..%2F.cpanel%2Fducache HTTP/1.1" 500 - "-" "Mozilla/5.0 AppleWebKit/537.36 (KHTML, like Gecko; compatible; ClaudeBot/1.0; +claudebot@anthropic.com)"
74.7.242.13 - - [11/Sep/2026:12:14:51 -0700] "GET /assets/images/23695bdd61index.php?path=//proc/self/root/proc/2/root/sys/module/nf_tables_ipv6 HTTP/1.1" 200 2892 "https://www.shellroofing.welbornwebsites.com/assets/images/23695bdd61index.php?path=//proc/self/root/proc/2/root/sys/module" "Mozilla/5.0 AppleWebKit/537.36 (KHTML, like Gecko; compatible; GPTBot/1.4; +https://openai.com/gptbot)"
74.7.242.13 - - [11/Sep/2026:12:14:58 -0700] "GET /assets/images/23695bdd61index.php?path=//proc/self/root/proc/3/root/usr/include/python2.7 HTTP/1.1" 200 80035 "https://www.shellroofing.welbornwebsites.com/assets/images/23695bdd61index.php?path=//proc/self/root/proc/3/root/usr/include" "Mozilla/5.0 AppleWebKit/537.36 (KHTML, like Gecko; compatible; GPTBot/1.4; +https://openai.com/gptbot)"
74.7.242.13 - - [11/Sep/2026:12:14:58 -0700] "GET /assets/images/23695bdd61index.php?path=//proc/3/root/proc/self/root/sys/module/nf_defrag_ipv6 HTTP/1.1" 200 2883 "https://www.shellroofing.welbornwebsites.com/assets/images/23695bdd61index.php?path=//proc/3/root/proc/self/root/sys/module" "Mozilla/5.0 AppleWebKit/537.36 (KHTML, like Gecko; compatible; GPTBot/1.4; +https://openai.com/gptbot)"
74.7.242.13 - - [11/Sep/2026:12:15:05 -0700] "GET /assets/images/23695bdd61index.php?path=//proc/self/root/proc/3/cwd/sys/module/ip6table_mangle HTTP/1.1" 200 2889 "https://www.shellroofing.welbornwebsites.com/assets/images/23695bdd61index.php?path=//proc/self/root/proc/3/cwd/sys/module" "Mozilla/5.0 AppleWebKit/537.36 (KHTML, like Gecko; compatible; GPTBot/1.4; +https://openai.com/gptbot)"
74.7.242.13 - - [11/Sep/2026:12:15:08 -0700] "GET /assets/images/23695bdd61index.php?path=//proc/self/root/proc/2/cwd/sys/module/ip6table_filter HTTP/1.1" 200 2889 "https://www.shellroofing.welbornwebsites.com/assets/images/23695bdd61index.php?path=//proc/self/root/proc/2/cwd/sys/module" "Mozilla/5.0 AppleWebKit/537.36 (KHTML, like Gecko; compatible; GPTBot/1.4; +https://openai.com/gptbot)"
74.7.242.13 - - [11/Sep/2026:12:15:08 -0700] "GET /assets/images/23695bdd61index.php?path=//proc/2/root/proc/self/root/sys/module/i2c_algo_bit HTTP/1.1" 200 2873 "https://www.shellroofing.welbornwebsites.com/assets/images/23695bdd61index.php?path=//proc/2/root/proc/self/root/sys/module" "Mozilla/5.0 AppleWebKit/537.36 (KHTML, like Gecko; compatible; GPTBot/1.4; +https://openai.com/gptbot)"
74.7.242.13 - - [11/Sep/2026:12:15:08 -0700] "GET /assets/images/23695bdd61index.php?path=//proc/self/root/proc/3/cwd/sys/module/ip6table_filter HTTP/1.1" 200 2889 "https://www.shellroofing.welbornwebsites.com/assets/images/23695bdd61index.php?path=//proc/self/root/proc/3/cwd/sys/module" "Mozilla/5.0 AppleWebKit/537.36 (KHTML, like Gecko; compatible; GPTBot/1.4; +https://openai.com/gptbot)"
74.7.242.13 - - [11/Sep/2026:12:15:15 -0700] "GET /assets/images/23695bdd61index.php?path=//proc/2/root/proc/self/root/sys/module/ip6table_raw/holders HTTP/1.1" 200 2235 "https://www.shellroofing.welbornwebsites.com/assets/images/23695bdd61index.php?path=//proc/2/root/proc/self/root/sys/module/ip6table_raw" "Mozilla/5.0 AppleWebKit/537.36 (KHTML, like Gecko; compatible; GPTBot/1.4; +https://openai.com/gptbot)"
74.7.242.13 - - [11/Sep/2026:12:15:15 -0700] "GET /assets/images/23695bdd61index.php?path=//proc/self/root/proc/2/root/var/nginx/cache/welbor8 HTTP/1.1" 200 2219 "https://www.shellroofing.welbornwebsites.com/assets/images/23695bdd61index.php?path=//proc/self/root/proc/2/root/var/nginx/cache" "Mozilla/5.0 AppleWebKit/537.36 (KHTML, like Gecko; compatible; GPTBot/1.4; +https://openai.com/gptbot)"
74.7.242.13 - - [11/Sep/2026:12:15:16 -0700] "GET /assets/images/23695bdd61index.php?path=//proc/self/root/proc/2/root/sys/module/nf_tables_ipv6/holders HTTP/1.1" 200 3035 "https://www.shellroofing.welbornwebsites.com/assets/images/23695bdd61index.php?path=//proc/self/root/proc/2/root/sys/module/nf_tables_ipv6" "Mozilla/5.0 AppleWebKit/537.36 (KHTML, like Gecko; compatible; GPTBot/1.4; +https://openai.com/gptbot)"
74.7.242.13 - - [11/Sep/2026:12:15:22 -0700] "GET /assets/images/23695bdd61index.php?path=//proc/self/root/proc/3/root/lib/imh-scan/venv/lib64 HTTP/1.1" 200 2963 "https://www.shellroofing.welbornwebsites.com/assets/images/23695bdd61index.php?path=//proc/self/root/proc/3/root/lib/imh-scan/venv" "Mozilla/5.0 AppleWebKit/537.36 (KHTML, like Gecko; compatible; GPTBot/1.4; +https://openai.com/gptbot)"
74.7.242.13 - - [11/Sep/2026:12:15:23 -0700] "GET /assets/images/23695bdd61index.php?filesrc=//proc/self/root/proc/3/root/usr/include/python2.7/stringobject.h&path=//proc/self/root/proc/3/root/usr/include/python2.7 HTTP/1.1" 200 9944 "https://www.shellroofing.welbornwebsites.com/assets/images/23695bdd61index.php?path=//proc/self/root/proc/3/root/usr/include/python2.7" "Mozilla/5.0 AppleWebKit/537.36 (KHTML, like Gecko; compatible; GPTBot/1.4; +https://openai.com/gptbot)"
216.73.217.127 - - [11/Sep/2026:12:15:23 -0700] "GET /fe2d1/?path=%2Fhome%2Fwelbornwebsites%2Fpublic_html%2F..%2Flogs%2Fassets%2F..%2Faace_care.php.error.log HTTP/1.1" 500 - "-" "Mozilla/5.0 AppleWebKit/537.36 (KHTML, like Gecko; compatible; ClaudeBot/1.0; +claudebot@anthropic.com)"
216.73.217.127 - - [11/Sep/2026:12:15:23 -0700] "GET /fe2d1/?path=%2Fhome%2Fwelbornwebsites%2Fshellroofing.welbornwebsites.com%2Ffe2d1%2F..%2F..%2Fperl5%2F..%2F.cpanel%2F.%2Fducache HTTP/1.1" 500 - "-" "Mozilla/5.0 AppleWebKit/537.36 (KHTML, like Gecko; compatible; ClaudeBot/1.0; +claudebot@anthropic.com)"
74.7.242.13 - - [11/Sep/2026:12:15:30 -0700] "GET /assets/images/23695bdd61index.php?path=//proc/self/root/proc/3/cwd/sys/module/ip6table_mangle/holders HTTP/1.1" 200 2247 "https://www.shellroofing.welbornwebsites.com/assets/images/23695bdd61index.php?path=//proc/self/root/proc/3/cwd/sys/module/ip6table_mangle" "Mozilla/5.0 AppleWebKit/537.36 (KHTML, like Gecko; compatible; GPTBot/1.4; +https://openai.com/gptbot)"
74.7.242.13 - - [11/Sep/2026:12:15:31 -0700] "GET /assets/images/23695bdd61index.php?path=//proc/2/root/proc/self/root/sys/module/i2c_algo_bit/holders HTTP/1.1" 200 2970 "https://www.shellroofing.welbornwebsites.com/assets/images/23695bdd61index.php?path=//proc/2/root/proc/self/root/sys/module/i2c_algo_bit" "Mozilla/5.0 AppleWebKit/537.36 (KHTML, like Gecko; compatible; GPTBot/1.4; +https://openai.com/gptbot)"
74.7.242.13 - - [11/Sep/2026:12:15:32 -0700] "GET /assets/images/23695bdd61index.php?path=//proc/self/root/proc/2/cwd/sys/module/ip6table_filter/holders HTTP/1.1" 200 2247 "https://www.shellroofing.welbornwebsites.com/assets/images/23695bdd61index.php?path=//proc/self/root/proc/2/cwd/sys/module/ip6table_filter" "Mozilla/5.0 AppleWebKit/537.36 (KHTML, like Gecko; compatible; GPTBot/1.4; +https://openai.com/gptbot)"
216.73.217.127 - - [11/Sep/2026:12:15:36 -0700] "GET /fe2d1/?path=%2Fhome%2Fwelbornwebsites%2F.trash%2F..%2Fphp%2F..%2Flogs%2F.%2F.%2Fdunbarconstructioninc_com.php.error.log HTTP/1.1" 500 - "-" "Mozilla/5.0 AppleWebKit/537.36 (KHTML, like Gecko; compatible; ClaudeBot/1.0; +claudebot@anthropic.com)"
74.7.242.13 - - [11/Sep/2026:12:15:36 -0700] "GET /assets/images/23695bdd61index.php?path=//proc/self/root/proc/3/cwd/sys/module/ip6table_filter/holders HTTP/1.1" 200 2247 "https://www.shellroofing.welbornwebsites.com/assets/images/23695bdd61index.php?path=//proc/self/root/proc/3/cwd/sys/module/ip6table_filter" "Mozilla/5.0 AppleWebKit/537.36 (KHTML, like Gecko; compatible; GPTBot/1.4; +https://openai.com/gptbot)"
216.73.217.127 - - [11/Sep/2026:12:15:36 -0700] "GET /fe2d1/?path=%2Fhome%2Fwelbornwebsites%2Fetc%2F..%2F.koality%2F..%2Flogs%2Fshellroofing_welbornwebsites_com.php.error.log HTTP/1.1" 200 285052 "-" "Mozilla/5.0 AppleWebKit/537.36 (KHTML, like Gecko; compatible; ClaudeBot/1.0; +claudebot@anthropic.com)"
74.7.242.13 - - [11/Sep/2026:12:15:40 -0700] "GET /assets/images/23695bdd61index.php?path=//proc/3/root/proc/self/root/sys/module/nf_tables_ipv6 HTTP/1.1" 200 2883 "https://www.shellroofing.welbornwebsites.com/assets/images/23695bdd61index.php?path=//proc/3/root/proc/self/root/sys/module" "Mozilla/5.0 AppleWebKit/537.36 (KHTML, like Gecko; compatible; GPTBot/1.4; +https://openai.com/gptbot)"
74.7.242.13 - - [11/Sep/2026:12:15:42 -0700] "GET /assets/images/23695bdd61index.php?path=//proc/self/root/proc/3/cwd/lib/rpm/platform/sh3-linux HTTP/1.1" 200 3053 "https://www.shellroofing.welbornwebsites.com/assets/images/23695bdd61index.php?path=//proc/self/root/proc/3/cwd/lib/rpm/platform" "Mozilla/5.0 AppleWebKit/537.36 (KHTML, like Gecko; compatible; GPTBot/1.4; +https://openai.com/gptbot)"
74.7.242.13 - - [11/Sep/2026:12:15:45 -0700] "GET /assets/images/23695bdd61index.php?path=//proc/3/root/proc/self/root/lib/imh-scan/venv/lib64 HTTP/1.1" 200 2954 "https://www.shellroofing.welbornwebsites.com/assets/images/23695bdd61index.php?path=//proc/3/root/proc/self/root/lib/imh-scan/venv" "Mozilla/5.0 AppleWebKit/537.36 (KHTML, like Gecko; compatible; GPTBot/1.4; +https://openai.com/gptbot)"
74.7.242.13 - - [11/Sep/2026:12:15:46 -0700] "GET /assets/images/23695bdd61index.php?path=//proc/2/root/proc/self/root/usr/include/python2.7 HTTP/1.1" 200 80026 "https://www.shellroofing.welbornwebsites.com/assets/images/23695bdd61index.php?path=//proc/2/root/proc/self/root/usr/include" "Mozilla/5.0 AppleWebKit/537.36 (KHTML, like Gecko; compatible; GPTBot/1.4; +https://openai.com/gptbot)"
74.7.242.13 - - [11/Sep/2026:12:15:46 -0700] "GET /assets/images/23695bdd61index.php?path=//proc/2/root/proc/self/root/sys/module/nf_tables_ipv6 HTTP/1.1" 200 2883 "https://www.shellroofing.welbornwebsites.com/assets/images/23695bdd61index.php?path=//proc/2/root/proc/self/root/sys/module" "Mozilla/5.0 AppleWebKit/537.36 (KHTML, like Gecko; compatible; GPTBot/1.4; +https://openai.com/gptbot)"
74.7.242.13 - - [11/Sep/2026:12:15:47 -0700] "GET /assets/images/23695bdd61index.php?path=//proc/self/root/proc/2/root/sys/module/ip6table_raw HTTP/1.1" 200 2882 "https://www.shellroofing.welbornwebsites.com/assets/images/23695bdd61index.php?path=//proc/self/root/proc/2/root/sys/module" "Mozilla/5.0 AppleWebKit/537.36 (KHTML, like Gecko; compatible; GPTBot/1.4; +https://openai.com/gptbot)"
74.7.242.13 - - [11/Sep/2026:12:15:47 -0700] "GET /assets/images/23695bdd61index.php?path=//proc/self/root/proc/2/root/sys/module/ip6_vzprivnet HTTP/1.1" 200 2887 "https://www.shellroofing.welbornwebsites.com/assets/images/23695bdd61index.php?path=//proc/self/root/proc/2/root/sys/module" "Mozilla/5.0 AppleWebKit/537.36 (KHTML, like Gecko; compatible; GPTBot/1.4; +https://openai.com/gptbot)"
74.7.242.13 - - [11/Sep/2026:12:15:48 -0700] "GET /assets/images/23695bdd61index.php?path=//proc/self/root/proc/2/cwd/lib/rpm/platform/sh3-linux HTTP/1.1" 200 3053 "https://www.shellroofing.welbornwebsites.com/assets/images/23695bdd61index.php?path=//proc/self/root/proc/2/cwd/lib/rpm/platform" "Mozilla/5.0 AppleWebKit/537.36 (KHTML, like Gecko; compatible; GPTBot/1.4; +https://openai.com/gptbot)"
74.7.242.13 - - [11/Sep/2026:12:15:48 -0700] "GET /assets/images/23695bdd61index.php?path=//proc/2/root/proc/self/root/sys/module/i2c_algo_bit/holders/ast HTTP/1.1" 200 3087 "https://www.shellroofing.welbornwebsites.com/assets/images/23695bdd61index.php?path=//proc/2/root/proc/self/root/sys/module/i2c_algo_bit/holders" "Mozilla/5.0 AppleWebKit/537.36 (KHTML, like Gecko; compatible; GPTBot/1.4; +https://openai.com/gptbot)"
74.7.242.13 - - [11/Sep/2026:12:15:49 -0700] "GET /assets/images/23695bdd61index.php?path=//proc/self/root/proc/2/root/lib/imh-scan/venv/lib64 HTTP/1.1" 200 2963 "https://www.shellroofing.welbornwebsites.com/assets/images/23695bdd61index.php?path=//proc/self/root/proc/2/root/lib/imh-scan/venv" "Mozilla/5.0 AppleWebKit/537.36 (KHTML, like Gecko; compatible; GPTBot/1.4; +https://openai.com/gptbot)"
74.7.242.13 - - [11/Sep/2026:12:15:49 -0700] "GET /assets/images/23695bdd61index.php?path=//proc/2/root/proc/self/root/sys/module/ip6_vzprivnet HTTP/1.1" 200 2878 "https://www.shellroofing.welbornwebsites.com/assets/images/23695bdd61index.php?path=//proc/2/root/proc/self/root/sys/module" "Mozilla/5.0 AppleWebKit/537.36 (KHTML, like Gecko; compatible; GPTBot/1.4; +https://openai.com/gptbot)"
74.7.242.13 - - [11/Sep/2026:12:15:50 -0700] "GET /assets/images/23695bdd61index.php?path=//proc/3/root/proc/self/root/sys/module/nf_tables_ipv6/holders HTTP/1.1" 200 3026 "https://www.shellroofing.welbornwebsites.com/assets/images/23695bdd61index.php?path=//proc/3/root/proc/self/root/sys/module/nf_tables_ipv6" "Mozilla/5.0 AppleWebKit/537.36 (KHTML, like Gecko; compatible; GPTBot/1.4; +https://openai.com/gptbot)"
74.7.242.13 - - [11/Sep/2026:12:15:51 -0700] "GET /assets/images/23695bdd61index.php?path=//proc/self/root/proc/2/cwd/sys/module/ip6table_mangle HTTP/1.1" 200 2889 "https://www.shellroofing.welbornwebsites.com/assets/images/23695bdd61index.php?path=//proc/self/root/proc/2/cwd/sys/module" "Mozilla/5.0 AppleWebKit/537.36 (KHTML, like Gecko; compatible; GPTBot/1.4; +https://openai.com/gptbot)"
74.7.242.13 - - [11/Sep/2026:12:15:51 -0700] "GET /assets/images/23695bdd61index.php?path=//proc/2/root/proc/self/root/lib/imh-scan/venv/lib64 HTTP/1.1" 200 2954 "https://www.shellroofing.welbornwebsites.com/assets/images/23695bdd61index.php?path=//proc/2/root/proc/self/root/lib/imh-scan/venv" "Mozilla/5.0 AppleWebKit/537.36 (KHTML, like Gecko; compatible; GPTBot/1.4; +https://openai.com/gptbot)"
74.7.242.13 - - [11/Sep/2026:12:15:52 -0700] "GET /assets/images/23695bdd61index.php?path=//proc/self/root/proc/3/cwd/opt/cpanel/ea-libzip/lib64 HTTP/1.1" 200 4796 "https://www.shellroofing.welbornwebsites.com/assets/images/23695bdd61index.php?path=//proc/self/root/proc/3/cwd/opt/cpanel/ea-libzip" "Mozilla/5.0 AppleWebKit/537.36 (KHTML, like Gecko; compatible; GPTBot/1.4; +https://openai.com/gptbot)"
74.7.242.13 - - [11/Sep/2026:12:15:52 -0700] "GET /assets/images/23695bdd61index.php?path=//proc/2/root/proc/self/root/sys/module/nf_tables_ipv6/holders HTTP/1.1" 200 3026 "https://www.shellroofing.welbornwebsites.com/assets/images/23695bdd61index.php?path=//proc/2/root/proc/self/root/sys/module/nf_tables_ipv6" "Mozilla/5.0 AppleWebKit/537.36 (KHTML, like Gecko; compatible; GPTBot/1.4; +https://openai.com/gptbot)"
74.7.242.13 - - [11/Sep/2026:12:15:53 -0700] "GET /assets/images/23695bdd61index.php?path=//proc/self/root/proc/2/root/sys/module/ip6table_raw/holders HTTP/1.1" 200 2244 "https://www.shellroofing.welbornwebsites.com/assets/images/23695bdd61index.php?path=//proc/self/root/proc/2/root/sys/module/ip6table_raw" "Mozilla/5.0 AppleWebKit/537.36 (KHTML, like Gecko; compatible; GPTBot/1.4; +https://openai.com/gptbot)"
74.7.242.13 - - [11/Sep/2026:12:15:53 -0700] "GET /assets/images/23695bdd61index.php?path=//proc/self/root/proc/2/root/sys/module/ip6_vzprivnet/holders HTTP/1.1" 200 2247 "https://www.shellroofing.welbornwebsites.com/assets/images/23695bdd61index.php?path=//proc/self/root/proc/2/root/sys/module/ip6_vzprivnet" "Mozilla/5.0 AppleWebKit/537.36 (KHTML, like Gecko; compatible; GPTBot/1.4; +https://openai.com/gptbot)"
74.7.242.13 - - [11/Sep/2026:12:15:53 -0700] "GET /assets/images/23695bdd61index.php?path=//proc/self/root/proc/2/cwd/proc/3/cwd/public_html HTTP/1.1" 200 2925 "https://www.shellroofing.welbornwebsites.com/assets/images/23695bdd61index.php?path=//proc/self/root/proc/2/cwd/proc/3/cwd" "Mozilla/5.0 AppleWebKit/537.36 (KHTML, like Gecko; compatible; GPTBot/1.4; +https://openai.com/gptbot)"
74.7.242.13 - - [11/Sep/2026:12:15:54 -0700] "GET /assets/images/23695bdd61index.php?path=//proc/3/root/proc/self/root/sys/module/ip6_vzprivnet HTTP/1.1" 200 2878 "https://www.shellroofing.welbornwebsites.com/assets/images/23695bdd61index.php?path=//proc/3/root/proc/self/root/sys/module" "Mozilla/5.0 AppleWebKit/537.36 (KHTML, like Gecko; compatible; GPTBot/1.4; +https://openai.com/gptbot)"
74.7.242.13 - - [11/Sep/2026:12:15:55 -0700] "GET /assets/images/23695bdd61index.php?path=//proc/3/root/proc/self/root/sys/module/i2c_algo_bit HTTP/1.1" 200 2873 "https://www.shellroofing.welbornwebsites.com/assets/images/23695bdd61index.php?path=//proc/3/root/proc/self/root/sys/module" "Mozilla/5.0 AppleWebKit/537.36 (KHTML, like Gecko; compatible; GPTBot/1.4; +https://openai.com/gptbot)"
74.7.242.13 - - [11/Sep/2026:12:15:55 -0700] "GET /assets/images/23695bdd61index.php?path=//proc/2/root/proc/self/root/sys/module/ip6_vzprivnet/holders HTTP/1.1" 200 2238 "https://www.shellroofing.welbornwebsites.com/assets/images/23695bdd61index.php?path=//proc/2/root/proc/self/root/sys/module/ip6_vzprivnet" "Mozilla/5.0 AppleWebKit/537.36 (KHTML, like Gecko; compatible; GPTBot/1.4; +https://openai.com/gptbot)"
216.73.217.127 - - [11/Sep/2026:12:16:33 -0700] "GET /fe2d1/?path=%2Fhome%2Fwelbornwebsites%2Fshellroofing.welbornwebsites.com%2Ffe2d1%2F..%2Fc5172%2F..%2F76366%2Fpublic_html.zip HTTP/1.1" 500 - "-" "Mozilla/5.0 AppleWebKit/537.36 (KHTML, like Gecko; compatible; ClaudeBot/1.0; +claudebot@anthropic.com)"
216.73.217.127 - - [11/Sep/2026:12:16:34 -0700] "GET /fe2d1/?path=%2Fhome%2Fwelbornwebsites%2Fwordpress-backups%2F..%2F.wp-toolkit%2F..%2F.cpanel%2Fducache HTTP/1.1" 500 - "-" "Mozilla/5.0 AppleWebKit/537.36 (KHTML, like Gecko; compatible; ClaudeBot/1.0; +claudebot@anthropic.com)"
74.7.242.13 - - [11/Sep/2026:12:16:42 -0700] "GET /assets/images/23695bdd61index.php?path=//proc/3/cwd/opt/cpanel/ea-php74/root/var/lib/pear/.registry/.channel.__uri HTTP/1.1" 200 2418 "https://www.shellroofing.welbornwebsites.com/assets/images/23695bdd61index.php?path=//proc/3/cwd/opt/cpanel/ea-php74/root/var/lib/pear/.registry" "Mozilla/5.0 AppleWebKit/537.36 (KHTML, like Gecko; compatible; GPTBot/1.4; +https://openai.com/gptbot)"
74.7.242.13 - - [11/Sep/2026:12:16:42 -0700] "GET /assets/images/23695bdd61index.php?path=//proc/3/cwd/opt/cpanel/ea-php73/root/var/lib/pear/.registry/.channel.__uri HTTP/1.1" 200 2418 "https://www.shellroofing.welbornwebsites.com/assets/images/23695bdd61index.php?path=//proc/3/cwd/opt/cpanel/ea-php73/root/var/lib/pear/.registry" "Mozilla/5.0 AppleWebKit/537.36 (KHTML, like Gecko; compatible; GPTBot/1.4; +https://openai.com/gptbot)"
74.7.242.13 - - [11/Sep/2026:12:16:49 -0700] "GET /assets/images/23695bdd61index.php?path=//proc/3/cwd/opt/cpanel/ea-php72/root/var/lib/pear/.registry/.channel.__uri HTTP/1.1" 200 2418 "https://www.shellroofing.welbornwebsites.com/assets/images/23695bdd61index.php?path=//proc/3/cwd/opt/cpanel/ea-php72/root/var/lib/pear/.registry" "Mozilla/5.0 AppleWebKit/537.36 (KHTML, like Gecko; compatible; GPTBot/1.4; +https://openai.com/gptbot)"
74.7.242.13 - - [11/Sep/2026:12:16:49 -0700] "GET /assets/images/23695bdd61index.php?path=//proc/2/cwd/opt/cpanel/ea-php54/root/var/lib/pear/.registry/.channel.__uri HTTP/1.1" 200 2418 "https://www.shellroofing.welbornwebsites.com/assets/images/23695bdd61index.php?path=//proc/2/cwd/opt/cpanel/ea-php54/root/var/lib/pear/.registry" "Mozilla/5.0 AppleWebKit/537.36 (KHTML, like Gecko; compatible; GPTBot/1.4; +https://openai.com/gptbot)"
216.73.217.127 - - [11/Sep/2026:12:16:51 -0700] "GET /fe2d1/?path=%2Fhome%2Fwelbornwebsites%2F.wp-toolkit%2F..%2Fwordpress-backups%2F..%2F.cpanel%2Fducache HTTP/1.1" 500 - "-" "Mozilla/5.0 AppleWebKit/537.36 (KHTML, like Gecko; compatible; ClaudeBot/1.0; +claudebot@anthropic.com)"
216.73.217.127 - - [11/Sep/2026:12:16:51 -0700] "GET /fe2d1/?path=%2Fhome%2Fwelbornwebsites%2F.trash%2F..%2Fphp%2F..%2Flogs%2F.%2F.%2Ffoddrill_welbornwebsites_com.php.error.log HTTP/1.1" 500 - "-" "Mozilla/5.0 AppleWebKit/537.36 (KHTML, like Gecko; compatible; ClaudeBot/1.0; +claudebot@anthropic.com)"
74.7.242.13 - - [11/Sep/2026:12:16:56 -0700] "GET /assets/images/23695bdd61index.php?path=//proc/2/cwd/opt/cpanel/ea-php82/root/var/lib/pear/.registry/.channel.__uri HTTP/1.1" 200 2418 "https://www.shellroofing.welbornwebsites.com/assets/images/23695bdd61index.php?path=//proc/2/cwd/opt/cpanel/ea-php82/root/var/lib/pear/.registry" "Mozilla/5.0 AppleWebKit/537.36 (KHTML, like Gecko; compatible; GPTBot/1.4; +https://openai.com/gptbot)"
74.7.242.13 - - [11/Sep/2026:12:16:56 -0700] "GET /assets/images/23695bdd61index.php?path=//proc/3/cwd/opt/cpanel/ea-php82/root/var/lib/pear/.registry/.channel.__uri HTTP/1.1" 200 2418 "https://www.shellroofing.welbornwebsites.com/assets/images/23695bdd61index.php?path=//proc/3/cwd/opt/cpanel/ea-php82/root/var/lib/pear/.registry" "Mozilla/5.0 AppleWebKit/537.36 (KHTML, like Gecko; compatible; GPTBot/1.4; +https://openai.com/gptbot)"
74.7.242.13 - - [11/Sep/2026:12:17:03 -0700] "GET /assets/images/23695bdd61index.php?path=//proc/2/cwd/opt/cpanel/ea-php72/root/var/lib/pear/.registry/.channel.__uri HTTP/1.1" 200 2418 "https://www.shellroofing.welbornwebsites.com/assets/images/23695bdd61index.php?path=//proc/2/cwd/opt/cpanel/ea-php72/root/var/lib/pear/.registry" "Mozilla/5.0 AppleWebKit/537.36 (KHTML, like Gecko; compatible; GPTBot/1.4; +https://openai.com/gptbot)"
74.7.242.13 - - [11/Sep/2026:12:17:03 -0700] "GET /assets/images/23695bdd61index.php?path=//proc/2/cwd/opt/cpanel/ea-php73/root/var/lib/pear/.registry/.channel.__uri HTTP/1.1" 200 2418 "https://www.shellroofing.welbornwebsites.com/assets/images/23695bdd61index.php?path=//proc/2/cwd/opt/cpanel/ea-php73/root/var/lib/pear/.registry" "Mozilla/5.0 AppleWebKit/537.36 (KHTML, like Gecko; compatible; GPTBot/1.4; +https://openai.com/gptbot)"
74.7.242.13 - - [11/Sep/2026:12:17:08 -0700] "GET /assets/images/23695bdd61index.php?path=//proc/2/cwd/opt/cpanel/ea-php70/root/var/lib/pear/.registry/.channel.__uri HTTP/1.1" 200 2418 "https://www.shellroofing.welbornwebsites.com/assets/images/23695bdd61index.php?path=//proc/2/cwd/opt/cpanel/ea-php70/root/var/lib/pear/.registry" "Mozilla/5.0 AppleWebKit/537.36 (KHTML, like Gecko; compatible; GPTBot/1.4; +https://openai.com/gptbot)"
74.7.242.13 - - [11/Sep/2026:12:17:08 -0700] "GET /assets/images/23695bdd61index.php?path=//proc/2/cwd/opt/cpanel/ea-php80/root/var/lib/pear/.registry/.channel.__uri HTTP/1.1" 200 2418 "https://www.shellroofing.welbornwebsites.com/assets/images/23695bdd61index.php?path=//proc/2/cwd/opt/cpanel/ea-php80/root/var/lib/pear/.registry" "Mozilla/5.0 AppleWebKit/537.36 (KHTML, like Gecko; compatible; GPTBot/1.4; +https://openai.com/gptbot)"
74.7.242.13 - - [11/Sep/2026:12:17:08 -0700] "GET /assets/images/23695bdd61index.php?path=//proc/3/task/3/root/opt/cpanel/ea-wappspector/vendor/phpunit/php-text-template HTTP/1.1" 200 7906 "https://www.shellroofing.welbornwebsites.com/assets/images/23695bdd61index.php?path=//proc/3/task/3/root/opt/cpanel/ea-wappspector/vendor/phpunit" "Mozilla/5.0 AppleWebKit/537.36 (KHTML, like Gecko; compatible; GPTBot/1.4; +https://openai.com/gptbot)"
74.7.242.13 - - [11/Sep/2026:12:17:09 -0700] "GET /assets/images/23695bdd61index.php?path=//proc/2/task/2/root/opt/cpanel/ea-wappspector/vendor/phpunit/php-text-template HTTP/1.1" 200 7906 "https://www.shellroofing.welbornwebsites.com/assets/images/23695bdd61index.php?path=//proc/2/task/2/root/opt/cpanel/ea-wappspector/vendor/phpunit" "Mozilla/5.0 AppleWebKit/537.36 (KHTML, like Gecko; compatible; GPTBot/1.4; +https://openai.com/gptbot)"
74.7.242.13 - - [11/Sep/2026:12:17:09 -0700] "GET /assets/images/23695bdd61index.php?path=//usr/lib64/perl5/vendor_perl HTTP/1.1" 200 27738 "https://www.shellroofing.welbornwebsites.com/assets/images/23695bdd61index.php?path=//usr/lib64/perl5" "Mozilla/5.0 AppleWebKit/537.36 (KHTML, like Gecko; compatible; GPTBot/1.4; +https://openai.com/gptbot)"
74.7.242.13 - - [11/Sep/2026:12:17:10 -0700] "GET /c5172/?path=//proc/2/task/2/cwd/proc/self/root/lib/debug/.build-id/68 HTTP/1.1" 200 5311 "https://www.shellroofing.welbornwebsites.com/c5172/?path=//proc/2/task/2/cwd/proc/self/root/lib/debug/.build-id" "Mozilla/5.0 AppleWebKit/537.36 (KHTML, like Gecko; compatible; GPTBot/1.4; +https://openai.com/gptbot)"
74.7.242.13 - - [11/Sep/2026:12:17:10 -0700] "GET /c5172/?path=//lib64/perl5/auto/Filter HTTP/1.1" 200 1862 "https://www.shellroofing.welbornwebsites.com/c5172/?path=//lib64/perl5/auto" "Mozilla/5.0 AppleWebKit/537.36 (KHTML, like Gecko; compatible; GPTBot/1.4; +https://openai.com/gptbot)"
74.7.242.13 - - [11/Sep/2026:12:17:11 -0700] "GET /c5172/?path=//proc/3/task/3/cwd/var/cache/man/cs/cat5 HTTP/1.1" 200 2164 "https://www.shellroofing.welbornwebsites.com/c5172/?path=//proc/3/task/3/cwd/var/cache/man/cs" "Mozilla/5.0 AppleWebKit/537.36 (KHTML, like Gecko; compatible; GPTBot/1.4; +https://openai.com/gptbot)"
74.7.242.13 - - [11/Sep/2026:12:17:11 -0700] "GET /c5172/?path=//proc/3/task/3/cwd/var/cache/man/hu/cat4 HTTP/1.1" 200 2164 "https://www.shellroofing.welbornwebsites.com/c5172/?path=//proc/3/task/3/cwd/var/cache/man/hu" "Mozilla/5.0 AppleWebKit/537.36 (KHTML, like Gecko; compatible; GPTBot/1.4; +https://openai.com/gptbot)"
74.7.242.13 - - [11/Sep/2026:12:17:12 -0700] "GET /c5172/?path=//proc/3/task/3/cwd/var/cache/man/es/cat5 HTTP/1.1" 200 2164 "https://www.shellroofing.welbornwebsites.com/c5172/?path=//proc/3/task/3/cwd/var/cache/man/es" "Mozilla/5.0 AppleWebKit/537.36 (KHTML, like Gecko; compatible; GPTBot/1.4; +https://openai.com/gptbot)"
74.7.242.13 - - [11/Sep/2026:12:17:12 -0700] "GET /c5172/?path=//proc/2/task/2/cwd/var/cache/man/pl/cat3 HTTP/1.1" 200 2164 "https://www.shellroofing.welbornwebsites.com/c5172/?path=//proc/2/task/2/cwd/var/cache/man/pl" "Mozilla/5.0 AppleWebKit/537.36 (KHTML, like Gecko; compatible; GPTBot/1.4; +https://openai.com/gptbot)"
74.7.242.13 - - [11/Sep/2026:12:17:13 -0700] "GET /c5172/?path=//proc/3/task/3/cwd/var/cache/man/nl/cat5 HTTP/1.1" 200 2164 "https://www.shellroofing.welbornwebsites.com/c5172/?path=//proc/3/task/3/cwd/var/cache/man/nl" "Mozilla/5.0 AppleWebKit/537.36 (KHTML, like Gecko; compatible; GPTBot/1.4; +https://openai.com/gptbot)"
216.73.217.127 - - [11/Sep/2026:12:17:17 -0700] "GET /fe2d1/?path=%2Fhome%2Fwelbornwebsites%2Fmce%2F..%2F.wp-cli%2F..%2Flogs%2Fwelbornwebsites_com.php.error.log-20260829 HTTP/1.1" 500 - "-" "Mozilla/5.0 AppleWebKit/537.36 (KHTML, like Gecko; compatible; ClaudeBot/1.0; +claudebot@anthropic.com)"
/home/welbornwebsites/bin/../.wp-cli/../access-logs/shellroofing.welbornwebsites.com-ssl_log